2026-03-05 07:53:48.345 8 INFO placement.requestlog [None req-3486b7a3-ceed-4906-a157-e89a95735db7 c3a8e749b7ae46f2b7e3114b4d640189 4f8fbc440b28413faf100a12cf7d2a0f - - 90d28d6e6ba740f9b23c56c852f19e53 90d28d6e6ba740f9b23c56c852f19e53] 10.0.0.117 "DELETE /resource_providers/06594758-479d-43f4-8df1-ba47dfbb146b" status: 404 len: 246 microversion: 1.1 [pid: 8|app: 0|req: 605/1203] 10.0.0.117 () {34 vars in 816 bytes} [Thu Mar 5 07:53:48 2026] DELETE /resource_providers/06594758-479d-43f4-8df1-ba47dfbb146b => generated 246 bytes in 11 msecs (HTTP/1.1 404) 6 headers in 231 bytes (1 switches on core 0)
2026-03-05 07:53:52.074 7 INFO placement.requestlog [None req-00197973-9738-4288-8bee-0dac0d750729 - - - - - -] 10.0.0.54 "GET /" status: 200 len: 136 microversion: 1.0
2026-03-05 07:53:52.075 8 INFO placement.requestlog [None req-73a015da-82a0-4b94-8a4a-47e167014a74 - - - - - -] 10.0.0.54 "GET /" status: 200 len: 136 microversion: 1.0
2026-03-05 07:54:02.074 8 INFO placement.requestlog [None req-ffeb421f-9d21-4477-a953-d84cf5ba8b00 - - - - - -] 10.0.0.54 "GET /" status: 200 len: 136 microversion: 1.0
2026-03-05 07:54:02.075 7 INFO placement.requestlog [None req-6347d55c-f0ea-4272-bee6-b722e34ca8db - - - - - -] 10.0.0.54 "GET /" status: 200 len: 136 microversion: 1.0
2026-03-05 07:54:04.929 8 INFO placement.requestlog [None req-cf99abff-3f91-4c4d-8366-a27774be22db ce5c1c6811244085b1538c73832113ce 36ccd97f976e4312817cfeec5ee62469 - - default default] 10.0.0.182 "GET /resource_providers" status: 200 len: 406 microversion: 1.0 [pid: 8|app: 0|req: 608/1208] 10.0.0.182 () {28 vars in 593 bytes} [Thu Mar 5 07:54:04 2026] GET /resource_providers => generated 406 bytes in 179 msecs (HTTP/1.1 200) 6 headers in 224 bytes (1 switches on core 0)
2026-03-05 07:54:04.961 7 INFO placement.requestlog [None req-c8d9d83a-1b85-4c36-8c9b-5fb5d65834ec ce5c1c6811244085b1538c73832113ce 36ccd97f976e4312817cfeec5ee62469 - - default default] 10.0.0.182 "GET /resource_providers/c63cf73e-7eed-4763-acfc-36ad046a2bdc/inventories" status: 200 len: 401 microversion: 1.0 [pid: 7|app: 0|req: 601/1209] 10.0.0.182 () {28 vars in 691 bytes} [Thu Mar 5 07:54:04 2026] GET /resource_providers/c63cf73e-7eed-4763-acfc-36ad046a2bdc/inventories => generated 401 bytes in 23 msecs (HTTP/1.1 200) 6 headers in 224 bytes (1 switches on core 0)
2026-03-05 07:54:05.010 8 INFO placement.requestlog [None req-19da363e-8aaf-4d45-902f-58eee6d2d146 ce5c1c6811244085b1538c73832113ce 36ccd97f976e4312817cfeec5ee62469 - - default default] 10.0.0.182 "GET /resource_providers/c63cf73e-7eed-4763-acfc-36ad046a2bdc/usages" status: 200 len: 92 microversion: 1.0 [pid: 8|app: 0|req: 609/1210] 10.0.0.182 () {28 vars in 681 bytes} [Thu Mar 5 07:54:04 2026] GET /resource_providers/c63cf73e-7eed-4763-acfc-36ad046a2bdc/usages => generated 92 bytes in 41 msecs (HTTP/1.1 200) 6 headers in 223 bytes (1 switches on core 0)
2026-03-05 07:54:06.113 8 INFO placement.requestlog [None req-269cc8b8-9d9b-42d8-bb8d-4b3bfb6813fd c3a8e749b7ae46f2b7e3114b4d640189 4f8fbc440b28413faf100a12cf7d2a0f - - 90d28d6e6ba740f9b23c56c852f19e53 90d28d6e6ba740f9b23c56c852f19e53] 10.0.0.117 "GET /resource_providers/dabbaf69-5c45-4ab5-ba03-297d5f865807/aggregates" status: 404 len: 235 microversion: 1.1 [pid: 8|app: 0|req: 610/1211] 10.0.0.117 () {32 vars in 816 bytes} [Thu Mar 5 07:54:06 2026] GET /resource_providers/dabbaf69-5c45-4ab5-ba03-297d5f865807/aggregates => generated 235 bytes in 59 msecs (HTTP/1.1 404) 5 headers in 202 bytes (1 switches on core 0)
2026-03-05 07:54:06.130 8 INFO placement.requestlog [None req-81e553cc-a8ec-49e3-83dc-7a25110e3c89 c3a8e749b7ae46f2b7e3114b4d640189 4f8fbc440b28413faf100a12cf7d2a0f - - 90d28d6e6ba740f9b23c56c852f19e53 90d28d6e6ba740f9b23c56c852f19e53] 10.0.0.117 "DELETE /resource_providers/dabbaf69-5c45-4ab5-ba03-297d5f865807" status: 404 len: 246 microversion: 1.1 [pid: 8|app: 0|req: 611/1212] 10.0.0.117 () {34 vars in 816 bytes} [Thu Mar 5 07:54:06 2026] DELETE /resource_providers/dabbaf69-5c45-4ab5-ba03-297d5f865807 => generated 246 bytes in 7 msecs (HTTP/1.1 404) 6 headers in 231 bytes (1 switches on core 0)
2026-03-05 07:54:06.131 7 INFO placement.requestlog [None req-710edb59-3bdd-4b57-938a-eeb41818728f c3a8e749b7ae46f2b7e3114b4d640189 4f8fbc440b28413faf100a12cf7d2a0f - - 90d28d6e6ba740f9b23c56c852f19e53 90d28d6e6ba740f9b23c56c852f19e53] 10.0.0.117 "GET /resource_providers/dabbaf69-5c45-4ab5-ba03-297d5f865807/aggregates" status: 404 len: 235 microversion: 1.1 [pid: 7|app: 0|req: 602/1213] 10.0.0.117 () {32 vars in 816 bytes} [Thu Mar 5 07:54:06 2026] GET /resource_providers/dabbaf69-5c45-4ab5-ba03-297d5f865807/aggregates => generated 235 bytes in 74 msecs (HTTP/1.1 404) 5 headers in 202 bytes (1 switches on core 0)
2026-03-05 07:54:06.148 8 INFO placement.requestlog [None req-7e502e9a-a387-42ca-b121-fee8f9f25887 c3a8e749b7ae46f2b7e3114b4d640189 4f8fbc440b28413faf100a12cf7d2a0f - - 90d28d6e6ba740f9b23c56c852f19e53 90d28d6e6ba740f9b23c56c852f19e53] 10.0.0.117 "DELETE /resource_providers/dabbaf69-5c45-4ab5-ba03-297d5f865807" status: 404 len: 246 microversion: 1.1 [pid: 8|app: 0|req: 612/1214] 10.0.0.117 () {34 vars in 816 bytes} [Thu Mar 5 07:54:06 2026] DELETE /resource_providers/dabbaf69-5c45-4ab5-ba03-297d5f865807 => generated 246 bytes in 7 msecs (HTTP/1.1 404) 6 headers in 231 bytes (1 switches on core 0)
2026-03-05 07:54:08.071 7 INFO placement.requestlog [req-15eb81d9-970e-401d-94d8-7e720df2ea9d req-4b8b1d05-d105-4dcd-bfc5-303a89ab82d2 81cf05cca3f04aeeb3bd65d473cf9ce1 4f8fbc440b28413faf100a12cf7d2a0f - - 90d28d6e6ba740f9b23c56c852f19e53 90d28d6e6ba740f9b23c56c852f19e53] 162.253.55.70 "GET /resource_providers/c63cf73e-7eed-4763-acfc-36ad046a2bdc/allocations" status: 200 len: 440 microversion: 1.0 [pid: 7|app: 0|req: 603/1215] 162.253.55.70 () {32 vars in 856 bytes} [Thu Mar 5 07:54:08 2026] GET /resource_providers/c63cf73e-7eed-4763-acfc-36ad046a2bdc/allocations => generated 440 bytes in 16 msecs (HTTP/1.1 200) 6 headers in 224 bytes (1 switches on core 0)
2026-03-05 07:54:08.090 8 INFO placement.requestlog [req-15eb81d9-970e-401d-94d8-7e720df2ea9d req-27059d74-78e8-421c-9dc3-48a6c5c2649e 81cf05cca3f04aeeb3bd65d473cf9ce1 4f8fbc440b28413faf100a12cf7d2a0f - - 90d28d6e6ba740f9b23c56c852f19e53 90d28d6e6ba740f9b23c56c852f19e53] 162.253.55.70 "GET /allocations/ac5f1f85-59a8-430f-a555-18f8017b761a" status: 200 len: 258 microversion: 1.28 [pid: 8|app: 0|req: 613/1216] 162.253.55.70 () {34 vars in 862 bytes} [Thu Mar 5 07:54:08 2026] GET /allocations/ac5f1f85-59a8-430f-a555-18f8017b761a => generated 258 bytes in 12 msecs (HTTP/1.1 200) 8 headers in 296 bytes (1 switches on core 0)
2026-03-05 07:54:08.109 7 INFO placement.requestlog [req-15eb81d9-970e-401d-94d8-7e720df2ea9d req-734aecd7-148b-4428-b26d-935fab603be5 81cf05cca3f04aeeb3bd65d473cf9ce1 4f8fbc440b28413faf100a12cf7d2a0f - - 90d28d6e6ba740f9b23c56c852f19e53 90d28d6e6ba740f9b23c56c852f19e53] 162.253.55.70 "GET /allocations/4d12af84-ebce-4427-8d90-0aca97220cbd" status: 200 len: 245 microversion: 1.28 [pid: 7|app: 0|req: 604/1217] 162.253.55.70 () {34 vars in 862 bytes} [Thu Mar 5 07:54:08 2026] GET /allocations/4d12af84-ebce-4427-8d90-0aca97220cbd => generated 245 bytes in 14 msecs (HTTP/1.1 200) 8 headers in 296 bytes (1 switches on core 0)
2026-03-05 07:54:08.128 8 INFO placement.requestlog [req-15eb81d9-970e-401d-94d8-7e720df2ea9d req-0b8a57d7-8c8c-427f-b8d2-1f317a5743ac 81cf05cca3f04aeeb3bd65d473cf9ce1 4f8fbc440b28413faf100a12cf7d2a0f - - 90d28d6e6ba740f9b23c56c852f19e53 90d28d6e6ba740f9b23c56c852f19e53] 162.253.55.70 "GET /allocations/9f58b0f5-b311-47d9-92b7-8b6acc1af43c" status: 200 len: 258 microversion: 1.28 [pid: 8|app: 0|req: 614/1218] 162.253.55.70 () {34 vars in 862 bytes} [Thu Mar 5 07:54:08 2026] GET /allocations/9f58b0f5-b311-47d9-92b7-8b6acc1af43c => generated 258 bytes in 13 msecs (HTTP/1.1 200) 8 headers in 296 bytes (1 switches on core 0)
2026-03-05 07:54:08.147 7 INFO placement.requestlog [req-15eb81d9-970e-401d-94d8-7e720df2ea9d req-907e1fe6-77c1-4365-97a6-fbb208bbab8a 81cf05cca3f04aeeb3bd65d473cf9ce1 4f8fbc440b28413faf100a12cf7d2a0f - - 90d28d6e6ba740f9b23c56c852f19e53 90d28d6e6ba740f9b23c56c852f19e53] 162.253.55.70 "GET /allocations/62de6c89-77ba-483b-a3d4-c42ab89682e4" status: 200 len: 258 microversion: 1.28 [pid: 7|app: 0|req: 605/1219] 162.253.55.70 () {34 vars in 862 bytes} [Thu Mar 5 07:54:08 2026] GET /allocations/62de6c89-77ba-483b-a3d4-c42ab89682e4 => generated 258 bytes in 13 msecs (HTTP/1.1 200) 8 headers in 296 bytes (1 switches on core 0)
2026-03-05 07:54:09.200 8 INFO placement.requestlog [req-15eb81d9-970e-401d-94d8-7e720df2ea9d req-96c3fd75-a5e6-45a9-99e1-f395cd497a66 81cf05cca3f04aeeb3bd65d473cf9ce1 4f8fbc440b28413faf100a12cf7d2a0f - - 90d28d6e6ba740f9b23c56c852f19e53 90d28d6e6ba740f9b23c56c852f19e53] 162.253.55.70 "DELETE /allocations/62de6c89-77ba-483b-a3d4-c42ab89682e4" status: 204 len: 0 microversion: 1.0 [pid: 8|app: 0|req: 615/1220] 162.253.55.70 () {34 vars in 840 bytes} [Thu Mar 5 07:54:09 2026] DELETE /allocations/62de6c89-77ba-483b-a3d4-c42ab89682e4 => generated 0 bytes in 23 msecs (HTTP/1.1 204) 5 headers in 198 bytes (1 switches on core 0)
2026-03-05 07:54:12.074 8 INFO placement.requestlog [None req-f525d776-779e-440b-964c-091f0e4a86a3 - - - - - -] 10.0.0.54 "GET /" status: 200 len: 136 microversion: 1.0
2026-03-05 07:54:12.074 7 INFO placement.requestlog [None req-48fccb2f-5520-47eb-9569-e47487088686 - - - - - -] 10.0.0.54 "GET /" status: 200 len: 136 microversion: 1.0
2026-03-05 07:54:12.945 8 INFO placement.requestlog [None req-273b0146-16ac-4d68-b32a-2318237d9aff c3a8e749b7ae46f2b7e3114b4d640189 4f8fbc440b28413faf100a12cf7d2a0f - - 90d28d6e6ba740f9b23c56c852f19e53 90d28d6e6ba740f9b23c56c852f19e53] 10.0.0.117 "GET /resource_providers/b37e8c9b-98e5-4445-990b-5f3dbcc88fa0/aggregates" status: 404 len: 235 microversion: 1.1 [pid: 8|app: 0|req: 617/1223] 10.0.0.117 () {32 vars in 816 bytes} [Thu Mar 5 07:54:12 2026] GET /resource_providers/b37e8c9b-98e5-4445-990b-5f3dbcc88fa0/aggregates => generated 235 bytes in 9 msecs (HTTP/1.1 404) 5 headers in 202 bytes (1 switches on core 0)
2026-03-05 07:54:12.947 7 INFO placement.requestlog [None req-e3d96af5-7903-4d87-b520-107e76659768 c3a8e749b7ae46f2b7e3114b4d640189 4f8fbc440b28413faf100a12cf7d2a0f - - 90d28d6e6ba740f9b23c56c852f19e53 90d28d6e6ba740f9b23c56c852f19e53] 10.0.0.117 "GET /resource_providers/b37e8c9b-98e5-4445-990b-5f3dbcc88fa0/aggregates" status: 404 len: 235 microversion: 1.1 [pid: 7|app: 0|req: 607/1224] 10.0.0.117 () {32 vars in 816 bytes} [Thu Mar 5 07:54:12 2026] GET /resource_providers/b37e8c9b-98e5-4445-990b-5f3dbcc88fa0/aggregates => generated 235 bytes in 10 msecs (HTTP/1.1 404) 5 headers in 202 bytes (1 switches on core 0)
2026-03-05 07:54:12.973 7 INFO placement.requestlog [None req-eee485fe-8568-4cf6-952c-f9267a521047 c3a8e749b7ae46f2b7e3114b4d640189 4f8fbc440b28413faf100a12cf7d2a0f - - 90d28d6e6ba740f9b23c56c852f19e53 90d28d6e6ba740f9b23c56c852f19e53] 10.0.0.117 "DELETE /resource_providers/b37e8c9b-98e5-4445-990b-5f3dbcc88fa0" status: 404 len: 246 microversion: 1.1 [pid: 7|app: 0|req: 608/1225] 10.0.0.117 () {34 vars in 816 bytes} [Thu Mar 5 07:54:12 2026] DELETE /resource_providers/b37e8c9b-98e5-4445-990b-5f3dbcc88fa0 => generated 246 bytes in 11 msecs (HTTP/1.1 404) 6 headers in 231 bytes (1 switches on core 0)
2026-03-05 07:54:12.977 8 INFO placement.requestlog [None req-79da9087-8b20-46e1-ba67-045a3f36f040 c3a8e749b7ae46f2b7e3114b4d640189 4f8fbc440b28413faf100a12cf7d2a0f - - 90d28d6e6ba740f9b23c56c852f19e53 90d28d6e6ba740f9b23c56c852f19e53] 10.0.0.117 "DELETE /resource_providers/b37e8c9b-98e5-4445-990b-5f3dbcc88fa0" status: 404 len: 246 microversion: 1.1 [pid: 8|app: 0|req: 618/1226] 10.0.0.117 () {34 vars in 816 bytes} [Thu Mar 5 07:54:12 2026] DELETE /resource_providers/b37e8c9b-98e5-4445-990b-5f3dbcc88fa0 => generated 246 bytes in 15 msecs (HTTP/1.1 404) 6 headers in 231 bytes (1 switches on core 0)
2026-03-05 07:54:14.996 7 INFO placement.requestlog [None req-f90dea3c-32b6-41a9-8805-65c763395c7d c3a8e749b7ae46f2b7e3114b4d640189 4f8fbc440b28413faf100a12cf7d2a0f - - 90d28d6e6ba740f9b23c56c852f19e53 90d28d6e6ba740f9b23c56c852f19e53] 10.0.0.117 "GET /resource_providers/6f2ff83e-b89b-46df-8b3e-73c19e7ebeff/aggregates" status: 404 len: 235 microversion: 1.1 [pid: 7|app: 0|req: 609/1227] 10.0.0.117 () {32 vars in 816 bytes} [Thu Mar 5 07:54:14 2026] GET /resource_providers/6f2ff83e-b89b-46df-8b3e-73c19e7ebeff/aggregates => generated 235 bytes in 14 msecs (HTTP/1.1 404) 5 headers in 202 bytes (1 switches on core 0)
2026-03-05 07:54:15.001 8 INFO placement.requestlog [None req-f7f0d1e0-2ca8-4e60-8db0-90cb6fbb0e0d c3a8e749b7ae46f2b7e3114b4d640189 4f8fbc440b28413faf100a12cf7d2a0f - - 90d28d6e6ba740f9b23c56c852f19e53 90d28d6e6ba740f9b23c56c852f19e53] 10.0.0.117 "GET /resource_providers/6f2ff83e-b89b-46df-8b3e-73c19e7ebeff/aggregates" status: 404 len: 235 microversion: 1.1 [pid: 8|app: 0|req: 619/1228] 10.0.0.117 () {32 vars in 816 bytes} [Thu Mar 5 07:54:14 2026] GET /resource_providers/6f2ff83e-b89b-46df-8b3e-73c19e7ebeff/aggregates => generated 235 bytes in 12 msecs (HTTP/1.1 404) 5 headers in 202 bytes (1 switches on core 0)
2026-03-05 07:54:15.016 7 INFO placement.requestlog [None req-c7d795e4-2fbb-4604-a8ab-ce940ff74402 c3a8e749b7ae46f2b7e3114b4d640189 4f8fbc440b28413faf100a12cf7d2a0f - - 90d28d6e6ba740f9b23c56c852f19e53 90d28d6e6ba740f9b23c56c852f19e53] 10.0.0.117 "DELETE /resource_providers/6f2ff83e-b89b-46df-8b3e-73c19e7ebeff" status: 404 len: 246 microversion: 1.1 [pid: 7|app: 0|req: 610/1229] 10.0.0.117 () {34 vars in 816 bytes} [Thu Mar 5 07:54:15 2026] DELETE /resource_providers/6f2ff83e-b89b-46df-8b3e-73c19e7ebeff => generated 246 bytes in 9 msecs (HTTP/1.1 404) 6 headers in 231 bytes (1 switches on core 0)
2026-03-05 07:54:15.024 8 INFO placement.requestlog [None req-d5ef40f7-f4f6-4b8c-89c6-30c6683d0dfa c3a8e749b7ae46f2b7e3114b4d640189 4f8fbc440b28413faf100a12cf7d2a0f - - 90d28d6e6ba740f9b23c56c852f19e53 90d28d6e6ba740f9b23c56c852f19e53] 10.0.0.117 "DELETE /resource_providers/6f2ff83e-b89b-46df-8b3e-73c19e7ebeff" status: 404 len: 246 microversion: 1.1 [pid: 8|app: 0|req: 620/1230] 10.0.0.117 () {34 vars in 816 bytes} [Thu Mar 5 07:54:15 2026] DELETE /resource_providers/6f2ff83e-b89b-46df-8b3e-73c19e7ebeff => generated 246 bytes in 8 msecs (HTTP/1.1 404) 6 headers in 231 bytes (1 switches on core 0)
2026-03-05 07:54:17.042 7 INFO placement.requestlog [None req-47e5fd1a-7620-45a9-8161-19d535842c14 c3a8e749b7ae46f2b7e3114b4d640189 4f8fbc440b28413faf100a12cf7d2a0f - - 90d28d6e6ba740f9b23c56c852f19e53 90d28d6e6ba740f9b23c56c852f19e53] 10.0.0.117 "GET /resource_providers/b576c63d-38cb-4a78-a8be-3dd1ecc44058/aggregates" status: 404 len: 235 microversion: 1.1 [pid: 7|app: 0|req: 611/1231] 10.0.0.117 () {32 vars in 816 bytes} [Thu Mar 5 07:54:17 2026] GET /resource_providers/b576c63d-38cb-4a78-a8be-3dd1ecc44058/aggregates => generated 235 bytes in 14 msecs (HTTP/1.1 404) 5 headers in 202 bytes (1 switches on core 0)
2026-03-05 07:54:17.049 8 INFO placement.requestlog [None req-4542baab-c35c-422f-8e19-ff1a35779dcf c3a8e749b7ae46f2b7e3114b4d640189 4f8fbc440b28413faf100a12cf7d2a0f - - 90d28d6e6ba740f9b23c56c852f19e53 90d28d6e6ba740f9b23c56c852f19e53] 10.0.0.117 "GET /resource_providers/b576c63d-38cb-4a78-a8be-3dd1ecc44058/aggregates" status: 404 len: 235 microversion: 1.1 [pid: 8|app: 0|req: 621/1232] 10.0.0.117 () {32 vars in 816 bytes} [Thu Mar 5 07:54:17 2026] GET /resource_providers/b576c63d-38cb-4a78-a8be-3dd1ecc44058/aggregates => generated 235 bytes in 13 msecs (HTTP/1.1 404) 5 headers in 202 bytes (1 switches on core 0)
2026-03-05 07:54:17.054 7 INFO placement.requestlog [None req-4a935bef-6edf-4933-8771-37bf6e331fdb c3a8e749b7ae46f2b7e3114b4d640189 4f8fbc440b28413faf100a12cf7d2a0f - - 90d28d6e6ba740f9b23c56c852f19e53 90d28d6e6ba740f9b23c56c852f19e53] 10.0.0.117 "DELETE /resource_providers/b576c63d-38cb-4a78-a8be-3dd1ecc44058" status: 404 len: 246 microversion: 1.1 [pid: 7|app: 0|req: 612/1233] 10.0.0.117 () {34 vars in 816 bytes} [Thu Mar 5 07:54:17 2026] DELETE /resource_providers/b576c63d-38cb-4a78-a8be-3dd1ecc44058 => generated 246 bytes in 6 msecs (HTTP/1.1 404) 6 headers in 231 bytes (1 switches on core 0)
2026-03-05 07:54:17.064 8 INFO placement.requestlog [None req-2b3718e0-05fb-47c7-8b33-3beced7eb5d0 c3a8e749b7ae46f2b7e3114b4d640189 4f8fbc440b28413faf100a12cf7d2a0f - - 90d28d6e6ba740f9b23c56c852f19e53 90d28d6e6ba740f9b23c56c852f19e53] 10.0.0.117 "DELETE /resource_providers/b576c63d-38cb-4a78-a8be-3dd1ecc44058" status: 404 len: 246 microversion: 1.1 [pid: 8|app: 0|req: 622/1234] 10.0.0.117 () {34 vars in 816 bytes} [Thu Mar 5 07:54:17 2026] DELETE /resource_providers/b576c63d-38cb-4a78-a8be-3dd1ecc44058 => generated 246 bytes in 6 msecs (HTTP/1.1 404) 6 headers in 231 bytes (1 switches on core 0)
2026-03-05 07:54:17.066 7 INFO placement.requestlog [None req-0ed6c375-38bd-4874-b9bd-a0b968bb7b00 c3a8e749b7ae46f2b7e3114b4d640189 4f8fbc440b28413faf100a12cf7d2a0f - - 90d28d6e6ba740f9b23c56c852f19e53 90d28d6e6ba740f9b23c56c852f19e53] 10.0.0.117 "GET /resource_providers/e967841a-6144-41c5-8033-125cc7d0a0ed/aggregates" status: 404 len: 235 microversion: 1.1 [pid: 7|app: 0|req: 613/1235] 10.0.0.117 () {32 vars in 816 bytes} [Thu Mar 5 07:54:17 2026] GET /resource_providers/e967841a-6144-41c5-8033-125cc7d0a0ed/aggregates => generated 235 bytes in 6 msecs (HTTP/1.1 404) 5 headers in 202 bytes (1 switches on core 0)
2026-03-05 07:54:17.085 8 INFO placement.requestlog [None req-877a561b-26ec-4d3e-956f-25e4d0975be2 c3a8e749b7ae46f2b7e3114b4d640189 4f8fbc440b28413faf100a12cf7d2a0f - - 90d28d6e6ba740f9b23c56c852f19e53 90d28d6e6ba740f9b23c56c852f19e53] 10.0.0.117 "GET /resource_providers/e967841a-6144-41c5-8033-125cc7d0a0ed/aggregates" status: 404 len: 235 microversion: 1.1
2026-03-05 07:54:17.085 7 INFO placement.requestlog [None req-8ce6bc81-5eac-4c4c-a538-491e39917f7e c3a8e749b7ae46f2b7e3114b4d640189 4f8fbc440b28413faf100a12cf7d2a0f - - 90d28d6e6ba740f9b23c56c852f19e53 90d28d6e6ba740f9b23c56c852f19e53] 10.0.0.117 "DELETE /resource_providers/e967841a-6144-41c5-8033-125cc7d0a0ed" status: 404 len: 246 microversion: 1.1 [pid: 8|app: 0|req: 623/1236] 10.0.0.117 () {32 vars in 816 bytes} [Thu Mar 5 07:54:17 2026] GET /resource_providers/e967841a-6144-41c5-8033-125cc7d0a0ed/aggregates => generated 235 bytes in 11 msecs (HTTP/1.1 404) 5 headers in 202 bytes (1 switches on core 0) [pid: 7|app: 0|req: 614/1237] 10.0.0.117 () {34 vars in 816 bytes} [Thu Mar 5 07:54:17 2026] DELETE /resource_providers/e967841a-6144-41c5-8033-125cc7d0a0ed => generated 246 bytes in 11 msecs (HTTP/1.1 404) 6 headers in 231 bytes (1 switches on core 0)
2026-03-05 07:54:17.111 8 INFO placement.requestlog [None req-df78ab83-8776-43f7-89c5-d68c6c2b7d25 c3a8e749b7ae46f2b7e3114b4d640189 4f8fbc440b28413faf100a12cf7d2a0f - - 90d28d6e6ba740f9b23c56c852f19e53 90d28d6e6ba740f9b23c56c852f19e53] 10.0.0.117 "DELETE /resource_providers/e967841a-6144-41c5-8033-125cc7d0a0ed" status: 404 len: 246 microversion: 1.1 [pid: 8|app: 0|req: 624/1238] 10.0.0.117 () {34 vars in 816 bytes} [Thu Mar 5 07:54:17 2026] DELETE /resource_providers/e967841a-6144-41c5-8033-125cc7d0a0ed => generated 246 bytes in 8 msecs (HTTP/1.1 404) 6 headers in 231 bytes (1 switches on core 0)
2026-03-05 07:54:22.074 8 INFO placement.requestlog [None req-14b0d283-8330-4079-ab65-dc3161d91731 - - - - - -] 10.0.0.54 "GET /" status: 200 len: 136 microversion: 1.0
2026-03-05 07:54:22.075 7 INFO placement.requestlog [None req-f1774259-c19e-4d57-9e0a-2ed72d1f6d4c - - - - - -] 10.0.0.54 "GET /" status: 200 len: 136 microversion: 1.0
2026-03-05 07:54:22.431 8 INFO placement.requestlog [None req-9c229bf5-e7dd-47f7-bf5c-6a0f452c4e94 c3a8e749b7ae46f2b7e3114b4d640189 4f8fbc440b28413faf100a12cf7d2a0f - - 90d28d6e6ba740f9b23c56c852f19e53 90d28d6e6ba740f9b23c56c852f19e53] 10.0.0.117 "GET /resource_providers/fed5b7c0-608d-4637-8b96-9261d919b16b/aggregates" status: 404 len: 235 microversion: 1.1 [pid: 8|app: 0|req: 626/1241] 10.0.0.117 () {32 vars in 816 bytes} [Thu Mar 5 07:54:22 2026] GET /resource_providers/fed5b7c0-608d-4637-8b96-9261d919b16b/aggregates => generated 235 bytes in 8 msecs (HTTP/1.1 404) 5 headers in 202 bytes (1 switches on core 0)
2026-03-05 07:54:22.449 7 INFO placement.requestlog [None req-480f22f1-3c97-4337-826e-cb21616568a9 c3a8e749b7ae46f2b7e3114b4d640189 4f8fbc440b28413faf100a12cf7d2a0f - - 90d28d6e6ba740f9b23c56c852f19e53 90d28d6e6ba740f9b23c56c852f19e53] 10.0.0.117 "GET /resource_providers/fed5b7c0-608d-4637-8b96-9261d919b16b/aggregates" status: 404 len: 235 microversion: 1.1 [pid: 7|app: 0|req: 616/1242] 10.0.0.117 () {32 vars in 816 bytes} [Thu Mar 5 07:54:22 2026] GET /resource_providers/fed5b7c0-608d-4637-8b96-9261d919b16b/aggregates => generated 235 bytes in 13 msecs (HTTP/1.1 404) 5 headers in 202 bytes (1 switches on core 0)
2026-03-05 07:54:22.458 8 INFO placement.requestlog [None req-4a9e4590-f477-4e99-a817-641c73fddccd c3a8e749b7ae46f2b7e3114b4d640189 4f8fbc440b28413faf100a12cf7d2a0f - - 90d28d6e6ba740f9b23c56c852f19e53 90d28d6e6ba740f9b23c56c852f19e53] 10.0.0.117 "DELETE /resource_providers/fed5b7c0-608d-4637-8b96-9261d919b16b" status: 404 len: 246 microversion: 1.1 [pid: 8|app: 0|req: 627/1243] 10.0.0.117 () {34 vars in 816 bytes} [Thu Mar 5 07:54:22 2026] DELETE /resource_providers/fed5b7c0-608d-4637-8b96-9261d919b16b => generated 246 bytes in 14 msecs (HTTP/1.1 404) 6 headers in 231 bytes (1 switches on core 0)
2026-03-05 07:54:22.472 7 INFO placement.requestlog [None req-43c3a2c5-c59b-4503-a3ed-866a7f5f0e6f c3a8e749b7ae46f2b7e3114b4d640189 4f8fbc440b28413faf100a12cf7d2a0f - - 90d28d6e6ba740f9b23c56c852f19e53 90d28d6e6ba740f9b23c56c852f19e53] 10.0.0.117 "DELETE /resource_providers/fed5b7c0-608d-4637-8b96-9261d919b16b" status: 404 len: 246 microversion: 1.1 [pid: 7|app: 0|req: 617/1244] 10.0.0.117 () {34 vars in 816 bytes} [Thu Mar 5 07:54:22 2026] DELETE /resource_providers/fed5b7c0-608d-4637-8b96-9261d919b16b => generated 246 bytes in 9 msecs (HTTP/1.1 404) 6 headers in 231 bytes (1 switches on core 0)
2026-03-05 07:54:24.480 8 INFO placement.requestlog [None req-bfd85f06-8579-43df-aaff-7e55f9a33357 c3a8e749b7ae46f2b7e3114b4d640189 4f8fbc440b28413faf100a12cf7d2a0f - - 90d28d6e6ba740f9b23c56c852f19e53 90d28d6e6ba740f9b23c56c852f19e53] 10.0.0.117 "GET /resource_providers/1100edb5-d63f-43cb-bfd0-1ee7a6a7552e/aggregates" status: 404 len: 235 microversion: 1.1 [pid: 8|app: 0|req: 628/1245] 10.0.0.117 () {32 vars in 816 bytes} [Thu Mar 5 07:54:24 2026] GET /resource_providers/1100edb5-d63f-43cb-bfd0-1ee7a6a7552e/aggregates => generated 235 bytes in 12 msecs (HTTP/1.1 404) 5 headers in 202 bytes (1 switches on core 0)
2026-03-05 07:54:24.496 7 INFO placement.requestlog [None req-afc622cc-f634-4ce3-8252-b7de3898272b c3a8e749b7ae46f2b7e3114b4d640189 4f8fbc440b28413faf100a12cf7d2a0f - - 90d28d6e6ba740f9b23c56c852f19e53 90d28d6e6ba740f9b23c56c852f19e53] 10.0.0.117 "GET /resource_providers/1100edb5-d63f-43cb-bfd0-1ee7a6a7552e/aggregates" status: 404 len: 235 microversion: 1.1 [pid: 7|app: 0|req: 618/1246] 10.0.0.117 () {32 vars in 816 bytes} [Thu Mar 5 07:54:24 2026] GET /resource_providers/1100edb5-d63f-43cb-bfd0-1ee7a6a7552e/aggregates => generated 235 bytes in 9 msecs (HTTP/1.1 404) 5 headers in 202 bytes (1 switches on core 0)
2026-03-05 07:54:24.499 8 INFO placement.requestlog [None req-4e6684bb-f7d9-4f6e-acee-c9ac0c23fcbf c3a8e749b7ae46f2b7e3114b4d640189 4f8fbc440b28413faf100a12cf7d2a0f - - 90d28d6e6ba740f9b23c56c852f19e53 90d28d6e6ba740f9b23c56c852f19e53] 10.0.0.117 "DELETE /resource_providers/1100edb5-d63f-43cb-bfd0-1ee7a6a7552e" status: 404 len: 246 microversion: 1.1 [pid: 8|app: 0|req: 629/1247] 10.0.0.117 () {34 vars in 816 bytes} [Thu Mar 5 07:54:24 2026] DELETE /resource_providers/1100edb5-d63f-43cb-bfd0-1ee7a6a7552e => generated 246 bytes in 11 msecs (HTTP/1.1 404) 6 headers in 231 bytes (1 switches on core 0)
2026-03-05 07:54:24.513 7 INFO placement.requestlog [None req-c5b7072f-b5d5-4297-9089-0d832d87c695 c3a8e749b7ae46f2b7e3114b4d640189 4f8fbc440b28413faf100a12cf7d2a0f - - 90d28d6e6ba740f9b23c56c852f19e53 90d28d6e6ba740f9b23c56c852f19e53] 10.0.0.117 "DELETE /resource_providers/1100edb5-d63f-43cb-bfd0-1ee7a6a7552e" status: 404 len: 246 microversion: 1.1 [pid: 7|app: 0|req: 619/1248] 10.0.0.117 () {34 vars in 816 bytes} [Thu Mar 5 07:54:24 2026] DELETE /resource_providers/1100edb5-d63f-43cb-bfd0-1ee7a6a7552e => generated 246 bytes in 10 msecs (HTTP/1.1 404) 6 headers in 231 bytes (1 switches on core 0)
2026-03-05 07:54:26.525 8 INFO placement.requestlog [None req-a95c164a-5c75-49b0-a04a-73a223bc0588 c3a8e749b7ae46f2b7e3114b4d640189 4f8fbc440b28413faf100a12cf7d2a0f - - 90d28d6e6ba740f9b23c56c852f19e53 90d28d6e6ba740f9b23c56c852f19e53] 10.0.0.117 "GET /resource_providers/cf0c545f-8c0b-49d1-889b-0bfbb6e2c4f1/aggregates" status: 404 len: 235 microversion: 1.1 [pid: 8|app: 0|req: 630/1249] 10.0.0.117 () {32 vars in 816 bytes} [Thu Mar 5 07:54:26 2026] GET /resource_providers/cf0c545f-8c0b-49d1-889b-0bfbb6e2c4f1/aggregates => generated 235 bytes in 15 msecs (HTTP/1.1 404) 5 headers in 202 bytes (1 switches on core 0)
2026-03-05 07:54:26.534 7 INFO placement.requestlog [None req-26b4c8ee-4704-4589-84c8-a9eea0c27431 c3a8e749b7ae46f2b7e3114b4d640189 4f8fbc440b28413faf100a12cf7d2a0f - - 90d28d6e6ba740f9b23c56c852f19e53 90d28d6e6ba740f9b23c56c852f19e53] 10.0.0.117 "GET /resource_providers/cf0c545f-8c0b-49d1-889b-0bfbb6e2c4f1/aggregates" status: 404 len: 235 microversion: 1.1 [pid: 7|app: 0|req: 620/1250] 10.0.0.117 () {32 vars in 816 bytes} [Thu Mar 5 07:54:26 2026] GET /resource_providers/cf0c545f-8c0b-49d1-889b-0bfbb6e2c4f1/aggregates => generated 235 bytes in 10 msecs (HTTP/1.1 404) 5 headers in 202 bytes (1 switches on core 0)
2026-03-05 07:54:26.539 8 INFO placement.requestlog [None req-0b945c2c-247b-42f6-af2f-7962a71a30f2 c3a8e749b7ae46f2b7e3114b4d640189 4f8fbc440b28413faf100a12cf7d2a0f - - 90d28d6e6ba740f9b23c56c852f19e53 90d28d6e6ba740f9b23c56c852f19e53] 10.0.0.117 "DELETE /resource_providers/cf0c545f-8c0b-49d1-889b-0bfbb6e2c4f1" status: 404 len: 246 microversion: 1.1 [pid: 8|app: 0|req: 631/1251] 10.0.0.117 () {34 vars in 816 bytes} [Thu Mar 5 07:54:26 2026] DELETE /resource_providers/cf0c545f-8c0b-49d1-889b-0bfbb6e2c4f1 => generated 246 bytes in 7 msecs (HTTP/1.1 404) 6 headers in 231 bytes (1 switches on core 0)
2026-03-05 07:54:26.550 7 INFO placement.requestlog [None req-e9718e31-18fd-42f1-96d4-703a6e08d029 c3a8e749b7ae46f2b7e3114b4d640189 4f8fbc440b28413faf100a12cf7d2a0f - - 90d28d6e6ba740f9b23c56c852f19e53 90d28d6e6ba740f9b23c56c852f19e53] 10.0.0.117 "DELETE /resource_providers/cf0c545f-8c0b-49d1-889b-0bfbb6e2c4f1" status: 404 len: 246 microversion: 1.1 [pid: 7|app: 0|req: 621/1252] 10.0.0.117 () {34 vars in 816 bytes} [Thu Mar 5 07:54:26 2026] DELETE /resource_providers/cf0c545f-8c0b-49d1-889b-0bfbb6e2c4f1 => generated 246 bytes in 7 msecs (HTTP/1.1 404) 6 headers in 231 bytes (1 switches on core 0)
2026-03-05 07:54:32.075 8 INFO placement.requestlog [None req-fb747c36-077d-4234-9552-6d64241730bf - - - - - -] 10.0.0.54 "GET /" status: 200 len: 136 microversion: 1.0
2026-03-05 07:54:32.075 7 INFO placement.requestlog [None req-53997fff-c15d-4810-b1f2-f2e432101b97 - - - - - -] 10.0.0.54 "GET /" status: 200 len: 136 microversion: 1.0
2026-03-05 07:54:33.260 8 INFO placement.requestlog [None req-5b7b3790-3fba-4db0-8abe-fe8392d8710b c3a8e749b7ae46f2b7e3114b4d640189 4f8fbc440b28413faf100a12cf7d2a0f - - 90d28d6e6ba740f9b23c56c852f19e53 90d28d6e6ba740f9b23c56c852f19e53] 10.0.0.117 "GET /resource_providers/c650ed22-7056-438f-8eeb-d8fd2ebdd0ff/aggregates" status: 404 len: 235 microversion: 1.1 [pid: 8|app: 0|req: 633/1255] 10.0.0.117 () {32 vars in 816 bytes} [Thu Mar 5 07:54:33 2026] GET /resource_providers/c650ed22-7056-438f-8eeb-d8fd2ebdd0ff/aggregates => generated 235 bytes in 138 msecs (HTTP/1.1 404) 5 headers in 202 bytes (1 switches on core 0)
2026-03-05 07:54:33.275 7 INFO placement.requestlog [None req-9e844725-6038-494c-91aa-c035b857ebd2 c3a8e749b7ae46f2b7e3114b4d640189 4f8fbc440b28413faf100a12cf7d2a0f - - 90d28d6e6ba740f9b23c56c852f19e53 90d28d6e6ba740f9b23c56c852f19e53] 10.0.0.117 "GET /resource_providers/c650ed22-7056-438f-8eeb-d8fd2ebdd0ff/aggregates" status: 404 len: 235 microversion: 1.1 [pid: 7|app: 0|req: 623/1256] 10.0.0.117 () {32 vars in 816 bytes} [Thu Mar 5 07:54:33 2026] GET /resource_providers/c650ed22-7056-438f-8eeb-d8fd2ebdd0ff/aggregates => generated 235 bytes in 153 msecs (HTTP/1.1 404) 5 headers in 202 bytes (1 switches on core 0)
2026-03-05 07:54:33.284 8 INFO placement.requestlog [None req-54fca7d0-98d1-4ef8-9a82-b6db5e920643 c3a8e749b7ae46f2b7e3114b4d640189 4f8fbc440b28413faf100a12cf7d2a0f - - 90d28d6e6ba740f9b23c56c852f19e53 90d28d6e6ba740f9b23c56c852f19e53] 10.0.0.117 "GET /resource_providers/8412aea3-14f4-4e76-8e2d-2a2970bf2f6f/aggregates" status: 404 len: 235 microversion: 1.1 [pid: 8|app: 0|req: 634/1257] 10.0.0.117 () {32 vars in 816 bytes} [Thu Mar 5 07:54:33 2026] GET /resource_providers/8412aea3-14f4-4e76-8e2d-2a2970bf2f6f/aggregates => generated 235 bytes in 13 msecs (HTTP/1.1 404) 5 headers in 202 bytes (1 switches on core 0)
2026-03-05 07:54:33.285 7 INFO placement.requestlog [None req-31f5bd25-213d-4358-8f99-e323cef9e518 c3a8e749b7ae46f2b7e3114b4d640189 4f8fbc440b28413faf100a12cf7d2a0f - - 90d28d6e6ba740f9b23c56c852f19e53 90d28d6e6ba740f9b23c56c852f19e53] 10.0.0.117 "DELETE /resource_providers/c650ed22-7056-438f-8eeb-d8fd2ebdd0ff" status: 404 len: 246 microversion: 1.1 [pid: 7|app: 0|req: 624/1258] 10.0.0.117 () {34 vars in 816 bytes} [Thu Mar 5 07:54:33 2026] DELETE /resource_providers/c650ed22-7056-438f-8eeb-d8fd2ebdd0ff => generated 246 bytes in 9 msecs (HTTP/1.1 404) 6 headers in 231 bytes (1 switches on core 0)
2026-03-05 07:54:33.296 7 INFO placement.requestlog [None req-e1967926-4924-4a55-b346-c67cf6644463 c3a8e749b7ae46f2b7e3114b4d640189 4f8fbc440b28413faf100a12cf7d2a0f - - 90d28d6e6ba740f9b23c56c852f19e53 90d28d6e6ba740f9b23c56c852f19e53] 10.0.0.117 "DELETE /resource_providers/c650ed22-7056-438f-8eeb-d8fd2ebdd0ff" status: 404 len: 246 microversion: 1.1 [pid: 7|app: 0|req: 625/1259] 10.0.0.117 () {34 vars in 816 bytes} [Thu Mar 5 07:54:33 2026] DELETE /resource_providers/c650ed22-7056-438f-8eeb-d8fd2ebdd0ff => generated 246 bytes in 7 msecs (HTTP/1.1 404) 6 headers in 231 bytes (1 switches on core 0)
2026-03-05 07:54:33.308 8 INFO placement.requestlog [None req-84325b5f-6ce1-4347-822a-cc102ad52ef3 c3a8e749b7ae46f2b7e3114b4d640189 4f8fbc440b28413faf100a12cf7d2a0f - - 90d28d6e6ba740f9b23c56c852f19e53 90d28d6e6ba740f9b23c56c852f19e53] 10.0.0.117 "GET /resource_providers/8412aea3-14f4-4e76-8e2d-2a2970bf2f6f/aggregates" status: 404 len: 235 microversion: 1.1 [pid: 8|app: 0|req: 635/1260] 10.0.0.117 () {32 vars in 816 bytes} [Thu Mar 5 07:54:33 2026] GET /resource_providers/8412aea3-14f4-4e76-8e2d-2a2970bf2f6f/aggregates => generated 235 bytes in 24 msecs (HTTP/1.1 404) 5 headers in 202 bytes (1 switches on core 0)
2026-03-05 07:54:33.310 7 INFO placement.requestlog [None req-5f05793b-56d2-449b-9a15-6ab03d85d345 c3a8e749b7ae46f2b7e3114b4d640189 4f8fbc440b28413faf100a12cf7d2a0f - - 90d28d6e6ba740f9b23c56c852f19e53 90d28d6e6ba740f9b23c56c852f19e53] 10.0.0.117 "DELETE /resource_providers/8412aea3-14f4-4e76-8e2d-2a2970bf2f6f" status: 404 len: 246 microversion: 1.1 [pid: 7|app: 0|req: 626/1261] 10.0.0.117 () {34 vars in 816 bytes} [Thu Mar 5 07:54:33 2026] DELETE /resource_providers/8412aea3-14f4-4e76-8e2d-2a2970bf2f6f => generated 246 bytes in 13 msecs (HTTP/1.1 404) 6 headers in 231 bytes (1 switches on core 0)
2026-03-05 07:54:33.331 8 INFO placement.requestlog [None req-b804d383-26ff-469d-ad0d-1cb1b609e3a1 c3a8e749b7ae46f2b7e3114b4d640189 4f8fbc440b28413faf100a12cf7d2a0f - - 90d28d6e6ba740f9b23c56c852f19e53 90d28d6e6ba740f9b23c56c852f19e53] 10.0.0.117 "DELETE /resource_providers/8412aea3-14f4-4e76-8e2d-2a2970bf2f6f" status: 404 len: 246 microversion: 1.1 [pid: 8|app: 0|req: 636/1262] 10.0.0.117 () {34 vars in 816 bytes} [Thu Mar 5 07:54:33 2026] DELETE /resource_providers/8412aea3-14f4-4e76-8e2d-2a2970bf2f6f => generated 246 bytes in 12 msecs (HTTP/1.1 404) 6 headers in 231 bytes (1 switches on core 0)
2026-03-05 07:54:35.083 7 INFO placement.requestlog [req-0ed0e14d-b430-4f5e-b07f-ba8a36e6c58c req-f24860ac-49f2-47da-b023-dd5abef4b3ac 81cf05cca3f04aeeb3bd65d473cf9ce1 4f8fbc440b28413faf100a12cf7d2a0f - - 90d28d6e6ba740f9b23c56c852f19e53 90d28d6e6ba740f9b23c56c852f19e53] 162.253.55.70 "GET /resource_providers/c63cf73e-7eed-4763-acfc-36ad046a2bdc/allocations" status: 200 len: 340 microversion: 1.0 [pid: 7|app: 0|req: 627/1263] 162.253.55.70 () {32 vars in 856 bytes} [Thu Mar 5 07:54:35 2026] GET /resource_providers/c63cf73e-7eed-4763-acfc-36ad046a2bdc/allocations => generated 340 bytes in 15 msecs (HTTP/1.1 200) 6 headers in 224 bytes (1 switches on core 0)
2026-03-05 07:54:35.105 8 INFO placement.requestlog [req-0ed0e14d-b430-4f5e-b07f-ba8a36e6c58c req-610eda7b-f94d-4c88-a6b7-5de6f9dd4205 81cf05cca3f04aeeb3bd65d473cf9ce1 4f8fbc440b28413faf100a12cf7d2a0f - - 90d28d6e6ba740f9b23c56c852f19e53 90d28d6e6ba740f9b23c56c852f19e53] 162.253.55.70 "GET /resource_providers/c63cf73e-7eed-4763-acfc-36ad046a2bdc/allocations" status: 200 len: 340 microversion: 1.0 [pid: 8|app: 0|req: 637/1264] 162.253.55.70 () {32 vars in 856 bytes} [Thu Mar 5 07:54:35 2026] GET /resource_providers/c63cf73e-7eed-4763-acfc-36ad046a2bdc/allocations => generated 340 bytes in 17 msecs (HTTP/1.1 200) 6 headers in 224 bytes (1 switches on core 0)
2026-03-05 07:54:35.123 7 INFO placement.requestlog [req-0ed0e14d-b430-4f5e-b07f-ba8a36e6c58c req-2d1e7516-65bb-4cc3-b454-7eb74d56a4cf 81cf05cca3f04aeeb3bd65d473cf9ce1 4f8fbc440b28413faf100a12cf7d2a0f - - 90d28d6e6ba740f9b23c56c852f19e53 90d28d6e6ba740f9b23c56c852f19e53] 162.253.55.70 "GET /allocations/ac5f1f85-59a8-430f-a555-18f8017b761a" status: 200 len: 258 microversion: 1.28 [pid: 7|app: 0|req: 628/1265] 162.253.55.70 () {34 vars in 862 bytes} [Thu Mar 5 07:54:35 2026] GET /allocations/ac5f1f85-59a8-430f-a555-18f8017b761a => generated 258 bytes in 11 msecs (HTTP/1.1 200) 8 headers in 296 bytes (1 switches on core 0)
2026-03-05 07:54:35.147 8 INFO placement.requestlog [req-0ed0e14d-b430-4f5e-b07f-ba8a36e6c58c req-ad1ffe54-2aa3-4803-adaa-cc22a0b8cf50 81cf05cca3f04aeeb3bd65d473cf9ce1 4f8fbc440b28413faf100a12cf7d2a0f - - 90d28d6e6ba740f9b23c56c852f19e53 90d28d6e6ba740f9b23c56c852f19e53] 162.253.55.70 "GET /allocations/4d12af84-ebce-4427-8d90-0aca97220cbd" status: 200 len: 245 microversion: 1.28 [pid: 8|app: 0|req: 638/1266] 162.253.55.70 () {34 vars in 862 bytes} [Thu Mar 5 07:54:35 2026] GET /allocations/4d12af84-ebce-4427-8d90-0aca97220cbd => generated 245 bytes in 19 msecs (HTTP/1.1 200) 8 headers in 296 bytes (1 switches on core 0)
2026-03-05 07:54:35.166 7 INFO placement.requestlog [req-0ed0e14d-b430-4f5e-b07f-ba8a36e6c58c req-830b82a2-d3ad-4c3c-aeee-5fd78a4ddd1c 81cf05cca3f04aeeb3bd65d473cf9ce1 4f8fbc440b28413faf100a12cf7d2a0f - - 90d28d6e6ba740f9b23c56c852f19e53 90d28d6e6ba740f9b23c56c852f19e53] 162.253.55.70 "GET /allocations/9f58b0f5-b311-47d9-92b7-8b6acc1af43c" status: 200 len: 258 microversion: 1.28 [pid: 7|app: 0|req: 629/1267] 162.253.55.70 () {34 vars in 862 bytes} [Thu Mar 5 07:54:35 2026] GET /allocations/9f58b0f5-b311-47d9-92b7-8b6acc1af43c => generated 258 bytes in 10 msecs (HTTP/1.1 200) 8 headers in 296 bytes (1 switches on core 0)
2026-03-05 07:54:35.309 8 INFO placement.requestlog [None req-1b84c8c2-56fe-4291-95b4-c21c1387982e c3a8e749b7ae46f2b7e3114b4d640189 4f8fbc440b28413faf100a12cf7d2a0f - - 90d28d6e6ba740f9b23c56c852f19e53 90d28d6e6ba740f9b23c56c852f19e53] 10.0.0.117 "GET /resource_providers/4806e849-769d-4337-91d7-fc08954d4b94/aggregates" status: 404 len: 235 microversion: 1.1 [pid: 8|app: 0|req: 639/1268] 10.0.0.117 () {32 vars in 816 bytes} [Thu Mar 5 07:54:35 2026] GET /resource_providers/4806e849-769d-4337-91d7-fc08954d4b94/aggregates => generated 235 bytes in 13 msecs (HTTP/1.1 404) 5 headers in 202 bytes (1 switches on core 0)
2026-03-05 07:54:35.318 7 INFO placement.requestlog [None req-f94a4f27-d299-4128-b730-c5edbf0dd884 c3a8e749b7ae46f2b7e3114b4d640189 4f8fbc440b28413faf100a12cf7d2a0f - - 90d28d6e6ba740f9b23c56c852f19e53 90d28d6e6ba740f9b23c56c852f19e53] 10.0.0.117 "GET /resource_providers/4806e849-769d-4337-91d7-fc08954d4b94/aggregates" status: 404 len: 235 microversion: 1.1 [pid: 7|app: 0|req: 630/1269] 10.0.0.117 () {32 vars in 816 bytes} [Thu Mar 5 07:54:35 2026] GET /resource_providers/4806e849-769d-4337-91d7-fc08954d4b94/aggregates => generated 235 bytes in 12 msecs (HTTP/1.1 404) 5 headers in 202 bytes (1 switches on core 0)
2026-03-05 07:54:35.330 8 INFO placement.requestlog [None req-b9f07e17-3274-4eb2-b8b4-687c3dddb453 c3a8e749b7ae46f2b7e3114b4d640189 4f8fbc440b28413faf100a12cf7d2a0f - - 90d28d6e6ba740f9b23c56c852f19e53 90d28d6e6ba740f9b23c56c852f19e53] 10.0.0.117 "GET /resource_providers/97149b93-7a3d-4e64-bc5e-7e71558fda75/aggregates" status: 404 len: 235 microversion: 1.1 [pid: 8|app: 0|req: 640/1270] 10.0.0.117 () {32 vars in 816 bytes} [Thu Mar 5 07:54:35 2026] GET /resource_providers/97149b93-7a3d-4e64-bc5e-7e71558fda75/aggregates => generated 235 bytes in 8 msecs (HTTP/1.1 404) 5 headers in 202 bytes (1 switches on core 0)
2026-03-05 07:54:35.334 7 INFO placement.requestlog [None req-69f541b4-677e-4767-957b-482dc275a148 c3a8e749b7ae46f2b7e3114b4d640189 4f8fbc440b28413faf100a12cf7d2a0f - - 90d28d6e6ba740f9b23c56c852f19e53 90d28d6e6ba740f9b23c56c852f19e53] 10.0.0.117 "DELETE /resource_providers/4806e849-769d-4337-91d7-fc08954d4b94" status: 404 len: 246 microversion: 1.1 [pid: 7|app: 0|req: 631/1271] 10.0.0.117 () {34 vars in 816 bytes} [Thu Mar 5 07:54:35 2026] DELETE /resource_providers/4806e849-769d-4337-91d7-fc08954d4b94 => generated 246 bytes in 8 msecs (HTTP/1.1 404) 6 headers in 231 bytes (1 switches on core 0)
2026-03-05 07:54:35.337 8 INFO placement.requestlog [None req-45fe7426-a329-4367-9a28-c96b5399ec1f c3a8e749b7ae46f2b7e3114b4d640189 4f8fbc440b28413faf100a12cf7d2a0f - - 90d28d6e6ba740f9b23c56c852f19e53 90d28d6e6ba740f9b23c56c852f19e53] 10.0.0.117 "DELETE /resource_providers/4806e849-769d-4337-91d7-fc08954d4b94" status: 404 len: 246 microversion: 1.1 [pid: 8|app: 0|req: 641/1272] 10.0.0.117 () {34 vars in 816 bytes} [Thu Mar 5 07:54:35 2026] DELETE /resource_providers/4806e849-769d-4337-91d7-fc08954d4b94 => generated 246 bytes in 7 msecs (HTTP/1.1 404) 6 headers in 231 bytes (1 switches on core 0)
2026-03-05 07:54:35.348 7 INFO placement.requestlog [None req-7776c67a-fc81-4262-92c4-d0ba7ac9f9fe c3a8e749b7ae46f2b7e3114b4d640189 4f8fbc440b28413faf100a12cf7d2a0f - - 90d28d6e6ba740f9b23c56c852f19e53 90d28d6e6ba740f9b23c56c852f19e53] 10.0.0.117 "DELETE /resource_providers/97149b93-7a3d-4e64-bc5e-7e71558fda75" status: 404 len: 246 microversion: 1.1 [pid: 7|app: 0|req: 632/1273] 10.0.0.117 () {34 vars in 816 bytes} [Thu Mar 5 07:54:35 2026] DELETE /resource_providers/97149b93-7a3d-4e64-bc5e-7e71558fda75 => generated 246 bytes in 10 msecs (HTTP/1.1 404) 6 headers in 231 bytes (1 switches on core 0)
2026-03-05 07:54:35.349 8 INFO placement.requestlog [None req-7d62b0fd-8a14-4ebe-8b5a-3736f6dd344e c3a8e749b7ae46f2b7e3114b4d640189 4f8fbc440b28413faf100a12cf7d2a0f - - 90d28d6e6ba740f9b23c56c852f19e53 90d28d6e6ba740f9b23c56c852f19e53] 10.0.0.117 "GET /resource_providers/97149b93-7a3d-4e64-bc5e-7e71558fda75/aggregates" status: 404 len: 235 microversion: 1.1 [pid: 8|app: 0|req: 642/1274] 10.0.0.117 () {32 vars in 816 bytes} [Thu Mar 5 07:54:35 2026] GET /resource_providers/97149b93-7a3d-4e64-bc5e-7e71558fda75/aggregates => generated 235 bytes in 6 msecs (HTTP/1.1 404) 5 headers in 202 bytes (1 switches on core 0)
2026-03-05 07:54:35.357 8 INFO placement.requestlog [None req-88226731-c0dd-4f61-9751-bfef2aa54779 c3a8e749b7ae46f2b7e3114b4d640189 4f8fbc440b28413faf100a12cf7d2a0f - - 90d28d6e6ba740f9b23c56c852f19e53 90d28d6e6ba740f9b23c56c852f19e53] 10.0.0.117 "GET /resource_providers/bbbe83a1-9b46-4bd8-b461-9d5ae2713acd/aggregates" status: 404 len: 235 microversion: 1.1
2026-03-05 07:54:35.357 7 INFO placement.requestlog [None req-1b428e3f-e49a-4b64-aa3c-ec6322caa9af c3a8e749b7ae46f2b7e3114b4d640189 4f8fbc440b28413faf100a12cf7d2a0f - - 90d28d6e6ba740f9b23c56c852f19e53 90d28d6e6ba740f9b23c56c852f19e53] 10.0.0.117 "GET /resource_providers/bbbe83a1-9b46-4bd8-b461-9d5ae2713acd/aggregates" status: 404 len: 235 microversion: 1.1 [pid: 8|app: 0|req: 643/1275] 10.0.0.117 () {32 vars in 816 bytes} [Thu Mar 5 07:54:35 2026] GET /resource_providers/bbbe83a1-9b46-4bd8-b461-9d5ae2713acd/aggregates => generated 235 bytes in 7 msecs (HTTP/1.1 404) 5 headers in 202 bytes (1 switches on core 0) [pid: 7|app: 0|req: 633/1276] 10.0.0.117 () {32 vars in 816 bytes} [Thu Mar 5 07:54:35 2026] GET /resource_providers/bbbe83a1-9b46-4bd8-b461-9d5ae2713acd/aggregates => generated 235 bytes in 8 msecs (HTTP/1.1 404) 5 headers in 202 bytes (1 switches on core 0)
2026-03-05 07:54:35.363 8 INFO placement.requestlog [None req-9d6ec4b2-a11a-4b5c-89e3-1a313e2d670d c3a8e749b7ae46f2b7e3114b4d640189 4f8fbc440b28413faf100a12cf7d2a0f - - 90d28d6e6ba740f9b23c56c852f19e53 90d28d6e6ba740f9b23c56c852f19e53] 10.0.0.117 "DELETE /resource_providers/97149b93-7a3d-4e64-bc5e-7e71558fda75" status: 404 len: 246 microversion: 1.1 [pid: 8|app: 0|req: 644/1277] 10.0.0.117 () {34 vars in 816 bytes} [Thu Mar 5 07:54:35 2026] DELETE /resource_providers/97149b93-7a3d-4e64-bc5e-7e71558fda75 => generated 246 bytes in 5 msecs (HTTP/1.1 404) 6 headers in 231 bytes (1 switches on core 0)
2026-03-05 07:54:35.375 7 INFO placement.requestlog [None req-1cb2d70f-0c4b-4655-b087-6c6da420b7a8 c3a8e749b7ae46f2b7e3114b4d640189 4f8fbc440b28413faf100a12cf7d2a0f - - 90d28d6e6ba740f9b23c56c852f19e53 90d28d6e6ba740f9b23c56c852f19e53] 10.0.0.117 "DELETE /resource_providers/bbbe83a1-9b46-4bd8-b461-9d5ae2713acd" status: 404 len: 246 microversion: 1.1 [pid: 7|app: 0|req: 634/1278] 10.0.0.117 () {34 vars in 816 bytes} [Thu Mar 5 07:54:35 2026] DELETE /resource_providers/bbbe83a1-9b46-4bd8-b461-9d5ae2713acd => generated 246 bytes in 8 msecs (HTTP/1.1 404) 6 headers in 231 bytes (1 switches on core 0)
2026-03-05 07:54:35.376 8 INFO placement.requestlog [None req-3e3d58d1-70be-4a4e-873d-2ccf1e2558e9 c3a8e749b7ae46f2b7e3114b4d640189 4f8fbc440b28413faf100a12cf7d2a0f - - 90d28d6e6ba740f9b23c56c852f19e53 90d28d6e6ba740f9b23c56c852f19e53] 10.0.0.117 "DELETE /resource_providers/bbbe83a1-9b46-4bd8-b461-9d5ae2713acd" status: 404 len: 246 microversion: 1.1 [pid: 8|app: 0|req: 645/1279] 10.0.0.117 () {34 vars in 816 bytes} [Thu Mar 5 07:54:35 2026] DELETE /resource_providers/bbbe83a1-9b46-4bd8-b461-9d5ae2713acd => generated 246 bytes in 8 msecs (HTTP/1.1 404) 6 headers in 231 bytes (1 switches on core 0)
2026-03-05 07:54:42.073 7 INFO placement.requestlog [None req-04330010-88dc-4426-9084-45586d4c7c99 - - - - - -] 10.0.0.54 "GET /" status: 200 len: 136 microversion: 1.0
2026-03-05 07:54:42.075 8 INFO placement.requestlog [None req-440bdf7e-a814-4e53-8ca6-b0b8e66f5f0b - - - - - -] 10.0.0.54 "GET /" status: 200 len: 136 microversion: 1.0
2026-03-05 07:54:51.735 7 INFO placement.requestlog [None req-a26ea9c1-00c3-46b6-9e93-35b561b2d52e c3a8e749b7ae46f2b7e3114b4d640189 4f8fbc440b28413faf100a12cf7d2a0f - - 90d28d6e6ba740f9b23c56c852f19e53 90d28d6e6ba740f9b23c56c852f19e53] 10.0.0.117 "GET /resource_providers/d525772d-aba9-4e02-841b-c9abaeab79b7/aggregates" status: 404 len: 235 microversion: 1.1 [pid: 7|app: 0|req: 636/1282] 10.0.0.117 () {32 vars in 816 bytes} [Thu Mar 5 07:54:51 2026] GET /resource_providers/d525772d-aba9-4e02-841b-c9abaeab79b7/aggregates => generated 235 bytes in 10 msecs (HTTP/1.1 404) 5 headers in 202 bytes (1 switches on core 0)
2026-03-05 07:54:51.745 8 INFO placement.requestlog [None req-46a6d774-235a-450c-8517-2b52dd5a8142 c3a8e749b7ae46f2b7e3114b4d640189 4f8fbc440b28413faf100a12cf7d2a0f - - 90d28d6e6ba740f9b23c56c852f19e53 90d28d6e6ba740f9b23c56c852f19e53] 10.0.0.117 "GET /resource_providers/d525772d-aba9-4e02-841b-c9abaeab79b7/aggregates" status: 404 len: 235 microversion: 1.1 [pid: 8|app: 0|req: 647/1283] 10.0.0.117 () {32 vars in 816 bytes} [Thu Mar 5 07:54:51 2026] GET /resource_providers/d525772d-aba9-4e02-841b-c9abaeab79b7/aggregates => generated 235 bytes in 11 msecs (HTTP/1.1 404) 5 headers in 202 bytes (1 switches on core 0)
2026-03-05 07:54:51.762 7 INFO placement.requestlog [None req-bb66e3b6-3345-4463-b28b-2df72e59ad55 c3a8e749b7ae46f2b7e3114b4d640189 4f8fbc440b28413faf100a12cf7d2a0f - - 90d28d6e6ba740f9b23c56c852f19e53 90d28d6e6ba740f9b23c56c852f19e53] 10.0.0.117 "DELETE /resource_providers/d525772d-aba9-4e02-841b-c9abaeab79b7" status: 404 len: 246 microversion: 1.1 [pid: 7|app: 0|req: 637/1284] 10.0.0.117 () {34 vars in 816 bytes} [Thu Mar 5 07:54:51 2026] DELETE /resource_providers/d525772d-aba9-4e02-841b-c9abaeab79b7 => generated 246 bytes in 10 msecs (HTTP/1.1 404) 6 headers in 231 bytes (1 switches on core 0)
2026-03-05 07:54:51.766 8 INFO placement.requestlog [None req-65ab5d0e-b96a-431b-a017-6e44bd833da7 c3a8e749b7ae46f2b7e3114b4d640189 4f8fbc440b28413faf100a12cf7d2a0f - - 90d28d6e6ba740f9b23c56c852f19e53 90d28d6e6ba740f9b23c56c852f19e53] 10.0.0.117 "DELETE /resource_providers/d525772d-aba9-4e02-841b-c9abaeab79b7" status: 404 len: 246 microversion: 1.1 [pid: 8|app: 0|req: 648/1285] 10.0.0.117 () {34 vars in 816 bytes} [Thu Mar 5 07:54:51 2026] DELETE /resource_providers/d525772d-aba9-4e02-841b-c9abaeab79b7 => generated 246 bytes in 9 msecs (HTTP/1.1 404) 6 headers in 231 bytes (1 switches on core 0)
2026-03-05 07:54:52.074 7 INFO placement.requestlog [None req-b0729192-9caa-4768-baec-2d9162771a04 - - - - - -] 10.0.0.54 "GET /" status: 200 len: 136 microversion: 1.0
2026-03-05 07:54:52.074 8 INFO placement.requestlog [None req-37ad896b-dc6b-42ab-b8ca-8483842c9b14 - - - - - -] 10.0.0.54 "GET /" status: 200 len: 136 microversion: 1.0
2026-03-05 07:55:02.074 7 INFO placement.requestlog [None req-97a49db8-c8cf-41de-8e34-0cc0ef28f5ec - - - - - -] 10.0.0.54 "GET /" status: 200 len: 136 microversion: 1.0
2026-03-05 07:55:02.074 8 INFO placement.requestlog [None req-d4583b7e-98ae-4fda-a778-c5a064ec8626 - - - - - -] 10.0.0.54 "GET /" status: 200 len: 136 microversion: 1.0
2026-03-05 07:55:04.988 7 INFO placement.requestlog [None req-2132bbc3-9d0c-45c6-a73a-389aa78c8767 ce5c1c6811244085b1538c73832113ce 36ccd97f976e4312817cfeec5ee62469 - - default default] 10.0.0.182 "GET /resource_providers" status: 200 len: 406 microversion: 1.0 [pid: 7|app: 0|req: 640/1290] 10.0.0.182 () {28 vars in 593 bytes} [Thu Mar 5 07:55:04 2026] GET /resource_providers => generated 406 bytes in 152 msecs (HTTP/1.1 200) 6 headers in 224 bytes (1 switches on core 0)
2026-03-05 07:55:05.015 8 INFO placement.requestlog [None req-530d1d36-91af-4826-8ebe-6f9788edfc2f ce5c1c6811244085b1538c73832113ce 36ccd97f976e4312817cfeec5ee62469 - - default default] 10.0.0.182 "GET /resource_providers/c63cf73e-7eed-4763-acfc-36ad046a2bdc/inventories" status: 200 len: 401 microversion: 1.0 [pid: 8|app: 0|req: 651/1291] 10.0.0.182 () {28 vars in 691 bytes} [Thu Mar 5 07:55:04 2026] GET /resource_providers/c63cf73e-7eed-4763-acfc-36ad046a2bdc/inventories => generated 401 bytes in 21 msecs (HTTP/1.1 200) 6 headers in 224 bytes (1 switches on core 0)
2026-03-05 07:55:05.040 7 INFO placement.requestlog [None req-09f05d81-ddf2-4d50-a22b-fb633e49e356 ce5c1c6811244085b1538c73832113ce 36ccd97f976e4312817cfeec5ee62469 - - default default] 10.0.0.182 "GET /resource_providers/c63cf73e-7eed-4763-acfc-36ad046a2bdc/usages" status: 200 len: 92 microversion: 1.0 [pid: 7|app: 0|req: 641/1292] 10.0.0.182 () {28 vars in 681 bytes} [Thu Mar 5 07:55:05 2026] GET /resource_providers/c63cf73e-7eed-4763-acfc-36ad046a2bdc/usages => generated 92 bytes in 21 msecs (HTTP/1.1 200) 6 headers in 223 bytes (1 switches on core 0)
2026-03-05 07:55:08.738 8 INFO placement.requestlog [None req-273222e7-98f0-43f7-93e4-adbe48dd3c5c c3a8e749b7ae46f2b7e3114b4d640189 4f8fbc440b28413faf100a12cf7d2a0f - - 90d28d6e6ba740f9b23c56c852f19e53 90d28d6e6ba740f9b23c56c852f19e53] 10.0.0.117 "GET /resource_providers/b4470f42-694b-4e8d-b3f7-857078ea7862/aggregates" status: 404 len: 235 microversion: 1.1 [pid: 8|app: 0|req: 652/1293] 10.0.0.117 () {32 vars in 816 bytes} [Thu Mar 5 07:55:08 2026] GET /resource_providers/b4470f42-694b-4e8d-b3f7-857078ea7862/aggregates => generated 235 bytes in 10 msecs (HTTP/1.1 404) 5 headers in 202 bytes (1 switches on core 0)
2026-03-05 07:55:08.739 7 INFO placement.requestlog [None req-117d3498-f3fd-4d91-80f9-06fe0d9ff1c9 c3a8e749b7ae46f2b7e3114b4d640189 4f8fbc440b28413faf100a12cf7d2a0f - - 90d28d6e6ba740f9b23c56c852f19e53 90d28d6e6ba740f9b23c56c852f19e53] 10.0.0.117 "GET /resource_providers/b4470f42-694b-4e8d-b3f7-857078ea7862/aggregates" status: 404 len: 235 microversion: 1.1 [pid: 7|app: 0|req: 642/1294] 10.0.0.117 () {32 vars in 816 bytes} [Thu Mar 5 07:55:08 2026] GET /resource_providers/b4470f42-694b-4e8d-b3f7-857078ea7862/aggregates => generated 235 bytes in 12 msecs (HTTP/1.1 404) 5 headers in 202 bytes (1 switches on core 0)
2026-03-05 07:55:08.758 8 INFO placement.requestlog [None req-4ba79abb-588c-4741-b730-55b6ff228506 c3a8e749b7ae46f2b7e3114b4d640189 4f8fbc440b28413faf100a12cf7d2a0f - - 90d28d6e6ba740f9b23c56c852f19e53 90d28d6e6ba740f9b23c56c852f19e53] 10.0.0.117 "DELETE /resource_providers/b4470f42-694b-4e8d-b3f7-857078ea7862" status: 404 len: 246 microversion: 1.1 [pid: 8|app: 0|req: 653/1295] 10.0.0.117 () {34 vars in 816 bytes} [Thu Mar 5 07:55:08 2026] DELETE /resource_providers/b4470f42-694b-4e8d-b3f7-857078ea7862 => generated 246 bytes in 8 msecs (HTTP/1.1 404) 6 headers in 231 bytes (1 switches on core 0)
