Aug 25 21:17:39.133221 np0000191066 devstack@neutron-api.service[101810]: DEBUG neutron_lib.callbacks.manager [None req-979c0cbc-a695-4fff-a1e4-e7d4e8eb9b2d None None] Subscribe: > security_group after_delete 55550000, False {{(pid=101810) subscribe /opt/stack/data/venv/lib/python3.12/site-packages/neutron_lib/callbacks/manager.py:52}}
Aug 25 21:17:39.133387 np0000191066 devstack@neutron-api.service[101810]: DEBUG neutron_lib.callbacks.manager [None req-979c0cbc-a695-4fff-a1e4-e7d4e8eb9b2d None None] Subscribe: > security_group_rule precommit_create 55550000, False {{(pid=101810) subscribe /opt/stack/data/venv/lib/python3.12/site-packages/neutron_lib/callbacks/manager.py:52}}
Aug 25 21:17:39.133477 np0000191066 devstack@neutron-api.service[101810]: DEBUG neutron_lib.callbacks.manager [None req-979c0cbc-a695-4fff-a1e4-e7d4e8eb9b2d None None] Subscribe: > security_group_rule after_create 55550000, False {{(pid=101810) subscribe /opt/stack/data/venv/lib/python3.12/site-packages/neutron_lib/callbacks/manager.py:52}}
Aug 25 21:17:39.133579 np0000191066 devstack@neutron-api.service[101810]: DEBUG neutron_lib.callbacks.manager [None req-979c0cbc-a695-4fff-a1e4-e7d4e8eb9b2d None None] Subscribe: > security_group_rule before_delete 55550000, False {{(pid=101810) subscribe /opt/stack/data/venv/lib/python3.12/site-packages/neutron_lib/callbacks/manager.py:52}}
Aug 25 21:17:39.133850 np0000191066 devstack@neutron-api.service[101810]: DEBUG neutron_lib.callbacks.manager [None req-979c0cbc-a695-4fff-a1e4-e7d4e8eb9b2d None None] Subscribe: > address_group after_create 55550000, False {{(pid=101810) subscribe /opt/stack/data/venv/lib/python3.12/site-packages/neutron_lib/callbacks/manager.py:52}}
Aug 25 21:17:39.133850 np0000191066 devstack@neutron-api.service[101810]: DEBUG neutron_lib.callbacks.manager [None req-979c0cbc-a695-4fff-a1e4-e7d4e8eb9b2d None None] Subscribe: > address_group after_update 55550000, False {{(pid=101810) subscribe /opt/stack/data/venv/lib/python3.12/site-packages/neutron_lib/callbacks/manager.py:52}}
Aug 25 21:17:39.133850 np0000191066 devstack@neutron-api.service[101810]: DEBUG neutron_lib.callbacks.manager [None req-979c0cbc-a695-4fff-a1e4-e7d4e8eb9b2d None None] Subscribe: > address_group after_delete 55550000, False {{(pid=101810) subscribe /opt/stack/data/venv/lib/python3.12/site-packages/neutron_lib/callbacks/manager.py:52}}
Aug 25 21:17:39.134284 np0000191066 devstack@neutron-api.service[101808]: INFO neutron.quota.resource_registry [None req-3ad32177-6299-4d63-a3f4-676576aaaa4b None None] Creating instance of TrackedResource for resource:subnet
Aug 25 21:17:39.134284 np0000191066 devstack@neutron-api.service[101808]: INFO neutron.quota.resource_registry [None req-3ad32177-6299-4d63-a3f4-676576aaaa4b None None] Creating instance of TrackedResource for resource:subnetpool
Aug 25 21:17:39.134501 np0000191066 devstack@neutron-api.service[101810]: DEBUG neutron_lib.callbacks.manager [None req-979c0cbc-a695-4fff-a1e4-e7d4e8eb9b2d None None] Subscribe: > qos_plugin after_init 55550000, False {{(pid=101810) subscribe /opt/stack/data/venv/lib/python3.12/site-packages/neutron_lib/callbacks/manager.py:52}}
Aug 25 21:17:39.134609 np0000191066 devstack@neutron-api.service[101808]: INFO neutron.quota.resource_registry [None req-3ad32177-6299-4d63-a3f4-676576aaaa4b None None] Creating instance of TrackedResource for resource:port
Aug 25 21:17:39.134731 np0000191066 devstack@neutron-api.service[101810]: DEBUG neutron_lib.callbacks.manager [None req-979c0cbc-a695-4fff-a1e4-e7d4e8eb9b2d None None] Subscribe: > trunk_plugin after_init 55550000, False {{(pid=101810) subscribe /opt/stack/data/venv/lib/python3.12/site-packages/neutron_lib/callbacks/manager.py:52}}
Aug 25 21:17:39.134731 np0000191066 devstack@neutron-api.service[101810]: DEBUG neutron_lib.callbacks.manager [None req-979c0cbc-a695-4fff-a1e4-e7d4e8eb9b2d None None] Subscribe: > logging-plugin after_init 55550000, False {{(pid=101810) subscribe /opt/stack/data/venv/lib/python3.12/site-packages/neutron_lib/callbacks/manager.py:52}}
Aug 25 21:17:39.135250 np0000191066 devstack@neutron-api.service[101810]: INFO neutron.services.logapi.drivers.ovn.driver [None req-979c0cbc-a695-4fff-a1e4-e7d4e8eb9b2d None None] OVN logging driver registered
Aug 25 21:17:39.135403 np0000191066 devstack@neutron-api.service[101810]: DEBUG neutron_lib.callbacks.manager [None req-979c0cbc-a695-4fff-a1e4-e7d4e8eb9b2d None None] Subscribe: ._register_pvlan_driver at 0x7ef4857776a0> pvlan_plugin before_spawn 55550000, False {{(pid=101810) subscribe /opt/stack/data/venv/lib/python3.12/site-packages/neutron_lib/callbacks/manager.py:52}}
Aug 25 21:17:39.135403 np0000191066 devstack@neutron-api.service[101810]: DEBUG neutron_lib.callbacks.manager [None req-979c0cbc-a695-4fff-a1e4-e7d4e8eb9b2d None None] Subscribe: process after_init 55550000, False {{(pid=101810) subscribe /opt/stack/data/venv/lib/python3.12/site-packages/neutron_lib/callbacks/manager.py:52}}
Aug 25 21:17:39.137118 np0000191066 devstack@neutron-api.service[101810]: DEBUG neutron.plugins.ml2.plugin [None req-979c0cbc-a695-4fff-a1e4-e7d4e8eb9b2d None None] neutron.plugins.ml2.plugin.Ml2Plugin method _start_rpc_notifiers called with arguments () {} {{(pid=101810) wrapper /opt/stack/data/venv/lib/python3.12/site-packages/oslo_log/helpers.py:77}}
Aug 25 21:17:39.137442 np0000191066 devstack@neutron-api.service[101810]: DEBUG neutron_lib.callbacks.manager [None req-979c0cbc-a695-4fff-a1e4-e7d4e8eb9b2d None None] Subscribe: > port after_create 55550000, False {{(pid=101810) subscribe /opt/stack/data/venv/lib/python3.12/site-packages/neutron_lib/callbacks/manager.py:52}}
Aug 25 21:17:39.137538 np0000191066 devstack@neutron-api.service[101810]: DEBUG neutron_lib.callbacks.manager [None req-979c0cbc-a695-4fff-a1e4-e7d4e8eb9b2d None None] Subscribe: > port after_update 55550000, False {{(pid=101810) subscribe /opt/stack/data/venv/lib/python3.12/site-packages/neutron_lib/callbacks/manager.py:52}}
Aug 25 21:17:39.137718 np0000191066 devstack@neutron-api.service[101810]: DEBUG neutron_lib.callbacks.manager [None req-979c0cbc-a695-4fff-a1e4-e7d4e8eb9b2d None None] Subscribe: > port after_delete 55550000, False {{(pid=101810) subscribe /opt/stack/data/venv/lib/python3.12/site-packages/neutron_lib/callbacks/manager.py:52}}
Aug 25 21:17:39.137817 np0000191066 devstack@neutron-api.service[101810]: DEBUG neutron_lib.callbacks.manager [None req-979c0cbc-a695-4fff-a1e4-e7d4e8eb9b2d None None] Subscribe: > subnet after_create 55550000, False {{(pid=101810) subscribe /opt/stack/data/venv/lib/python3.12/site-packages/neutron_lib/callbacks/manager.py:52}}
Aug 25 21:17:39.137915 np0000191066 devstack@neutron-api.service[101810]: DEBUG neutron_lib.callbacks.manager [None req-979c0cbc-a695-4fff-a1e4-e7d4e8eb9b2d None None] Subscribe: > subnet after_update 55550000, False {{(pid=101810) subscribe /opt/stack/data/venv/lib/python3.12/site-packages/neutron_lib/callbacks/manager.py:52}}
Aug 25 21:17:39.138050 np0000191066 devstack@neutron-api.service[101810]: DEBUG neutron_lib.callbacks.manager [None req-979c0cbc-a695-4fff-a1e4-e7d4e8eb9b2d None None] Subscribe: > subnet after_delete 55550000, False {{(pid=101810) subscribe /opt/stack/data/venv/lib/python3.12/site-packages/neutron_lib/callbacks/manager.py:52}}
Aug 25 21:17:39.138050 np0000191066 devstack@neutron-api.service[101810]: DEBUG neutron_lib.callbacks.manager [None req-979c0cbc-a695-4fff-a1e4-e7d4e8eb9b2d None None] Subscribe: > network after_create 55550000, False {{(pid=101810) subscribe /opt/stack/data/venv/lib/python3.12/site-packages/neutron_lib/callbacks/manager.py:52}}
Aug 25 21:17:39.138156 np0000191066 devstack@neutron-api.service[101810]: DEBUG neutron_lib.callbacks.manager [None req-979c0cbc-a695-4fff-a1e4-e7d4e8eb9b2d None None] Subscribe: > network after_update 55550000, False {{(pid=101810) subscribe /opt/stack/data/venv/lib/python3.12/site-packages/neutron_lib/callbacks/manager.py:52}}
Aug 25 21:17:39.138263 np0000191066 devstack@neutron-api.service[101810]: DEBUG neutron_lib.callbacks.manager [None req-979c0cbc-a695-4fff-a1e4-e7d4e8eb9b2d None None] Subscribe: > network after_delete 55550000, False {{(pid=101810) subscribe /opt/stack/data/venv/lib/python3.12/site-packages/neutron_lib/callbacks/manager.py:52}}
Aug 25 21:17:39.138364 np0000191066 devstack@neutron-api.service[101810]: DEBUG neutron_lib.callbacks.manager [None req-979c0cbc-a695-4fff-a1e4-e7d4e8eb9b2d None None] Subscribe: > security_group after_create 55550000, False {{(pid=101810) subscribe /opt/stack/data/venv/lib/python3.12/site-packages/neutron_lib/callbacks/manager.py:52}}
Aug 25 21:17:39.138459 np0000191066 devstack@neutron-api.service[101810]: DEBUG neutron_lib.callbacks.manager [None req-979c0cbc-a695-4fff-a1e4-e7d4e8eb9b2d None None] Subscribe: > security_group after_update 55550000, False {{(pid=101810) subscribe /opt/stack/data/venv/lib/python3.12/site-packages/neutron_lib/callbacks/manager.py:52}}
Aug 25 21:17:39.138565 np0000191066 devstack@neutron-api.service[101810]: DEBUG neutron_lib.callbacks.manager [None req-979c0cbc-a695-4fff-a1e4-e7d4e8eb9b2d None None] Subscribe: > security_group after_delete 55550000, False {{(pid=101810) subscribe /opt/stack/data/venv/lib/python3.12/site-packages/neutron_lib/callbacks/manager.py:52}}
Aug 25 21:17:39.138682 np0000191066 devstack@neutron-api.service[101810]: DEBUG neutron_lib.callbacks.manager [None req-979c0cbc-a695-4fff-a1e4-e7d4e8eb9b2d None None] Subscribe: > security_group_rule after_create 55550000, False {{(pid=101810) subscribe /opt/stack/data/venv/lib/python3.12/site-packages/neutron_lib/callbacks/manager.py:52}}
Aug 25 21:17:39.138786 np0000191066 devstack@neutron-api.service[101810]: DEBUG neutron_lib.callbacks.manager [None req-979c0cbc-a695-4fff-a1e4-e7d4e8eb9b2d None None] Subscribe: > security_group_rule after_update 55550000, False {{(pid=101810) subscribe /opt/stack/data/venv/lib/python3.12/site-packages/neutron_lib/callbacks/manager.py:52}}
Aug 25 21:17:39.138935 np0000191066 devstack@neutron-api.service[101810]: DEBUG neutron_lib.callbacks.manager [None req-979c0cbc-a695-4fff-a1e4-e7d4e8eb9b2d None None] Subscribe: > security_group_rule after_delete 55550000, False {{(pid=101810) subscribe /opt/stack/data/venv/lib/python3.12/site-packages/neutron_lib/callbacks/manager.py:52}}
Aug 25 21:17:39.138987 np0000191066 devstack@neutron-api.service[101808]: INFO neutron.quota.resource_registry [None req-3ad32177-6299-4d63-a3f4-676576aaaa4b None None] Creating instance of CountableResource for resource:router_route
Aug 25 21:17:39.139035 np0000191066 devstack@neutron-api.service[101810]: DEBUG neutron_lib.callbacks.manager [None req-979c0cbc-a695-4fff-a1e4-e7d4e8eb9b2d None None] Subscribe: > address_group after_create 55550000, False {{(pid=101810) subscribe /opt/stack/data/venv/lib/python3.12/site-packages/neutron_lib/callbacks/manager.py:52}}
Aug 25 21:17:39.139137 np0000191066 devstack@neutron-api.service[101810]: DEBUG neutron_lib.callbacks.manager [None req-979c0cbc-a695-4fff-a1e4-e7d4e8eb9b2d None None] Subscribe: > address_group after_update 55550000, False {{(pid=101810) subscribe /opt/stack/data/venv/lib/python3.12/site-packages/neutron_lib/callbacks/manager.py:52}}
Aug 25 21:17:39.139235 np0000191066 devstack@neutron-api.service[101810]: DEBUG neutron_lib.callbacks.manager [None req-979c0cbc-a695-4fff-a1e4-e7d4e8eb9b2d None None] Subscribe: > address_group after_delete 55550000, False {{(pid=101810) subscribe /opt/stack/data/venv/lib/python3.12/site-packages/neutron_lib/callbacks/manager.py:52}}
Aug 25 21:17:39.139347 np0000191066 devstack@neutron-api.service[101810]: DEBUG neutron.plugins.ml2.ovo_rpc [None req-979c0cbc-a695-4fff-a1e4-e7d4e8eb9b2d None None] ML2 OVO RPC backend initialized. {{(pid=101810) __init__ /opt/stack/neutron/neutron/plugins/ml2/ovo_rpc.py:117}}
Aug 25 21:17:39.139522 np0000191066 devstack@neutron-api.service[101808]: DEBUG neutron.api.v2.resource_helper [None req-3ad32177-6299-4d63-a3f4-676576aaaa4b None None] Service L3_ROUTER_NAT assigned prefix: {{(pid=101808) build_resource_info /opt/stack/neutron/neutron/api/v2/resource_helper.py:77}}
Aug 25 21:17:39.140296 np0000191066 devstack@neutron-api.service[101810]: INFO neutron.quota [None req-979c0cbc-a695-4fff-a1e4-e7d4e8eb9b2d None None] Loaded quota_driver: .
Aug 25 21:17:39.140419 np0000191066 devstack@neutron-api.service[101810]: INFO neutron.plugins.ml2.plugin [None req-979c0cbc-a695-4fff-a1e4-e7d4e8eb9b2d None None] Modular L2 Plugin initialization complete
Aug 25 21:17:39.140581 np0000191066 devstack@neutron-api.service[101810]: DEBUG neutron.manager [None req-979c0cbc-a695-4fff-a1e4-e7d4e8eb9b2d None None] Loading services supported by the core plugin {{(pid=101810) _load_services_from_core_plugin /opt/stack/neutron/neutron/manager.py:167}}
Aug 25 21:17:39.140698 np0000191066 devstack@neutron-api.service[101810]: INFO neutron.plugins.ml2.managers [None req-979c0cbc-a695-4fff-a1e4-e7d4e8eb9b2d None None] Got port-security extension from driver 'port_security'
Aug 25 21:17:39.140954 np0000191066 devstack@neutron-api.service[101808]: DEBUG neutron.api.v2.resource_helper [None req-3ad32177-6299-4d63-a3f4-676576aaaa4b None None] Service FLAVORS assigned prefix: {{(pid=101808) build_resource_info /opt/stack/neutron/neutron/api/v2/resource_helper.py:77}}
Aug 25 21:17:39.141015 np0000191066 devstack@neutron-api.service[101810]: DEBUG neutron.manager [None req-979c0cbc-a695-4fff-a1e4-e7d4e8eb9b2d None None] Loading service plugins: ['ovn-router', 'auto_allocate', 'tag', 'timestamp', 'network_ip_availability', 'flavors', 'revisions'] {{(pid=101810) _load_service_plugins /opt/stack/neutron/neutron/manager.py:192}}
Aug 25 21:17:39.141132 np0000191066 devstack@neutron-api.service[101810]: INFO neutron.manager [None req-979c0cbc-a695-4fff-a1e4-e7d4e8eb9b2d None None] Loading Plugin: ovn-router
Aug 25 21:17:39.146303 np0000191066 devstack@neutron-api.service[101808]: DEBUG neutron.api.v2.resource_helper [None req-3ad32177-6299-4d63-a3f4-676576aaaa4b None None] Service L3_ROUTER_NAT assigned prefix: {{(pid=101808) build_resource_info /opt/stack/neutron/neutron/api/v2/resource_helper.py:77}}
Aug 25 21:17:39.147277 np0000191066 devstack@neutron-api.service[101808]: DEBUG neutron.api.v2.resource_helper [None req-3ad32177-6299-4d63-a3f4-676576aaaa4b None None] Service L3_ROUTER_NAT assigned prefix: {{(pid=101808) build_resource_info /opt/stack/neutron/neutron/api/v2/resource_helper.py:77}}
Aug 25 21:17:39.147469 np0000191066 devstack@neutron-api.service[101808]: INFO neutron.quota.resource_registry [None req-3ad32177-6299-4d63-a3f4-676576aaaa4b None None] Creating instance of TrackedResource for resource:router
Aug 25 21:17:39.148415 np0000191066 devstack@neutron-api.service[101808]: INFO neutron.quota.resource_registry [None req-3ad32177-6299-4d63-a3f4-676576aaaa4b None None] Creating instance of TrackedResource for resource:floatingip
Aug 25 21:17:39.151691 np0000191066 devstack@neutron-api.service[101808]: INFO neutron.quota.resource_registry [None req-3ad32177-6299-4d63-a3f4-676576aaaa4b None None] Creating instance of CountableResource for resource:rbac_policy
Aug 25 21:17:39.154356 np0000191066 devstack@neutron-api.service[101810]: DEBUG neutron_lib.callbacks.manager [None req-979c0cbc-a695-4fff-a1e4-e7d4e8eb9b2d None None] Subscribe: > router before_delete 55550000, False {{(pid=101810) subscribe /opt/stack/data/venv/lib/python3.12/site-packages/neutron_lib/callbacks/manager.py:52}}
Aug 25 21:17:39.154356 np0000191066 devstack@neutron-api.service[101810]: DEBUG neutron_lib.callbacks.manager [None req-979c0cbc-a695-4fff-a1e4-e7d4e8eb9b2d None None] Subscribe: port before_update 55550000, False {{(pid=101810) subscribe /opt/stack/data/venv/lib/python3.12/site-packages/neutron_lib/callbacks/manager.py:52}}
Aug 25 21:17:39.154356 np0000191066 devstack@neutron-api.service[101810]: DEBUG neutron_lib.callbacks.manager [None req-979c0cbc-a695-4fff-a1e4-e7d4e8eb9b2d None None] Subscribe: port after_update 55550000, False {{(pid=101810) subscribe /opt/stack/data/venv/lib/python3.12/site-packages/neutron_lib/callbacks/manager.py:52}}
Aug 25 21:17:39.154356 np0000191066 devstack@neutron-api.service[101810]: DEBUG neutron_lib.callbacks.manager [None req-979c0cbc-a695-4fff-a1e4-e7d4e8eb9b2d None None] Subscribe: > port precommit_delete 55550000, False {{(pid=101810) subscribe /opt/stack/data/venv/lib/python3.12/site-packages/neutron_lib/callbacks/manager.py:52}}
Aug 25 21:17:39.154356 np0000191066 devstack@neutron-api.service[101810]: DEBUG neutron_lib.callbacks.manager [None req-979c0cbc-a695-4fff-a1e4-e7d4e8eb9b2d None None] Subscribe: port before_update 55550000, False {{(pid=101810) subscribe /opt/stack/data/venv/lib/python3.12/site-packages/neutron_lib/callbacks/manager.py:52}}
Aug 25 21:17:39.158709 np0000191066 devstack@neutron-api.service[101810]: DEBUG neutron_lib.callbacks.manager [None req-979c0cbc-a695-4fff-a1e4-e7d4e8eb9b2d None None] Subscribe: port before_delete 55550000, False {{(pid=101810) subscribe /opt/stack/data/venv/lib/python3.12/site-packages/neutron_lib/callbacks/manager.py:52}}
Aug 25 21:17:39.158709 np0000191066 devstack@neutron-api.service[101810]: DEBUG neutron_lib.callbacks.manager [None req-979c0cbc-a695-4fff-a1e4-e7d4e8eb9b2d None None] Subscribe: > router precommit_create 55550000, False {{(pid=101810) subscribe /opt/stack/data/venv/lib/python3.12/site-packages/neutron_lib/callbacks/manager.py:52}}
Aug 25 21:17:39.158709 np0000191066 devstack@neutron-api.service[101810]: DEBUG neutron_lib.callbacks.manager [None req-979c0cbc-a695-4fff-a1e4-e7d4e8eb9b2d None None] Subscribe: > router precommit_create 55550000, False {{(pid=101810) subscribe /opt/stack/data/venv/lib/python3.12/site-packages/neutron_lib/callbacks/manager.py:52}}
Aug 25 21:17:39.158709 np0000191066 devstack@neutron-api.service[101810]: DEBUG neutron_lib.callbacks.manager [None req-979c0cbc-a695-4fff-a1e4-e7d4e8eb9b2d None None] Subscribe: > router precommit_update 55550000, False {{(pid=101810) subscribe /opt/stack/data/venv/lib/python3.12/site-packages/neutron_lib/callbacks/manager.py:52}}
Aug 25 21:17:39.159087 np0000191066 devstack@neutron-api.service[101808]: INFO neutron.quota.resource_registry [None req-3ad32177-6299-4d63-a3f4-676576aaaa4b None None] Creating instance of TrackedResource for resource:security_group
Aug 25 21:17:39.159175 np0000191066 devstack@neutron-api.service[101810]: DEBUG neutron_lib.callbacks.manager [None req-979c0cbc-a695-4fff-a1e4-e7d4e8eb9b2d None None] Subscribe: subnet after_update 55550000, False {{(pid=101810) subscribe /opt/stack/data/venv/lib/python3.12/site-packages/neutron_lib/callbacks/manager.py:52}}
Aug 25 21:17:39.159175 np0000191066 devstack@neutron-api.service[101810]: DEBUG neutron.quota.resource_registry [None req-979c0cbc-a695-4fff-a1e4-e7d4e8eb9b2d None None] Tracking information for resource: router configured {{(pid=101810) set_tracked_resource /opt/stack/neutron/neutron/quota/resource_registry.py:203}}
Aug 25 21:17:39.159175 np0000191066 devstack@neutron-api.service[101810]: DEBUG neutron.quota.resource_registry [None req-979c0cbc-a695-4fff-a1e4-e7d4e8eb9b2d None None] Tracking information for resource: floatingip configured {{(pid=101810) set_tracked_resource /opt/stack/neutron/neutron/quota/resource_registry.py:203}}
Aug 25 21:17:39.159175 np0000191066 devstack@neutron-api.service[101810]: INFO neutron.services.ovn_l3.plugin [None req-979c0cbc-a695-4fff-a1e4-e7d4e8eb9b2d None None] Starting OVNL3RouterPlugin
Aug 25 21:17:39.159175 np0000191066 devstack@neutron-api.service[101810]: DEBUG neutron_lib.callbacks.manager [None req-979c0cbc-a695-4fff-a1e4-e7d4e8eb9b2d None None] Subscribe: > port_forwarding_plugin after_init 55550000, False {{(pid=101810) subscribe /opt/stack/data/venv/lib/python3.12/site-packages/neutron_lib/callbacks/manager.py:52}}
Aug 25 21:17:39.159175 np0000191066 devstack@neutron-api.service[101810]: DEBUG neutron_lib.callbacks.manager [None req-979c0cbc-a695-4fff-a1e4-e7d4e8eb9b2d None None] Subscribe: > router before_create 55550100, False {{(pid=101810) subscribe /opt/stack/data/venv/lib/python3.12/site-packages/neutron_lib/callbacks/manager.py:52}}
Aug 25 21:17:39.159544 np0000191066 devstack@neutron-api.service[101808]: INFO neutron.quota.resource_registry [None req-3ad32177-6299-4d63-a3f4-676576aaaa4b None None] Creating instance of TrackedResource for resource:security_group_rule
Aug 25 21:17:39.159691 np0000191066 devstack@neutron-api.service[101810]: DEBUG neutron_lib.callbacks.manager [None req-979c0cbc-a695-4fff-a1e4-e7d4e8eb9b2d None None] Subscribe: > router precommit_delete 55550100, False {{(pid=101810) subscribe /opt/stack/data/venv/lib/python3.12/site-packages/neutron_lib/callbacks/manager.py:52}}
Aug 25 21:17:39.159691 np0000191066 devstack@neutron-api.service[101810]: DEBUG neutron_lib.callbacks.manager [None req-979c0cbc-a695-4fff-a1e4-e7d4e8eb9b2d None None] Subscribe: > router precommit_create 55550100, False {{(pid=101810) subscribe /opt/stack/data/venv/lib/python3.12/site-packages/neutron_lib/callbacks/manager.py:52}}
Aug 25 21:17:39.159691 np0000191066 devstack@neutron-api.service[101810]: DEBUG neutron_lib.callbacks.manager [None req-979c0cbc-a695-4fff-a1e4-e7d4e8eb9b2d None None] Subscribe: > router precommit_update 55550100, False {{(pid=101810) subscribe /opt/stack/data/venv/lib/python3.12/site-packages/neutron_lib/callbacks/manager.py:52}}
Aug 25 21:17:39.159897 np0000191066 devstack@neutron-api.service[101808]: DEBUG neutron.api.v2.resource_helper [None req-3ad32177-6299-4d63-a3f4-676576aaaa4b None None] Service CORE assigned prefix: {{(pid=101808) build_resource_info /opt/stack/neutron/neutron/api/v2/resource_helper.py:77}}
Aug 25 21:17:39.159897 np0000191066 devstack@neutron-api.service[101808]: INFO neutron.quota.resource_registry [None req-3ad32177-6299-4d63-a3f4-676576aaaa4b None None] Creating instance of TrackedResource for resource:subnetpool
Aug 25 21:17:39.159897 np0000191066 devstack@neutron-api.service[101808]: WARNING neutron.quota.resource_registry [None req-3ad32177-6299-4d63-a3f4-676576aaaa4b None None] subnetpool is already registered
Aug 25 21:17:39.159897 np0000191066 devstack@neutron-api.service[101808]: DEBUG neutron.api.v2.resource_helper [None req-3ad32177-6299-4d63-a3f4-676576aaaa4b None None] Service CORE assigned prefix: {{(pid=101808) build_resource_info /opt/stack/neutron/neutron/api/v2/resource_helper.py:77}}
Aug 25 21:17:39.159897 np0000191066 devstack@neutron-api.service[101808]: INFO neutron.quota.resource_registry [None req-3ad32177-6299-4d63-a3f4-676576aaaa4b None None] Creating instance of TrackedResource for resource:subnetpool
Aug 25 21:17:39.159897 np0000191066 devstack@neutron-api.service[101808]: WARNING neutron.quota.resource_registry [None req-3ad32177-6299-4d63-a3f4-676576aaaa4b None None] subnetpool is already registered
Aug 25 21:17:39.160133 np0000191066 devstack@neutron-api.service[101810]: DEBUG neutron.services.provider_configuration [None req-979c0cbc-a695-4fff-a1e4-e7d4e8eb9b2d None None] Service providers = [] {{(pid=101810) parse_service_provider_opt /opt/stack/neutron/neutron/services/provider_configuration.py:170}}
Aug 25 21:17:39.160133 np0000191066 devstack@neutron-api.service[101810]: DEBUG neutron.db.servicetype_db [None req-979c0cbc-a695-4fff-a1e4-e7d4e8eb9b2d None None] Adding provider configuration for service L3_ROUTER_NAT {{(pid=101810) add_provider_configuration /opt/stack/neutron/neutron/db/servicetype_db.py:45}}
Aug 25 21:17:39.160251 np0000191066 devstack@neutron-api.service[101808]: INFO neutron.quota.resource_registry [None req-3ad32177-6299-4d63-a3f4-676576aaaa4b None None] Creating instance of CountableResource for resource:router_route
Aug 25 21:17:39.160251 np0000191066 devstack@neutron-api.service[101808]: WARNING neutron.quota.resource_registry [None req-3ad32177-6299-4d63-a3f4-676576aaaa4b None None] router_route is already registered
Aug 25 21:17:39.160364 np0000191066 devstack@neutron-api.service[101808]: DEBUG neutron.api.v2.resource_helper [None req-3ad32177-6299-4d63-a3f4-676576aaaa4b None None] Service L3_ROUTER_NAT assigned prefix: {{(pid=101808) build_resource_info /opt/stack/neutron/neutron/api/v2/resource_helper.py:77}}
Aug 25 21:17:39.160861 np0000191066 devstack@neutron-api.service[101808]: DEBUG neutron.api.v2.resource_helper [None req-3ad32177-6299-4d63-a3f4-676576aaaa4b None None] Service FLAVORS assigned prefix: {{(pid=101808) build_resource_info /opt/stack/neutron/neutron/api/v2/resource_helper.py:77}}
Aug 25 21:17:39.160954 np0000191066 devstack@neutron-api.service[101810]: DEBUG neutron_lib.callbacks.manager [None req-979c0cbc-a695-4fff-a1e4-e7d4e8eb9b2d None None] Subscribe: > router precommit_create 55549900, False {{(pid=101810) subscribe /opt/stack/data/venv/lib/python3.12/site-packages/neutron_lib/callbacks/manager.py:52}}
Aug 25 21:17:39.161058 np0000191066 devstack@neutron-api.service[101810]: DEBUG neutron_lib.callbacks.manager [None req-979c0cbc-a695-4fff-a1e4-e7d4e8eb9b2d None None] Subscribe: > router_interface after_create 55550000, False {{(pid=101810) subscribe /opt/stack/data/venv/lib/python3.12/site-packages/neutron_lib/callbacks/manager.py:52}}
Aug 25 21:17:39.161157 np0000191066 devstack@neutron-api.service[101810]: DEBUG neutron_lib.callbacks.manager [None req-979c0cbc-a695-4fff-a1e4-e7d4e8eb9b2d None None] Subscribe: > floatingip after_create 55550000, False {{(pid=101810) subscribe /opt/stack/data/venv/lib/python3.12/site-packages/neutron_lib/callbacks/manager.py:52}}
Aug 25 21:17:39.161250 np0000191066 devstack@neutron-api.service[101810]: DEBUG neutron_lib.callbacks.manager [None req-979c0cbc-a695-4fff-a1e4-e7d4e8eb9b2d None None] Subscribe: > floatingip precommit_create 55550000, False {{(pid=101810) subscribe /opt/stack/data/venv/lib/python3.12/site-packages/neutron_lib/callbacks/manager.py:52}}
Aug 25 21:17:39.161775 np0000191066 devstack@neutron-api.service[101810]: DEBUG neutron_lib.callbacks.manager [None req-979c0cbc-a695-4fff-a1e4-e7d4e8eb9b2d None None] Subscribe: > floatingip precommit_update 55550000, False {{(pid=101810) subscribe /opt/stack/data/venv/lib/python3.12/site-packages/neutron_lib/callbacks/manager.py:52}}
Aug 25 21:17:39.161869 np0000191066 devstack@neutron-api.service[101808]: DEBUG neutron.api.v2.resource_helper [None req-3ad32177-6299-4d63-a3f4-676576aaaa4b None None] Service L3_ROUTER_NAT assigned prefix: {{(pid=101808) build_resource_info /opt/stack/neutron/neutron/api/v2/resource_helper.py:77}}
Aug 25 21:17:39.161958 np0000191066 devstack@neutron-api.service[101810]: DEBUG neutron_lib.callbacks.manager [None req-979c0cbc-a695-4fff-a1e4-e7d4e8eb9b2d None None] Subscribe: > floatingip after_delete 55550000, False {{(pid=101810) subscribe /opt/stack/data/venv/lib/python3.12/site-packages/neutron_lib/callbacks/manager.py:52}}
Aug 25 21:17:39.162048 np0000191066 devstack@neutron-api.service[101810]: DEBUG neutron_lib.callbacks.manager [None req-979c0cbc-a695-4fff-a1e4-e7d4e8eb9b2d None None] Subscribe: > floatingip after_status_update 55550000, False {{(pid=101810) subscribe /opt/stack/data/venv/lib/python3.12/site-packages/neutron_lib/callbacks/manager.py:52}}
Aug 25 21:17:39.162151 np0000191066 devstack@neutron-api.service[101810]: DEBUG neutron_lib.callbacks.manager [None req-979c0cbc-a695-4fff-a1e4-e7d4e8eb9b2d None None] Subscribe: > floatingip after_update 55550000, False {{(pid=101810) subscribe /opt/stack/data/venv/lib/python3.12/site-packages/neutron_lib/callbacks/manager.py:52}}
Aug 25 21:17:39.162239 np0000191066 devstack@neutron-api.service[101810]: DEBUG neutron_lib.callbacks.manager [None req-979c0cbc-a695-4fff-a1e4-e7d4e8eb9b2d None None] Subscribe: > port_forwarding after_create 55550000, False {{(pid=101810) subscribe /opt/stack/data/venv/lib/python3.12/site-packages/neutron_lib/callbacks/manager.py:52}}
Aug 25 21:17:39.162327 np0000191066 devstack@neutron-api.service[101810]: DEBUG neutron_lib.callbacks.manager [None req-979c0cbc-a695-4fff-a1e4-e7d4e8eb9b2d None None] Subscribe: > router_interface after_delete 55550000, False {{(pid=101810) subscribe /opt/stack/data/venv/lib/python3.12/site-packages/neutron_lib/callbacks/manager.py:52}}
Aug 25 21:17:39.162418 np0000191066 devstack@neutron-api.service[101808]: DEBUG neutron.api.v2.resource_helper [None req-3ad32177-6299-4d63-a3f4-676576aaaa4b None None] Service L3_ROUTER_NAT assigned prefix: {{(pid=101808) build_resource_info /opt/stack/neutron/neutron/api/v2/resource_helper.py:77}}
Aug 25 21:17:39.162504 np0000191066 devstack@neutron-api.service[101810]: DEBUG neutron_lib.callbacks.manager [None req-979c0cbc-a695-4fff-a1e4-e7d4e8eb9b2d None None] Subscribe: > router after_create 55550000, False {{(pid=101810) subscribe /opt/stack/data/venv/lib/python3.12/site-packages/neutron_lib/callbacks/manager.py:52}}
Aug 25 21:17:39.162504 np0000191066 devstack@neutron-api.service[101810]: DEBUG neutron_lib.callbacks.manager [None req-979c0cbc-a695-4fff-a1e4-e7d4e8eb9b2d None None] Subscribe: > router precommit_create 55550000, False {{(pid=101810) subscribe /opt/stack/data/venv/lib/python3.12/site-packages/neutron_lib/callbacks/manager.py:52}}
Aug 25 21:17:39.162678 np0000191066 devstack@neutron-api.service[101808]: INFO neutron.quota.resource_registry [None req-3ad32177-6299-4d63-a3f4-676576aaaa4b None None] Creating instance of TrackedResource for resource:router
Aug 25 21:17:39.162791 np0000191066 devstack@neutron-api.service[101810]: DEBUG neutron_lib.callbacks.manager [None req-979c0cbc-a695-4fff-a1e4-e7d4e8eb9b2d None None] Subscribe: > router after_delete 55550000, False {{(pid=101810) subscribe /opt/stack/data/venv/lib/python3.12/site-packages/neutron_lib/callbacks/manager.py:52}}
Aug 25 21:17:39.162791 np0000191066 devstack@neutron-api.service[101810]: DEBUG neutron_lib.callbacks.manager [None req-979c0cbc-a695-4fff-a1e4-e7d4e8eb9b2d None None] Subscribe: > router after_update 55550000, False {{(pid=101810) subscribe /opt/stack/data/venv/lib/python3.12/site-packages/neutron_lib/callbacks/manager.py:52}}
Aug 25 21:17:39.163013 np0000191066 devstack@neutron-api.service[101808]: WARNING neutron.quota.resource_registry [None req-3ad32177-6299-4d63-a3f4-676576aaaa4b None None] router is already registered
Aug 25 21:17:39.163103 np0000191066 devstack@neutron-api.service[101810]: DEBUG neutron.services.service_base [None req-979c0cbc-a695-4fff-a1e4-e7d4e8eb9b2d None None] Loaded 'neutron.services.ovn_l3.service_providers.ovn.OvnDriver' provider for service L3_ROUTER_NAT {{(pid=101810) load_drivers /opt/stack/neutron/neutron/services/service_base.py:49}}
Aug 25 21:17:39.163103 np0000191066 devstack@neutron-api.service[101810]: DEBUG neutron_lib.callbacks.manager [None req-979c0cbc-a695-4fff-a1e4-e7d4e8eb9b2d None None] Subscribe: > process after_init 55550001, True {{(pid=101810) subscribe /opt/stack/data/venv/lib/python3.12/site-packages/neutron_lib/callbacks/manager.py:52}}
Aug 25 21:17:39.163240 np0000191066 devstack@neutron-api.service[101810]: DEBUG neutron.manager [None req-979c0cbc-a695-4fff-a1e4-e7d4e8eb9b2d None None] Successfully loaded L3_ROUTER_NAT plugin. Description: L3 Router Service Plugin for basic L3 forwarding using OVN {{(pid=101810) _create_and_add_service_plugin /opt/stack/neutron/neutron/manager.py:236}}
Aug 25 21:17:39.163240 np0000191066 devstack@neutron-api.service[101810]: INFO neutron.manager [None req-979c0cbc-a695-4fff-a1e4-e7d4e8eb9b2d None None] Loading Plugin: auto_allocate
Aug 25 21:17:39.163420 np0000191066 devstack@neutron-api.service[101808]: INFO neutron.quota.resource_registry [None req-3ad32177-6299-4d63-a3f4-676576aaaa4b None None] Creating instance of TrackedResource for resource:floatingip
Aug 25 21:17:39.163560 np0000191066 devstack@neutron-api.service[101808]: WARNING neutron.quota.resource_registry [None req-3ad32177-6299-4d63-a3f4-676576aaaa4b None None] floatingip is already registered
Aug 25 21:17:39.164327 np0000191066 devstack@neutron-api.service[101810]: DEBUG neutron_lib.callbacks.manager [None req-979c0cbc-a695-4fff-a1e4-e7d4e8eb9b2d None None] Subscribe: network precommit_update 55550000, False {{(pid=101810) subscribe /opt/stack/data/venv/lib/python3.12/site-packages/neutron_lib/callbacks/manager.py:52}}
Aug 25 21:17:39.164370 np0000191066 devstack@neutron-api.service[101810]: DEBUG neutron_lib.callbacks.manager [None req-979c0cbc-a695-4fff-a1e4-e7d4e8eb9b2d None None] Subscribe: network precommit_create 55550000, False {{(pid=101810) subscribe /opt/stack/data/venv/lib/python3.12/site-packages/neutron_lib/callbacks/manager.py:52}}
Aug 25 21:17:39.164652 np0000191066 devstack@neutron-api.service[101810]: DEBUG neutron.manager [None req-979c0cbc-a695-4fff-a1e4-e7d4e8eb9b2d None None] Successfully loaded auto-allocated-topology plugin. Description: Auto Allocated Topology - aka get me a network. {{(pid=101810) _create_and_add_service_plugin /opt/stack/neutron/neutron/manager.py:236}}
Aug 25 21:17:39.164747 np0000191066 devstack@neutron-api.service[101808]: INFO neutron.quota.resource_registry [None req-3ad32177-6299-4d63-a3f4-676576aaaa4b None None] Creating instance of CountableResource for resource:rbac_policy
Aug 25 21:17:39.164852 np0000191066 devstack@neutron-api.service[101808]: WARNING neutron.quota.resource_registry [None req-3ad32177-6299-4d63-a3f4-676576aaaa4b None None] rbac_policy is already registered
Aug 25 21:17:39.164915 np0000191066 devstack@neutron-api.service[101810]: INFO neutron.manager [None req-979c0cbc-a695-4fff-a1e4-e7d4e8eb9b2d None None] Loading Plugin: tag
Aug 25 21:17:39.165576 np0000191066 devstack@neutron-api.service[101808]: INFO neutron.quota.resource_registry [None req-3ad32177-6299-4d63-a3f4-676576aaaa4b None None] Creating instance of TrackedResource for resource:security_group
Aug 25 21:17:39.165746 np0000191066 devstack@neutron-api.service[101808]: WARNING neutron.quota.resource_registry [None req-3ad32177-6299-4d63-a3f4-676576aaaa4b None None] security_group is already registered
Aug 25 21:17:39.166151 np0000191066 devstack@neutron-api.service[101808]: INFO neutron.quota.resource_registry [None req-3ad32177-6299-4d63-a3f4-676576aaaa4b None None] Creating instance of TrackedResource for resource:security_group_rule
Aug 25 21:17:39.166281 np0000191066 devstack@neutron-api.service[101808]: WARNING neutron.quota.resource_registry [None req-3ad32177-6299-4d63-a3f4-676576aaaa4b None None] security_group_rule is already registered
Aug 25 21:17:39.166903 np0000191066 devstack@neutron-api.service[101808]: DEBUG neutron.api.v2.resource_helper [None req-3ad32177-6299-4d63-a3f4-676576aaaa4b None None] Service CORE assigned prefix: {{(pid=101808) build_resource_info /opt/stack/neutron/neutron/api/v2/resource_helper.py:77}}
Aug 25 21:17:39.167189 np0000191066 devstack@neutron-api.service[101808]: INFO neutron.quota.resource_registry [None req-3ad32177-6299-4d63-a3f4-676576aaaa4b None None] Creating instance of TrackedResource for resource:subnetpool
Aug 25 21:17:39.167315 np0000191066 devstack@neutron-api.service[101808]: WARNING neutron.quota.resource_registry [None req-3ad32177-6299-4d63-a3f4-676576aaaa4b None None] subnetpool is already registered
Aug 25 21:17:39.167645 np0000191066 devstack@neutron-api.service[101808]: DEBUG neutron.api.v2.resource_helper [None req-3ad32177-6299-4d63-a3f4-676576aaaa4b None None] Service CORE assigned prefix: {{(pid=101808) build_resource_info /opt/stack/neutron/neutron/api/v2/resource_helper.py:77}}
Aug 25 21:17:39.167767 np0000191066 devstack@neutron-api.service[101808]: INFO neutron.quota.resource_registry [None req-3ad32177-6299-4d63-a3f4-676576aaaa4b None None] Creating instance of TrackedResource for resource:subnetpool
Aug 25 21:17:39.167894 np0000191066 devstack@neutron-api.service[101808]: WARNING neutron.quota.resource_registry [None req-3ad32177-6299-4d63-a3f4-676576aaaa4b None None] subnetpool is already registered
Aug 25 21:17:39.168286 np0000191066 devstack@neutron-api.service[101808]: DEBUG neutron.api.extensions [None req-3ad32177-6299-4d63-a3f4-676576aaaa4b None None] Extended resource: extensions {{(pid=101808) __init__ /opt/stack/neutron/neutron/api/extensions.py:156}}
Aug 25 21:17:39.168845 np0000191066 devstack@neutron-api.service[101810]: DEBUG neutron.manager [None req-979c0cbc-a695-4fff-a1e4-e7d4e8eb9b2d None None] Successfully loaded TAG plugin. Description: Tag support {{(pid=101810) _create_and_add_service_plugin /opt/stack/neutron/neutron/manager.py:236}}
Aug 25 21:17:39.168974 np0000191066 devstack@neutron-api.service[101810]: INFO neutron.manager [None req-979c0cbc-a695-4fff-a1e4-e7d4e8eb9b2d None None] Loading Plugin: timestamp
Aug 25 21:17:39.169219 np0000191066 devstack@neutron-api.service[101808]: DEBUG neutron.api.extensions [None req-3ad32177-6299-4d63-a3f4-676576aaaa4b None None] Extended resource: address-groups {{(pid=101808) __init__ /opt/stack/neutron/neutron/api/extensions.py:156}}
Aug 25 21:17:39.169838 np0000191066 devstack@neutron-api.service[101808]: DEBUG neutron.api.extensions [None req-3ad32177-6299-4d63-a3f4-676576aaaa4b None None] Extended resource: address-scopes {{(pid=101808) __init__ /opt/stack/neutron/neutron/api/extensions.py:156}}
Aug 25 21:17:39.170391 np0000191066 devstack@neutron-api.service[101808]: DEBUG neutron.api.extensions [None req-3ad32177-6299-4d63-a3f4-676576aaaa4b None None] Extended resource: agents {{(pid=101808) __init__ /opt/stack/neutron/neutron/api/extensions.py:156}}
Aug 25 21:17:39.170568 np0000191066 devstack@neutron-api.service[101810]: DEBUG neutron.manager [None req-979c0cbc-a695-4fff-a1e4-e7d4e8eb9b2d None None] Successfully loaded timestamp plugin. Description: Adds timestamps to Neutron resources with standard attributes {{(pid=101810) _create_and_add_service_plugin /opt/stack/neutron/neutron/manager.py:236}}
Aug 25 21:17:39.170694 np0000191066 devstack@neutron-api.service[101810]: INFO neutron.manager [None req-979c0cbc-a695-4fff-a1e4-e7d4e8eb9b2d None None] Loading Plugin: network_ip_availability
Aug 25 21:17:39.171091 np0000191066 devstack@neutron-api.service[101808]: DEBUG neutron.api.extensions [None req-3ad32177-6299-4d63-a3f4-676576aaaa4b None None] Extended resource: auto-allocated-topology {{(pid=101808) __init__ /opt/stack/neutron/neutron/api/extensions.py:156}}
Aug 25 21:17:39.171739 np0000191066 devstack@neutron-api.service[101808]: DEBUG neutron.api.extensions [None req-3ad32177-6299-4d63-a3f4-676576aaaa4b None None] Extended resource: availability_zones {{(pid=101808) __init__ /opt/stack/neutron/neutron/api/extensions.py:156}}
Aug 25 21:17:39.172313 np0000191066 devstack@neutron-api.service[101808]: DEBUG neutron.api.extensions [None req-3ad32177-6299-4d63-a3f4-676576aaaa4b None None] Extended resource: dhcp-networks {{(pid=101808) __init__ /opt/stack/neutron/neutron/api/extensions.py:156}}
Aug 25 21:17:39.172974 np0000191066 devstack@neutron-api.service[101808]: DEBUG neutron.api.extensions [None req-3ad32177-6299-4d63-a3f4-676576aaaa4b None None] Extended resource: dhcp-agents {{(pid=101808) __init__ /opt/stack/neutron/neutron/api/extensions.py:156}}
Aug 25 21:17:39.175443 np0000191066 devstack@neutron-api.service[101808]: DEBUG neutron.api.extensions [None req-3ad32177-6299-4d63-a3f4-676576aaaa4b None None] Extended resource: routers {{(pid=101808) __init__ /opt/stack/neutron/neutron/api/extensions.py:156}}
Aug 25 21:17:39.175590 np0000191066 devstack@neutron-api.service[101810]: DEBUG neutron.manager [None req-979c0cbc-a695-4fff-a1e4-e7d4e8eb9b2d None None] Successfully loaded network-ip-availability plugin. Description: Provides IP availability data for each network and subnet. {{(pid=101810) _create_and_add_service_plugin /opt/stack/neutron/neutron/manager.py:236}}
Aug 25 21:17:39.175590 np0000191066 devstack@neutron-api.service[101810]: INFO neutron.manager [None req-979c0cbc-a695-4fff-a1e4-e7d4e8eb9b2d None None] Loading Plugin: flavors
Aug 25 21:17:39.175769 np0000191066 devstack@neutron-api.service[101808]: DEBUG neutron.api.extensions [None req-3ad32177-6299-4d63-a3f4-676576aaaa4b None None] Extended resource: flavors {{(pid=101808) __init__ /opt/stack/neutron/neutron/api/extensions.py:156}}
Aug 25 21:17:39.175872 np0000191066 devstack@neutron-api.service[101810]: DEBUG neutron.manager [None req-979c0cbc-a695-4fff-a1e4-e7d4e8eb9b2d None None] Successfully loaded FLAVORS plugin. Description: Neutron Flavors and Service Profiles manager plugin {{(pid=101810) _create_and_add_service_plugin /opt/stack/neutron/neutron/manager.py:236}}
Aug 25 21:17:39.175872 np0000191066 devstack@neutron-api.service[101810]: INFO neutron.manager [None req-979c0cbc-a695-4fff-a1e4-e7d4e8eb9b2d None None] Loading Plugin: revisions
Aug 25 21:17:39.176000 np0000191066 devstack@neutron-api.service[101808]: DEBUG neutron.api.extensions [None req-3ad32177-6299-4d63-a3f4-676576aaaa4b None None] Extended resource: service_profiles {{(pid=101808) __init__ /opt/stack/neutron/neutron/api/extensions.py:156}}
Aug 25 21:17:39.176000 np0000191066 devstack@neutron-api.service[101808]: DEBUG neutron.api.extensions [None req-3ad32177-6299-4d63-a3f4-676576aaaa4b None None] Extended resource: next_providers {{(pid=101808) __init__ /opt/stack/neutron/neutron/api/extensions.py:156}}
Aug 25 21:17:39.176423 np0000191066 devstack@neutron-api.service[101810]: DEBUG neutron.manager [None req-979c0cbc-a695-4fff-a1e4-e7d4e8eb9b2d None None] Successfully loaded revision_plugin plugin. Description: Adds revision numbers to resources. {{(pid=101810) _create_and_add_service_plugin /opt/stack/neutron/neutron/manager.py:236}}
Aug 25 21:17:39.176612 np0000191066 devstack@neutron-api.service[101810]: DEBUG oslo_concurrency.lockutils [None req-979c0cbc-a695-4fff-a1e4-e7d4e8eb9b2d None None] Lock "manager" "released" by "neutron.manager.NeutronManager._create_instance" :: held 5.493s {{(pid=101810) inner /opt/stack/data/venv/lib/python3.12/site-packages/oslo_concurrency/lockutils.py:544}}
Aug 25 21:17:39.176722 np0000191066 devstack@neutron-api.service[101808]: DEBUG neutron.api.extensions [None req-3ad32177-6299-4d63-a3f4-676576aaaa4b None None] Extended resource: service_profiles {{(pid=101808) __init__ /opt/stack/neutron/neutron/api/extensions.py:156}}
Aug 25 21:17:39.177298 np0000191066 devstack@neutron-api.service[101810]: DEBUG neutron.api.extensions [None req-979c0cbc-a695-4fff-a1e4-e7d4e8eb9b2d None None] get_extension_paths = OrderedDict({'/opt/stack/neutron/neutron/extensions': 1}) {{(pid=101810) get_extensions_path /opt/stack/neutron/neutron/api/extensions.py:640}}
Aug 25 21:17:39.177298 np0000191066 devstack@neutron-api.service[101810]: INFO neutron.api.extensions [None req-979c0cbc-a695-4fff-a1e4-e7d4e8eb9b2d None None] Initializing extension manager.
Aug 25 21:17:39.177468 np0000191066 devstack@neutron-api.service[101808]: DEBUG neutron.api.extensions [None req-3ad32177-6299-4d63-a3f4-676576aaaa4b None None] Extended resource: floatingip-pools {{(pid=101808) __init__ /opt/stack/neutron/neutron/api/extensions.py:156}}
Aug 25 21:17:39.177674 np0000191066 devstack@neutron-api.service[101810]: DEBUG neutron.api.extensions [None req-979c0cbc-a695-4fff-a1e4-e7d4e8eb9b2d None None] Loading extension file: __init__.py {{(pid=101810) _load_all_extensions_from_path /opt/stack/neutron/neutron/api/extensions.py:449}}
Aug 25 21:17:39.177777 np0000191066 devstack@neutron-api.service[101810]: DEBUG neutron.api.extensions [None req-979c0cbc-a695-4fff-a1e4-e7d4e8eb9b2d None None] Loading extension file: __pycache__ {{(pid=101810) _load_all_extensions_from_path /opt/stack/neutron/neutron/api/extensions.py:449}}
Aug 25 21:17:39.178082 np0000191066 devstack@neutron-api.service[101810]: DEBUG neutron.api.extensions [None req-979c0cbc-a695-4fff-a1e4-e7d4e8eb9b2d None None] Loading extension file: aap_reject_multicast.py {{(pid=101810) _load_all_extensions_from_path /opt/stack/neutron/neutron/api/extensions.py:449}}
Aug 25 21:17:39.178717 np0000191066 devstack@neutron-api.service[101810]: DEBUG neutron.api.extensions [None req-979c0cbc-a695-4fff-a1e4-e7d4e8eb9b2d None None] Ext name="Allowed address pairs reject multicast extension" alias="aap-reject-multicast" description="Reject multicast addresses in Allowed Address Pairs" updated="2026-04-01T00:00:00-00:00" {{(pid=101810) _check_extension /opt/stack/neutron/neutron/api/extensions.py:415}}
Aug 25 21:17:39.179005 np0000191066 devstack@neutron-api.service[101810]: INFO neutron.api.extensions [None req-979c0cbc-a695-4fff-a1e4-e7d4e8eb9b2d None None] Extension aap-reject-multicast not supported by any of loaded plugins
Aug 25 21:17:39.179172 np0000191066 devstack@neutron-api.service[101810]: DEBUG neutron.api.extensions [None req-979c0cbc-a695-4fff-a1e4-e7d4e8eb9b2d None None] Loading extension file: address_group.py {{(pid=101810) _load_all_extensions_from_path /opt/stack/neutron/neutron/api/extensions.py:449}}
Aug 25 21:17:39.180300 np0000191066 devstack@neutron-api.service[101810]: DEBUG neutron.api.extensions [None req-979c0cbc-a695-4fff-a1e4-e7d4e8eb9b2d None None] Ext name="Address group" alias="address-group" description="Support address group" updated="2020-07-15T10:00:00-00:00" {{(pid=101810) _check_extension /opt/stack/neutron/neutron/api/extensions.py:415}}
Aug 25 21:17:39.180485 np0000191066 devstack@neutron-api.service[101808]: DEBUG neutron.api.extensions [None req-3ad32177-6299-4d63-a3f4-676576aaaa4b None None] Extended resource: routers {{(pid=101808) __init__ /opt/stack/neutron/neutron/api/extensions.py:156}}
Aug 25 21:17:39.180540 np0000191066 devstack@neutron-api.service[101810]: INFO neutron.api.extensions [None req-979c0cbc-a695-4fff-a1e4-e7d4e8eb9b2d None None] Loaded extension: address-group
Aug 25 21:17:39.180670 np0000191066 devstack@neutron-api.service[101810]: DEBUG neutron.api.extensions [None req-979c0cbc-a695-4fff-a1e4-e7d4e8eb9b2d None None] Loading extension file: address_scope.py {{(pid=101810) _load_all_extensions_from_path /opt/stack/neutron/neutron/api/extensions.py:449}}
Aug 25 21:17:39.181362 np0000191066 devstack@neutron-api.service[101810]: DEBUG neutron.api.extensions [None req-979c0cbc-a695-4fff-a1e4-e7d4e8eb9b2d None None] Ext name="Address scope" alias="address-scope" description="Address scopes extension." updated="2015-07-26T10:00:00-00:00" {{(pid=101810) _check_extension /opt/stack/neutron/neutron/api/extensions.py:415}}
Aug 25 21:17:39.181698 np0000191066 devstack@neutron-api.service[101810]: INFO neutron.api.extensions [None req-979c0cbc-a695-4fff-a1e4-e7d4e8eb9b2d None None] Loaded extension: address-scope
Aug 25 21:17:39.182170 np0000191066 devstack@neutron-api.service[101810]: DEBUG neutron.api.extensions [None req-979c0cbc-a695-4fff-a1e4-e7d4e8eb9b2d None None] Loading extension file: admin_state_down_before_update.py {{(pid=101810) _load_all_extensions_from_path /opt/stack/neutron/neutron/api/extensions.py:449}}
Aug 25 21:17:39.182587 np0000191066 devstack@neutron-api.service[101810]: DEBUG neutron.api.extensions [None req-979c0cbc-a695-4fff-a1e4-e7d4e8eb9b2d None None] Ext name="Enforce Router's Admin State Down Before Update Extension" alias="router-admin-state-down-before-update" description="Ensure that the admin state of a router is DOWN (admin_state_up=False) before updating the distributed attribute" updated="2019-07-02T15:56:00" {{(pid=101810) _check_extension /opt/stack/neutron/neutron/api/extensions.py:415}}
Aug 25 21:17:39.182998 np0000191066 devstack@neutron-api.service[101810]: INFO neutron.api.extensions [None req-979c0cbc-a695-4fff-a1e4-e7d4e8eb9b2d None None] Extension router-admin-state-down-before-update not supported by any of loaded plugins
Aug 25 21:17:39.183096 np0000191066 devstack@neutron-api.service[101810]: DEBUG neutron.api.extensions [None req-979c0cbc-a695-4fff-a1e4-e7d4e8eb9b2d None None] Loading extension file: agent.py {{(pid=101810) _load_all_extensions_from_path /opt/stack/neutron/neutron/api/extensions.py:449}}
Aug 25 21:17:39.183709 np0000191066 devstack@neutron-api.service[101810]: DEBUG neutron.api.extensions [None req-979c0cbc-a695-4fff-a1e4-e7d4e8eb9b2d None None] Ext name="agent" alias="agent" description="The agent management extension." updated="2013-02-03T10:00:00-00:00" {{(pid=101810) _check_extension /opt/stack/neutron/neutron/api/extensions.py:415}}
Aug 25 21:17:39.183709 np0000191066 devstack@neutron-api.service[101810]: INFO neutron.api.extensions [None req-979c0cbc-a695-4fff-a1e4-e7d4e8eb9b2d None None] Loaded extension: agent
Aug 25 21:17:39.183709 np0000191066 devstack@neutron-api.service[101810]: DEBUG neutron.api.extensions [None req-979c0cbc-a695-4fff-a1e4-e7d4e8eb9b2d None None] Loading extension file: agent_resources_synced.py {{(pid=101810) _load_all_extensions_from_path /opt/stack/neutron/neutron/api/extensions.py:449}}
Aug 25 21:17:39.184007 np0000191066 devstack@neutron-api.service[101810]: DEBUG neutron.api.extensions [None req-979c0cbc-a695-4fff-a1e4-e7d4e8eb9b2d None None] Ext name="Agent's Resource View Synced to Placement" alias="agent-resources-synced" description="Stores success/failure of last sync to Placement" updated="2018-12-19T00:00:00-00:00" {{(pid=101810) _check_extension /opt/stack/neutron/neutron/api/extensions.py:415}}
Aug 25 21:17:39.184119 np0000191066 devstack@neutron-api.service[101810]: INFO neutron.api.extensions [None req-979c0cbc-a695-4fff-a1e4-e7d4e8eb9b2d None None] Extension agent-resources-synced not supported by any of loaded plugins
Aug 25 21:17:39.184250 np0000191066 devstack@neutron-api.service[101810]: DEBUG neutron.api.extensions [None req-979c0cbc-a695-4fff-a1e4-e7d4e8eb9b2d None None] Loading extension file: agent_sort_key.py {{(pid=101810) _load_all_extensions_from_path /opt/stack/neutron/neutron/api/extensions.py:449}}
