199.204.45.6 - - [27/Mar/2026:01:18:28 +0000] "GET /networking/v2.0/ports/07066e77-67e0-479a-94d6-56c106c81578 HTTP/1.1" 200 3658 "-" "python-neutronclient"
172.18.0.2 - - [27/Mar/2026:01:18:27 +0000] "POST /compute/v2.1/servers HTTP/1.1" 202 3521 "-" "cluster-api-provider-openstack/v0.12.4 gophercloud/v2.7.0"
199.204.45.6 - - [27/Mar/2026:01:18:28 +0000] "GET /identity/v3/auth/tokens HTTP/1.1" 200 8019 "-" "python-keystoneclient"
199.204.45.6 - - [27/Mar/2026:01:18:28 +0000] "POST /identity/v3/auth/tokens HTTP/1.1" 201 7602 "-" "uwsgi keystoneauth1/5.13.1 python-requests/2.32.5 CPython/3.12.3"
172.18.0.2 - - [27/Mar/2026:01:18:28 +0000] "GET /networking/v2.0/ports?id=07066e77-67e0-479a-94d6-56c106c81578&name=kube-b49cv-bg8b4-2h5q7-0&network_id=bf888527-e14c-4dd1-9c82-a471e3542b9f HTTP/1.1" 200 3630 "-" "cluster-api-provider-openstack/v0.12.4 gophercloud/v2.7.0"
172.18.0.2 - - [27/Mar/2026:01:18:29 +0000] "GET /compute/v2.1/ HTTP/1.1" 200 3430 "-" "cluster-api-provider-openstack/v0.12.4 gophercloud/v2.7.0"
199.204.45.6 - - [27/Mar/2026:01:18:29 +0000] "POST /identity/v3/auth/tokens HTTP/1.1" 201 7602 "-" "uwsgi keystoneauth1/5.13.1 python-requests/2.32.5 CPython/3.12.3"
199.204.45.6 - - [27/Mar/2026:01:18:29 +0000] "POST /identity/v3/auth/tokens HTTP/1.1" 201 7602 "-" "uwsgi keystoneauth1/5.13.1 python-requests/2.32.5 CPython/3.12.3"
199.204.45.6 - - [27/Mar/2026:01:18:29 +0000] "GET /identity HTTP/1.1" 300 3228 "-" "nova/33.1.0.dev24 keystonemiddleware.auth_token/12.0.0 keystoneauth1/5.13.1 python-requests/2.32.5 CPython/3.12.3"
199.204.45.6 - - [27/Mar/2026:01:18:29 +0000] "GET /identity HTTP/1.1" 300 3228 "-" "nova-scheduler keystoneauth1/5.13.1 python-requests/2.32.5 CPython/3.12.3"
199.204.45.6 - - [27/Mar/2026:01:18:28 +0000] "GET /container-infra/v1/clusters/k8s-cluster HTTP/1.1" 200 4664 "-" "python-urllib3/2.6.3"
199.204.45.6 - - [27/Mar/2026:01:18:29 +0000] "POST /identity/v3/auth/tokens HTTP/1.1" 201 8071 "-" "nova/33.1.0.dev24 keystonemiddleware.auth_token/12.0.0 keystoneauth1/5.13.1 python-requests/2.32.5 CPython/3.12.3"
199.204.45.6 - - [27/Mar/2026:01:18:29 +0000] "POST /identity/v3/auth/tokens HTTP/1.1" 201 8071 "-" "nova-scheduler keystoneauth1/5.13.1 python-requests/2.32.5 CPython/3.12.3"
199.204.45.6 - - [27/Mar/2026:01:18:29 +0000] "GET /identity HTTP/1.1" 300 3228 "-" "uwsgi keystoneauth1/5.13.1 python-requests/2.32.5 CPython/3.12.3"
199.204.45.6 - - [27/Mar/2026:01:18:29 +0000] "GET /identity/v3/auth/tokens HTTP/1.1" 200 8066 "-" "python-keystoneclient"
199.204.45.6 - - [27/Mar/2026:01:18:29 +0000] "POST /identity/v3/auth/tokens HTTP/1.1" 201 8071 "-" "uwsgi keystoneauth1/5.13.1 python-requests/2.32.5 CPython/3.12.3"
199.204.45.6 - - [27/Mar/2026:01:18:29 +0000] "GET /networking/v2.0/ports/07066e77-67e0-479a-94d6-56c106c81578 HTTP/1.1" 200 3658 "-" "python-neutronclient"
199.204.45.6 - - [27/Mar/2026:01:18:29 +0000] "GET /identity/v3/auth/tokens HTTP/1.1" 200 8066 "-" "python-keystoneclient"
199.204.45.6 - - [27/Mar/2026:01:18:29 +0000] "GET /networking/v2.0/ports?device_id=6992e1dc-0e77-4da6-98b8-358fcf8f28b0 HTTP/1.1" 200 2888 "-" "python-neutronclient"
199.204.45.6 - - [27/Mar/2026:01:18:29 +0000] "GET /identity HTTP/1.1" 300 3228 "-" "placement/unknown keystonemiddleware.auth_token/12.0.0 keystoneauth1/5.13.1 python-requests/2.32.5 CPython/3.12.3"
172.18.0.2 - - [27/Mar/2026:01:18:29 +0000] "GET /compute/v2.1/servers/6992e1dc-0e77-4da6-98b8-358fcf8f28b0 HTTP/1.1" 200 4290 "-" "cluster-api-provider-openstack/v0.12.4 gophercloud/v2.7.0"
199.204.45.6 - - [27/Mar/2026:01:18:29 +0000] "POST /identity/v3/auth/tokens HTTP/1.1" 201 8076 "-" "placement/unknown keystonemiddleware.auth_token/12.0.0 keystoneauth1/5.13.1 python-requests/2.32.5 CPython/3.12.3"
172.18.0.2 - - [27/Mar/2026:01:18:29 +0000] "GET /networking/v2.0/ports?id=07066e77-67e0-479a-94d6-56c106c81578&name=kube-b49cv-bg8b4-2h5q7-0&network_id=bf888527-e14c-4dd1-9c82-a471e3542b9f HTTP/1.1" 200 3630 "-" "cluster-api-provider-openstack/v0.12.4 gophercloud/v2.7.0"
172.18.0.2 - - [27/Mar/2026:01:18:29 +0000] "GET /compute/v2.1/ HTTP/1.1" 200 3430 "-" "cluster-api-provider-openstack/v0.12.4 gophercloud/v2.7.0"
199.204.45.6 - - [27/Mar/2026:01:18:29 +0000] "GET /identity/v3/auth/tokens HTTP/1.1" 200 8066 "-" "python-keystoneclient"
199.204.45.6 - - [27/Mar/2026:01:18:29 +0000] "GET /placement/allocation_candidates?resources=DISK_GB%3A80%2CMEMORY_MB%3A8192%2CVCPU%3A4&root_required=%21COMPUTE_STATUS_DISABLED HTTP/1.1" 200 5547 "-" "nova-scheduler keystoneauth1/5.13.1 python-requests/2.32.5 CPython/3.12.3"
199.204.45.6 - - [27/Mar/2026:01:18:29 +0000] "GET /networking/v2.0/ports?device_id=6992e1dc-0e77-4da6-98b8-358fcf8f28b0 HTTP/1.1" 200 2888 "-" "python-neutronclient"
172.18.0.2 - - [27/Mar/2026:01:18:29 +0000] "GET /compute/v2.1/servers/6992e1dc-0e77-4da6-98b8-358fcf8f28b0 HTTP/1.1" 200 4290 "-" "cluster-api-provider-openstack/v0.12.4 gophercloud/v2.7.0"
199.204.45.6 - - [27/Mar/2026:01:18:29 +0000] "GET /placement/allocations/6992e1dc-0e77-4da6-98b8-358fcf8f28b0 HTTP/1.1" 200 3034 "-" "nova-scheduler keystoneauth1/5.13.1 python-requests/2.32.5 CPython/3.12.3"
199.204.45.6 - - [27/Mar/2026:01:18:29 +0000] "PUT /placement/allocations/6992e1dc-0e77-4da6-98b8-358fcf8f28b0 HTTP/1.1" 204 2900 "-" "nova-scheduler keystoneauth1/5.13.1 python-requests/2.32.5 CPython/3.12.3"
199.204.45.6 - - [27/Mar/2026:01:18:31 +0000] "GET /placement/allocations/6992e1dc-0e77-4da6-98b8-358fcf8f28b0 HTTP/1.1" 200 3275 "-" "nova-compute keystoneauth1/5.13.1 python-requests/2.32.5 CPython/3.12.3"
199.204.45.6 - - [27/Mar/2026:01:18:32 +0000] "GET /placement/resource_providers/5c6b4c96-b0df-4618-95cf-ac8ae652e89c/allocations HTTP/1.1" 200 3098 "-" "nova-compute keystoneauth1/5.13.1 python-requests/2.32.5 CPython/3.12.3"
199.204.45.6 - - [27/Mar/2026:01:18:32 +0000] "GET /placement/allocations/6992e1dc-0e77-4da6-98b8-358fcf8f28b0 HTTP/1.1" 200 3275 "-" "nova-compute keystoneauth1/5.13.1 python-requests/2.32.5 CPython/3.12.3"
199.204.45.6 - - [27/Mar/2026:01:18:34 +0000] "GET /identity HTTP/1.1" 300 3228 "-" "nova-compute keystoneauth1/5.13.1 python-requests/2.32.5 CPython/3.12.3"
199.204.45.6 - - [27/Mar/2026:01:18:34 +0000] "POST /identity/v3/auth/tokens HTTP/1.1" 201 8071 "-" "nova-compute keystoneauth1/5.13.1 python-requests/2.32.5 CPython/3.12.3"
199.204.45.6 - - [27/Mar/2026:01:18:34 +0000] "POST /identity/v3/auth/tokens HTTP/1.1" 201 8071 "-" "nova-compute keystoneauth1/5.13.1 python-requests/2.32.5 CPython/3.12.3"
199.204.45.6 - - [27/Mar/2026:01:18:34 +0000] "GET /identity/v3/auth/tokens HTTP/1.1" 200 8066 "-" "python-keystoneclient"
199.204.45.6 - - [27/Mar/2026:01:18:34 +0000] "GET /identity/v3/auth/tokens?allow_expired=1 HTTP/1.1" 200 8066 "-" "python-keystoneclient"
199.204.45.6 - - [27/Mar/2026:01:18:34 +0000] "GET /networking/v2.0/ports/07066e77-67e0-479a-94d6-56c106c81578 HTTP/1.1" 200 3754 "-" "python-neutronclient"
199.204.45.6 - - [27/Mar/2026:01:18:34 +0000] "GET /networking/v2.0/networks?id=bf888527-e14c-4dd1-9c82-a471e3542b9f HTTP/1.1" 200 3521 "-" "python-neutronclient"
199.204.45.6 - - [27/Mar/2026:01:18:34 +0000] "GET /networking/v2.0/extensions HTTP/1.1" 200 18131 "-" "python-neutronclient"
199.204.45.6 - - [27/Mar/2026:01:18:35 +0000] "GET /identity HTTP/1.1" 300 3228 "-" "openstacksdk/4.10.0 keystoneauth1/5.13.1 python-requests/2.32.5 CPython/3.12.3"
199.204.45.6 - - [27/Mar/2026:01:18:35 +0000] "POST /identity/v3/auth/tokens HTTP/1.1" 201 8024 "-" "openstacksdk/4.10.0 keystoneauth1/5.13.1 python-requests/2.32.5 CPython/3.12.3"
199.204.45.6 - - [27/Mar/2026:01:18:34 +0000] "PUT /networking/v2.0/ports/07066e77-67e0-479a-94d6-56c106c81578 HTTP/1.1" 200 3948 "-" "python-neutronclient"
199.204.45.6 - - [27/Mar/2026:01:18:35 +0000] "GET /identity HTTP/1.1" 300 3228 "-" "uwsgi keystoneauth1/5.13.1 python-requests/2.32.5 CPython/3.12.3"
199.204.45.6 - - [27/Mar/2026:01:18:35 +0000] "GET /identity/v3/auth/tokens HTTP/1.1" 200 8019 "-" "python-keystoneclient"
199.204.45.6 - - [27/Mar/2026:01:18:35 +0000] "POST /identity/v3/auth/tokens HTTP/1.1" 201 8071 "-" "uwsgi keystoneauth1/5.13.1 python-requests/2.32.5 CPython/3.12.3"
199.204.45.6 - - [27/Mar/2026:01:18:35 +0000] "POST /identity/v3/auth/tokens HTTP/1.1" 201 7602 "-" "uwsgi keystoneauth1/5.13.1 python-requests/2.32.5 CPython/3.12.3"
199.204.45.6 - - [27/Mar/2026:01:18:35 +0000] "GET /identity HTTP/1.1" 300 3228 "-" "nova/33.1.0.dev24 keystonemiddleware.auth_token/12.0.0 keystoneauth1/5.13.1 python-requests/2.32.5 CPython/3.12.3"
199.204.45.6 - - [27/Mar/2026:01:18:35 +0000] "POST /identity/v3/auth/tokens HTTP/1.1" 201 7602 "-" "uwsgi keystoneauth1/5.13.1 python-requests/2.32.5 CPython/3.12.3"
199.204.45.6 - - [27/Mar/2026:01:18:35 +0000] "POST /identity/v3/auth/tokens HTTP/1.1" 201 8071 "-" "nova/33.1.0.dev24 keystonemiddleware.auth_token/12.0.0 keystoneauth1/5.13.1 python-requests/2.32.5 CPython/3.12.3"
199.204.45.6 - - [27/Mar/2026:01:18:35 +0000] "GET /identity/v3/auth/tokens HTTP/1.1" 200 8066 "-" "python-keystoneclient"
199.204.45.6 - - [27/Mar/2026:01:18:35 +0000] "POST /identity/v3/auth/tokens HTTP/1.1" 201 7602 "-" "uwsgi keystoneauth1/5.13.1 python-requests/2.32.5 CPython/3.12.3"
199.204.45.6 - - [27/Mar/2026:01:18:35 +0000] "GET /container-infra/v1/clusters/k8s-cluster HTTP/1.1" 200 4703 "-" "python-urllib3/2.6.3"
199.204.45.6 - - [27/Mar/2026:01:18:35 +0000] "POST /compute/v2.1/os-server-external-events HTTP/1.1" 200 3249 "-" "python-novaclient"
199.204.45.6 - - [27/Mar/2026:01:18:36 +0000] "GET /networking/v2.0/ports?tenant_id=84ddf81bbd3048049f35e44a72bc977e&device_id=6992e1dc-0e77-4da6-98b8-358fcf8f28b0 HTTP/1.1" 200 3951 "-" "python-neutronclient"
199.204.45.6 - - [27/Mar/2026:01:18:36 +0000] "GET /networking/v2.0/networks?tenant_id=84ddf81bbd3048049f35e44a72bc977e&shared=False HTTP/1.1" 200 3620 "-" "python-neutronclient"
199.204.45.6 - - [27/Mar/2026:01:18:36 +0000] "GET /image/v2/images/609490e1-a794-41d4-a64d-d0a930c45d2e HTTP/1.1" 200 3870 "-" "python-glanceclient"
199.204.45.6 - - [27/Mar/2026:01:18:36 +0000] "GET /networking/v2.0/networks?shared=True HTTP/1.1" 200 2891 "-" "python-neutronclient"
172.18.0.2 - - [27/Mar/2026:01:18:38 +0000] "GET /networking/v2.0/ports?id=07066e77-67e0-479a-94d6-56c106c81578&name=kube-b49cv-bg8b4-2h5q7-0&network_id=bf888527-e14c-4dd1-9c82-a471e3542b9f HTTP/1.1" 200 3678 "-" "cluster-api-provider-openstack/v0.12.4 gophercloud/v2.7.0"
172.18.0.2 - - [27/Mar/2026:01:18:39 +0000] "GET /compute/v2.1/ HTTP/1.1" 200 3430 "-" "cluster-api-provider-openstack/v0.12.4 gophercloud/v2.7.0"
199.204.45.6 - - [27/Mar/2026:01:18:39 +0000] "GET /identity HTTP/1.1" 300 3228 "-" "nova/33.1.0.dev24 keystonemiddleware.auth_token/12.0.0 keystoneauth1/5.13.1 python-requests/2.32.5 CPython/3.12.3"
199.204.45.6 - - [27/Mar/2026:01:18:39 +0000] "POST /identity/v3/auth/tokens HTTP/1.1" 201 8071 "-" "nova/33.1.0.dev24 keystonemiddleware.auth_token/12.0.0 keystoneauth1/5.13.1 python-requests/2.32.5 CPython/3.12.3"
199.204.45.6 - - [27/Mar/2026:01:18:39 +0000] "GET /identity HTTP/1.1" 300 3228 "-" "uwsgi keystoneauth1/5.13.1 python-requests/2.32.5 CPython/3.12.3"
199.204.45.6 - - [27/Mar/2026:01:18:39 +0000] "POST /identity/v3/auth/tokens HTTP/1.1" 201 8071 "-" "uwsgi keystoneauth1/5.13.1 python-requests/2.32.5 CPython/3.12.3"
199.204.45.6 - - [27/Mar/2026:01:18:39 +0000] "GET /identity/v3/auth/tokens HTTP/1.1" 200 8066 "-" "python-keystoneclient"
199.204.45.6 - - [27/Mar/2026:01:18:39 +0000] "GET /networking/v2.0/ports?device_id=6992e1dc-0e77-4da6-98b8-358fcf8f28b0 HTTP/1.1" 200 3709 "-" "python-neutronclient"
199.204.45.6 - - [27/Mar/2026:01:18:39 +0000] "GET /networking/v2.0/security-groups?id=303f3d62-74f3-414d-9b26-29abe66b0e3e&fields=id&fields=name HTTP/1.1" 200 3016 "-" "python-neutronclient"
172.18.0.2 - - [27/Mar/2026:01:18:39 +0000] "GET /compute/v2.1/servers/6992e1dc-0e77-4da6-98b8-358fcf8f28b0 HTTP/1.1" 200 4437 "-" "cluster-api-provider-openstack/v0.12.4 gophercloud/v2.7.0"
199.204.45.6 - - [27/Mar/2026:01:18:41 +0000] "GET /identity HTTP/1.1" 300 3228 "-" "openstacksdk/4.10.0 keystoneauth1/5.13.1 python-requests/2.32.5 CPython/3.12.3"
199.204.45.6 - - [27/Mar/2026:01:18:41 +0000] "POST /identity/v3/auth/tokens HTTP/1.1" 201 8024 "-" "openstacksdk/4.10.0 keystoneauth1/5.13.1 python-requests/2.32.5 CPython/3.12.3"
199.204.45.6 - - [27/Mar/2026:01:18:42 +0000] "GET /identity/v3/auth/tokens HTTP/1.1" 200 8019 "-" "python-keystoneclient"
199.204.45.6 - - [27/Mar/2026:01:18:42 +0000] "POST /identity/v3/auth/tokens HTTP/1.1" 201 7602 "-" "uwsgi keystoneauth1/5.13.1 python-requests/2.32.5 CPython/3.12.3"
199.204.45.6 - - [27/Mar/2026:01:18:42 +0000] "POST /identity/v3/auth/tokens HTTP/1.1" 201 7602 "-" "uwsgi keystoneauth1/5.13.1 python-requests/2.32.5 CPython/3.12.3"
199.204.45.6 - - [27/Mar/2026:01:18:36 +0000] "GET /image/v2/images/609490e1-a794-41d4-a64d-d0a930c45d2e/file HTTP/1.1" 200 867075288 "-" "python-glanceclient"
199.204.45.6 - - [27/Mar/2026:01:18:42 +0000] "POST /identity/v3/auth/tokens HTTP/1.1" 201 7602 "-" "uwsgi keystoneauth1/5.13.1 python-requests/2.32.5 CPython/3.12.3"
199.204.45.6 - - [27/Mar/2026:01:18:42 +0000] "GET /container-infra/v1/clusters/k8s-cluster HTTP/1.1" 200 4703 "-" "python-urllib3/2.6.3"
199.204.45.6 - - [27/Mar/2026:01:18:46 +0000] "GET /image/v2/images/609490e1-a794-41d4-a64d-d0a930c45d2e HTTP/1.1" 200 3870 "-" "python-glanceclient"
199.204.45.6 - - [27/Mar/2026:01:18:46 +0000] "GET /image/v2/schemas/image HTTP/1.1" 200 8961 "-" "python-glanceclient"
199.204.45.6 - - [27/Mar/2026:01:18:46 +0000] "GET /networking/v2.0/ports?tenant_id=84ddf81bbd3048049f35e44a72bc977e&device_id=6992e1dc-0e77-4da6-98b8-358fcf8f28b0 HTTP/1.1" 200 3951 "-" "python-neutronclient"
199.204.45.6 - - [27/Mar/2026:01:18:47 +0000] "GET /networking/v2.0/floatingips?fixed_ip_address=192.168.24.181&port_id=07066e77-67e0-479a-94d6-56c106c81578 HTTP/1.1" 200 2895 "-" "python-neutronclient"
199.204.45.6 - - [27/Mar/2026:01:18:47 +0000] "GET /networking/v2.0/subnets?id=2425b6cd-85d5-4709-93c8-1ab89438c1f5 HTTP/1.1" 200 3645 "-" "python-neutronclient"
199.204.45.6 - - [27/Mar/2026:01:18:47 +0000] "GET /networking/v2.0/ports?network_id=bf888527-e14c-4dd1-9c82-a471e3542b9f&device_owner=network%3Adhcp HTTP/1.1" 200 2888 "-" "python-neutronclient"
199.204.45.6 - - [27/Mar/2026:01:18:47 +0000] "GET /networking/v2.0/networks/bf888527-e14c-4dd1-9c82-a471e3542b9f?fields=segments HTTP/1.1" 200 2890 "-" "python-neutronclient"
199.204.45.6 - - [27/Mar/2026:01:18:47 +0000] "GET /networking/v2.0/networks/bf888527-e14c-4dd1-9c82-a471e3542b9f?fields=provider%3Aphysical_network&fields=provider%3Anetwork_type HTTP/1.1" 200 2955 "-" "python-neutronclient"
199.204.45.6 - - [27/Mar/2026:01:18:48 +0000] "GET /identity HTTP/1.1" 300 3228 "-" "openstacksdk/4.10.0 keystoneauth1/5.13.1 python-requests/2.32.5 CPython/3.12.3"
199.204.45.6 - - [27/Mar/2026:01:18:48 +0000] "POST /identity/v3/auth/tokens HTTP/1.1" 201 8024 "-" "openstacksdk/4.10.0 keystoneauth1/5.13.1 python-requests/2.32.5 CPython/3.12.3"
199.204.45.6 - - [27/Mar/2026:01:18:48 +0000] "GET /identity/v3/auth/tokens HTTP/1.1" 200 8019 "-" "python-keystoneclient"
199.204.45.6 - - [27/Mar/2026:01:18:51 +0000] "POST /identity/v3/auth/tokens HTTP/1.1" 201 7602 "-" "uwsgi keystoneauth1/5.13.1 python-requests/2.32.5 CPython/3.12.3"
199.204.45.6 - - [27/Mar/2026:01:18:51 +0000] "POST /identity/v3/auth/tokens HTTP/1.1" 201 7602 "-" "uwsgi keystoneauth1/5.13.1 python-requests/2.32.5 CPython/3.12.3"
199.204.45.6 - - [27/Mar/2026:01:18:51 +0000] "POST /identity/v3/auth/tokens HTTP/1.1" 201 7602 "-" "uwsgi keystoneauth1/5.13.1 python-requests/2.32.5 CPython/3.12.3"
172.18.0.2 - - [27/Mar/2026:01:18:51 +0000] "GET /networking/v2.0/ports?id=07066e77-67e0-479a-94d6-56c106c81578&name=kube-b49cv-bg8b4-2h5q7-0&network_id=bf888527-e14c-4dd1-9c82-a471e3542b9f HTTP/1.1" 200 3678 "-" "cluster-api-provider-openstack/v0.12.4 gophercloud/v2.7.0"
199.204.45.6 - - [27/Mar/2026:01:18:48 +0000] "GET /container-infra/v1/clusters/k8s-cluster HTTP/1.1" 200 4703 "-" "python-urllib3/2.6.3"
172.18.0.2 - - [27/Mar/2026:01:18:51 +0000] "GET /compute/v2.1/ HTTP/1.1" 200 3430 "-" "cluster-api-provider-openstack/v0.12.4 gophercloud/v2.7.0"
199.204.45.6 - - [27/Mar/2026:01:18:51 +0000] "GET /identity HTTP/1.1" 300 3228 "-" "uwsgi keystoneauth1/5.13.1 python-requests/2.32.5 CPython/3.12.3"
199.204.45.6 - - [27/Mar/2026:01:18:51 +0000] "POST /identity/v3/auth/tokens HTTP/1.1" 201 8071 "-" "uwsgi keystoneauth1/5.13.1 python-requests/2.32.5 CPython/3.12.3"
199.204.45.6 - - [27/Mar/2026:01:18:51 +0000] "GET /identity/v3/auth/tokens HTTP/1.1" 200 8066 "-" "python-keystoneclient"
199.204.45.6 - - [27/Mar/2026:01:18:51 +0000] "GET /networking/v2.0/ports?device_id=6992e1dc-0e77-4da6-98b8-358fcf8f28b0 HTTP/1.1" 200 3709 "-" "python-neutronclient"
199.204.45.6 - - [27/Mar/2026:01:18:52 +0000] "GET /networking/v2.0/security-groups?id=303f3d62-74f3-414d-9b26-29abe66b0e3e&fields=id&fields=name HTTP/1.1" 200 3016 "-" "python-neutronclient"
172.18.0.2 - - [27/Mar/2026:01:18:51 +0000] "GET /compute/v2.1/servers/6992e1dc-0e77-4da6-98b8-358fcf8f28b0 HTTP/1.1" 200 4437 "-" "cluster-api-provider-openstack/v0.12.4 gophercloud/v2.7.0"
199.204.45.6 - - [27/Mar/2026:01:18:57 +0000] "GET /identity HTTP/1.1" 300 3228 "-" "openstacksdk/4.10.0 keystoneauth1/5.13.1 python-requests/2.32.5 CPython/3.12.3"
199.204.45.6 - - [27/Mar/2026:01:18:57 +0000] "POST /identity/v3/auth/tokens HTTP/1.1" 201 8024 "-" "openstacksdk/4.10.0 keystoneauth1/5.13.1 python-requests/2.32.5 CPython/3.12.3"
199.204.45.6 - - [27/Mar/2026:01:18:57 +0000] "GET /identity/v3/auth/tokens HTTP/1.1" 200 8019 "-" "python-keystoneclient"
199.204.45.6 - - [27/Mar/2026:01:18:58 +0000] "POST /identity/v3/auth/tokens HTTP/1.1" 201 7602 "-" "uwsgi keystoneauth1/5.13.1 python-requests/2.32.5 CPython/3.12.3"
199.204.45.6 - - [27/Mar/2026:01:18:58 +0000] "POST /identity/v3/auth/tokens HTTP/1.1" 201 7602 "-" "uwsgi keystoneauth1/5.13.1 python-requests/2.32.5 CPython/3.12.3"
199.204.45.6 - - [27/Mar/2026:01:18:58 +0000] "POST /identity/v3/auth/tokens HTTP/1.1" 201 7602 "-" "uwsgi keystoneauth1/5.13.1 python-requests/2.32.5 CPython/3.12.3"
199.204.45.6 - - [27/Mar/2026:01:18:57 +0000] "GET /container-infra/v1/clusters/k8s-cluster HTTP/1.1" 200 4887 "-" "python-urllib3/2.6.3"
172.18.0.2 - - [27/Mar/2026:01:19:02 +0000] "GET /networking/v2.0/ports?id=07066e77-67e0-479a-94d6-56c106c81578&name=kube-b49cv-bg8b4-2h5q7-0&network_id=bf888527-e14c-4dd1-9c82-a471e3542b9f HTTP/1.1" 200 3678 "-" "cluster-api-provider-openstack/v0.12.4 gophercloud/v2.7.0"
172.18.0.2 - - [27/Mar/2026:01:19:02 +0000] "GET /compute/v2.1/ HTTP/1.1" 200 3430 "-" "cluster-api-provider-openstack/v0.12.4 gophercloud/v2.7.0"
199.204.45.6 - - [27/Mar/2026:01:19:02 +0000] "GET /networking/v2.0/ports?device_id=6992e1dc-0e77-4da6-98b8-358fcf8f28b0 HTTP/1.1" 200 3709 "-" "python-neutronclient"
199.204.45.6 - - [27/Mar/2026:01:19:02 +0000] "GET /networking/v2.0/security-groups?id=303f3d62-74f3-414d-9b26-29abe66b0e3e&fields=id&fields=name HTTP/1.1" 200 3016 "-" "python-neutronclient"
172.18.0.2 - - [27/Mar/2026:01:19:02 +0000] "GET /compute/v2.1/servers/6992e1dc-0e77-4da6-98b8-358fcf8f28b0 HTTP/1.1" 200 4437 "-" "cluster-api-provider-openstack/v0.12.4 gophercloud/v2.7.0"
199.204.45.6 - - [27/Mar/2026:01:19:04 +0000] "GET /identity HTTP/1.1" 300 3228 "-" "openstacksdk/4.10.0 keystoneauth1/5.13.1 python-requests/2.32.5 CPython/3.12.3"
199.204.45.6 - - [27/Mar/2026:01:19:04 +0000] "POST /identity/v3/auth/tokens HTTP/1.1" 201 8024 "-" "openstacksdk/4.10.0 keystoneauth1/5.13.1 python-requests/2.32.5 CPython/3.12.3"
199.204.45.6 - - [27/Mar/2026:01:19:04 +0000] "GET /identity/v3/auth/tokens HTTP/1.1" 200 8019 "-" "python-keystoneclient"
199.204.45.6 - - [27/Mar/2026:01:19:04 +0000] "POST /identity/v3/auth/tokens HTTP/1.1" 201 7602 "-" "uwsgi keystoneauth1/5.13.1 python-requests/2.32.5 CPython/3.12.3"
199.204.45.6 - - [27/Mar/2026:01:19:04 +0000] "POST /identity/v3/auth/tokens HTTP/1.1" 201 7602 "-" "uwsgi keystoneauth1/5.13.1 python-requests/2.32.5 CPython/3.12.3"
199.204.45.6 - - [27/Mar/2026:01:19:04 +0000] "POST /identity/v3/auth/tokens HTTP/1.1" 201 7602 "-" "uwsgi keystoneauth1/5.13.1 python-requests/2.32.5 CPython/3.12.3"
199.204.45.6 - - [27/Mar/2026:01:19:04 +0000] "GET /container-infra/v1/clusters/k8s-cluster HTTP/1.1" 200 4887 "-" "python-urllib3/2.6.3"
199.204.45.6 - - [27/Mar/2026:01:19:11 +0000] "GET /identity HTTP/1.1" 300 3228 "-" "openstacksdk/4.10.0 keystoneauth1/5.13.1 python-requests/2.32.5 CPython/3.12.3"
199.204.45.6 - - [27/Mar/2026:01:19:11 +0000] "POST /identity/v3/auth/tokens HTTP/1.1" 201 8024 "-" "openstacksdk/4.10.0 keystoneauth1/5.13.1 python-requests/2.32.5 CPython/3.12.3"
199.204.45.6 - - [27/Mar/2026:01:19:11 +0000] "GET /identity/v3/auth/tokens HTTP/1.1" 200 8019 "-" "python-keystoneclient"
199.204.45.6 - - [27/Mar/2026:01:19:11 +0000] "POST /identity/v3/auth/tokens HTTP/1.1" 201 7602 "-" "uwsgi keystoneauth1/5.13.1 python-requests/2.32.5 CPython/3.12.3"
199.204.45.6 - - [27/Mar/2026:01:19:11 +0000] "POST /identity/v3/auth/tokens HTTP/1.1" 201 7602 "-" "uwsgi keystoneauth1/5.13.1 python-requests/2.32.5 CPython/3.12.3"
199.204.45.6 - - [27/Mar/2026:01:19:11 +0000] "POST /identity/v3/auth/tokens HTTP/1.1" 201 7602 "-" "uwsgi keystoneauth1/5.13.1 python-requests/2.32.5 CPython/3.12.3"
199.204.45.6 - - [27/Mar/2026:01:19:11 +0000] "GET /container-infra/v1/clusters/k8s-cluster HTTP/1.1" 200 4887 "-" "python-urllib3/2.6.3"
172.18.0.2 - - [27/Mar/2026:01:19:12 +0000] "GET /networking/v2.0/ports?id=07066e77-67e0-479a-94d6-56c106c81578&name=kube-b49cv-bg8b4-2h5q7-0&network_id=bf888527-e14c-4dd1-9c82-a471e3542b9f HTTP/1.1" 200 3678 "-" "cluster-api-provider-openstack/v0.12.4 gophercloud/v2.7.0"
172.18.0.2 - - [27/Mar/2026:01:19:12 +0000] "GET /compute/v2.1/ HTTP/1.1" 200 3430 "-" "cluster-api-provider-openstack/v0.12.4 gophercloud/v2.7.0"
199.204.45.6 - - [27/Mar/2026:01:19:12 +0000] "GET /networking/v2.0/ports?device_id=6992e1dc-0e77-4da6-98b8-358fcf8f28b0 HTTP/1.1" 200 3709 "-" "python-neutronclient"
199.204.45.6 - - [27/Mar/2026:01:19:12 +0000] "GET /networking/v2.0/security-groups?id=303f3d62-74f3-414d-9b26-29abe66b0e3e&fields=id&fields=name HTTP/1.1" 200 3016 "-" "python-neutronclient"
172.18.0.2 - - [27/Mar/2026:01:19:12 +0000] "GET /compute/v2.1/servers/6992e1dc-0e77-4da6-98b8-358fcf8f28b0 HTTP/1.1" 200 4437 "-" "cluster-api-provider-openstack/v0.12.4 gophercloud/v2.7.0"
199.204.45.6 - - [27/Mar/2026:01:19:17 +0000] "GET /identity HTTP/1.1" 300 3228 "-" "openstacksdk/4.10.0 keystoneauth1/5.13.1 python-requests/2.32.5 CPython/3.12.3"
199.204.45.6 - - [27/Mar/2026:01:19:17 +0000] "POST /identity/v3/auth/tokens HTTP/1.1" 201 8024 "-" "openstacksdk/4.10.0 keystoneauth1/5.13.1 python-requests/2.32.5 CPython/3.12.3"
199.204.45.6 - - [27/Mar/2026:01:19:18 +0000] "GET /identity/v3/auth/tokens HTTP/1.1" 200 8019 "-" "python-keystoneclient"
199.204.45.6 - - [27/Mar/2026:01:19:18 +0000] "POST /identity/v3/auth/tokens HTTP/1.1" 201 7602 "-" "uwsgi keystoneauth1/5.13.1 python-requests/2.32.5 CPython/3.12.3"
199.204.45.6 - - [27/Mar/2026:01:19:18 +0000] "POST /identity/v3/auth/tokens HTTP/1.1" 201 7602 "-" "uwsgi keystoneauth1/5.13.1 python-requests/2.32.5 CPython/3.12.3"
199.204.45.6 - - [27/Mar/2026:01:19:18 +0000] "POST /identity/v3/auth/tokens HTTP/1.1" 201 7602 "-" "uwsgi keystoneauth1/5.13.1 python-requests/2.32.5 CPython/3.12.3"
199.204.45.6 - - [27/Mar/2026:01:19:18 +0000] "GET /container-infra/v1/clusters/k8s-cluster HTTP/1.1" 200 4887 "-" "python-urllib3/2.6.3"
199.204.45.6 - - [27/Mar/2026:01:19:21 +0000] "GET /placement/resource_providers/5c6b4c96-b0df-4618-95cf-ac8ae652e89c/allocations HTTP/1.1" 200 3098 "-" "nova-compute keystoneauth1/5.13.1 python-requests/2.32.5 CPython/3.12.3"
199.204.45.6 - - [27/Mar/2026:01:19:21 +0000] "GET /placement/resource_providers/5c6b4c96-b0df-4618-95cf-ac8ae652e89c/allocations HTTP/1.1" 200 3098 "-" "nova-compute keystoneauth1/5.13.1 python-requests/2.32.5 CPython/3.12.3"
199.204.45.6 - - [27/Mar/2026:01:19:21 +0000] "GET /placement/allocations/6992e1dc-0e77-4da6-98b8-358fcf8f28b0 HTTP/1.1" 200 3275 "-" "nova-compute keystoneauth1/5.13.1 python-requests/2.32.5 CPython/3.12.3"
172.18.0.2 - - [27/Mar/2026:01:19:23 +0000] "GET /networking/v2.0/ports?id=07066e77-67e0-479a-94d6-56c106c81578&name=kube-b49cv-bg8b4-2h5q7-0&network_id=bf888527-e14c-4dd1-9c82-a471e3542b9f HTTP/1.1" 200 3678 "-" "cluster-api-provider-openstack/v0.12.4 gophercloud/v2.7.0"
172.18.0.2 - - [27/Mar/2026:01:19:23 +0000] "GET /compute/v2.1/ HTTP/1.1" 200 3430 "-" "cluster-api-provider-openstack/v0.12.4 gophercloud/v2.7.0"
199.204.45.6 - - [27/Mar/2026:01:19:23 +0000] "GET /networking/v2.0/ports?device_id=6992e1dc-0e77-4da6-98b8-358fcf8f28b0 HTTP/1.1" 200 3709 "-" "python-neutronclient"
199.204.45.6 - - [27/Mar/2026:01:19:23 +0000] "GET /networking/v2.0/security-groups?id=303f3d62-74f3-414d-9b26-29abe66b0e3e&fields=id&fields=name HTTP/1.1" 200 3016 "-" "python-neutronclient"
172.18.0.2 - - [27/Mar/2026:01:19:23 +0000] "GET /compute/v2.1/servers/6992e1dc-0e77-4da6-98b8-358fcf8f28b0 HTTP/1.1" 200 4437 "-" "cluster-api-provider-openstack/v0.12.4 gophercloud/v2.7.0"
199.204.45.6 - - [27/Mar/2026:01:19:24 +0000] "GET /identity HTTP/1.1" 300 3228 "-" "openstacksdk/4.10.0 keystoneauth1/5.13.1 python-requests/2.32.5 CPython/3.12.3"
199.204.45.6 - - [27/Mar/2026:01:19:24 +0000] "POST /identity/v3/auth/tokens HTTP/1.1" 201 8024 "-" "openstacksdk/4.10.0 keystoneauth1/5.13.1 python-requests/2.32.5 CPython/3.12.3"
199.204.45.6 - - [27/Mar/2026:01:19:24 +0000] "GET /identity/v3/auth/tokens HTTP/1.1" 200 8019 "-" "python-keystoneclient"
199.204.45.6 - - [27/Mar/2026:01:19:25 +0000] "POST /identity/v3/auth/tokens HTTP/1.1" 201 7602 "-" "uwsgi keystoneauth1/5.13.1 python-requests/2.32.5 CPython/3.12.3"
199.204.45.6 - - [27/Mar/2026:01:19:25 +0000] "POST /identity/v3/auth/tokens HTTP/1.1" 201 7602 "-" "uwsgi keystoneauth1/5.13.1 python-requests/2.32.5 CPython/3.12.3"
199.204.45.6 - - [27/Mar/2026:01:19:25 +0000] "POST /identity/v3/auth/tokens HTTP/1.1" 201 7602 "-" "uwsgi keystoneauth1/5.13.1 python-requests/2.32.5 CPython/3.12.3"
199.204.45.6 - - [27/Mar/2026:01:19:24 +0000] "GET /container-infra/v1/clusters/k8s-cluster HTTP/1.1" 200 4887 "-" "python-urllib3/2.6.3"
199.204.45.6 - - [27/Mar/2026:01:19:28 +0000] "GET /identity HTTP/1.1" 300 3228 "-" "uwsgi keystoneauth1/5.13.1 python-requests/2.32.5 CPython/3.12.3"
199.204.45.6 - - [27/Mar/2026:01:19:28 +0000] "POST /identity/v3/auth/tokens HTTP/1.1" 201 8071 "-" "uwsgi keystoneauth1/5.13.1 python-requests/2.32.5 CPython/3.12.3"
199.204.45.6 - - [27/Mar/2026:01:19:28 +0000] "GET /identity/v3/auth/tokens HTTP/1.1" 200 8066 "-" "python-keystoneclient"
199.204.45.6 - - [27/Mar/2026:01:19:28 +0000] "POST /compute/v2.1/os-server-external-events HTTP/1.1" 200 3253 "-" "python-novaclient"
199.204.45.6 - - [27/Mar/2026:01:19:31 +0000] "POST /compute/v2.1/os-server-external-events HTTP/1.1" 200 3253 "-" "python-novaclient"
199.204.45.6 - - [27/Mar/2026:01:19:31 +0000] "GET /identity HTTP/1.1" 300 3228 "-" "openstacksdk/4.10.0 keystoneauth1/5.13.1 python-requests/2.32.5 CPython/3.12.3"
199.204.45.6 - - [27/Mar/2026:01:19:31 +0000] "POST /identity/v3/auth/tokens HTTP/1.1" 201 8024 "-" "openstacksdk/4.10.0 keystoneauth1/5.13.1 python-requests/2.32.5 CPython/3.12.3"
199.204.45.6 - - [27/Mar/2026:01:19:31 +0000] "GET /identity/v3/auth/tokens HTTP/1.1" 200 8019 "-" "python-keystoneclient"
199.204.45.6 - - [27/Mar/2026:01:19:31 +0000] "POST /identity/v3/auth/tokens HTTP/1.1" 201 7602 "-" "uwsgi keystoneauth1/5.13.1 python-requests/2.32.5 CPython/3.12.3"
199.204.45.6 - - [27/Mar/2026:01:19:31 +0000] "POST /identity/v3/auth/tokens HTTP/1.1" 201 7602 "-" "uwsgi keystoneauth1/5.13.1 python-requests/2.32.5 CPython/3.12.3"
199.204.45.6 - - [27/Mar/2026:01:19:31 +0000] "POST /identity/v3/auth/tokens HTTP/1.1" 201 7602 "-" "uwsgi keystoneauth1/5.13.1 python-requests/2.32.5 CPython/3.12.3"
199.204.45.6 - - [27/Mar/2026:01:19:31 +0000] "GET /container-infra/v1/clusters/k8s-cluster HTTP/1.1" 200 4887 "-" "python-urllib3/2.6.3"
172.18.0.2 - - [27/Mar/2026:01:19:33 +0000] "GET /networking/v2.0/ports?id=07066e77-67e0-479a-94d6-56c106c81578&name=kube-b49cv-bg8b4-2h5q7-0&network_id=bf888527-e14c-4dd1-9c82-a471e3542b9f HTTP/1.1" 200 3680 "-" "cluster-api-provider-openstack/v0.12.4 gophercloud/v2.7.0"
172.18.0.2 - - [27/Mar/2026:01:19:33 +0000] "GET /compute/v2.1/ HTTP/1.1" 200 3430 "-" "cluster-api-provider-openstack/v0.12.4 gophercloud/v2.7.0"
199.204.45.6 - - [27/Mar/2026:01:19:33 +0000] "GET /networking/v2.0/ports?device_id=6992e1dc-0e77-4da6-98b8-358fcf8f28b0 HTTP/1.1" 200 3711 "-" "python-neutronclient"
199.204.45.6 - - [27/Mar/2026:01:19:33 +0000] "GET /networking/v2.0/security-groups?id=303f3d62-74f3-414d-9b26-29abe66b0e3e&fields=id&fields=name HTTP/1.1" 200 3016 "-" "python-neutronclient"
172.18.0.2 - - [27/Mar/2026:01:19:33 +0000] "GET /compute/v2.1/servers/6992e1dc-0e77-4da6-98b8-358fcf8f28b0 HTTP/1.1" 200 4623 "-" "cluster-api-provider-openstack/v0.12.4 gophercloud/v2.7.0"
172.18.0.2 - - [27/Mar/2026:01:19:33 +0000] "GET /compute/v2.1/ HTTP/1.1" 200 3430 "-" "cluster-api-provider-openstack/v0.12.4 gophercloud/v2.7.0"
172.18.0.2 - - [27/Mar/2026:01:19:33 +0000] "GET /networking/v2.0/ports?id=07066e77-67e0-479a-94d6-56c106c81578&name=kube-b49cv-bg8b4-2h5q7-0&network_id=bf888527-e14c-4dd1-9c82-a471e3542b9f HTTP/1.1" 200 3680 "-" "cluster-api-provider-openstack/v0.12.4 gophercloud/v2.7.0"
172.18.0.2 - - [27/Mar/2026:01:19:33 +0000] "GET /compute/v2.1/ HTTP/1.1" 200 3430 "-" "cluster-api-provider-openstack/v0.12.4 gophercloud/v2.7.0"
199.204.45.6 - - [27/Mar/2026:01:19:33 +0000] "GET /networking/v2.0/ports?device_id=6992e1dc-0e77-4da6-98b8-358fcf8f28b0 HTTP/1.1" 200 3711 "-" "python-neutronclient"
199.204.45.6 - - [27/Mar/2026:01:19:34 +0000] "GET /networking/v2.0/ports?device_id=6992e1dc-0e77-4da6-98b8-358fcf8f28b0 HTTP/1.1" 200 3711 "-" "python-neutronclient"
199.204.45.6 - - [27/Mar/2026:01:19:34 +0000] "GET /networking/v2.0/security-groups?id=303f3d62-74f3-414d-9b26-29abe66b0e3e&fields=id&fields=name HTTP/1.1" 200 3016 "-" "python-neutronclient"
172.18.0.2 - - [27/Mar/2026:01:19:33 +0000] "GET /compute/v2.1/servers/6992e1dc-0e77-4da6-98b8-358fcf8f28b0 HTTP/1.1" 200 4623 "-" "cluster-api-provider-openstack/v0.12.4 gophercloud/v2.7.0"
199.204.45.6 - - [27/Mar/2026:01:19:34 +0000] "GET /networking/v2.0/security-groups?id=303f3d62-74f3-414d-9b26-29abe66b0e3e&fields=id&fields=name HTTP/1.1" 200 3016 "-" "python-neutronclient"
172.18.0.2 - - [27/Mar/2026:01:19:33 +0000] "GET /compute/v2.1/servers/6992e1dc-0e77-4da6-98b8-358fcf8f28b0 HTTP/1.1" 200 4623 "-" "cluster-api-provider-openstack/v0.12.4 gophercloud/v2.7.0"
172.18.0.2 - - [27/Mar/2026:01:19:34 +0000] "GET /networking/v2.0/ports?id=07066e77-67e0-479a-94d6-56c106c81578&name=kube-b49cv-bg8b4-2h5q7-0&network_id=bf888527-e14c-4dd1-9c82-a471e3542b9f HTTP/1.1" 200 3680 "-" "cluster-api-provider-openstack/v0.12.4 gophercloud/v2.7.0"
172.18.0.2 - - [27/Mar/2026:01:19:34 +0000] "GET /compute/v2.1/ HTTP/1.1" 200 3430 "-" "cluster-api-provider-openstack/v0.12.4 gophercloud/v2.7.0"
199.204.45.6 - - [27/Mar/2026:01:19:34 +0000] "GET /networking/v2.0/ports?device_id=6992e1dc-0e77-4da6-98b8-358fcf8f28b0 HTTP/1.1" 200 3711 "-" "python-neutronclient"
199.204.45.6 - - [27/Mar/2026:01:19:34 +0000] "GET /networking/v2.0/security-groups?id=303f3d62-74f3-414d-9b26-29abe66b0e3e&fields=id&fields=name HTTP/1.1" 200 3016 "-" "python-neutronclient"
172.18.0.2 - - [27/Mar/2026:01:19:34 +0000] "GET /compute/v2.1/servers/6992e1dc-0e77-4da6-98b8-358fcf8f28b0 HTTP/1.1" 200 4623 "-" "cluster-api-provider-openstack/v0.12.4 gophercloud/v2.7.0"
199.204.45.6 - - [27/Mar/2026:01:19:34 +0000] "GET /identity HTTP/1.1" 300 3228 "-" "uwsgi keystoneauth1/5.13.1 python-requests/2.32.5 CPython/3.12.3"
199.204.45.6 - - [27/Mar/2026:01:19:34 +0000] "POST /identity/v3/auth/tokens HTTP/1.1" 201 8007 "-" "uwsgi keystoneauth1/5.13.1 python-requests/2.32.5 CPython/3.12.3"
199.204.45.6 - - [27/Mar/2026:01:19:34 +0000] "GET /identity/v3/auth/tokens HTTP/1.1" 200 8002 "-" "python-keystoneclient"
199.204.45.6 - - [27/Mar/2026:01:19:34 +0000] "GET /networking/v2.0/subnets/2425b6cd-85d5-4709-93c8-1ab89438c1f5 HTTP/1.1" 200 3642 "-" "uwsgi keystoneauth1/5.13.1 python-requests/2.32.5 CPython/3.12.3"
199.204.45.6 - - [27/Mar/2026:01:19:35 +0000] "GET /networking/v2.0/subnets/2425b6cd-85d5-4709-93c8-1ab89438c1f5 HTTP/1.1" 200 3642 "-" "uwsgi keystoneauth1/5.13.1 python-requests/2.32.5 CPython/3.12.3"
199.204.45.6 - - [27/Mar/2026:01:19:35 +0000] "GET /networking/v2.0/subnets/2425b6cd-85d5-4709-93c8-1ab89438c1f5 HTTP/1.1" 200 3642 "-" "uwsgi keystoneauth1/5.13.1 python-requests/2.32.5 CPython/3.12.3"
199.204.45.6 - - [27/Mar/2026:01:19:35 +0000] "GET /networking/v2.0/subnets/2425b6cd-85d5-4709-93c8-1ab89438c1f5 HTTP/1.1" 200 3642 "-" "uwsgi keystoneauth1/5.13.1 python-requests/2.32.5 CPython/3.12.3"
199.204.45.6 - - [27/Mar/2026:01:19:35 +0000] "GET /networking/v2.0/ports/ovn-lb-hm-2425b6cd-85d5-4709-93c8-1ab89438c1f5?network_id=bf888527-e14c-4dd1-9c82-a471e3542b9f HTTP/1.1" 404 3026 "-" "uwsgi keystoneauth1/5.13.1 python-requests/2.32.5 CPython/3.12.3"
199.204.45.6 - - [27/Mar/2026:01:19:35 +0000] "GET /networking/v2.0/ports?name=ovn-lb-hm-2425b6cd-85d5-4709-93c8-1ab89438c1f5&network_id=bf888527-e14c-4dd1-9c82-a471e3542b9f HTTP/1.1" 200 2888 "-" "uwsgi keystoneauth1/5.13.1 python-requests/2.32.5 CPython/3.12.3"
199.204.45.6 - - [27/Mar/2026:01:19:35 +0000] "POST /networking/v2.0/ports HTTP/1.1" 201 3751 "-" "uwsgi keystoneauth1/5.13.1 python-requests/2.32.5 CPython/3.12.3"
199.204.45.6 - - [27/Mar/2026:01:19:36 +0000] "GET /networking/v2.0/subnets/2425b6cd-85d5-4709-93c8-1ab89438c1f5 HTTP/1.1" 200 3642 "-" "uwsgi keystoneauth1/5.13.1 python-requests/2.32.5 CPython/3.12.3"
172.18.0.2 - - [27/Mar/2026:01:19:36 +0000] "GET /compute/v2.1/ HTTP/1.1" 200 3430 "-" "cluster-api-provider-openstack/v0.12.4 gophercloud/v2.7.0"
199.204.45.6 - - [27/Mar/2026:01:19:36 +0000] "GET /networking/v2.0/ports?device_id=6992e1dc-0e77-4da6-98b8-358fcf8f28b0 HTTP/1.1" 200 3711 "-" "python-neutronclient"
199.204.45.6 - - [27/Mar/2026:01:19:36 +0000] "GET /networking/v2.0/security-groups?id=303f3d62-74f3-414d-9b26-29abe66b0e3e&fields=id&fields=name HTTP/1.1" 200 3016 "-" "python-neutronclient"
172.18.0.2 - - [27/Mar/2026:01:19:36 +0000] "GET /compute/v2.1/servers/6992e1dc-0e77-4da6-98b8-358fcf8f28b0 HTTP/1.1" 200 4623 "-" "cluster-api-provider-openstack/v0.12.4 gophercloud/v2.7.0"
172.18.0.2 - - [27/Mar/2026:01:19:36 +0000] "GET /compute/v2.1/ HTTP/1.1" 200 3430 "-" "cluster-api-provider-openstack/v0.12.4 gophercloud/v2.7.0"
199.204.45.6 - - [27/Mar/2026:01:19:36 +0000] "GET /networking/v2.0/ports?device_id=6992e1dc-0e77-4da6-98b8-358fcf8f28b0 HTTP/1.1" 200 3711 "-" "python-neutronclient"
199.204.45.6 - - [27/Mar/2026:01:19:36 +0000] "GET /networking/v2.0/security-groups?id=303f3d62-74f3-414d-9b26-29abe66b0e3e&fields=id&fields=name HTTP/1.1" 200 3016 "-" "python-neutronclient"
172.18.0.2 - - [27/Mar/2026:01:19:36 +0000] "GET /compute/v2.1/servers/6992e1dc-0e77-4da6-98b8-358fcf8f28b0 HTTP/1.1" 200 4623 "-" "cluster-api-provider-openstack/v0.12.4 gophercloud/v2.7.0"
199.204.45.6 - - [27/Mar/2026:01:19:38 +0000] "GET /identity HTTP/1.1" 300 3228 "-" "openstacksdk/4.10.0 keystoneauth1/5.13.1 python-requests/2.32.5 CPython/3.12.3"
199.204.45.6 - - [27/Mar/2026:01:19:38 +0000] "POST /identity/v3/auth/tokens HTTP/1.1" 201 8024 "-" "openstacksdk/4.10.0 keystoneauth1/5.13.1 python-requests/2.32.5 CPython/3.12.3"
199.204.45.6 - - [27/Mar/2026:01:19:38 +0000] "GET /identity/v3/auth/tokens HTTP/1.1" 200 8019 "-" "python-keystoneclient"
199.204.45.6 - - [27/Mar/2026:01:19:38 +0000] "POST /identity/v3/auth/tokens HTTP/1.1" 201 7602 "-" "uwsgi keystoneauth1/5.13.1 python-requests/2.32.5 CPython/3.12.3"
199.204.45.6 - - [27/Mar/2026:01:19:38 +0000] "POST /identity/v3/auth/tokens HTTP/1.1" 201 7602 "-" "uwsgi keystoneauth1/5.13.1 python-requests/2.32.5 CPython/3.12.3"
199.204.45.6 - - [27/Mar/2026:01:19:38 +0000] "POST /identity/v3/auth/tokens HTTP/1.1" 201 7602 "-" "uwsgi keystoneauth1/5.13.1 python-requests/2.32.5 CPython/3.12.3"
199.204.45.6 - - [27/Mar/2026:01:19:38 +0000] "GET /container-infra/v1/clusters/k8s-cluster HTTP/1.1" 200 4887 "-" "python-urllib3/2.6.3"
199.204.45.6 - - [27/Mar/2026:01:19:44 +0000] "GET /identity HTTP/1.1" 300 3228 "-" "openstacksdk/4.10.0 keystoneauth1/5.13.1 python-requests/2.32.5 CPython/3.12.3"
199.204.45.6 - - [27/Mar/2026:01:19:44 +0000] "POST /identity/v3/auth/tokens HTTP/1.1" 201 8024 "-" "openstacksdk/4.10.0 keystoneauth1/5.13.1 python-requests/2.32.5 CPython/3.12.3"
199.204.45.6 - - [27/Mar/2026:01:19:45 +0000] "GET /identity/v3/auth/tokens HTTP/1.1" 200 8019 "-" "python-keystoneclient"
199.204.45.6 - - [27/Mar/2026:01:19:45 +0000] "POST /identity/v3/auth/tokens HTTP/1.1" 201 7602 "-" "uwsgi keystoneauth1/5.13.1 python-requests/2.32.5 CPython/3.12.3"
199.204.45.6 - - [27/Mar/2026:01:19:45 +0000] "POST /identity/v3/auth/tokens HTTP/1.1" 201 7602 "-" "uwsgi keystoneauth1/5.13.1 python-requests/2.32.5 CPython/3.12.3"
199.204.45.6 - - [27/Mar/2026:01:19:45 +0000] "POST /identity/v3/auth/tokens HTTP/1.1" 201 7602 "-" "uwsgi keystoneauth1/5.13.1 python-requests/2.32.5 CPython/3.12.3"
199.204.45.6 - - [27/Mar/2026:01:19:45 +0000] "GET /container-infra/v1/clusters/k8s-cluster HTTP/1.1" 200 4887 "-" "python-urllib3/2.6.3"
199.204.45.6 - - [27/Mar/2026:01:19:49 +0000] "GET /identity HTTP/1.1" 300 3228 "-" "uwsgi keystoneauth1/5.13.1 python-requests/2.32.5 CPython/3.12.3"
199.204.45.6 - - [27/Mar/2026:01:19:49 +0000] "POST /identity/v3/auth/tokens HTTP/1.1" 201 8071 "-" "uwsgi keystoneauth1/5.13.1 python-requests/2.32.5 CPython/3.12.3"
199.204.45.6 - - [27/Mar/2026:01:19:49 +0000] "POST /identity/v3/auth/tokens HTTP/1.1" 201 8071 "-" "uwsgi keystoneauth1/5.13.1 python-requests/2.32.5 CPython/3.12.3"
199.204.45.6 - - [27/Mar/2026:01:19:49 +0000] "GET /identity/v3/auth/tokens HTTP/1.1" 200 8066 "-" "python-keystoneclient"
199.204.45.6 - - [27/Mar/2026:01:19:49 +0000] "GET /identity/v3/auth/tokens?allow_expired=1 HTTP/1.1" 200 8066 "-" "python-keystoneclient"
199.204.45.6 - - [27/Mar/2026:01:19:49 +0000] "GET /networking/v2.0/ports?device_id=6992e1dc-0e77-4da6-98b8-358fcf8f28b0 HTTP/1.1" 200 3953 "-" "python-neutronclient"
199.204.45.6 - - [27/Mar/2026:01:19:49 +0000] "GET /networking/v2.0/security-groups?id=303f3d62-74f3-414d-9b26-29abe66b0e3e&fields=id&fields=name HTTP/1.1" 200 3016 "-" "python-neutronclient"
199.204.45.6 - - [27/Mar/2026:01:19:51 +0000] "GET /identity HTTP/1.1" 300 3228 "-" "openstacksdk/4.10.0 keystoneauth1/5.13.1 python-requests/2.32.5 CPython/3.12.3"
199.204.45.6 - - [27/Mar/2026:01:19:51 +0000] "POST /identity/v3/auth/tokens HTTP/1.1" 201 8024 "-" "openstacksdk/4.10.0 keystoneauth1/5.13.1 python-requests/2.32.5 CPython/3.12.3"
199.204.45.6 - - [27/Mar/2026:01:19:51 +0000] "GET /identity/v3/auth/tokens HTTP/1.1" 200 8019 "-" "python-keystoneclient"
199.204.45.6 - - [27/Mar/2026:01:19:51 +0000] "POST /identity/v3/auth/tokens HTTP/1.1" 201 7602 "-" "uwsgi keystoneauth1/5.13.1 python-requests/2.32.5 CPython/3.12.3"
199.204.45.6 - - [27/Mar/2026:01:19:51 +0000] "POST /identity/v3/auth/tokens HTTP/1.1" 201 7602 "-" "uwsgi keystoneauth1/5.13.1 python-requests/2.32.5 CPython/3.12.3"
199.204.45.6 - - [27/Mar/2026:01:19:51 +0000] "POST /identity/v3/auth/tokens HTTP/1.1" 201 7602 "-" "uwsgi keystoneauth1/5.13.1 python-requests/2.32.5 CPython/3.12.3"
199.204.45.6 - - [27/Mar/2026:01:19:51 +0000] "GET /container-infra/v1/clusters/k8s-cluster HTTP/1.1" 200 4887 "-" "python-urllib3/2.6.3"
172.18.0.2 - - [27/Mar/2026:01:19:53 +0000] "GET /networking/v2.0/ports?id=07066e77-67e0-479a-94d6-56c106c81578&name=kube-b49cv-bg8b4-2h5q7-0&network_id=bf888527-e14c-4dd1-9c82-a471e3542b9f HTTP/1.1" 200 3680 "-" "cluster-api-provider-openstack/v0.12.4 gophercloud/v2.7.0"
172.18.0.2 - - [27/Mar/2026:01:19:53 +0000] "GET /compute/v2.1/ HTTP/1.1" 200 3430 "-" "cluster-api-provider-openstack/v0.12.4 gophercloud/v2.7.0"
199.204.45.6 - - [27/Mar/2026:01:19:53 +0000] "GET /networking/v2.0/ports?device_id=6992e1dc-0e77-4da6-98b8-358fcf8f28b0 HTTP/1.1" 200 3711 "-" "python-neutronclient"
199.204.45.6 - - [27/Mar/2026:01:19:53 +0000] "GET /networking/v2.0/security-groups?id=303f3d62-74f3-414d-9b26-29abe66b0e3e&fields=id&fields=name HTTP/1.1" 200 3016 "-" "python-neutronclient"
172.18.0.2 - - [27/Mar/2026:01:19:53 +0000] "GET /compute/v2.1/servers/6992e1dc-0e77-4da6-98b8-358fcf8f28b0 HTTP/1.1" 200 4623 "-" "cluster-api-provider-openstack/v0.12.4 gophercloud/v2.7.0"
199.204.45.6 - - [27/Mar/2026:01:19:58 +0000] "GET /identity HTTP/1.1" 300 3228 "-" "openstacksdk/4.10.0 keystoneauth1/5.13.1 python-requests/2.32.5 CPython/3.12.3"
199.204.45.6 - - [27/Mar/2026:01:19:58 +0000] "POST /identity/v3/auth/tokens HTTP/1.1" 201 8024 "-" "openstacksdk/4.10.0 keystoneauth1/5.13.1 python-requests/2.32.5 CPython/3.12.3"
199.204.45.6 - - [27/Mar/2026:01:19:58 +0000] "GET /identity/v3/auth/tokens HTTP/1.1" 200 8019 "-" "python-keystoneclient"
199.204.45.6 - - [27/Mar/2026:01:19:58 +0000] "POST /identity/v3/auth/tokens HTTP/1.1" 201 7602 "-" "uwsgi keystoneauth1/5.13.1 python-requests/2.32.5 CPython/3.12.3"
199.204.45.6 - - [27/Mar/2026:01:19:58 +0000] "POST /identity/v3/auth/tokens HTTP/1.1" 201 7602 "-" "uwsgi keystoneauth1/5.13.1 python-requests/2.32.5 CPython/3.12.3"
199.204.45.6 - - [27/Mar/2026:01:19:58 +0000] "POST /identity/v3/auth/tokens HTTP/1.1" 201 7602 "-" "uwsgi keystoneauth1/5.13.1 python-requests/2.32.5 CPython/3.12.3"
199.204.45.6 - - [27/Mar/2026:01:19:58 +0000] "GET /container-infra/v1/clusters/k8s-cluster HTTP/1.1" 200 4887 "-" "python-urllib3/2.6.3"
199.204.45.6 - - [27/Mar/2026:01:20:04 +0000] "GET /identity HTTP/1.1" 300 3228 "-" "openstacksdk/4.10.0 keystoneauth1/5.13.1 python-requests/2.32.5 CPython/3.12.3"
199.204.45.6 - - [27/Mar/2026:01:20:04 +0000] "POST /identity/v3/auth/tokens HTTP/1.1" 201 8024 "-" "openstacksdk/4.10.0 keystoneauth1/5.13.1 python-requests/2.32.5 CPython/3.12.3"
199.204.45.6 - - [27/Mar/2026:01:20:05 +0000] "GET /identity/v3/auth/tokens HTTP/1.1" 200 8019 "-" "python-keystoneclient"
199.204.45.6 - - [27/Mar/2026:01:20:05 +0000] "POST /identity/v3/auth/tokens HTTP/1.1" 201 7602 "-" "uwsgi keystoneauth1/5.13.1 python-requests/2.32.5 CPython/3.12.3"
199.204.45.6 - - [27/Mar/2026:01:20:05 +0000] "POST /identity/v3/auth/tokens HTTP/1.1" 201 7602 "-" "uwsgi keystoneauth1/5.13.1 python-requests/2.32.5 CPython/3.12.3"
199.204.45.6 - - [27/Mar/2026:01:20:05 +0000] "POST /identity/v3/auth/tokens HTTP/1.1" 201 7602 "-" "uwsgi keystoneauth1/5.13.1 python-requests/2.32.5 CPython/3.12.3"
199.204.45.6 - - [27/Mar/2026:01:20:05 +0000] "GET /container-infra/v1/clusters/k8s-cluster HTTP/1.1" 200 4887 "-" "python-urllib3/2.6.3"
199.204.45.6 - - [27/Mar/2026:01:20:11 +0000] "GET /identity HTTP/1.1" 300 3228 "-" "openstacksdk/4.10.0 keystoneauth1/5.13.1 python-requests/2.32.5 CPython/3.12.3"
199.204.45.6 - - [27/Mar/2026:01:20:11 +0000] "POST /identity/v3/auth/tokens HTTP/1.1" 201 8024 "-" "openstacksdk/4.10.0 keystoneauth1/5.13.1 python-requests/2.32.5 CPython/3.12.3"
199.204.45.6 - - [27/Mar/2026:01:20:11 +0000] "GET /identity/v3/auth/tokens HTTP/1.1" 200 8019 "-" "python-keystoneclient"
199.204.45.6 - - [27/Mar/2026:01:20:11 +0000] "POST /identity/v3/auth/tokens HTTP/1.1" 201 7602 "-" "uwsgi keystoneauth1/5.13.1 python-requests/2.32.5 CPython/3.12.3"
199.204.45.6 - - [27/Mar/2026:01:20:11 +0000] "POST /identity/v3/auth/tokens HTTP/1.1" 201 7602 "-" "uwsgi keystoneauth1/5.13.1 python-requests/2.32.5 CPython/3.12.3"
199.204.45.6 - - [27/Mar/2026:01:20:12 +0000] "POST /identity/v3/auth/tokens HTTP/1.1" 201 7602 "-" "uwsgi keystoneauth1/5.13.1 python-requests/2.32.5 CPython/3.12.3"
199.204.45.6 - - [27/Mar/2026:01:20:11 +0000] "GET /container-infra/v1/clusters/k8s-cluster HTTP/1.1" 200 4887 "-" "python-urllib3/2.6.3"
199.204.45.6 - - [27/Mar/2026:01:20:18 +0000] "GET /identity HTTP/1.1" 300 3228 "-" "openstacksdk/4.10.0 keystoneauth1/5.13.1 python-requests/2.32.5 CPython/3.12.3"
199.204.45.6 - - [27/Mar/2026:01:20:18 +0000] "POST /identity/v3/auth/tokens HTTP/1.1" 201 8024 "-" "openstacksdk/4.10.0 keystoneauth1/5.13.1 python-requests/2.32.5 CPython/3.12.3"
199.204.45.6 - - [27/Mar/2026:01:20:18 +0000] "GET /identity/v3/auth/tokens HTTP/1.1" 200 8019 "-" "python-keystoneclient"
199.204.45.6 - - [27/Mar/2026:01:20:18 +0000] "POST /identity/v3/auth/tokens HTTP/1.1" 201 7602 "-" "uwsgi keystoneauth1/5.13.1 python-requests/2.32.5 CPython/3.12.3"
199.204.45.6 - - [27/Mar/2026:01:20:18 +0000] "POST /identity/v3/auth/tokens HTTP/1.1" 201 7602 "-" "uwsgi keystoneauth1/5.13.1 python-requests/2.32.5 CPython/3.12.3"
199.204.45.6 - - [27/Mar/2026:01:20:18 +0000] "POST /identity/v3/auth/tokens HTTP/1.1" 201 7602 "-" "uwsgi keystoneauth1/5.13.1 python-requests/2.32.5 CPython/3.12.3"
199.204.45.6 - - [27/Mar/2026:01:20:18 +0000] "GET /container-infra/v1/clusters/k8s-cluster HTTP/1.1" 200 4887 "-" "python-urllib3/2.6.3"
199.204.45.6 - - [27/Mar/2026:01:20:23 +0000] "GET /identity/v3/auth/tokens HTTP/1.1" 200 8066 "-" "python-keystoneclient"
199.204.45.6 - - [27/Mar/2026:01:20:23 +0000] "GET /placement/resource_providers/5c6b4c96-b0df-4618-95cf-ac8ae652e89c/allocations HTTP/1.1" 200 3098 "-" "nova-compute keystoneauth1/5.13.1 python-requests/2.32.5 CPython/3.12.3"
199.204.45.6 - - [27/Mar/2026:01:20:23 +0000] "GET /placement/resource_providers?in_tree=5c6b4c96-b0df-4618-95cf-ac8ae652e89c HTTP/1.1" 200 3816 "-" "nova-compute keystoneauth1/5.13.1 python-requests/2.32.5 CPython/3.12.3"
199.204.45.6 - - [27/Mar/2026:01:20:23 +0000] "GET /placement/resource_providers/5c6b4c96-b0df-4618-95cf-ac8ae652e89c/inventories HTTP/1.1" 200 3344 "-" "nova-compute keystoneauth1/5.13.1 python-requests/2.32.5 CPython/3.12.3"
199.204.45.6 - - [27/Mar/2026:01:20:23 +0000] "GET /placement/resource_providers/5c6b4c96-b0df-4618-95cf-ac8ae652e89c/aggregates HTTP/1.1" 200 3068 "-" "nova-compute keystoneauth1/5.13.1 python-requests/2.32.5 CPython/3.12.3"
199.204.45.6 - - [27/Mar/2026:01:20:23 +0000] "GET /placement/resource_providers/5c6b4c96-b0df-4618-95cf-ac8ae652e89c/traits HTTP/1.1" 200 5008 "-" "nova-compute keystoneauth1/5.13.1 python-requests/2.32.5 CPython/3.12.3"
199.204.45.6 - - [27/Mar/2026:01:20:23 +0000] "GET /placement/resource_providers/5c6b4c96-b0df-4618-95cf-ac8ae652e89c/allocations HTTP/1.1" 200 3098 "-" "nova-compute keystoneauth1/5.13.1 python-requests/2.32.5 CPython/3.12.3"
199.204.45.6 - - [27/Mar/2026:01:20:23 +0000] "GET /placement/allocations/6992e1dc-0e77-4da6-98b8-358fcf8f28b0 HTTP/1.1" 200 3275 "-" "nova-compute keystoneauth1/5.13.1 python-requests/2.32.5 CPython/3.12.3"
199.204.45.6 - - [27/Mar/2026:01:20:24 +0000] "GET /identity HTTP/1.1" 300 3228 "-" "openstacksdk/4.10.0 keystoneauth1/5.13.1 python-requests/2.32.5 CPython/3.12.3"
199.204.45.6 - - [27/Mar/2026:01:20:24 +0000] "POST /identity/v3/auth/tokens HTTP/1.1" 201 8024 "-" "openstacksdk/4.10.0 keystoneauth1/5.13.1 python-requests/2.32.5 CPython/3.12.3"
199.204.45.6 - - [27/Mar/2026:01:20:25 +0000] "GET /identity/v3/auth/tokens HTTP/1.1" 200 8019 "-" "python-keystoneclient"
199.204.45.6 - - [27/Mar/2026:01:20:25 +0000] "POST /identity/v3/auth/tokens HTTP/1.1" 201 7602 "-" "uwsgi keystoneauth1/5.13.1 python-requests/2.32.5 CPython/3.12.3"
199.204.45.6 - - [27/Mar/2026:01:20:25 +0000] "POST /identity/v3/auth/tokens HTTP/1.1" 201 7602 "-" "uwsgi keystoneauth1/5.13.1 python-requests/2.32.5 CPython/3.12.3"
199.204.45.6 - - [27/Mar/2026:01:20:25 +0000] "POST /identity/v3/auth/tokens HTTP/1.1" 201 7602 "-" "uwsgi keystoneauth1/5.13.1 python-requests/2.32.5 CPython/3.12.3"
199.204.45.6 - - [27/Mar/2026:01:20:25 +0000] "GET /container-infra/v1/clusters/k8s-cluster HTTP/1.1" 200 4887 "-" "python-urllib3/2.6.3"
199.204.45.6 - - [27/Mar/2026:01:20:31 +0000] "GET /identity HTTP/1.1" 300 3228 "-" "openstacksdk/4.10.0 keystoneauth1/5.13.1 python-requests/2.32.5 CPython/3.12.3"
199.204.45.6 - - [27/Mar/2026:01:20:31 +0000] "POST /identity/v3/auth/tokens HTTP/1.1" 201 8024 "-" "openstacksdk/4.10.0 keystoneauth1/5.13.1 python-requests/2.32.5 CPython/3.12.3"
199.204.45.6 - - [27/Mar/2026:01:20:31 +0000] "GET /identity/v3/auth/tokens HTTP/1.1" 200 8019 "-" "python-keystoneclient"
199.204.45.6 - - [27/Mar/2026:01:20:31 +0000] "POST /identity/v3/auth/tokens HTTP/1.1" 201 7602 "-" "uwsgi keystoneauth1/5.13.1 python-requests/2.32.5 CPython/3.12.3"
199.204.45.6 - - [27/Mar/2026:01:20:32 +0000] "POST /identity/v3/auth/tokens HTTP/1.1" 201 7602 "-" "uwsgi keystoneauth1/5.13.1 python-requests/2.32.5 CPython/3.12.3"
199.204.45.6 - - [27/Mar/2026:01:20:32 +0000] "POST /identity/v3/auth/tokens HTTP/1.1" 201 7602 "-" "uwsgi keystoneauth1/5.13.1 python-requests/2.32.5 CPython/3.12.3"
199.204.45.6 - - [27/Mar/2026:01:20:31 +0000] "GET /container-infra/v1/clusters/k8s-cluster HTTP/1.1" 200 4887 "-" "python-urllib3/2.6.3"
199.204.45.6 - - [27/Mar/2026:01:20:38 +0000] "GET /identity HTTP/1.1" 300 3228 "-" "openstacksdk/4.10.0 keystoneauth1/5.13.1 python-requests/2.32.5 CPython/3.12.3"
199.204.45.6 - - [27/Mar/2026:01:20:38 +0000] "POST /identity/v3/auth/tokens HTTP/1.1" 201 8024 "-" "openstacksdk/4.10.0 keystoneauth1/5.13.1 python-requests/2.32.5 CPython/3.12.3"
199.204.45.6 - - [27/Mar/2026:01:20:38 +0000] "GET /identity/v3/auth/tokens HTTP/1.1" 200 8019 "-" "python-keystoneclient"
199.204.45.6 - - [27/Mar/2026:01:20:38 +0000] "POST /identity/v3/auth/tokens HTTP/1.1" 201 7602 "-" "uwsgi keystoneauth1/5.13.1 python-requests/2.32.5 CPython/3.12.3"
199.204.45.6 - - [27/Mar/2026:01:20:38 +0000] "POST /identity/v3/auth/tokens HTTP/1.1" 201 7602 "-" "uwsgi keystoneauth1/5.13.1 python-requests/2.32.5 CPython/3.12.3"
199.204.45.6 - - [27/Mar/2026:01:20:38 +0000] "POST /identity/v3/auth/tokens HTTP/1.1" 201 7602 "-" "uwsgi keystoneauth1/5.13.1 python-requests/2.32.5 CPython/3.12.3"
