172.18.0.2 - - [27/Mar/2026:01:37:23 +0000] "GET /compute/v2.1/servers/a6fbbf0f-b9f5-4dca-b821-a8a47b4f7f4a HTTP/1.1" 200 4637 "-" "cluster-api-provider-openstack/v0.12.4 gophercloud/v2.7.0"
199.204.45.6 - - [27/Mar/2026:01:37:23 +0000] "GET /networking/v2.0/security-groups?id=303f3d62-74f3-414d-9b26-29abe66b0e3e&fields=id&fields=name HTTP/1.1" 200 3016 "-" "python-neutronclient"
172.18.0.2 - - [27/Mar/2026:01:37:23 +0000] "GET /compute/v2.1/servers/6992e1dc-0e77-4da6-98b8-358fcf8f28b0 HTTP/1.1" 200 4623 "-" "cluster-api-provider-openstack/v0.12.4 gophercloud/v2.7.0"
199.204.45.6 - - [27/Mar/2026:01:37:40 +0000] "GET /placement/resource_providers/5c6b4c96-b0df-4618-95cf-ac8ae652e89c/allocations HTTP/1.1" 200 3302 "-" "nova-compute keystoneauth1/5.13.1 python-requests/2.32.5 CPython/3.12.3"
199.204.45.6 - - [27/Mar/2026:01:37:40 +0000] "GET /placement/resource_providers/5c6b4c96-b0df-4618-95cf-ac8ae652e89c/allocations HTTP/1.1" 200 3302 "-" "nova-compute keystoneauth1/5.13.1 python-requests/2.32.5 CPython/3.12.3"
199.204.45.6 - - [27/Mar/2026:01:37:40 +0000] "GET /placement/allocations/6992e1dc-0e77-4da6-98b8-358fcf8f28b0 HTTP/1.1" 200 3275 "-" "nova-compute keystoneauth1/5.13.1 python-requests/2.32.5 CPython/3.12.3"
199.204.45.6 - - [27/Mar/2026:01:37:40 +0000] "GET /placement/allocations/5a8b97fe-0c9c-4c63-9fff-d52fc3109fe6 HTTP/1.1" 200 3275 "-" "nova-compute keystoneauth1/5.13.1 python-requests/2.32.5 CPython/3.12.3"
199.204.45.6 - - [27/Mar/2026:01:37:40 +0000] "GET /placement/allocations/a6fbbf0f-b9f5-4dca-b821-a8a47b4f7f4a HTTP/1.1" 200 3275 "-" "nova-compute keystoneauth1/5.13.1 python-requests/2.32.5 CPython/3.12.3"
172.24.5.68 - - [27/Mar/2026:01:38:06 +0000] "GET /volume/v3/volumes/detail HTTP/1.1" 200 2988 "-" "cinder-csi-plugin/v1.32.0 gophercloud/v2.5.0"
172.24.5.68 - - [27/Mar/2026:01:38:33 +0000] "GET /networking/ HTTP/1.1" 200 2908 "-" "openstack-cloud-controller-manager/v1.35.0 gophercloud/v2.8.0"
199.204.45.6 - - [27/Mar/2026:01:38:33 +0000] "GET /identity/v3/auth/tokens HTTP/1.1" 200 8192 "-" "python-keystoneclient"
199.204.45.6 - - [27/Mar/2026:01:38:34 +0000] "GET /identity/v3/auth/tokens HTTP/1.1" 200 8066 "-" "python-keystoneclient"
199.204.45.6 - - [27/Mar/2026:01:38:34 +0000] "GET /networking/v2.0/ports?device_id=a6fbbf0f-b9f5-4dca-b821-a8a47b4f7f4a HTTP/1.1" 200 3731 "-" "python-neutronclient"
199.204.45.6 - - [27/Mar/2026:01:38:34 +0000] "GET /networking/v2.0/security-groups?id=4cdb524c-3d79-4379-bde8-23ee7eca8b45&fields=id&fields=name HTTP/1.1" 200 3010 "-" "python-neutronclient"
172.24.5.68 - - [27/Mar/2026:01:38:33 +0000] "GET /compute/v2.1/servers/a6fbbf0f-b9f5-4dca-b821-a8a47b4f7f4a HTTP/1.1" 200 4585 "-" "openstack-cloud-controller-manager/v1.35.0 gophercloud/v2.8.0"
172.24.5.68 - - [27/Mar/2026:01:38:34 +0000] "GET /compute/v2.1/flavors/4 HTTP/1.1" 200 3408 "-" "openstack-cloud-controller-manager/v1.35.0 gophercloud/v2.8.0"
172.24.5.68 - - [27/Mar/2026:01:38:34 +0000] "GET /networking/v2.0/ports?device_id=a6fbbf0f-b9f5-4dca-b821-a8a47b4f7f4a HTTP/1.1" 200 3700 "-" "openstack-cloud-controller-manager/v1.35.0 gophercloud/v2.8.0"
172.24.5.68 - - [27/Mar/2026:01:38:34 +0000] "GET /networking/ HTTP/1.1" 200 2908 "-" "openstack-cloud-controller-manager/v1.35.0 gophercloud/v2.8.0"
199.204.45.6 - - [27/Mar/2026:01:38:34 +0000] "GET /networking/v2.0/ports?device_id=6992e1dc-0e77-4da6-98b8-358fcf8f28b0 HTTP/1.1" 200 3711 "-" "python-neutronclient"
199.204.45.6 - - [27/Mar/2026:01:38:34 +0000] "GET /networking/v2.0/security-groups?id=303f3d62-74f3-414d-9b26-29abe66b0e3e&fields=id&fields=name HTTP/1.1" 200 3016 "-" "python-neutronclient"
172.24.5.68 - - [27/Mar/2026:01:38:34 +0000] "GET /compute/v2.1/servers/6992e1dc-0e77-4da6-98b8-358fcf8f28b0 HTTP/1.1" 200 4571 "-" "openstack-cloud-controller-manager/v1.35.0 gophercloud/v2.8.0"
172.24.5.68 - - [27/Mar/2026:01:38:34 +0000] "GET /compute/v2.1/flavors/4 HTTP/1.1" 200 3408 "-" "openstack-cloud-controller-manager/v1.35.0 gophercloud/v2.8.0"
172.24.5.68 - - [27/Mar/2026:01:38:34 +0000] "GET /networking/v2.0/ports?device_id=6992e1dc-0e77-4da6-98b8-358fcf8f28b0 HTTP/1.1" 200 3680 "-" "openstack-cloud-controller-manager/v1.35.0 gophercloud/v2.8.0"
172.24.5.68 - - [27/Mar/2026:01:38:34 +0000] "GET /networking/ HTTP/1.1" 200 2908 "-" "openstack-cloud-controller-manager/v1.35.0 gophercloud/v2.8.0"
199.204.45.6 - - [27/Mar/2026:01:38:34 +0000] "GET /networking/v2.0/ports?device_id=5a8b97fe-0c9c-4c63-9fff-d52fc3109fe6 HTTP/1.1" 200 3732 "-" "python-neutronclient"
199.204.45.6 - - [27/Mar/2026:01:38:34 +0000] "GET /networking/v2.0/security-groups?id=4cdb524c-3d79-4379-bde8-23ee7eca8b45&fields=id&fields=name HTTP/1.1" 200 3010 "-" "python-neutronclient"
172.24.5.68 - - [27/Mar/2026:01:38:34 +0000] "GET /compute/v2.1/servers/5a8b97fe-0c9c-4c63-9fff-d52fc3109fe6 HTTP/1.1" 200 4586 "-" "openstack-cloud-controller-manager/v1.35.0 gophercloud/v2.8.0"
172.24.5.68 - - [27/Mar/2026:01:38:34 +0000] "GET /compute/v2.1/flavors/4 HTTP/1.1" 200 3408 "-" "openstack-cloud-controller-manager/v1.35.0 gophercloud/v2.8.0"
172.24.5.68 - - [27/Mar/2026:01:38:35 +0000] "GET /networking/v2.0/ports?device_id=5a8b97fe-0c9c-4c63-9fff-d52fc3109fe6 HTTP/1.1" 200 3701 "-" "openstack-cloud-controller-manager/v1.35.0 gophercloud/v2.8.0"
199.204.45.6 - - [27/Mar/2026:01:38:41 +0000] "GET /placement/resource_providers/5c6b4c96-b0df-4618-95cf-ac8ae652e89c/allocations HTTP/1.1" 200 3302 "-" "nova-compute keystoneauth1/5.13.1 python-requests/2.32.5 CPython/3.12.3"
199.204.45.6 - - [27/Mar/2026:01:38:41 +0000] "GET /placement/resource_providers/5c6b4c96-b0df-4618-95cf-ac8ae652e89c/allocations HTTP/1.1" 200 3302 "-" "nova-compute keystoneauth1/5.13.1 python-requests/2.32.5 CPython/3.12.3"
199.204.45.6 - - [27/Mar/2026:01:38:41 +0000] "GET /placement/allocations/6992e1dc-0e77-4da6-98b8-358fcf8f28b0 HTTP/1.1" 200 3275 "-" "nova-compute keystoneauth1/5.13.1 python-requests/2.32.5 CPython/3.12.3"
199.204.45.6 - - [27/Mar/2026:01:38:41 +0000] "GET /placement/allocations/5a8b97fe-0c9c-4c63-9fff-d52fc3109fe6 HTTP/1.1" 200 3275 "-" "nova-compute keystoneauth1/5.13.1 python-requests/2.32.5 CPython/3.12.3"
199.204.45.6 - - [27/Mar/2026:01:38:41 +0000] "GET /placement/allocations/a6fbbf0f-b9f5-4dca-b821-a8a47b4f7f4a HTTP/1.1" 200 3275 "-" "nova-compute keystoneauth1/5.13.1 python-requests/2.32.5 CPython/3.12.3"
199.204.45.6 - - [27/Mar/2026:01:39:06 +0000] "GET /identity HTTP/1.1" 300 3228 "-" "cinder/28.1.0.dev19 keystonemiddleware.auth_token/12.0.0 keystoneauth1/5.13.1 python-requests/2.32.5 CPython/3.12.3"
199.204.45.6 - - [27/Mar/2026:01:39:06 +0000] "POST /identity/v3/auth/tokens HTTP/1.1" 201 7888 "-" "cinder/28.1.0.dev19 keystonemiddleware.auth_token/12.0.0 keystoneauth1/5.13.1 python-requests/2.32.5 CPython/3.12.3"
199.204.45.6 - - [27/Mar/2026:01:39:06 +0000] "GET /identity/v3/auth/tokens HTTP/1.1" 200 8192 "-" "python-keystoneclient"
172.24.5.68 - - [27/Mar/2026:01:39:06 +0000] "GET /volume/v3/volumes/detail HTTP/1.1" 200 2988 "-" "cinder-csi-plugin/v1.32.0 gophercloud/v2.5.0"
199.204.45.6 - - [27/Mar/2026:01:39:42 +0000] "GET /placement/resource_providers/5c6b4c96-b0df-4618-95cf-ac8ae652e89c/allocations HTTP/1.1" 200 3302 "-" "nova-compute keystoneauth1/5.13.1 python-requests/2.32.5 CPython/3.12.3"
199.204.45.6 - - [27/Mar/2026:01:39:42 +0000] "GET /placement/resource_providers/5c6b4c96-b0df-4618-95cf-ac8ae652e89c/allocations HTTP/1.1" 200 3302 "-" "nova-compute keystoneauth1/5.13.1 python-requests/2.32.5 CPython/3.12.3"
199.204.45.6 - - [27/Mar/2026:01:39:42 +0000] "GET /placement/allocations/6992e1dc-0e77-4da6-98b8-358fcf8f28b0 HTTP/1.1" 200 3275 "-" "nova-compute keystoneauth1/5.13.1 python-requests/2.32.5 CPython/3.12.3"
199.204.45.6 - - [27/Mar/2026:01:39:42 +0000] "GET /placement/allocations/5a8b97fe-0c9c-4c63-9fff-d52fc3109fe6 HTTP/1.1" 200 3275 "-" "nova-compute keystoneauth1/5.13.1 python-requests/2.32.5 CPython/3.12.3"
199.204.45.6 - - [27/Mar/2026:01:39:42 +0000] "GET /placement/allocations/a6fbbf0f-b9f5-4dca-b821-a8a47b4f7f4a HTTP/1.1" 200 3275 "-" "nova-compute keystoneauth1/5.13.1 python-requests/2.32.5 CPython/3.12.3"
172.24.5.68 - - [27/Mar/2026:01:40:06 +0000] "GET /volume/v3/volumes/detail HTTP/1.1" 200 2988 "-" "cinder-csi-plugin/v1.32.0 gophercloud/v2.5.0"
199.204.45.6 - - [27/Mar/2026:01:40:43 +0000] "GET /identity/v3/auth/tokens HTTP/1.1" 200 8066 "-" "python-keystoneclient"
199.204.45.6 - - [27/Mar/2026:01:40:43 +0000] "GET /placement/resource_providers/5c6b4c96-b0df-4618-95cf-ac8ae652e89c/allocations HTTP/1.1" 200 3302 "-" "nova-compute keystoneauth1/5.13.1 python-requests/2.32.5 CPython/3.12.3"
199.204.45.6 - - [27/Mar/2026:01:40:43 +0000] "GET /placement/resource_providers?in_tree=5c6b4c96-b0df-4618-95cf-ac8ae652e89c HTTP/1.1" 200 3816 "-" "nova-compute keystoneauth1/5.13.1 python-requests/2.32.5 CPython/3.12.3"
199.204.45.6 - - [27/Mar/2026:01:40:43 +0000] "GET /placement/resource_providers/5c6b4c96-b0df-4618-95cf-ac8ae652e89c/inventories HTTP/1.1" 200 3344 "-" "nova-compute keystoneauth1/5.13.1 python-requests/2.32.5 CPython/3.12.3"
199.204.45.6 - - [27/Mar/2026:01:40:43 +0000] "GET /placement/resource_providers/5c6b4c96-b0df-4618-95cf-ac8ae652e89c/aggregates HTTP/1.1" 200 3068 "-" "nova-compute keystoneauth1/5.13.1 python-requests/2.32.5 CPython/3.12.3"
199.204.45.6 - - [27/Mar/2026:01:40:43 +0000] "GET /placement/resource_providers/5c6b4c96-b0df-4618-95cf-ac8ae652e89c/traits HTTP/1.1" 200 5008 "-" "nova-compute keystoneauth1/5.13.1 python-requests/2.32.5 CPython/3.12.3"
199.204.45.6 - - [27/Mar/2026:01:40:43 +0000] "GET /placement/resource_providers/5c6b4c96-b0df-4618-95cf-ac8ae652e89c/allocations HTTP/1.1" 200 3302 "-" "nova-compute keystoneauth1/5.13.1 python-requests/2.32.5 CPython/3.12.3"
199.204.45.6 - - [27/Mar/2026:01:40:43 +0000] "GET /placement/allocations/6992e1dc-0e77-4da6-98b8-358fcf8f28b0 HTTP/1.1" 200 3275 "-" "nova-compute keystoneauth1/5.13.1 python-requests/2.32.5 CPython/3.12.3"
199.204.45.6 - - [27/Mar/2026:01:40:43 +0000] "GET /placement/allocations/5a8b97fe-0c9c-4c63-9fff-d52fc3109fe6 HTTP/1.1" 200 3275 "-" "nova-compute keystoneauth1/5.13.1 python-requests/2.32.5 CPython/3.12.3"
199.204.45.6 - - [27/Mar/2026:01:40:43 +0000] "GET /placement/allocations/a6fbbf0f-b9f5-4dca-b821-a8a47b4f7f4a HTTP/1.1" 200 3275 "-" "nova-compute keystoneauth1/5.13.1 python-requests/2.32.5 CPython/3.12.3"
172.18.0.2 - - [27/Mar/2026:01:40:52 +0000] "GET /compute/v2.1/ HTTP/1.1" 200 3430 "-" "cluster-api-provider-openstack/v0.12.4 gophercloud/v2.7.0"
172.18.0.2 - - [27/Mar/2026:01:40:52 +0000] "GET /compute/v2.1/ HTTP/1.1" 200 3430 "-" "cluster-api-provider-openstack/v0.12.4 gophercloud/v2.7.0"
172.18.0.2 - - [27/Mar/2026:01:40:52 +0000] "GET /compute/v2.1/ HTTP/1.1" 200 3430 "-" "cluster-api-provider-openstack/v0.12.4 gophercloud/v2.7.0"
199.204.45.6 - - [27/Mar/2026:01:40:52 +0000] "GET /networking/v2.0/ports?device_id=a6fbbf0f-b9f5-4dca-b821-a8a47b4f7f4a HTTP/1.1" 200 3731 "-" "python-neutronclient"
199.204.45.6 - - [27/Mar/2026:01:40:52 +0000] "GET /networking/v2.0/ports?device_id=5a8b97fe-0c9c-4c63-9fff-d52fc3109fe6 HTTP/1.1" 200 3732 "-" "python-neutronclient"
199.204.45.6 - - [27/Mar/2026:01:40:52 +0000] "GET /networking/v2.0/ports?device_id=6992e1dc-0e77-4da6-98b8-358fcf8f28b0 HTTP/1.1" 200 3711 "-" "python-neutronclient"
199.204.45.6 - - [27/Mar/2026:01:40:52 +0000] "GET /networking/v2.0/security-groups?id=4cdb524c-3d79-4379-bde8-23ee7eca8b45&fields=id&fields=name HTTP/1.1" 200 3010 "-" "python-neutronclient"
199.204.45.6 - - [27/Mar/2026:01:40:52 +0000] "GET /networking/v2.0/security-groups?id=4cdb524c-3d79-4379-bde8-23ee7eca8b45&fields=id&fields=name HTTP/1.1" 200 3010 "-" "python-neutronclient"
199.204.45.6 - - [27/Mar/2026:01:40:52 +0000] "GET /networking/v2.0/security-groups?id=303f3d62-74f3-414d-9b26-29abe66b0e3e&fields=id&fields=name HTTP/1.1" 200 3016 "-" "python-neutronclient"
172.18.0.2 - - [27/Mar/2026:01:40:52 +0000] "GET /compute/v2.1/servers/5a8b97fe-0c9c-4c63-9fff-d52fc3109fe6 HTTP/1.1" 200 4638 "-" "cluster-api-provider-openstack/v0.12.4 gophercloud/v2.7.0"
172.18.0.2 - - [27/Mar/2026:01:40:52 +0000] "GET /compute/v2.1/servers/a6fbbf0f-b9f5-4dca-b821-a8a47b4f7f4a HTTP/1.1" 200 4637 "-" "cluster-api-provider-openstack/v0.12.4 gophercloud/v2.7.0"
172.18.0.2 - - [27/Mar/2026:01:40:52 +0000] "GET /compute/v2.1/servers/6992e1dc-0e77-4da6-98b8-358fcf8f28b0 HTTP/1.1" 200 4623 "-" "cluster-api-provider-openstack/v0.12.4 gophercloud/v2.7.0"
172.24.5.68 - - [27/Mar/2026:01:41:06 +0000] "GET /volume/v3/volumes/detail HTTP/1.1" 200 2988 "-" "cinder-csi-plugin/v1.32.0 gophercloud/v2.5.0"
172.18.0.2 - - [27/Mar/2026:01:41:37 +0000] "GET /networking/v2.0/ports?id=07066e77-67e0-479a-94d6-56c106c81578&name=kube-b49cv-bg8b4-2h5q7-0&network_id=bf888527-e14c-4dd1-9c82-a471e3542b9f HTTP/1.1" 200 3680 "-" "cluster-api-provider-openstack/v0.12.4 gophercloud/v2.7.0"
172.18.0.2 - - [27/Mar/2026:01:41:37 +0000] "GET /networking/v2.0/ports?id=8c64225b-f819-4cb0-98ca-8bdf17eb0e07&name=kube-b49cv-default-worker-h6jwb-jcrzh-clbfl-0&network_id=bf888527-e14c-4dd1-9c82-a471e3542b9f HTTP/1.1" 200 3700 "-" "cluster-api-provider-openstack/v0.12.4 gophercloud/v2.7.0"
172.18.0.2 - - [27/Mar/2026:01:41:37 +0000] "GET /compute/v2.1/ HTTP/1.1" 200 3430 "-" "cluster-api-provider-openstack/v0.12.4 gophercloud/v2.7.0"
172.18.0.2 - - [27/Mar/2026:01:41:37 +0000] "GET /networking/v2.0/ports?id=82507769-7fe6-48b7-8c88-2378f842cd08&name=kube-b49cv-default-worker-h6jwb-jcrzh-7g5bd-0&network_id=bf888527-e14c-4dd1-9c82-a471e3542b9f HTTP/1.1" 200 3701 "-" "cluster-api-provider-openstack/v0.12.4 gophercloud/v2.7.0"
172.18.0.2 - - [27/Mar/2026:01:41:37 +0000] "GET /compute/v2.1/ HTTP/1.1" 200 3430 "-" "cluster-api-provider-openstack/v0.12.4 gophercloud/v2.7.0"
172.18.0.2 - - [27/Mar/2026:01:41:37 +0000] "GET /compute/v2.1/ HTTP/1.1" 200 3430 "-" "cluster-api-provider-openstack/v0.12.4 gophercloud/v2.7.0"
199.204.45.6 - - [27/Mar/2026:01:41:37 +0000] "GET /networking/v2.0/ports?device_id=a6fbbf0f-b9f5-4dca-b821-a8a47b4f7f4a HTTP/1.1" 200 3731 "-" "python-neutronclient"
199.204.45.6 - - [27/Mar/2026:01:41:37 +0000] "GET /networking/v2.0/ports?device_id=5a8b97fe-0c9c-4c63-9fff-d52fc3109fe6 HTTP/1.1" 200 3732 "-" "python-neutronclient"
199.204.45.6 - - [27/Mar/2026:01:41:37 +0000] "GET /networking/v2.0/ports?device_id=6992e1dc-0e77-4da6-98b8-358fcf8f28b0 HTTP/1.1" 200 3711 "-" "python-neutronclient"
199.204.45.6 - - [27/Mar/2026:01:41:38 +0000] "GET /networking/v2.0/security-groups?id=4cdb524c-3d79-4379-bde8-23ee7eca8b45&fields=id&fields=name HTTP/1.1" 200 3010 "-" "python-neutronclient"
199.204.45.6 - - [27/Mar/2026:01:41:38 +0000] "GET /networking/v2.0/security-groups?id=4cdb524c-3d79-4379-bde8-23ee7eca8b45&fields=id&fields=name HTTP/1.1" 200 3010 "-" "python-neutronclient"
172.18.0.2 - - [27/Mar/2026:01:41:37 +0000] "GET /compute/v2.1/servers/5a8b97fe-0c9c-4c63-9fff-d52fc3109fe6 HTTP/1.1" 200 4638 "-" "cluster-api-provider-openstack/v0.12.4 gophercloud/v2.7.0"
172.18.0.2 - - [27/Mar/2026:01:41:37 +0000] "GET /compute/v2.1/servers/a6fbbf0f-b9f5-4dca-b821-a8a47b4f7f4a HTTP/1.1" 200 4637 "-" "cluster-api-provider-openstack/v0.12.4 gophercloud/v2.7.0"
199.204.45.6 - - [27/Mar/2026:01:41:38 +0000] "GET /networking/v2.0/security-groups?id=303f3d62-74f3-414d-9b26-29abe66b0e3e&fields=id&fields=name HTTP/1.1" 200 3016 "-" "python-neutronclient"
172.18.0.2 - - [27/Mar/2026:01:41:37 +0000] "GET /compute/v2.1/servers/6992e1dc-0e77-4da6-98b8-358fcf8f28b0 HTTP/1.1" 200 4623 "-" "cluster-api-provider-openstack/v0.12.4 gophercloud/v2.7.0"
199.204.45.6 - - [27/Mar/2026:01:41:43 +0000] "GET /placement/resource_providers/5c6b4c96-b0df-4618-95cf-ac8ae652e89c/allocations HTTP/1.1" 200 3302 "-" "nova-compute keystoneauth1/5.13.1 python-requests/2.32.5 CPython/3.12.3"
199.204.45.6 - - [27/Mar/2026:01:41:43 +0000] "GET /placement/resource_providers/5c6b4c96-b0df-4618-95cf-ac8ae652e89c/allocations HTTP/1.1" 200 3302 "-" "nova-compute keystoneauth1/5.13.1 python-requests/2.32.5 CPython/3.12.3"
199.204.45.6 - - [27/Mar/2026:01:41:43 +0000] "GET /placement/allocations/6992e1dc-0e77-4da6-98b8-358fcf8f28b0 HTTP/1.1" 200 3275 "-" "nova-compute keystoneauth1/5.13.1 python-requests/2.32.5 CPython/3.12.3"
199.204.45.6 - - [27/Mar/2026:01:41:43 +0000] "GET /placement/allocations/5a8b97fe-0c9c-4c63-9fff-d52fc3109fe6 HTTP/1.1" 200 3275 "-" "nova-compute keystoneauth1/5.13.1 python-requests/2.32.5 CPython/3.12.3"
199.204.45.6 - - [27/Mar/2026:01:41:43 +0000] "GET /placement/allocations/a6fbbf0f-b9f5-4dca-b821-a8a47b4f7f4a HTTP/1.1" 200 3275 "-" "nova-compute keystoneauth1/5.13.1 python-requests/2.32.5 CPython/3.12.3"
172.24.5.68 - - [27/Mar/2026:01:42:06 +0000] "GET /volume/v3/volumes/detail HTTP/1.1" 200 2988 "-" "cinder-csi-plugin/v1.32.0 gophercloud/v2.5.0"
199.204.45.6 - - [27/Mar/2026:01:42:43 +0000] "GET /placement/resource_providers/5c6b4c96-b0df-4618-95cf-ac8ae652e89c/allocations HTTP/1.1" 200 3302 "-" "nova-compute keystoneauth1/5.13.1 python-requests/2.32.5 CPython/3.12.3"
199.204.45.6 - - [27/Mar/2026:01:42:43 +0000] "GET /placement/resource_providers/5c6b4c96-b0df-4618-95cf-ac8ae652e89c/allocations HTTP/1.1" 200 3302 "-" "nova-compute keystoneauth1/5.13.1 python-requests/2.32.5 CPython/3.12.3"
199.204.45.6 - - [27/Mar/2026:01:42:43 +0000] "GET /placement/allocations/6992e1dc-0e77-4da6-98b8-358fcf8f28b0 HTTP/1.1" 200 3275 "-" "nova-compute keystoneauth1/5.13.1 python-requests/2.32.5 CPython/3.12.3"
199.204.45.6 - - [27/Mar/2026:01:42:43 +0000] "GET /placement/allocations/5a8b97fe-0c9c-4c63-9fff-d52fc3109fe6 HTTP/1.1" 200 3275 "-" "nova-compute keystoneauth1/5.13.1 python-requests/2.32.5 CPython/3.12.3"
199.204.45.6 - - [27/Mar/2026:01:42:43 +0000] "GET /placement/allocations/a6fbbf0f-b9f5-4dca-b821-a8a47b4f7f4a HTTP/1.1" 200 3275 "-" "nova-compute keystoneauth1/5.13.1 python-requests/2.32.5 CPython/3.12.3"
172.24.5.68 - - [27/Mar/2026:01:43:06 +0000] "GET /volume/v3/volumes/detail HTTP/1.1" 200 2988 "-" "cinder-csi-plugin/v1.32.0 gophercloud/v2.5.0"
172.24.5.68 - - [27/Mar/2026:01:43:35 +0000] "GET /networking/ HTTP/1.1" 200 2908 "-" "openstack-cloud-controller-manager/v1.35.0 gophercloud/v2.8.0"
199.204.45.6 - - [27/Mar/2026:01:43:35 +0000] "GET /identity/v3/auth/tokens HTTP/1.1" 200 8192 "-" "python-keystoneclient"
199.204.45.6 - - [27/Mar/2026:01:43:35 +0000] "GET /identity/v3/auth/tokens HTTP/1.1" 200 8066 "-" "python-keystoneclient"
199.204.45.6 - - [27/Mar/2026:01:43:35 +0000] "GET /networking/v2.0/ports?device_id=6992e1dc-0e77-4da6-98b8-358fcf8f28b0 HTTP/1.1" 200 3711 "-" "python-neutronclient"
199.204.45.6 - - [27/Mar/2026:01:43:35 +0000] "GET /networking/v2.0/security-groups?id=303f3d62-74f3-414d-9b26-29abe66b0e3e&fields=id&fields=name HTTP/1.1" 200 3016 "-" "python-neutronclient"
172.24.5.68 - - [27/Mar/2026:01:43:35 +0000] "GET /compute/v2.1/servers/6992e1dc-0e77-4da6-98b8-358fcf8f28b0 HTTP/1.1" 200 4571 "-" "openstack-cloud-controller-manager/v1.35.0 gophercloud/v2.8.0"
172.24.5.68 - - [27/Mar/2026:01:43:35 +0000] "GET /compute/v2.1/flavors/4 HTTP/1.1" 200 3408 "-" "openstack-cloud-controller-manager/v1.35.0 gophercloud/v2.8.0"
172.24.5.68 - - [27/Mar/2026:01:43:35 +0000] "GET /networking/v2.0/ports?device_id=6992e1dc-0e77-4da6-98b8-358fcf8f28b0 HTTP/1.1" 200 3680 "-" "openstack-cloud-controller-manager/v1.35.0 gophercloud/v2.8.0"
172.24.5.68 - - [27/Mar/2026:01:43:35 +0000] "GET /networking/ HTTP/1.1" 200 2908 "-" "openstack-cloud-controller-manager/v1.35.0 gophercloud/v2.8.0"
199.204.45.6 - - [27/Mar/2026:01:43:35 +0000] "GET /identity/v3/auth/tokens HTTP/1.1" 200 8066 "-" "python-keystoneclient"
199.204.45.6 - - [27/Mar/2026:01:43:35 +0000] "GET /networking/v2.0/ports?device_id=5a8b97fe-0c9c-4c63-9fff-d52fc3109fe6 HTTP/1.1" 200 3732 "-" "python-neutronclient"
199.204.45.6 - - [27/Mar/2026:01:43:35 +0000] "GET /networking/v2.0/security-groups?id=4cdb524c-3d79-4379-bde8-23ee7eca8b45&fields=id&fields=name HTTP/1.1" 200 3010 "-" "python-neutronclient"
172.24.5.68 - - [27/Mar/2026:01:43:35 +0000] "GET /compute/v2.1/servers/5a8b97fe-0c9c-4c63-9fff-d52fc3109fe6 HTTP/1.1" 200 4586 "-" "openstack-cloud-controller-manager/v1.35.0 gophercloud/v2.8.0"
172.24.5.68 - - [27/Mar/2026:01:43:35 +0000] "GET /compute/v2.1/flavors/4 HTTP/1.1" 200 3408 "-" "openstack-cloud-controller-manager/v1.35.0 gophercloud/v2.8.0"
172.24.5.68 - - [27/Mar/2026:01:43:35 +0000] "GET /networking/v2.0/ports?device_id=5a8b97fe-0c9c-4c63-9fff-d52fc3109fe6 HTTP/1.1" 200 3701 "-" "openstack-cloud-controller-manager/v1.35.0 gophercloud/v2.8.0"
172.24.5.68 - - [27/Mar/2026:01:43:35 +0000] "GET /networking/ HTTP/1.1" 200 2908 "-" "openstack-cloud-controller-manager/v1.35.0 gophercloud/v2.8.0"
199.204.45.6 - - [27/Mar/2026:01:43:35 +0000] "GET /networking/v2.0/ports?device_id=a6fbbf0f-b9f5-4dca-b821-a8a47b4f7f4a HTTP/1.1" 200 3731 "-" "python-neutronclient"
199.204.45.6 - - [27/Mar/2026:01:43:35 +0000] "GET /networking/v2.0/security-groups?id=4cdb524c-3d79-4379-bde8-23ee7eca8b45&fields=id&fields=name HTTP/1.1" 200 3010 "-" "python-neutronclient"
172.24.5.68 - - [27/Mar/2026:01:43:35 +0000] "GET /compute/v2.1/servers/a6fbbf0f-b9f5-4dca-b821-a8a47b4f7f4a HTTP/1.1" 200 4585 "-" "openstack-cloud-controller-manager/v1.35.0 gophercloud/v2.8.0"
172.24.5.68 - - [27/Mar/2026:01:43:36 +0000] "GET /compute/v2.1/flavors/4 HTTP/1.1" 200 3408 "-" "openstack-cloud-controller-manager/v1.35.0 gophercloud/v2.8.0"
172.24.5.68 - - [27/Mar/2026:01:43:36 +0000] "GET /networking/v2.0/ports?device_id=a6fbbf0f-b9f5-4dca-b821-a8a47b4f7f4a HTTP/1.1" 200 3700 "-" "openstack-cloud-controller-manager/v1.35.0 gophercloud/v2.8.0"
199.204.45.6 - - [27/Mar/2026:01:43:45 +0000] "GET /placement/resource_providers/5c6b4c96-b0df-4618-95cf-ac8ae652e89c/allocations HTTP/1.1" 200 3302 "-" "nova-compute keystoneauth1/5.13.1 python-requests/2.32.5 CPython/3.12.3"
199.204.45.6 - - [27/Mar/2026:01:43:45 +0000] "GET /placement/resource_providers/5c6b4c96-b0df-4618-95cf-ac8ae652e89c/allocations HTTP/1.1" 200 3302 "-" "nova-compute keystoneauth1/5.13.1 python-requests/2.32.5 CPython/3.12.3"
199.204.45.6 - - [27/Mar/2026:01:43:45 +0000] "GET /placement/allocations/6992e1dc-0e77-4da6-98b8-358fcf8f28b0 HTTP/1.1" 200 3275 "-" "nova-compute keystoneauth1/5.13.1 python-requests/2.32.5 CPython/3.12.3"
199.204.45.6 - - [27/Mar/2026:01:43:45 +0000] "GET /placement/allocations/5a8b97fe-0c9c-4c63-9fff-d52fc3109fe6 HTTP/1.1" 200 3275 "-" "nova-compute keystoneauth1/5.13.1 python-requests/2.32.5 CPython/3.12.3"
199.204.45.6 - - [27/Mar/2026:01:43:45 +0000] "GET /placement/allocations/a6fbbf0f-b9f5-4dca-b821-a8a47b4f7f4a HTTP/1.1" 200 3275 "-" "nova-compute keystoneauth1/5.13.1 python-requests/2.32.5 CPython/3.12.3"
199.204.45.6 - - [27/Mar/2026:01:43:51 +0000] "GET /identity/v3/auth/tokens HTTP/1.1" 200 8192 "-" "python-keystoneclient"
172.18.0.2 - - [27/Mar/2026:01:43:51 +0000] "GET /networking/v2.0/networks/97d743ed-894f-4f21-a5ab-df2f014e3213 HTTP/1.1" 200 3502 "-" "cluster-api-provider-openstack/v0.12.4 gophercloud/v2.7.0"
172.18.0.2 - - [27/Mar/2026:01:43:51 +0000] "GET /networking/v2.0/networks?name=k8s-clusterapi-cluster-magnum-system-kube-b49cv HTTP/1.1" 200 3490 "-" "cluster-api-provider-openstack/v0.12.4 gophercloud/v2.7.0"
172.18.0.2 - - [27/Mar/2026:01:43:51 +0000] "GET /networking/v2.0/subnets?cidr=192.168.24.0%2F24&network_id=bf888527-e14c-4dd1-9c82-a471e3542b9f HTTP/1.1" 200 3614 "-" "cluster-api-provider-openstack/v0.12.4 gophercloud/v2.7.0"
172.18.0.2 - - [27/Mar/2026:01:43:51 +0000] "GET /networking/v2.0/routers/ea757906-50b4-41f2-9f6f-c66759179083 HTTP/1.1" 200 4059 "-" "cluster-api-provider-openstack/v0.12.4 gophercloud/v2.7.0"
172.18.0.2 - - [27/Mar/2026:01:43:52 +0000] "GET /networking/v2.0/ports?device_id=ea757906-50b4-41f2-9f6f-c66759179083 HTTP/1.1" 200 3569 "-" "cluster-api-provider-openstack/v0.12.4 gophercloud/v2.7.0"
172.18.0.2 - - [27/Mar/2026:01:43:52 +0000] "GET /networking/v2.0/security-groups?name=k8s-cluster-magnum-system-kube-b49cv-secgroup-bastion HTTP/1.1" 200 2868 "-" "cluster-api-provider-openstack/v0.12.4 gophercloud/v2.7.0"
172.18.0.2 - - [27/Mar/2026:01:43:52 +0000] "GET /networking/v2.0/security-groups?name=k8s-cluster-magnum-system-kube-b49cv-secgroup-controlplane HTTP/1.1" 200 7754 "-" "cluster-api-provider-openstack/v0.12.4 gophercloud/v2.7.0"
172.18.0.2 - - [27/Mar/2026:01:43:52 +0000] "GET /networking/v2.0/security-groups?name=k8s-cluster-magnum-system-kube-b49cv-secgroup-worker HTTP/1.1" 200 11151 "-" "cluster-api-provider-openstack/v0.12.4 gophercloud/v2.7.0"
172.18.0.2 - - [27/Mar/2026:01:43:52 +0000] "GET /networking/v2.0/floatingips?floating_ip_address=172.24.5.226 HTTP/1.1" 200 3755 "-" "cluster-api-provider-openstack/v0.12.4 gophercloud/v2.7.0"
172.18.0.2 - - [27/Mar/2026:01:43:52 +0000] "GET /compute/v2.1/ HTTP/1.1" 200 3430 "-" "cluster-api-provider-openstack/v0.12.4 gophercloud/v2.7.0"
172.18.0.2 - - [27/Mar/2026:01:43:52 +0000] "GET /compute/v2.1/os-availability-zone HTTP/1.1" 200 3137 "-" "cluster-api-provider-openstack/v0.12.4 gophercloud/v2.7.0"
199.204.45.6 - - [27/Mar/2026:01:44:06 +0000] "GET /identity/v3/auth/tokens HTTP/1.1" 200 8192 "-" "python-keystoneclient"
172.24.5.68 - - [27/Mar/2026:01:44:06 +0000] "GET /volume/v3/volumes/detail HTTP/1.1" 200 2988 "-" "cinder-csi-plugin/v1.32.0 gophercloud/v2.5.0"
199.204.45.6 - - [27/Mar/2026:01:44:46 +0000] "GET /placement/resource_providers/5c6b4c96-b0df-4618-95cf-ac8ae652e89c/allocations HTTP/1.1" 200 3302 "-" "nova-compute keystoneauth1/5.13.1 python-requests/2.32.5 CPython/3.12.3"
199.204.45.6 - - [27/Mar/2026:01:44:46 +0000] "GET /placement/resource_providers/5c6b4c96-b0df-4618-95cf-ac8ae652e89c/allocations HTTP/1.1" 200 3302 "-" "nova-compute keystoneauth1/5.13.1 python-requests/2.32.5 CPython/3.12.3"
199.204.45.6 - - [27/Mar/2026:01:44:46 +0000] "GET /placement/allocations/6992e1dc-0e77-4da6-98b8-358fcf8f28b0 HTTP/1.1" 200 3275 "-" "nova-compute keystoneauth1/5.13.1 python-requests/2.32.5 CPython/3.12.3"
199.204.45.6 - - [27/Mar/2026:01:44:46 +0000] "GET /placement/allocations/5a8b97fe-0c9c-4c63-9fff-d52fc3109fe6 HTTP/1.1" 200 3275 "-" "nova-compute keystoneauth1/5.13.1 python-requests/2.32.5 CPython/3.12.3"
199.204.45.6 - - [27/Mar/2026:01:44:46 +0000] "GET /placement/allocations/a6fbbf0f-b9f5-4dca-b821-a8a47b4f7f4a HTTP/1.1" 200 3275 "-" "nova-compute keystoneauth1/5.13.1 python-requests/2.32.5 CPython/3.12.3"
172.24.5.68 - - [27/Mar/2026:01:45:06 +0000] "GET /volume/v3/volumes/detail HTTP/1.1" 200 2988 "-" "cinder-csi-plugin/v1.32.0 gophercloud/v2.5.0"
199.204.45.6 - - [27/Mar/2026:01:45:48 +0000] "GET /identity/v3/auth/tokens HTTP/1.1" 200 8066 "-" "python-keystoneclient"
199.204.45.6 - - [27/Mar/2026:01:45:48 +0000] "GET /placement/resource_providers/5c6b4c96-b0df-4618-95cf-ac8ae652e89c/allocations HTTP/1.1" 200 3302 "-" "nova-compute keystoneauth1/5.13.1 python-requests/2.32.5 CPython/3.12.3"
199.204.45.6 - - [27/Mar/2026:01:45:48 +0000] "GET /placement/resource_providers?in_tree=5c6b4c96-b0df-4618-95cf-ac8ae652e89c HTTP/1.1" 200 3816 "-" "nova-compute keystoneauth1/5.13.1 python-requests/2.32.5 CPython/3.12.3"
199.204.45.6 - - [27/Mar/2026:01:45:48 +0000] "GET /placement/resource_providers/5c6b4c96-b0df-4618-95cf-ac8ae652e89c/inventories HTTP/1.1" 200 3344 "-" "nova-compute keystoneauth1/5.13.1 python-requests/2.32.5 CPython/3.12.3"
199.204.45.6 - - [27/Mar/2026:01:45:48 +0000] "GET /placement/resource_providers/5c6b4c96-b0df-4618-95cf-ac8ae652e89c/aggregates HTTP/1.1" 200 3068 "-" "nova-compute keystoneauth1/5.13.1 python-requests/2.32.5 CPython/3.12.3"
199.204.45.6 - - [27/Mar/2026:01:45:48 +0000] "GET /placement/resource_providers/5c6b4c96-b0df-4618-95cf-ac8ae652e89c/traits HTTP/1.1" 200 5008 "-" "nova-compute keystoneauth1/5.13.1 python-requests/2.32.5 CPython/3.12.3"
199.204.45.6 - - [27/Mar/2026:01:45:48 +0000] "GET /placement/resource_providers/5c6b4c96-b0df-4618-95cf-ac8ae652e89c/allocations HTTP/1.1" 200 3302 "-" "nova-compute keystoneauth1/5.13.1 python-requests/2.32.5 CPython/3.12.3"
199.204.45.6 - - [27/Mar/2026:01:45:48 +0000] "GET /placement/allocations/6992e1dc-0e77-4da6-98b8-358fcf8f28b0 HTTP/1.1" 200 3275 "-" "nova-compute keystoneauth1/5.13.1 python-requests/2.32.5 CPython/3.12.3"
199.204.45.6 - - [27/Mar/2026:01:45:48 +0000] "GET /placement/allocations/5a8b97fe-0c9c-4c63-9fff-d52fc3109fe6 HTTP/1.1" 200 3275 "-" "nova-compute keystoneauth1/5.13.1 python-requests/2.32.5 CPython/3.12.3"
199.204.45.6 - - [27/Mar/2026:01:45:48 +0000] "GET /placement/allocations/a6fbbf0f-b9f5-4dca-b821-a8a47b4f7f4a HTTP/1.1" 200 3275 "-" "nova-compute keystoneauth1/5.13.1 python-requests/2.32.5 CPython/3.12.3"
172.24.5.68 - - [27/Mar/2026:01:46:07 +0000] "GET /volume/v3/volumes/detail HTTP/1.1" 200 2988 "-" "cinder-csi-plugin/v1.32.0 gophercloud/v2.5.0"
199.204.45.6 - - [27/Mar/2026:01:46:50 +0000] "GET /placement/resource_providers/5c6b4c96-b0df-4618-95cf-ac8ae652e89c/allocations HTTP/1.1" 200 3302 "-" "nova-compute keystoneauth1/5.13.1 python-requests/2.32.5 CPython/3.12.3"
199.204.45.6 - - [27/Mar/2026:01:46:50 +0000] "GET /placement/resource_providers/5c6b4c96-b0df-4618-95cf-ac8ae652e89c/allocations HTTP/1.1" 200 3302 "-" "nova-compute keystoneauth1/5.13.1 python-requests/2.32.5 CPython/3.12.3"
199.204.45.6 - - [27/Mar/2026:01:46:50 +0000] "GET /placement/allocations/6992e1dc-0e77-4da6-98b8-358fcf8f28b0 HTTP/1.1" 200 3275 "-" "nova-compute keystoneauth1/5.13.1 python-requests/2.32.5 CPython/3.12.3"
199.204.45.6 - - [27/Mar/2026:01:46:50 +0000] "GET /placement/allocations/5a8b97fe-0c9c-4c63-9fff-d52fc3109fe6 HTTP/1.1" 200 3275 "-" "nova-compute keystoneauth1/5.13.1 python-requests/2.32.5 CPython/3.12.3"
199.204.45.6 - - [27/Mar/2026:01:46:50 +0000] "GET /placement/allocations/a6fbbf0f-b9f5-4dca-b821-a8a47b4f7f4a HTTP/1.1" 200 3275 "-" "nova-compute keystoneauth1/5.13.1 python-requests/2.32.5 CPython/3.12.3"
172.24.5.68 - - [27/Mar/2026:01:47:07 +0000] "GET /volume/v3/volumes/detail HTTP/1.1" 200 2988 "-" "cinder-csi-plugin/v1.32.0 gophercloud/v2.5.0"
172.18.0.2 - - [27/Mar/2026:01:47:12 +0000] "GET /compute/v2.1/ HTTP/1.1" 200 3430 "-" "cluster-api-provider-openstack/v0.12.4 gophercloud/v2.7.0"
172.18.0.2 - - [27/Mar/2026:01:47:12 +0000] "GET /compute/v2.1/ HTTP/1.1" 200 3430 "-" "cluster-api-provider-openstack/v0.12.4 gophercloud/v2.7.0"
172.18.0.2 - - [27/Mar/2026:01:47:12 +0000] "GET /compute/v2.1/ HTTP/1.1" 200 3430 "-" "cluster-api-provider-openstack/v0.12.4 gophercloud/v2.7.0"
199.204.45.6 - - [27/Mar/2026:01:47:12 +0000] "GET /identity/v3/auth/tokens HTTP/1.1" 200 8066 "-" "python-keystoneclient"
199.204.45.6 - - [27/Mar/2026:01:47:12 +0000] "GET /networking/v2.0/ports?device_id=a6fbbf0f-b9f5-4dca-b821-a8a47b4f7f4a HTTP/1.1" 200 3731 "-" "python-neutronclient"
199.204.45.6 - - [27/Mar/2026:01:47:12 +0000] "GET /networking/v2.0/ports?device_id=5a8b97fe-0c9c-4c63-9fff-d52fc3109fe6 HTTP/1.1" 200 3732 "-" "python-neutronclient"
199.204.45.6 - - [27/Mar/2026:01:47:12 +0000] "GET /networking/v2.0/ports?device_id=6992e1dc-0e77-4da6-98b8-358fcf8f28b0 HTTP/1.1" 200 3711 "-" "python-neutronclient"
199.204.45.6 - - [27/Mar/2026:01:47:12 +0000] "GET /networking/v2.0/security-groups?id=4cdb524c-3d79-4379-bde8-23ee7eca8b45&fields=id&fields=name HTTP/1.1" 200 3010 "-" "python-neutronclient"
172.18.0.2 - - [27/Mar/2026:01:47:12 +0000] "GET /compute/v2.1/servers/a6fbbf0f-b9f5-4dca-b821-a8a47b4f7f4a HTTP/1.1" 200 4637 "-" "cluster-api-provider-openstack/v0.12.4 gophercloud/v2.7.0"
199.204.45.6 - - [27/Mar/2026:01:47:12 +0000] "GET /networking/v2.0/security-groups?id=4cdb524c-3d79-4379-bde8-23ee7eca8b45&fields=id&fields=name HTTP/1.1" 200 3010 "-" "python-neutronclient"
172.18.0.2 - - [27/Mar/2026:01:47:12 +0000] "GET /compute/v2.1/servers/5a8b97fe-0c9c-4c63-9fff-d52fc3109fe6 HTTP/1.1" 200 4638 "-" "cluster-api-provider-openstack/v0.12.4 gophercloud/v2.7.0"
199.204.45.6 - - [27/Mar/2026:01:47:12 +0000] "GET /networking/v2.0/security-groups?id=303f3d62-74f3-414d-9b26-29abe66b0e3e&fields=id&fields=name HTTP/1.1" 200 3016 "-" "python-neutronclient"
172.18.0.2 - - [27/Mar/2026:01:47:12 +0000] "GET /compute/v2.1/servers/6992e1dc-0e77-4da6-98b8-358fcf8f28b0 HTTP/1.1" 200 4623 "-" "cluster-api-provider-openstack/v0.12.4 gophercloud/v2.7.0"
199.204.45.6 - - [27/Mar/2026:01:47:50 +0000] "GET /placement/resource_providers/5c6b4c96-b0df-4618-95cf-ac8ae652e89c/allocations HTTP/1.1" 200 3302 "-" "nova-compute keystoneauth1/5.13.1 python-requests/2.32.5 CPython/3.12.3"
199.204.45.6 - - [27/Mar/2026:01:47:50 +0000] "GET /placement/resource_providers/5c6b4c96-b0df-4618-95cf-ac8ae652e89c/allocations HTTP/1.1" 200 3302 "-" "nova-compute keystoneauth1/5.13.1 python-requests/2.32.5 CPython/3.12.3"
199.204.45.6 - - [27/Mar/2026:01:47:50 +0000] "GET /placement/allocations/6992e1dc-0e77-4da6-98b8-358fcf8f28b0 HTTP/1.1" 200 3275 "-" "nova-compute keystoneauth1/5.13.1 python-requests/2.32.5 CPython/3.12.3"
199.204.45.6 - - [27/Mar/2026:01:47:50 +0000] "GET /placement/allocations/5a8b97fe-0c9c-4c63-9fff-d52fc3109fe6 HTTP/1.1" 200 3275 "-" "nova-compute keystoneauth1/5.13.1 python-requests/2.32.5 CPython/3.12.3"
199.204.45.6 - - [27/Mar/2026:01:47:50 +0000] "GET /placement/allocations/a6fbbf0f-b9f5-4dca-b821-a8a47b4f7f4a HTTP/1.1" 200 3275 "-" "nova-compute keystoneauth1/5.13.1 python-requests/2.32.5 CPython/3.12.3"
172.24.5.68 - - [27/Mar/2026:01:48:07 +0000] "GET /volume/v3/volumes/detail HTTP/1.1" 200 2988 "-" "cinder-csi-plugin/v1.32.0 gophercloud/v2.5.0"
172.24.5.68 - - [27/Mar/2026:01:48:36 +0000] "GET /networking/ HTTP/1.1" 200 2908 "-" "openstack-cloud-controller-manager/v1.35.0 gophercloud/v2.8.0"
199.204.45.6 - - [27/Mar/2026:01:48:36 +0000] "GET /identity/v3/auth/tokens HTTP/1.1" 200 8192 "-" "python-keystoneclient"
199.204.45.6 - - [27/Mar/2026:01:48:36 +0000] "GET /identity/v3/auth/tokens HTTP/1.1" 200 8066 "-" "python-keystoneclient"
199.204.45.6 - - [27/Mar/2026:01:48:36 +0000] "GET /networking/v2.0/ports?device_id=6992e1dc-0e77-4da6-98b8-358fcf8f28b0 HTTP/1.1" 200 3711 "-" "python-neutronclient"
199.204.45.6 - - [27/Mar/2026:01:48:36 +0000] "GET /networking/v2.0/security-groups?id=303f3d62-74f3-414d-9b26-29abe66b0e3e&fields=id&fields=name HTTP/1.1" 200 3016 "-" "python-neutronclient"
172.24.5.68 - - [27/Mar/2026:01:48:36 +0000] "GET /compute/v2.1/servers/6992e1dc-0e77-4da6-98b8-358fcf8f28b0 HTTP/1.1" 200 4571 "-" "openstack-cloud-controller-manager/v1.35.0 gophercloud/v2.8.0"
172.24.5.68 - - [27/Mar/2026:01:48:36 +0000] "GET /compute/v2.1/flavors/4 HTTP/1.1" 200 3408 "-" "openstack-cloud-controller-manager/v1.35.0 gophercloud/v2.8.0"
172.24.5.68 - - [27/Mar/2026:01:48:36 +0000] "GET /networking/v2.0/ports?device_id=6992e1dc-0e77-4da6-98b8-358fcf8f28b0 HTTP/1.1" 200 3680 "-" "openstack-cloud-controller-manager/v1.35.0 gophercloud/v2.8.0"
172.24.5.68 - - [27/Mar/2026:01:48:36 +0000] "GET /networking/ HTTP/1.1" 200 2908 "-" "openstack-cloud-controller-manager/v1.35.0 gophercloud/v2.8.0"
199.204.45.6 - - [27/Mar/2026:01:48:36 +0000] "GET /identity/v3/auth/tokens HTTP/1.1" 200 8066 "-" "python-keystoneclient"
199.204.45.6 - - [27/Mar/2026:01:48:36 +0000] "GET /networking/v2.0/ports?device_id=5a8b97fe-0c9c-4c63-9fff-d52fc3109fe6 HTTP/1.1" 200 3732 "-" "python-neutronclient"
199.204.45.6 - - [27/Mar/2026:01:48:36 +0000] "GET /networking/v2.0/security-groups?id=4cdb524c-3d79-4379-bde8-23ee7eca8b45&fields=id&fields=name HTTP/1.1" 200 3010 "-" "python-neutronclient"
172.24.5.68 - - [27/Mar/2026:01:48:36 +0000] "GET /compute/v2.1/servers/5a8b97fe-0c9c-4c63-9fff-d52fc3109fe6 HTTP/1.1" 200 4586 "-" "openstack-cloud-controller-manager/v1.35.0 gophercloud/v2.8.0"
172.24.5.68 - - [27/Mar/2026:01:48:37 +0000] "GET /compute/v2.1/flavors/4 HTTP/1.1" 200 3408 "-" "openstack-cloud-controller-manager/v1.35.0 gophercloud/v2.8.0"
172.24.5.68 - - [27/Mar/2026:01:48:37 +0000] "GET /networking/v2.0/ports?device_id=5a8b97fe-0c9c-4c63-9fff-d52fc3109fe6 HTTP/1.1" 200 3701 "-" "openstack-cloud-controller-manager/v1.35.0 gophercloud/v2.8.0"
172.24.5.68 - - [27/Mar/2026:01:48:37 +0000] "GET /networking/ HTTP/1.1" 200 2908 "-" "openstack-cloud-controller-manager/v1.35.0 gophercloud/v2.8.0"
199.204.45.6 - - [27/Mar/2026:01:48:37 +0000] "GET /networking/v2.0/ports?device_id=a6fbbf0f-b9f5-4dca-b821-a8a47b4f7f4a HTTP/1.1" 200 3731 "-" "python-neutronclient"
199.204.45.6 - - [27/Mar/2026:01:48:37 +0000] "GET /networking/v2.0/security-groups?id=4cdb524c-3d79-4379-bde8-23ee7eca8b45&fields=id&fields=name HTTP/1.1" 200 3010 "-" "python-neutronclient"
172.24.5.68 - - [27/Mar/2026:01:48:37 +0000] "GET /compute/v2.1/servers/a6fbbf0f-b9f5-4dca-b821-a8a47b4f7f4a HTTP/1.1" 200 4585 "-" "openstack-cloud-controller-manager/v1.35.0 gophercloud/v2.8.0"
172.24.5.68 - - [27/Mar/2026:01:48:37 +0000] "GET /compute/v2.1/flavors/4 HTTP/1.1" 200 3408 "-" "openstack-cloud-controller-manager/v1.35.0 gophercloud/v2.8.0"
172.24.5.68 - - [27/Mar/2026:01:48:37 +0000] "GET /networking/v2.0/ports?device_id=a6fbbf0f-b9f5-4dca-b821-a8a47b4f7f4a HTTP/1.1" 200 3700 "-" "openstack-cloud-controller-manager/v1.35.0 gophercloud/v2.8.0"
199.204.45.6 - - [27/Mar/2026:01:48:50 +0000] "GET /placement/resource_providers/5c6b4c96-b0df-4618-95cf-ac8ae652e89c/allocations HTTP/1.1" 200 3302 "-" "nova-compute keystoneauth1/5.13.1 python-requests/2.32.5 CPython/3.12.3"
199.204.45.6 - - [27/Mar/2026:01:48:50 +0000] "GET /placement/resource_providers/5c6b4c96-b0df-4618-95cf-ac8ae652e89c/allocations HTTP/1.1" 200 3302 "-" "nova-compute keystoneauth1/5.13.1 python-requests/2.32.5 CPython/3.12.3"
199.204.45.6 - - [27/Mar/2026:01:48:50 +0000] "GET /placement/allocations/6992e1dc-0e77-4da6-98b8-358fcf8f28b0 HTTP/1.1" 200 3275 "-" "nova-compute keystoneauth1/5.13.1 python-requests/2.32.5 CPython/3.12.3"
199.204.45.6 - - [27/Mar/2026:01:48:50 +0000] "GET /placement/allocations/5a8b97fe-0c9c-4c63-9fff-d52fc3109fe6 HTTP/1.1" 200 3275 "-" "nova-compute keystoneauth1/5.13.1 python-requests/2.32.5 CPython/3.12.3"
199.204.45.6 - - [27/Mar/2026:01:48:50 +0000] "GET /placement/allocations/a6fbbf0f-b9f5-4dca-b821-a8a47b4f7f4a HTTP/1.1" 200 3275 "-" "nova-compute keystoneauth1/5.13.1 python-requests/2.32.5 CPython/3.12.3"
199.204.45.6 - - [27/Mar/2026:01:49:07 +0000] "GET /identity/v3/auth/tokens HTTP/1.1" 200 8192 "-" "python-keystoneclient"
172.24.5.68 - - [27/Mar/2026:01:49:07 +0000] "GET /volume/v3/volumes/detail HTTP/1.1" 200 2988 "-" "cinder-csi-plugin/v1.32.0 gophercloud/v2.5.0"
199.204.45.6 - - [27/Mar/2026:01:49:52 +0000] "GET /placement/resource_providers/5c6b4c96-b0df-4618-95cf-ac8ae652e89c/allocations HTTP/1.1" 200 3302 "-" "nova-compute keystoneauth1/5.13.1 python-requests/2.32.5 CPython/3.12.3"
199.204.45.6 - - [27/Mar/2026:01:49:52 +0000] "GET /placement/resource_providers/5c6b4c96-b0df-4618-95cf-ac8ae652e89c/allocations HTTP/1.1" 200 3302 "-" "nova-compute keystoneauth1/5.13.1 python-requests/2.32.5 CPython/3.12.3"
199.204.45.6 - - [27/Mar/2026:01:49:52 +0000] "GET /placement/allocations/6992e1dc-0e77-4da6-98b8-358fcf8f28b0 HTTP/1.1" 200 3275 "-" "nova-compute keystoneauth1/5.13.1 python-requests/2.32.5 CPython/3.12.3"
199.204.45.6 - - [27/Mar/2026:01:49:52 +0000] "GET /placement/allocations/5a8b97fe-0c9c-4c63-9fff-d52fc3109fe6 HTTP/1.1" 200 3275 "-" "nova-compute keystoneauth1/5.13.1 python-requests/2.32.5 CPython/3.12.3"
199.204.45.6 - - [27/Mar/2026:01:49:52 +0000] "GET /placement/allocations/a6fbbf0f-b9f5-4dca-b821-a8a47b4f7f4a HTTP/1.1" 200 3275 "-" "nova-compute keystoneauth1/5.13.1 python-requests/2.32.5 CPython/3.12.3"
172.24.5.68 - - [27/Mar/2026:01:50:07 +0000] "GET /volume/v3/volumes/detail HTTP/1.1" 200 2988 "-" "cinder-csi-plugin/v1.32.0 gophercloud/v2.5.0"
199.204.45.6 - - [27/Mar/2026:01:50:52 +0000] "GET /identity/v3/auth/tokens HTTP/1.1" 200 8066 "-" "python-keystoneclient"
199.204.45.6 - - [27/Mar/2026:01:50:52 +0000] "GET /placement/resource_providers/5c6b4c96-b0df-4618-95cf-ac8ae652e89c/allocations HTTP/1.1" 200 3302 "-" "nova-compute keystoneauth1/5.13.1 python-requests/2.32.5 CPython/3.12.3"
199.204.45.6 - - [27/Mar/2026:01:50:52 +0000] "GET /placement/resource_providers?in_tree=5c6b4c96-b0df-4618-95cf-ac8ae652e89c HTTP/1.1" 200 3816 "-" "nova-compute keystoneauth1/5.13.1 python-requests/2.32.5 CPython/3.12.3"
199.204.45.6 - - [27/Mar/2026:01:50:52 +0000] "GET /placement/resource_providers/5c6b4c96-b0df-4618-95cf-ac8ae652e89c/inventories HTTP/1.1" 200 3344 "-" "nova-compute keystoneauth1/5.13.1 python-requests/2.32.5 CPython/3.12.3"
199.204.45.6 - - [27/Mar/2026:01:50:52 +0000] "GET /placement/resource_providers/5c6b4c96-b0df-4618-95cf-ac8ae652e89c/aggregates HTTP/1.1" 200 3068 "-" "nova-compute keystoneauth1/5.13.1 python-requests/2.32.5 CPython/3.12.3"
199.204.45.6 - - [27/Mar/2026:01:50:52 +0000] "GET /placement/resource_providers/5c6b4c96-b0df-4618-95cf-ac8ae652e89c/traits HTTP/1.1" 200 5008 "-" "nova-compute keystoneauth1/5.13.1 python-requests/2.32.5 CPython/3.12.3"
199.204.45.6 - - [27/Mar/2026:01:50:52 +0000] "GET /placement/resource_providers/5c6b4c96-b0df-4618-95cf-ac8ae652e89c/allocations HTTP/1.1" 200 3302 "-" "nova-compute keystoneauth1/5.13.1 python-requests/2.32.5 CPython/3.12.3"
199.204.45.6 - - [27/Mar/2026:01:50:52 +0000] "GET /placement/allocations/6992e1dc-0e77-4da6-98b8-358fcf8f28b0 HTTP/1.1" 200 3275 "-" "nova-compute keystoneauth1/5.13.1 python-requests/2.32.5 CPython/3.12.3"
199.204.45.6 - - [27/Mar/2026:01:50:52 +0000] "GET /placement/allocations/5a8b97fe-0c9c-4c63-9fff-d52fc3109fe6 HTTP/1.1" 200 3275 "-" "nova-compute keystoneauth1/5.13.1 python-requests/2.32.5 CPython/3.12.3"
199.204.45.6 - - [27/Mar/2026:01:50:53 +0000] "GET /placement/allocations/a6fbbf0f-b9f5-4dca-b821-a8a47b4f7f4a HTTP/1.1" 200 3275 "-" "nova-compute keystoneauth1/5.13.1 python-requests/2.32.5 CPython/3.12.3"
172.24.5.68 - - [27/Mar/2026:01:51:07 +0000] "GET /volume/v3/volumes/detail HTTP/1.1" 200 2988 "-" "cinder-csi-plugin/v1.32.0 gophercloud/v2.5.0"
172.18.0.2 - - [27/Mar/2026:01:51:33 +0000] "GET /identity/ HTTP/1.1" 300 3197 "-" "cluster-api-provider-openstack/v0.12.4 gophercloud/v2.7.0"
172.18.0.2 - - [27/Mar/2026:01:51:33 +0000] "GET /identity/ HTTP/1.1" 300 3197 "-" "cluster-api-provider-openstack/v0.12.4 gophercloud/v2.7.0"
172.18.0.2 - - [27/Mar/2026:01:51:33 +0000] "GET /identity/ HTTP/1.1" 300 3197 "-" "cluster-api-provider-openstack/v0.12.4 gophercloud/v2.7.0"
172.18.0.2 - - [27/Mar/2026:01:51:33 +0000] "POST /identity/v3/auth/tokens HTTP/1.1" 201 8166 "-" "cluster-api-provider-openstack/v0.12.4 gophercloud/v2.7.0"
172.18.0.2 - - [27/Mar/2026:01:51:33 +0000] "POST /identity/v3/auth/tokens HTTP/1.1" 201 8166 "-" "cluster-api-provider-openstack/v0.12.4 gophercloud/v2.7.0"
172.18.0.2 - - [27/Mar/2026:01:51:33 +0000] "POST /identity/v3/auth/tokens HTTP/1.1" 201 8166 "-" "cluster-api-provider-openstack/v0.12.4 gophercloud/v2.7.0"
172.18.0.2 - - [27/Mar/2026:01:51:33 +0000] "GET /identity/v3/auth/tokens HTTP/1.1" 200 8161 "-" "cluster-api-provider-openstack/v0.12.4 gophercloud/v2.7.0"
172.18.0.2 - - [27/Mar/2026:01:51:33 +0000] "GET /identity/v3/auth/tokens HTTP/1.1" 200 8161 "-" "cluster-api-provider-openstack/v0.12.4 gophercloud/v2.7.0"
172.18.0.2 - - [27/Mar/2026:01:51:33 +0000] "GET /compute/v2.1/ HTTP/1.1" 200 3430 "-" "cluster-api-provider-openstack/v0.12.4 gophercloud/v2.7.0"
172.18.0.2 - - [27/Mar/2026:01:51:33 +0000] "GET /identity/v3/auth/tokens HTTP/1.1" 200 8161 "-" "cluster-api-provider-openstack/v0.12.4 gophercloud/v2.7.0"
172.18.0.2 - - [27/Mar/2026:01:51:33 +0000] "GET /compute/v2.1/ HTTP/1.1" 200 3430 "-" "cluster-api-provider-openstack/v0.12.4 gophercloud/v2.7.0"
172.18.0.2 - - [27/Mar/2026:01:51:33 +0000] "GET /compute/v2.1/ HTTP/1.1" 200 3430 "-" "cluster-api-provider-openstack/v0.12.4 gophercloud/v2.7.0"
199.204.45.6 - - [27/Mar/2026:01:51:33 +0000] "GET /identity/v3/auth/tokens HTTP/1.1" 200 8192 "-" "python-keystoneclient"
199.204.45.6 - - [27/Mar/2026:01:51:33 +0000] "GET /identity/v3/auth/tokens HTTP/1.1" 200 8192 "-" "python-keystoneclient"
199.204.45.6 - - [27/Mar/2026:01:51:33 +0000] "GET /identity/v3/auth/tokens HTTP/1.1" 200 8192 "-" "python-keystoneclient"
199.204.45.6 - - [27/Mar/2026:01:51:33 +0000] "GET /networking/v2.0/ports?device_id=a6fbbf0f-b9f5-4dca-b821-a8a47b4f7f4a HTTP/1.1" 200 3731 "-" "python-neutronclient"
199.204.45.6 - - [27/Mar/2026:01:51:33 +0000] "GET /networking/v2.0/ports?device_id=5a8b97fe-0c9c-4c63-9fff-d52fc3109fe6 HTTP/1.1" 200 3732 "-" "python-neutronclient"
199.204.45.6 - - [27/Mar/2026:01:51:33 +0000] "GET /networking/v2.0/ports?device_id=6992e1dc-0e77-4da6-98b8-358fcf8f28b0 HTTP/1.1" 200 3711 "-" "python-neutronclient"
199.204.45.6 - - [27/Mar/2026:01:51:33 +0000] "GET /networking/v2.0/security-groups?id=303f3d62-74f3-414d-9b26-29abe66b0e3e&fields=id&fields=name HTTP/1.1" 200 3016 "-" "python-neutronclient"
199.204.45.6 - - [27/Mar/2026:01:51:33 +0000] "GET /networking/v2.0/security-groups?id=4cdb524c-3d79-4379-bde8-23ee7eca8b45&fields=id&fields=name HTTP/1.1" 200 3010 "-" "python-neutronclient"
199.204.45.6 - - [27/Mar/2026:01:51:33 +0000] "GET /networking/v2.0/security-groups?id=4cdb524c-3d79-4379-bde8-23ee7eca8b45&fields=id&fields=name HTTP/1.1" 200 3010 "-" "python-neutronclient"
172.18.0.2 - - [27/Mar/2026:01:51:33 +0000] "GET /compute/v2.1/servers/6992e1dc-0e77-4da6-98b8-358fcf8f28b0 HTTP/1.1" 200 4623 "-" "cluster-api-provider-openstack/v0.12.4 gophercloud/v2.7.0"
172.18.0.2 - - [27/Mar/2026:01:51:33 +0000] "GET /compute/v2.1/servers/5a8b97fe-0c9c-4c63-9fff-d52fc3109fe6 HTTP/1.1" 200 4638 "-" "cluster-api-provider-openstack/v0.12.4 gophercloud/v2.7.0"
172.18.0.2 - - [27/Mar/2026:01:51:33 +0000] "GET /compute/v2.1/servers/a6fbbf0f-b9f5-4dca-b821-a8a47b4f7f4a HTTP/1.1" 200 4637 "-" "cluster-api-provider-openstack/v0.12.4 gophercloud/v2.7.0"
199.204.45.6 - - [27/Mar/2026:01:51:52 +0000] "GET /placement/resource_providers/5c6b4c96-b0df-4618-95cf-ac8ae652e89c/allocations HTTP/1.1" 200 3302 "-" "nova-compute keystoneauth1/5.13.1 python-requests/2.32.5 CPython/3.12.3"
199.204.45.6 - - [27/Mar/2026:01:51:52 +0000] "GET /placement/resource_providers/5c6b4c96-b0df-4618-95cf-ac8ae652e89c/allocations HTTP/1.1" 200 3302 "-" "nova-compute keystoneauth1/5.13.1 python-requests/2.32.5 CPython/3.12.3"
199.204.45.6 - - [27/Mar/2026:01:51:52 +0000] "GET /placement/allocations/6992e1dc-0e77-4da6-98b8-358fcf8f28b0 HTTP/1.1" 200 3275 "-" "nova-compute keystoneauth1/5.13.1 python-requests/2.32.5 CPython/3.12.3"
199.204.45.6 - - [27/Mar/2026:01:51:52 +0000] "GET /placement/allocations/5a8b97fe-0c9c-4c63-9fff-d52fc3109fe6 HTTP/1.1" 200 3275 "-" "nova-compute keystoneauth1/5.13.1 python-requests/2.32.5 CPython/3.12.3"
199.204.45.6 - - [27/Mar/2026:01:51:52 +0000] "GET /placement/allocations/a6fbbf0f-b9f5-4dca-b821-a8a47b4f7f4a HTTP/1.1" 200 3275 "-" "nova-compute keystoneauth1/5.13.1 python-requests/2.32.5 CPython/3.12.3"
172.24.5.68 - - [27/Mar/2026:01:52:07 +0000] "GET /volume/v3/volumes/detail HTTP/1.1" 200 2988 "-" "cinder-csi-plugin/v1.32.0 gophercloud/v2.5.0"
172.18.0.2 - - [27/Mar/2026:01:52:30 +0000] "GET /networking/v2.0/ports?id=8c64225b-f819-4cb0-98ca-8bdf17eb0e07&name=kube-b49cv-default-worker-h6jwb-jcrzh-clbfl-0&network_id=bf888527-e14c-4dd1-9c82-a471e3542b9f HTTP/1.1" 200 3700 "-" "cluster-api-provider-openstack/v0.12.4 gophercloud/v2.7.0"
172.18.0.2 - - [27/Mar/2026:01:52:30 +0000] "GET /networking/v2.0/ports?id=82507769-7fe6-48b7-8c88-2378f842cd08&name=kube-b49cv-default-worker-h6jwb-jcrzh-7g5bd-0&network_id=bf888527-e14c-4dd1-9c82-a471e3542b9f HTTP/1.1" 200 3701 "-" "cluster-api-provider-openstack/v0.12.4 gophercloud/v2.7.0"
172.18.0.2 - - [27/Mar/2026:01:52:30 +0000] "GET /networking/v2.0/ports?id=07066e77-67e0-479a-94d6-56c106c81578&name=kube-b49cv-bg8b4-2h5q7-0&network_id=bf888527-e14c-4dd1-9c82-a471e3542b9f HTTP/1.1" 200 3680 "-" "cluster-api-provider-openstack/v0.12.4 gophercloud/v2.7.0"
172.18.0.2 - - [27/Mar/2026:01:52:30 +0000] "GET /compute/v2.1/ HTTP/1.1" 200 3430 "-" "cluster-api-provider-openstack/v0.12.4 gophercloud/v2.7.0"
172.18.0.2 - - [27/Mar/2026:01:52:30 +0000] "GET /compute/v2.1/ HTTP/1.1" 200 3430 "-" "cluster-api-provider-openstack/v0.12.4 gophercloud/v2.7.0"
172.18.0.2 - - [27/Mar/2026:01:52:30 +0000] "GET /compute/v2.1/ HTTP/1.1" 200 3430 "-" "cluster-api-provider-openstack/v0.12.4 gophercloud/v2.7.0"
199.204.45.6 - - [27/Mar/2026:01:52:30 +0000] "GET /networking/v2.0/ports?device_id=a6fbbf0f-b9f5-4dca-b821-a8a47b4f7f4a HTTP/1.1" 200 3731 "-" "python-neutronclient"
199.204.45.6 - - [27/Mar/2026:01:52:30 +0000] "GET /identity/v3/auth/tokens HTTP/1.1" 200 8066 "-" "python-keystoneclient"
199.204.45.6 - - [27/Mar/2026:01:52:30 +0000] "GET /networking/v2.0/ports?device_id=5a8b97fe-0c9c-4c63-9fff-d52fc3109fe6 HTTP/1.1" 200 3732 "-" "python-neutronclient"
199.204.45.6 - - [27/Mar/2026:01:52:30 +0000] "GET /networking/v2.0/ports?device_id=6992e1dc-0e77-4da6-98b8-358fcf8f28b0 HTTP/1.1" 200 3711 "-" "python-neutronclient"
199.204.45.6 - - [27/Mar/2026:01:52:30 +0000] "GET /networking/v2.0/security-groups?id=4cdb524c-3d79-4379-bde8-23ee7eca8b45&fields=id&fields=name HTTP/1.1" 200 3010 "-" "python-neutronclient"
199.204.45.6 - - [27/Mar/2026:01:52:30 +0000] "GET /networking/v2.0/security-groups?id=4cdb524c-3d79-4379-bde8-23ee7eca8b45&fields=id&fields=name HTTP/1.1" 200 3010 "-" "python-neutronclient"
172.18.0.2 - - [27/Mar/2026:01:52:30 +0000] "GET /compute/v2.1/servers/a6fbbf0f-b9f5-4dca-b821-a8a47b4f7f4a HTTP/1.1" 200 4637 "-" "cluster-api-provider-openstack/v0.12.4 gophercloud/v2.7.0"
172.18.0.2 - - [27/Mar/2026:01:52:30 +0000] "GET /compute/v2.1/servers/5a8b97fe-0c9c-4c63-9fff-d52fc3109fe6 HTTP/1.1" 200 4638 "-" "cluster-api-provider-openstack/v0.12.4 gophercloud/v2.7.0"
199.204.45.6 - - [27/Mar/2026:01:52:30 +0000] "GET /networking/v2.0/security-groups?id=303f3d62-74f3-414d-9b26-29abe66b0e3e&fields=id&fields=name HTTP/1.1" 200 3016 "-" "python-neutronclient"
172.18.0.2 - - [27/Mar/2026:01:52:30 +0000] "GET /compute/v2.1/servers/6992e1dc-0e77-4da6-98b8-358fcf8f28b0 HTTP/1.1" 200 4623 "-" "cluster-api-provider-openstack/v0.12.4 gophercloud/v2.7.0"
