2026-06-10 11:18:11.057 7 INFO neutron.db.ovn_revision_numbers_db [None req-07b5233e-c7be-4207-a5ee-7b929cb3fb4a 6586ff7096454384b124ef7f84f50e9e 5212a109c7db4e5c9247b96bb66b78cb - - default default] Successfully bumped revision number for resource c74aec44-b89e-4ba1-95d1-99c4f70e072f (type: security_group_rules) to 0 [pid: 7|app: 0|req: 862/1628] 10.0.0.231 () {32 vars in 774 bytes} [Wed Jun 10 11:18:10 2026] GET /v2.0/security-groups?tenant_id=dd2735f522594b6d9d3e5774c069e34e&name=default => generated 2925 bytes in 319 msecs (HTTP/1.1 200) 4 headers in 158 bytes (1 switches on core 0) [pid: 7|app: 0|req: 863/1629] 10.0.0.231 () {32 vars in 740 bytes} [Wed Jun 10 11:18:11 2026] DELETE /v2.0/security-groups/f1a30e0a-f7ba-47fd-8f0c-c20130f1dab7 => generated 0 bytes in 304 msecs (HTTP/1.1 204) 2 headers in 112 bytes (1 switches on core 0) [pid: 8|app: 0|req: 767/1630] 10.0.0.231 () {32 vars in 724 bytes} [Wed Jun 10 11:18:10 2026] DELETE /v2.0/routers/575ad3dc-016c-4a7f-b545-535f9f5bfb52 => generated 0 bytes in 956 msecs (HTTP/1.1 204) 2 headers in 112 bytes (1 switches on core 0) [pid: 8|app: 0|req: 768/1631] 10.0.0.196 () {34 vars in 990 bytes} [Wed Jun 10 11:18:11 2026] GET /v2.0/ports?device_id=3c157aa4-17ec-4aa4-aeb7-f4e6a41910f8 => generated 12 bytes in 26 msecs (HTTP/1.1 200) 4 headers in 156 bytes (1 switches on core 0) [pid: 8|app: 0|req: 769/1632] 10.0.0.231 () {32 vars in 724 bytes} [Wed Jun 10 11:18:11 2026] DELETE /v2.0/subnets/710f3a25-802d-453a-aad1-580069d5bed3 => generated 0 bytes in 178 msecs (HTTP/1.1 204) 3 headers in 131 bytes (1 switches on core 0)
2026-06-10 11:18:11.769 7 WARNING neutron.scheduler.dhcp_agent_scheduler [None req-4d34696b-bd00-4f98-8f18-fd4d2ebf57ed 7df09055e1db46c780bb76fc58b6e891 1b003d655380436f84c2aef3c2743aac - - default default] No more DHCP agents
2026-06-10 11:18:11.770 7 WARNING neutron.api.rpc.agentnotifiers.dhcp_rpc_agent_api [None req-4d34696b-bd00-4f98-8f18-fd4d2ebf57ed 7df09055e1db46c780bb76fc58b6e891 1b003d655380436f84c2aef3c2743aac - - default default] Unable to schedule network 2a51fe25-9367-40b1-b85d-25c424cbb9a5: no agents available; will retry on subsequent port and subnet creation events.
2026-06-10 11:18:11.810 8 INFO neutron_taas.services.taas.taas_plugin [None req-1cc9d52a-081b-49aa-872c-eb7cd6b4cc92 6586ff7096454384b124ef7f84f50e9e 5212a109c7db4e5c9247b96bb66b78cb - - default default] TaaS: Handle Delete Port: 245a3380-38af-4fc7-b595-aa6d7371aeae
2026-06-10 11:18:11.812 7 INFO neutron.db.ovn_revision_numbers_db [None req-4d34696b-bd00-4f98-8f18-fd4d2ebf57ed 7df09055e1db46c780bb76fc58b6e891 1b003d655380436f84c2aef3c2743aac - - default default] Successfully bumped revision number for resource 51ba2029-ab38-4b6f-a51c-5e6f1d883182 (type: subnets) to 0
2026-06-10 11:18:11.813 8 INFO neutron_taas.services.taas.tap_mirror_plugin [None req-1cc9d52a-081b-49aa-872c-eb7cd6b4cc92 6586ff7096454384b124ef7f84f50e9e 5212a109c7db4e5c9247b96bb66b78cb - - default default] Tap Mirror: Handle Delete Port: 245a3380-38af-4fc7-b595-aa6d7371aeae
2026-06-10 11:18:11.836 7 WARNING neutron.scheduler.dhcp_agent_scheduler [None req-4d34696b-bd00-4f98-8f18-fd4d2ebf57ed 7df09055e1db46c780bb76fc58b6e891 1b003d655380436f84c2aef3c2743aac - - default default] No more DHCP agents
2026-06-10 11:18:11.838 7 WARNING neutron.api.rpc.agentnotifiers.dhcp_rpc_agent_api [None req-4d34696b-bd00-4f98-8f18-fd4d2ebf57ed 7df09055e1db46c780bb76fc58b6e891 1b003d655380436f84c2aef3c2743aac - - default default] Unable to schedule network 6d54b1c2-c0f1-4db8-af36-6e09ca4f62ac: no agents available; will retry on subsequent port and subnet creation events.
2026-06-10 11:18:11.878 7 INFO neutron.db.ovn_revision_numbers_db [None req-4d34696b-bd00-4f98-8f18-fd4d2ebf57ed 7df09055e1db46c780bb76fc58b6e891 1b003d655380436f84c2aef3c2743aac - - default default] Successfully bumped revision number for resource 54bbbf60-e6d4-49de-b6e2-3d490ae0e0fb (type: subnets) to 0 [pid: 7|app: 0|req: 864/1633] 10.0.0.231 () {34 vars in 669 bytes} [Wed Jun 10 11:18:11 2026] POST /v2.0/subnets => generated 1323 bytes in 500 msecs (HTTP/1.1 201) 4 headers in 163 bytes (1 switches on core 0) [pid: 7|app: 0|req: 865/1634] 10.0.0.231 () {32 vars in 647 bytes} [Wed Jun 10 11:18:11 2026] GET /v2.0/subnets => generated 1959 bytes in 78 msecs (HTTP/1.1 200) 4 headers in 158 bytes (1 switches on core 0)
2026-06-10 11:18:12.005 8 INFO neutron.services.segments.plugin [-] Segment 22577a05-5abe-43aa-b477-0f68fd72d754 resource provider aggregate not found
2026-06-10 11:18:12.008 8 INFO neutron.services.segments.plugin [-] Segment 22577a05-5abe-43aa-b477-0f68fd72d754 resource provider aggregate not found
2026-06-10 11:18:12.037 8 INFO neutron.services.segments.plugin [-] Segment 22577a05-5abe-43aa-b477-0f68fd72d754 resource provider not found; error: Placement Client Error (4xx): {"errors": [{"status": 404, "title": "Not Found", "detail": "The resource could not be found.\n\n No resource provider with uuid 22577a05-5abe-43aa-b477-0f68fd72d754 found for delete ", "request_id": "req-df90eb81-3ec3-4401-8144-7f84f6601033"}]}
2026-06-10 11:18:12.040 8 INFO neutron.services.segments.plugin [-] Segment 22577a05-5abe-43aa-b477-0f68fd72d754 resource provider not found; error: Placement Client Error (4xx): {"errors": [{"status": 404, "title": "Not Found", "detail": "The resource could not be found.\n\n No resource provider with uuid 22577a05-5abe-43aa-b477-0f68fd72d754 found for delete ", "request_id": "req-0bb67a4a-9584-43ff-9b03-0b3bfbe60c91"}]} [pid: 8|app: 0|req: 770/1635] 10.0.0.231 () {32 vars in 726 bytes} [Wed Jun 10 11:18:11 2026] DELETE /v2.0/networks/970cc420-95a1-4a25-8aea-ee52e3b5b849 => generated 0 bytes in 382 msecs (HTTP/1.1 204) 3 headers in 131 bytes (1 switches on core 0) [pid: 7|app: 0|req: 866/1636] 10.0.0.231 () {32 vars in 724 bytes} [Wed Jun 10 11:18:11 2026] DELETE /v2.0/subnets/51ba2029-ab38-4b6f-a51c-5e6f1d883182 => generated 0 bytes in 161 msecs (HTTP/1.1 204) 3 headers in 131 bytes (1 switches on core 0) [pid: 7|app: 0|req: 867/1637] 10.0.0.231 () {32 vars in 774 bytes} [Wed Jun 10 11:18:12 2026] GET /v2.0/security-groups?tenant_id=900a7d63e3444a6396370f5fa8752801&name=default => generated 2925 bytes in 27 msecs (HTTP/1.1 200) 4 headers in 158 bytes (1 switches on core 0) [pid: 8|app: 0|req: 771/1638] 10.0.0.231 () {32 vars in 724 bytes} [Wed Jun 10 11:18:12 2026] DELETE /v2.0/subnets/54bbbf60-e6d4-49de-b6e2-3d490ae0e0fb => generated 0 bytes in 141 msecs (HTTP/1.1 204) 3 headers in 131 bytes (1 switches on core 0) [pid: 8|app: 0|req: 772/1639] 10.0.0.231 () {32 vars in 647 bytes} [Wed Jun 10 11:18:12 2026] GET /v2.0/subnets => generated 649 bytes in 34 msecs (HTTP/1.1 200) 4 headers in 157 bytes (1 switches on core 0) [pid: 7|app: 0|req: 868/1640] 10.0.0.231 () {32 vars in 740 bytes} [Wed Jun 10 11:18:12 2026] DELETE /v2.0/security-groups/21f60530-ab1f-49bf-8509-ca7eb09302bd => generated 0 bytes in 266 msecs (HTTP/1.1 204) 2 headers in 112 bytes (1 switches on core 0)
2026-06-10 11:18:12.492 8 INFO neutron_taas.services.taas.taas_plugin [None req-b559bf37-2bfc-4545-a223-bf1dac7e931a 7df09055e1db46c780bb76fc58b6e891 1b003d655380436f84c2aef3c2743aac - - default default] TaaS: Handle Delete Port: 87777378-6600-4cc7-beae-18af63cc814b
2026-06-10 11:18:12.498 8 INFO neutron_taas.services.taas.tap_mirror_plugin [None req-b559bf37-2bfc-4545-a223-bf1dac7e931a 7df09055e1db46c780bb76fc58b6e891 1b003d655380436f84c2aef3c2743aac - - default default] Tap Mirror: Handle Delete Port: 87777378-6600-4cc7-beae-18af63cc814b [pid: 8|app: 0|req: 773/1641] 10.0.0.231 () {32 vars in 726 bytes} [Wed Jun 10 11:18:12 2026] DELETE /v2.0/networks/6d54b1c2-c0f1-4db8-af36-6e09ca4f62ac => generated 0 bytes in 441 msecs (HTTP/1.1 204) 3 headers in 131 bytes (1 switches on core 0) [pid: 7|app: 0|req: 869/1642] 10.0.0.231 () {32 vars in 740 bytes} [Wed Jun 10 11:18:12 2026] DELETE /v2.0/security-groups/cfb1a07a-08e9-445a-a3b2-e873f7f9a23a => generated 0 bytes in 237 msecs (HTTP/1.1 204) 2 headers in 112 bytes (1 switches on core 0)
2026-06-10 11:18:12.895 7 INFO neutron.api.v2.resource [None req-9f8c4ba2-09ad-4dcd-8829-15aba284d58f 2e578b49cb264136a796781b8ac99c2a 6505f91a2e56426f890f6ef9a3f4b2cc - - default default] show failed (client error): The resource could not be found. [pid: 7|app: 0|req: 870/1643] 10.0.0.231 () {32 vars in 737 bytes} [Wed Jun 10 11:18:12 2026] GET /v2.0/security-groups/cfb1a07a-08e9-445a-a3b2-e873f7f9a23a => generated 146 bytes in 14 msecs (HTTP/1.1 404) 4 headers in 164 bytes (1 switches on core 0)
2026-06-10 11:18:12.922 8 INFO neutron_taas.services.taas.taas_plugin [None req-0c0f2e63-8a98-4613-a61f-52c8b301316d 7df09055e1db46c780bb76fc58b6e891 1b003d655380436f84c2aef3c2743aac - - default default] TaaS: Handle Delete Port: e2fb9aaf-1acd-4643-bd4b-415d20cc4a5b
2026-06-10 11:18:12.925 8 INFO neutron_taas.services.taas.tap_mirror_plugin [None req-0c0f2e63-8a98-4613-a61f-52c8b301316d 7df09055e1db46c780bb76fc58b6e891 1b003d655380436f84c2aef3c2743aac - - default default] Tap Mirror: Handle Delete Port: e2fb9aaf-1acd-4643-bd4b-415d20cc4a5b
2026-06-10 11:18:13.042 7 INFO neutron_taas.services.taas.taas_plugin [None req-49391549-0bfe-4e98-ade2-de9b067ac92c 2e578b49cb264136a796781b8ac99c2a 6505f91a2e56426f890f6ef9a3f4b2cc - - default default] TaaS: Handle Delete Port: 07480150-9bd2-4765-ae3d-e186728ea15a
2026-06-10 11:18:13.045 7 INFO neutron_taas.services.taas.tap_mirror_plugin [None req-49391549-0bfe-4e98-ade2-de9b067ac92c 2e578b49cb264136a796781b8ac99c2a 6505f91a2e56426f890f6ef9a3f4b2cc - - default default] Tap Mirror: Handle Delete Port: 07480150-9bd2-4765-ae3d-e186728ea15a [pid: 8|app: 0|req: 774/1644] 10.0.0.231 () {32 vars in 726 bytes} [Wed Jun 10 11:18:12 2026] DELETE /v2.0/networks/2a51fe25-9367-40b1-b85d-25c424cbb9a5 => generated 0 bytes in 349 msecs (HTTP/1.1 204) 3 headers in 131 bytes (1 switches on core 0) [pid: 7|app: 0|req: 871/1645] 10.0.0.231 () {32 vars in 732 bytes} [Wed Jun 10 11:18:12 2026] DELETE /v2.0/floatingips/81cd9d42-d5eb-41e1-9847-128e5d142007 => generated 0 bytes in 306 msecs (HTTP/1.1 204) 2 headers in 112 bytes (1 switches on core 0)
2026-06-10 11:18:13.265 8 INFO neutron_taas.services.taas.taas_plugin [None req-4ccf52be-13e7-4499-a9c7-ff373575ede5 7df09055e1db46c780bb76fc58b6e891 1b003d655380436f84c2aef3c2743aac - - default default] TaaS: Handle Delete Port: 562e9ebc-798d-4e98-85a5-a13498f23306
2026-06-10 11:18:13.269 8 INFO neutron_taas.services.taas.tap_mirror_plugin [None req-4ccf52be-13e7-4499-a9c7-ff373575ede5 7df09055e1db46c780bb76fc58b6e891 1b003d655380436f84c2aef3c2743aac - - default default] Tap Mirror: Handle Delete Port: 562e9ebc-798d-4e98-85a5-a13498f23306 [pid: 8|app: 0|req: 775/1646] 10.0.0.231 () {32 vars in 726 bytes} [Wed Jun 10 11:18:13 2026] DELETE /v2.0/networks/3da3de31-acb8-4ea9-b22b-ba63990e29e2 => generated 0 bytes in 348 msecs (HTTP/1.1 204) 3 headers in 131 bytes (1 switches on core 0)
2026-06-10 11:18:13.526 7 INFO neutron_taas.services.taas.taas_plugin [None req-23487818-e684-43d5-a176-ffc3fc246b02 6586ff7096454384b124ef7f84f50e9e 5212a109c7db4e5c9247b96bb66b78cb - - default default] TaaS: Handle Delete Port: fcd39159-e990-41e7-8f96-d9b14487c5ef
2026-06-10 11:18:13.530 7 INFO neutron_taas.services.taas.tap_mirror_plugin [None req-23487818-e684-43d5-a176-ffc3fc246b02 6586ff7096454384b124ef7f84f50e9e 5212a109c7db4e5c9247b96bb66b78cb - - default default] Tap Mirror: Handle Delete Port: fcd39159-e990-41e7-8f96-d9b14487c5ef
2026-06-10 11:18:13.623 8 INFO neutron_taas.services.taas.taas_plugin [None req-96e067c7-ea4e-43d5-9c8c-06e0755c6c59 7df09055e1db46c780bb76fc58b6e891 1b003d655380436f84c2aef3c2743aac - - default default] TaaS: Handle Delete Port: e7f0ff67-466a-4123-96ba-7b6d0b25a9ae
2026-06-10 11:18:13.626 8 INFO neutron_taas.services.taas.tap_mirror_plugin [None req-96e067c7-ea4e-43d5-9c8c-06e0755c6c59 7df09055e1db46c780bb76fc58b6e891 1b003d655380436f84c2aef3c2743aac - - default default] Tap Mirror: Handle Delete Port: e7f0ff67-466a-4123-96ba-7b6d0b25a9ae [pid: 8|app: 0|req: 776/1647] 10.0.0.231 () {32 vars in 726 bytes} [Wed Jun 10 11:18:13 2026] DELETE /v2.0/networks/7cee916d-f2bc-42ee-86f6-7eeb06e5b437 => generated 0 bytes in 418 msecs (HTTP/1.1 204) 3 headers in 131 bytes (1 switches on core 0)
2026-06-10 11:18:14.054 8 INFO neutron.services.segments.plugin [-] Segment dd194886-6589-4479-92ac-6c2c8417a8a6 resource provider aggregate not found
2026-06-10 11:18:14.062 8 INFO neutron.services.segments.plugin [-] Segment dd194886-6589-4479-92ac-6c2c8417a8a6 resource provider aggregate not found
2026-06-10 11:18:14.083 8 INFO neutron.services.segments.plugin [-] Segment dd194886-6589-4479-92ac-6c2c8417a8a6 resource provider not found; error: Placement Client Error (4xx): {"errors": [{"status": 404, "title": "Not Found", "detail": "The resource could not be found.\n\n No resource provider with uuid dd194886-6589-4479-92ac-6c2c8417a8a6 found for delete ", "request_id": "req-d8fe86f9-f836-42f6-986b-f0e253cfa12c"}]}
2026-06-10 11:18:14.086 8 INFO neutron.services.segments.plugin [-] Segment dd194886-6589-4479-92ac-6c2c8417a8a6 resource provider not found; error: Placement Client Error (4xx): {"errors": [{"status": 404, "title": "Not Found", "detail": "The resource could not be found.\n\n No resource provider with uuid dd194886-6589-4479-92ac-6c2c8417a8a6 found for delete ", "request_id": "req-e792919b-ca30-4598-8a8f-404a4c28bc17"}]}
2026-06-10 11:18:14.102 8 INFO neutron.services.segments.plugin [-] Segment b6b58178-5715-4f33-907c-cdd305dcb3ae resource provider aggregate not found
2026-06-10 11:18:14.107 8 INFO neutron.services.segments.plugin [-] Segment b6b58178-5715-4f33-907c-cdd305dcb3ae resource provider aggregate not found
2026-06-10 11:18:14.119 8 INFO neutron.services.segments.plugin [-] Segment b6b58178-5715-4f33-907c-cdd305dcb3ae resource provider not found; error: Placement Client Error (4xx): {"errors": [{"status": 404, "title": "Not Found", "detail": "The resource could not be found.\n\n No resource provider with uuid b6b58178-5715-4f33-907c-cdd305dcb3ae found for delete ", "request_id": "req-cb2ffcae-e304-4a40-bb35-531555294a6b"}]}
2026-06-10 11:18:14.123 8 INFO neutron.services.segments.plugin [-] Segment b6b58178-5715-4f33-907c-cdd305dcb3ae resource provider not found; error: Placement Client Error (4xx): {"errors": [{"status": 404, "title": "Not Found", "detail": "The resource could not be found.\n\n No resource provider with uuid b6b58178-5715-4f33-907c-cdd305dcb3ae found for delete ", "request_id": "req-c418c38e-90fe-486c-a51f-c1573fdd5483"}]}
2026-06-10 11:18:14.135 8 INFO neutron.services.segments.plugin [-] Segment af15a6f3-e71b-45ab-adc0-cf284f6265a9 resource provider aggregate not found
2026-06-10 11:18:14.140 8 INFO neutron.services.segments.plugin [-] Segment af15a6f3-e71b-45ab-adc0-cf284f6265a9 resource provider aggregate not found
2026-06-10 11:18:14.154 8 INFO neutron.services.segments.plugin [-] Segment af15a6f3-e71b-45ab-adc0-cf284f6265a9 resource provider not found; error: Placement Client Error (4xx): {"errors": [{"status": 404, "title": "Not Found", "detail": "The resource could not be found.\n\n No resource provider with uuid af15a6f3-e71b-45ab-adc0-cf284f6265a9 found for delete ", "request_id": "req-b56879c6-60f2-4966-8cd1-e34ac6480828"}]}
2026-06-10 11:18:14.159 8 INFO neutron.services.segments.plugin [-] Segment af15a6f3-e71b-45ab-adc0-cf284f6265a9 resource provider not found; error: Placement Client Error (4xx): {"errors": [{"status": 404, "title": "Not Found", "detail": "The resource could not be found.\n\n No resource provider with uuid af15a6f3-e71b-45ab-adc0-cf284f6265a9 found for delete ", "request_id": "req-48cfeb2a-a4b2-46e4-b905-7fd25b92ecdf"}]}
2026-06-10 11:18:14.173 8 INFO neutron.services.segments.plugin [-] Segment c2d05eb2-ad53-4f7a-b387-813b8449604e resource provider aggregate not found
2026-06-10 11:18:14.176 8 INFO neutron.services.segments.plugin [-] Segment c2d05eb2-ad53-4f7a-b387-813b8449604e resource provider aggregate not found
2026-06-10 11:18:14.196 8 INFO neutron.services.segments.plugin [-] Segment c2d05eb2-ad53-4f7a-b387-813b8449604e resource provider not found; error: Placement Client Error (4xx): {"errors": [{"status": 404, "title": "Not Found", "detail": "The resource could not be found.\n\n No resource provider with uuid c2d05eb2-ad53-4f7a-b387-813b8449604e found for delete ", "request_id": "req-c873d171-8295-4ad2-89f7-ff8daae5e003"}]}
2026-06-10 11:18:14.198 8 INFO neutron.services.segments.plugin [-] Segment c2d05eb2-ad53-4f7a-b387-813b8449604e resource provider not found; error: Placement Client Error (4xx): {"errors": [{"status": 404, "title": "Not Found", "detail": "The resource could not be found.\n\n No resource provider with uuid c2d05eb2-ad53-4f7a-b387-813b8449604e found for delete ", "request_id": "req-dd857f10-2568-446a-aec1-3b12518fad08"}]} [pid: 7|app: 0|req: 872/1648] 10.0.0.231 () {34 vars in 789 bytes} [Wed Jun 10 11:18:13 2026] PUT /v2.0/routers/200f85c0-c0a5-41bb-aa48-a25ba9f909bc/remove_router_interface => generated 309 bytes in 1076 msecs (HTTP/1.1 200) 4 headers in 157 bytes (1 switches on core 0) /var/lib/openstack/lib/python3.12/site-packages/pycadf/identifier.py:70: UserWarning: Invalid uuid: neutron. To ensure interoperability, identifiers should be a valid uuid. warnings.warn(('Invalid uuid: %s. To ensure interoperability, ' [pid: 7|app: 0|req: 873/1649] 10.0.0.231 () {32 vars in 774 bytes} [Wed Jun 10 11:18:14 2026] GET /v2.0/security-groups?tenant_id=1b003d655380436f84c2aef3c2743aac&name=default => generated 2925 bytes in 179 msecs (HTTP/1.1 200) 4 headers in 158 bytes (1 switches on core 0)
2026-06-10 11:18:14.596 8 INFO neutron_taas.services.taas.taas_plugin [None req-f8c70a5f-399c-4cf8-815e-6515ee32b357 6586ff7096454384b124ef7f84f50e9e 5212a109c7db4e5c9247b96bb66b78cb - - default default] TaaS: Handle Delete Port: bc34999f-7be4-497c-adbf-78e09611cea8
2026-06-10 11:18:14.600 8 INFO neutron_taas.services.taas.tap_mirror_plugin [None req-f8c70a5f-399c-4cf8-815e-6515ee32b357 6586ff7096454384b124ef7f84f50e9e 5212a109c7db4e5c9247b96bb66b78cb - - default default] Tap Mirror: Handle Delete Port: bc34999f-7be4-497c-adbf-78e09611cea8 [pid: 7|app: 0|req: 874/1650] 10.0.0.231 () {32 vars in 740 bytes} [Wed Jun 10 11:18:14 2026] DELETE /v2.0/security-groups/f2be6ea4-4033-4ae1-a4ae-6f7d06880bc4 => generated 0 bytes in 290 msecs (HTTP/1.1 204) 2 headers in 112 bytes (1 switches on core 0) [pid: 7|app: 0|req: 875/1651] 10.0.0.19 () {32 vars in 801 bytes} [Wed Jun 10 11:18:14 2026] GET /v2.0/extensions => generated 20541 bytes in 115 msecs (HTTP/1.1 200) 4 headers in 159 bytes (1 switches on core 0) [pid: 8|app: 0|req: 777/1652] 10.0.0.231 () {32 vars in 724 bytes} [Wed Jun 10 11:18:14 2026] DELETE /v2.0/routers/200f85c0-c0a5-41bb-aa48-a25ba9f909bc => generated 0 bytes in 818 msecs (HTTP/1.1 204) 2 headers in 112 bytes (1 switches on core 0) [pid: 8|app: 0|req: 778/1653] 10.0.0.19 () {30 vars in 723 bytes} [Wed Jun 10 11:18:15 2026] GET /v2.0/quotas/1a6ceceac18e444d9addce947fb5f036/details => generated 847 bytes in 84 msecs (HTTP/1.1 200) 4 headers in 157 bytes (1 switches on core 0) [pid: 7|app: 0|req: 876/1654] 10.0.0.231 () {32 vars in 724 bytes} [Wed Jun 10 11:18:15 2026] DELETE /v2.0/subnets/5290be08-da93-4e2a-a259-b516a35b8b8e => generated 0 bytes in 182 msecs (HTTP/1.1 204) 3 headers in 131 bytes (1 switches on core 0)
2026-06-10 11:18:15.408 7 INFO neutron_taas.services.taas.taas_plugin [None req-8e41ab0c-c8b3-4d0a-b148-870af1e2d093 6586ff7096454384b124ef7f84f50e9e 5212a109c7db4e5c9247b96bb66b78cb - - default default] TaaS: Handle Delete Port: 756ad60c-5f63-4ccb-84b3-9b921360d5cc
2026-06-10 11:18:15.411 7 INFO neutron_taas.services.taas.tap_mirror_plugin [None req-8e41ab0c-c8b3-4d0a-b148-870af1e2d093 6586ff7096454384b124ef7f84f50e9e 5212a109c7db4e5c9247b96bb66b78cb - - default default] Tap Mirror: Handle Delete Port: 756ad60c-5f63-4ccb-84b3-9b921360d5cc
2026-06-10 11:18:15.632 8 INFO neutron.db.ovn_revision_numbers_db [None req-b5c19b45-e4d7-427b-8300-68a0fdc32da8 accd20c4a5be4482924033fbcdca97a9 01d0ed8e3b1f4240bca9a5cab96ea3e7 - - default default] Successfully bumped revision number for resource af8da7e2-daf9-4581-b4ee-4824fa96de91 (type: security_groups) to 1
2026-06-10 11:18:15.648 8 INFO neutron.db.ovn_revision_numbers_db [None req-b5c19b45-e4d7-427b-8300-68a0fdc32da8 accd20c4a5be4482924033fbcdca97a9 01d0ed8e3b1f4240bca9a5cab96ea3e7 - - default default] Successfully bumped revision number for resource 0b759a61-f27e-456f-a188-9d810806debd (type: security_group_rules) to 0
2026-06-10 11:18:15.660 8 INFO neutron.db.ovn_revision_numbers_db [None req-b5c19b45-e4d7-427b-8300-68a0fdc32da8 accd20c4a5be4482924033fbcdca97a9 01d0ed8e3b1f4240bca9a5cab96ea3e7 - - default default] Successfully bumped revision number for resource 5658527c-4c6a-4804-8710-ea9056724113 (type: security_group_rules) to 0
2026-06-10 11:18:15.677 8 INFO neutron.db.ovn_revision_numbers_db [None req-b5c19b45-e4d7-427b-8300-68a0fdc32da8 accd20c4a5be4482924033fbcdca97a9 01d0ed8e3b1f4240bca9a5cab96ea3e7 - - default default] Successfully bumped revision number for resource 90d42bad-4d4b-4fdf-953a-79f3a1b61b1a (type: security_group_rules) to 0
2026-06-10 11:18:15.696 8 INFO neutron.db.ovn_revision_numbers_db [None req-b5c19b45-e4d7-427b-8300-68a0fdc32da8 accd20c4a5be4482924033fbcdca97a9 01d0ed8e3b1f4240bca9a5cab96ea3e7 - - default default] Successfully bumped revision number for resource d8d00aae-e2a0-495a-b867-b46a04ca30c3 (type: security_group_rules) to 0
2026-06-10 11:18:15.715 7 INFO neutron.services.segments.plugin [-] Segment 2b39a67d-4ee6-4c14-bf1e-44bb6e53f31c resource provider aggregate not found
2026-06-10 11:18:15.718 7 INFO neutron.services.segments.plugin [-] Segment 2b39a67d-4ee6-4c14-bf1e-44bb6e53f31c resource provider aggregate not found
2026-06-10 11:18:15.740 7 INFO neutron.services.segments.plugin [-] Segment 2b39a67d-4ee6-4c14-bf1e-44bb6e53f31c resource provider not found; error: Placement Client Error (4xx): {"errors": [{"status": 404, "title": "Not Found", "detail": "The resource could not be found.\n\n No resource provider with uuid 2b39a67d-4ee6-4c14-bf1e-44bb6e53f31c found for delete ", "request_id": "req-9da222a3-3ef2-4c9e-8098-47812805cbbd"}]}
2026-06-10 11:18:15.741 7 INFO neutron.services.segments.plugin [-] Segment 2b39a67d-4ee6-4c14-bf1e-44bb6e53f31c resource provider not found; error: Placement Client Error (4xx): {"errors": [{"status": 404, "title": "Not Found", "detail": "The resource could not be found.\n\n No resource provider with uuid 2b39a67d-4ee6-4c14-bf1e-44bb6e53f31c found for delete ", "request_id": "req-4bcc0833-e074-4b78-9963-96dfda15021c"}]}
2026-06-10 11:18:15.784 8 INFO neutron.db.segments_db [None req-b5c19b45-e4d7-427b-8300-68a0fdc32da8 accd20c4a5be4482924033fbcdca97a9 01d0ed8e3b1f4240bca9a5cab96ea3e7 - - default default] Added segment a2e554b3-7cf0-4a81-bd1d-668fc4b479c0 of type geneve for network b29d0033-6a86-4894-a970-5a2bf593c53c [pid: 7|app: 0|req: 877/1655] 10.0.0.231 () {32 vars in 726 bytes} [Wed Jun 10 11:18:15 2026] DELETE /v2.0/networks/7a7b29ad-aa08-45a1-aa9c-e9adc6860c5e => generated 0 bytes in 487 msecs (HTTP/1.1 204) 3 headers in 131 bytes (1 switches on core 0)
2026-06-10 11:18:15.914 8 INFO neutron.db.ovn_revision_numbers_db [None req-b5c19b45-e4d7-427b-8300-68a0fdc32da8 accd20c4a5be4482924033fbcdca97a9 01d0ed8e3b1f4240bca9a5cab96ea3e7 - - default default] Successfully bumped revision number for resource b29d0033-6a86-4894-a970-5a2bf593c53c (type: networks) to 1 [pid: 7|app: 0|req: 878/1656] 10.0.0.231 () {32 vars in 774 bytes} [Wed Jun 10 11:18:15 2026] GET /v2.0/security-groups?tenant_id=6505f91a2e56426f890f6ef9a3f4b2cc&name=default => generated 2925 bytes in 61 msecs (HTTP/1.1 200) 4 headers in 158 bytes (1 switches on core 0)
2026-06-10 11:18:16.092 8 WARNING neutron.scheduler.dhcp_agent_scheduler [None req-b5c19b45-e4d7-427b-8300-68a0fdc32da8 accd20c4a5be4482924033fbcdca97a9 01d0ed8e3b1f4240bca9a5cab96ea3e7 - - default default] No more DHCP agents
2026-06-10 11:18:16.094 8 WARNING neutron.api.rpc.agentnotifiers.dhcp_rpc_agent_api [None req-b5c19b45-e4d7-427b-8300-68a0fdc32da8 accd20c4a5be4482924033fbcdca97a9 01d0ed8e3b1f4240bca9a5cab96ea3e7 - - default default] Unable to schedule network b29d0033-6a86-4894-a970-5a2bf593c53c: no agents available; will retry on subsequent port and subnet creation events.
2026-06-10 11:18:16.206 8 INFO neutron.plugins.ml2.drivers.ovn.mech_driver.mech_driver [None req-9835ce77-510d-42dc-b4ac-e78cd92bc1ce - - - - - -] OVN reports status down for port: 5a021acc-370d-49c6-ba94-e1138574fd43 [pid: 7|app: 0|req: 879/1657] 10.0.0.231 () {32 vars in 740 bytes} [Wed Jun 10 11:18:15 2026] DELETE /v2.0/security-groups/a846ee92-fd18-4559-8203-059c193b9830 => generated 0 bytes in 287 msecs (HTTP/1.1 204) 2 headers in 112 bytes (1 switches on core 0)
2026-06-10 11:18:16.307 8 INFO neutron.db.ovn_revision_numbers_db [None req-b5c19b45-e4d7-427b-8300-68a0fdc32da8 accd20c4a5be4482924033fbcdca97a9 01d0ed8e3b1f4240bca9a5cab96ea3e7 - - default default] Successfully bumped revision number for resource 5a021acc-370d-49c6-ba94-e1138574fd43 (type: ports) to 1 [pid: 8|app: 0|req: 779/1658] 10.0.0.231 () {34 vars in 671 bytes} [Wed Jun 10 11:18:15 2026] POST /v2.0/networks => generated 651 bytes in 1089 msecs (HTTP/1.1 201) 4 headers in 162 bytes (1 switches on core 0)
2026-06-10 11:18:16.778 7 WARNING neutron.scheduler.dhcp_agent_scheduler [None req-1fff005b-faf9-4551-b1c6-5ea4f0ad987f accd20c4a5be4482924033fbcdca97a9 01d0ed8e3b1f4240bca9a5cab96ea3e7 - - default default] No more DHCP agents
2026-06-10 11:18:16.779 7 WARNING neutron.api.rpc.agentnotifiers.dhcp_rpc_agent_api [None req-1fff005b-faf9-4551-b1c6-5ea4f0ad987f accd20c4a5be4482924033fbcdca97a9 01d0ed8e3b1f4240bca9a5cab96ea3e7 - - default default] Unable to schedule network 053957f5-77ba-4b83-8a43-cc99b8825663: no agents available; will retry on subsequent port and subnet creation events.
2026-06-10 11:18:16.920 8 INFO neutron.plugins.ml2.drivers.ovn.mech_driver.mech_driver [None req-9835ce77-510d-42dc-b4ac-e78cd92bc1ce - - - - - -] OVN reports status down for port: 88f6a03d-ea9c-4339-950b-2f1e7b969699
2026-06-10 11:18:16.960 7 INFO neutron.db.ovn_revision_numbers_db [None req-1fff005b-faf9-4551-b1c6-5ea4f0ad987f accd20c4a5be4482924033fbcdca97a9 01d0ed8e3b1f4240bca9a5cab96ea3e7 - - default default] Successfully bumped revision number for resource 88f6a03d-ea9c-4339-950b-2f1e7b969699 (type: ports) to 1
2026-06-10 11:18:17.070 8 INFO neutron.db.ovn_revision_numbers_db [None req-55c7183b-a3f4-4ad2-b0d2-b0feef5396c0 cdb1d9faeb91424a909a006abb8aefb0 cb5af9f072144850b092156e8b875d0a - - default default] Successfully bumped revision number for resource cdb338fd-a17b-4021-a02e-63d98b4a7ee0 (type: security_groups) to 1
2026-06-10 11:18:17.085 8 INFO neutron.db.ovn_revision_numbers_db [None req-55c7183b-a3f4-4ad2-b0d2-b0feef5396c0 cdb1d9faeb91424a909a006abb8aefb0 cb5af9f072144850b092156e8b875d0a - - default default] Successfully bumped revision number for resource 06e9de91-40ff-4658-87e7-4671aa637c64 (type: security_group_rules) to 0
2026-06-10 11:18:17.095 8 INFO neutron.db.ovn_revision_numbers_db [None req-55c7183b-a3f4-4ad2-b0d2-b0feef5396c0 cdb1d9faeb91424a909a006abb8aefb0 cb5af9f072144850b092156e8b875d0a - - default default] Successfully bumped revision number for resource 1fc3f61e-d2ef-4419-a57d-46c2fa162c64 (type: security_group_rules) to 0
2026-06-10 11:18:17.111 8 INFO neutron.db.ovn_revision_numbers_db [None req-55c7183b-a3f4-4ad2-b0d2-b0feef5396c0 cdb1d9faeb91424a909a006abb8aefb0 cb5af9f072144850b092156e8b875d0a - - default default] Successfully bumped revision number for resource aa3cd99a-8638-49d8-86ca-8e8cb58bb556 (type: security_group_rules) to 0
2026-06-10 11:18:17.124 8 INFO neutron.db.ovn_revision_numbers_db [None req-55c7183b-a3f4-4ad2-b0d2-b0feef5396c0 cdb1d9faeb91424a909a006abb8aefb0 cb5af9f072144850b092156e8b875d0a - - default default] Successfully bumped revision number for resource c1af7d88-df02-4110-a5f3-a60b638f0147 (type: security_group_rules) to 0
2026-06-10 11:18:17.228 8 INFO neutron.db.segments_db [None req-55c7183b-a3f4-4ad2-b0d2-b0feef5396c0 cdb1d9faeb91424a909a006abb8aefb0 cb5af9f072144850b092156e8b875d0a - - default default] Added segment e517caab-5442-4683-bd1c-3361398ca9c0 of type geneve for network b077259f-3fa2-4c9b-8c4b-f7fc7300578c
2026-06-10 11:18:17.339 8 INFO neutron.db.ovn_revision_numbers_db [None req-55c7183b-a3f4-4ad2-b0d2-b0feef5396c0 cdb1d9faeb91424a909a006abb8aefb0 cb5af9f072144850b092156e8b875d0a - - default default] Successfully bumped revision number for resource b077259f-3fa2-4c9b-8c4b-f7fc7300578c (type: networks) to 1
2026-06-10 11:18:17.495 8 WARNING neutron.scheduler.dhcp_agent_scheduler [None req-55c7183b-a3f4-4ad2-b0d2-b0feef5396c0 cdb1d9faeb91424a909a006abb8aefb0 cb5af9f072144850b092156e8b875d0a - - default default] No more DHCP agents
2026-06-10 11:18:17.496 8 WARNING neutron.api.rpc.agentnotifiers.dhcp_rpc_agent_api [None req-55c7183b-a3f4-4ad2-b0d2-b0feef5396c0 cdb1d9faeb91424a909a006abb8aefb0 cb5af9f072144850b092156e8b875d0a - - default default] Unable to schedule network b077259f-3fa2-4c9b-8c4b-f7fc7300578c: no agents available; will retry on subsequent port and subnet creation events.
2026-06-10 11:18:17.570 8 INFO neutron.plugins.ml2.drivers.ovn.mech_driver.mech_driver [None req-9835ce77-510d-42dc-b4ac-e78cd92bc1ce - - - - - -] OVN reports status down for port: 967bffc4-355a-4f97-95fd-5faa4cfbb1a4
2026-06-10 11:18:17.642 8 INFO neutron.db.ovn_revision_numbers_db [None req-55c7183b-a3f4-4ad2-b0d2-b0feef5396c0 cdb1d9faeb91424a909a006abb8aefb0 cb5af9f072144850b092156e8b875d0a - - default default] Successfully bumped revision number for resource 967bffc4-355a-4f97-95fd-5faa4cfbb1a4 (type: ports) to 1
2026-06-10 11:18:17.651 7 INFO neutron.plugins.ml2.drivers.ovn.mech_driver.ovsdb.commands [-] Schedule LRP lrp-88f6a03d-ea9c-4339-950b-2f1e7b969699 on gateway 85dea29f-2e7d-4de6-8e7a-6cceabcd674f with priority 1 [pid: 8|app: 0|req: 780/1659] 10.0.0.231 () {34 vars in 670 bytes} [Wed Jun 10 11:18:16 2026] POST /v2.0/networks => generated 662 bytes in 1137 msecs (HTTP/1.1 201) 4 headers in 162 bytes (1 switches on core 0)
2026-06-10 11:18:17.795 7 INFO neutron.db.ovn_revision_numbers_db [None req-1fff005b-faf9-4551-b1c6-5ea4f0ad987f accd20c4a5be4482924033fbcdca97a9 01d0ed8e3b1f4240bca9a5cab96ea3e7 - - default default] Successfully bumped revision number for resource 88f6a03d-ea9c-4339-950b-2f1e7b969699 (type: router_ports) to 1
2026-06-10 11:18:17.854 7 INFO neutron.db.ovn_revision_numbers_db [None req-1fff005b-faf9-4551-b1c6-5ea4f0ad987f accd20c4a5be4482924033fbcdca97a9 01d0ed8e3b1f4240bca9a5cab96ea3e7 - - default default] Successfully bumped revision number for resource 7a225856-ee63-4882-ac41-429fb1377910 (type: routers) to 2 [pid: 7|app: 0|req: 880/1660] 10.0.0.231 () {34 vars in 669 bytes} [Wed Jun 10 11:18:16 2026] POST /v2.0/routers => generated 954 bytes in 1516 msecs (HTTP/1.1 201) 4 headers in 162 bytes (1 switches on core 0)
2026-06-10 11:18:17.891 8 INFO neutron.plugins.ml2.drivers.ovn.mech_driver.mech_driver [None req-9835ce77-510d-42dc-b4ac-e78cd92bc1ce - - - - - -] OVN reports status up for port: 88f6a03d-ea9c-4339-950b-2f1e7b969699
2026-06-10 11:18:17.916 8 INFO neutron.plugins.ml2.plugin [None req-9835ce77-510d-42dc-b4ac-e78cd92bc1ce - - - - - -] Attempt 1 to provision port 88f6a03d-ea9c-4339-950b-2f1e7b969699 [pid: 7|app: 0|req: 881/1661] 10.0.0.231 () {32 vars in 776 bytes} [Wed Jun 10 11:18:17 2026] GET /v2.0/subnets?project_id=01d0ed8e3b1f4240bca9a5cab96ea3e7&cidr=10.100.0.0%2F28 => generated 14 bytes in 270 msecs (HTTP/1.1 200) 4 headers in 156 bytes (1 switches on core 0)
2026-06-10 11:18:18.159 8 WARNING neutron.scheduler.dhcp_agent_scheduler [None req-5b512b03-17bd-4af1-8b27-9a1c08c0bfbf cdb1d9faeb91424a909a006abb8aefb0 cb5af9f072144850b092156e8b875d0a - - default default] No more DHCP agents
2026-06-10 11:18:18.160 8 WARNING neutron.api.rpc.agentnotifiers.dhcp_rpc_agent_api [None req-5b512b03-17bd-4af1-8b27-9a1c08c0bfbf cdb1d9faeb91424a909a006abb8aefb0 cb5af9f072144850b092156e8b875d0a - - default default] Unable to schedule network b077259f-3fa2-4c9b-8c4b-f7fc7300578c: no agents available; will retry on subsequent port and subnet creation events. [pid: 7|app: 0|req: 882/1662] 10.0.0.231 () {32 vars in 694 bytes} [Wed Jun 10 11:18:18 2026] GET /v2.0/networks?router%3Aexternal=True => generated 791 bytes in 63 msecs (HTTP/1.1 200) 4 headers in 157 bytes (1 switches on core 0) [pid: 7|app: 0|req: 883/1663] 10.0.0.231 () {32 vars in 784 bytes} [Wed Jun 10 11:18:18 2026] GET /v2.0/subnets?network_id=053957f5-77ba-4b83-8a43-cc99b8825663&cidr=10.100.0.0%2F28 => generated 14 bytes in 22 msecs (HTTP/1.1 200) 4 headers in 156 bytes (1 switches on core 0)
2026-06-10 11:18:18.435 7 WARNING neutron.scheduler.dhcp_agent_scheduler [None req-6b8c17a4-8eac-4760-95de-294ddb02344c accd20c4a5be4482924033fbcdca97a9 01d0ed8e3b1f4240bca9a5cab96ea3e7 - - default default] No more DHCP agents
2026-06-10 11:18:18.436 7 WARNING neutron.api.rpc.agentnotifiers.dhcp_rpc_agent_api [None req-6b8c17a4-8eac-4760-95de-294ddb02344c accd20c4a5be4482924033fbcdca97a9 01d0ed8e3b1f4240bca9a5cab96ea3e7 - - default default] Unable to schedule network b29d0033-6a86-4894-a970-5a2bf593c53c: no agents available; will retry on subsequent port and subnet creation events.
2026-06-10 11:18:18.606 8 INFO neutron.db.ovn_revision_numbers_db [None req-0834c9f1-0bc8-467b-928a-8bc26a1e536f - - - - - -] Successfully bumped revision number for resource 967bffc4-355a-4f97-95fd-5faa4cfbb1a4 (type: ports) to 2
2026-06-10 11:18:18.656 8 INFO neutron.db.ovn_revision_numbers_db [None req-0834c9f1-0bc8-467b-928a-8bc26a1e536f - - - - - -] Successfully bumped revision number for resource 4401081d-86f1-4faf-a09e-79bd22bb4eb7 (type: subnets) to 0 [pid: 8|app: 0|req: 781/1664] 10.0.0.231 () {34 vars in 669 bytes} [Wed Jun 10 11:18:17 2026] POST /v2.0/subnets => generated 641 bytes in 897 msecs (HTTP/1.1 201) 4 headers in 162 bytes (1 switches on core 0) [pid: 8|app: 0|req: 782/1665] 10.0.0.19 () {32 vars in 801 bytes} [Wed Jun 10 11:18:18 2026] GET /v2.0/extensions => generated 20541 bytes in 6 msecs (HTTP/1.1 200) 4 headers in 159 bytes (1 switches on core 0)
2026-06-10 11:18:18.797 8 INFO neutron.db.segments_db [None req-f38c6ab2-affa-4548-93cd-5e1ecc75c9ae cdb1d9faeb91424a909a006abb8aefb0 cb5af9f072144850b092156e8b875d0a - - default default] Added segment 7bc915ee-d02a-42bb-ae2a-86819cee1297 of type geneve for network 13d5b0e6-188f-4d02-8149-10cd179db890
2026-06-10 11:18:18.961 8 INFO neutron.db.ovn_revision_numbers_db [None req-f38c6ab2-affa-4548-93cd-5e1ecc75c9ae cdb1d9faeb91424a909a006abb8aefb0 cb5af9f072144850b092156e8b875d0a - - default default] Successfully bumped revision number for resource 13d5b0e6-188f-4d02-8149-10cd179db890 (type: networks) to 1
2026-06-10 11:18:18.996 7 INFO neutron.db.ovn_revision_numbers_db [None req-19061ba4-f7bf-463a-9ea7-cc7ab0f2c2a4 - - - - - -] Successfully bumped revision number for resource 5a021acc-370d-49c6-ba94-e1138574fd43 (type: ports) to 2
2026-06-10 11:18:19.027 7 INFO neutron.db.ovn_revision_numbers_db [None req-19061ba4-f7bf-463a-9ea7-cc7ab0f2c2a4 - - - - - -] Successfully bumped revision number for resource 5fe0c8fe-4806-40f9-afb8-32897d5d53ae (type: subnets) to 0 [pid: 7|app: 0|req: 884/1666] 10.0.0.231 () {34 vars in 669 bytes} [Wed Jun 10 11:18:18 2026] POST /v2.0/subnets => generated 657 bytes in 788 msecs (HTTP/1.1 201) 4 headers in 162 bytes (1 switches on core 0)
2026-06-10 11:18:19.124 8 WARNING neutron.scheduler.dhcp_agent_scheduler [None req-f38c6ab2-affa-4548-93cd-5e1ecc75c9ae cdb1d9faeb91424a909a006abb8aefb0 cb5af9f072144850b092156e8b875d0a - - default default] No more DHCP agents
2026-06-10 11:18:19.125 8 WARNING neutron.api.rpc.agentnotifiers.dhcp_rpc_agent_api [None req-f38c6ab2-affa-4548-93cd-5e1ecc75c9ae cdb1d9faeb91424a909a006abb8aefb0 cb5af9f072144850b092156e8b875d0a - - default default] Unable to schedule network 13d5b0e6-188f-4d02-8149-10cd179db890: no agents available; will retry on subsequent port and subnet creation events. [pid: 7|app: 0|req: 885/1667] 10.0.0.19 () {30 vars in 723 bytes} [Wed Jun 10 11:18:19 2026] GET /v2.0/quotas/1a6ceceac18e444d9addce947fb5f036/details => generated 847 bytes in 93 msecs (HTTP/1.1 200) 4 headers in 157 bytes (1 switches on core 0)
2026-06-10 11:18:19.277 8 INFO neutron.db.ovn_revision_numbers_db [None req-f38c6ab2-affa-4548-93cd-5e1ecc75c9ae cdb1d9faeb91424a909a006abb8aefb0 cb5af9f072144850b092156e8b875d0a - - default default] Successfully bumped revision number for resource 896f570d-f649-4245-996e-a53f8055335a (type: ports) to 1 [pid: 8|app: 0|req: 783/1668] 10.0.0.231 () {34 vars in 670 bytes} [Wed Jun 10 11:18:18 2026] POST /v2.0/networks => generated 663 bytes in 634 msecs (HTTP/1.1 201) 4 headers in 162 bytes (1 switches on core 0)
2026-06-10 11:18:19.621 8 INFO neutron.db.ovn_revision_numbers_db [None req-ae092b4c-4ea5-496f-80ca-dc9e84b07a9c 6586ff7096454384b124ef7f84f50e9e 5212a109c7db4e5c9247b96bb66b78cb - - default default] Successfully bumped revision number for resource 7e772fed-f85a-4a33-977f-7677e002eed2 (type: security_groups) to 1
2026-06-10 11:18:19.643 8 INFO neutron.db.ovn_revision_numbers_db [None req-ae092b4c-4ea5-496f-80ca-dc9e84b07a9c 6586ff7096454384b124ef7f84f50e9e 5212a109c7db4e5c9247b96bb66b78cb - - default default] Successfully bumped revision number for resource 3b50ebdd-86e3-449d-a979-f4392510b08d (type: security_group_rules) to 0
2026-06-10 11:18:19.656 8 INFO neutron.db.ovn_revision_numbers_db [None req-ae092b4c-4ea5-496f-80ca-dc9e84b07a9c 6586ff7096454384b124ef7f84f50e9e 5212a109c7db4e5c9247b96bb66b78cb - - default default] Successfully bumped revision number for resource 86decf7a-0592-4158-bfb5-c000b5f2e62d (type: security_group_rules) to 0
2026-06-10 11:18:19.677 8 INFO neutron.db.ovn_revision_numbers_db [None req-ae092b4c-4ea5-496f-80ca-dc9e84b07a9c 6586ff7096454384b124ef7f84f50e9e 5212a109c7db4e5c9247b96bb66b78cb - - default default] Successfully bumped revision number for resource 9b07bf70-32bd-4201-a109-33846bc9bd5c (type: security_group_rules) to 0
2026-06-10 11:18:19.689 8 INFO neutron.db.ovn_revision_numbers_db [None req-ae092b4c-4ea5-496f-80ca-dc9e84b07a9c 6586ff7096454384b124ef7f84f50e9e 5212a109c7db4e5c9247b96bb66b78cb - - default default] Successfully bumped revision number for resource a82bf142-8f9f-4f76-b3b5-15b606cc0c9e (type: security_group_rules) to 0 [pid: 8|app: 0|req: 784/1669] 10.0.0.231 () {32 vars in 774 bytes} [Wed Jun 10 11:18:19 2026] GET /v2.0/security-groups?tenant_id=7a030e953c8647af8014d979a657e6d5&name=default => generated 2925 bytes in 406 msecs (HTTP/1.1 200) 4 headers in 158 bytes (1 switches on core 0)
2026-06-10 11:18:19.761 7 WARNING neutron.scheduler.dhcp_agent_scheduler [None req-46e8dcdc-bb88-44d9-9f8f-51a8bc56e55a accd20c4a5be4482924033fbcdca97a9 01d0ed8e3b1f4240bca9a5cab96ea3e7 - - default default] No more DHCP agents
2026-06-10 11:18:19.762 7 WARNING neutron.api.rpc.agentnotifiers.dhcp_rpc_agent_api [None req-46e8dcdc-bb88-44d9-9f8f-51a8bc56e55a accd20c4a5be4482924033fbcdca97a9 01d0ed8e3b1f4240bca9a5cab96ea3e7 - - default default] Unable to schedule network b29d0033-6a86-4894-a970-5a2bf593c53c: no agents available; will retry on subsequent port and subnet creation events.
2026-06-10 11:18:19.885 8 INFO neutron.db.ovn_revision_numbers_db [None req-1c42ff53-559f-4fb4-a6dc-88474128772e cdb1d9faeb91424a909a006abb8aefb0 cb5af9f072144850b092156e8b875d0a - - default default] Successfully bumped revision number for resource 13d5b0e6-188f-4d02-8149-10cd179db890 (type: networks) to 2 [pid: 8|app: 0|req: 785/1670] 10.0.0.231 () {34 vars in 743 bytes} [Wed Jun 10 11:18:19 2026] PUT /v2.0/networks/13d5b0e6-188f-4d02-8149-10cd179db890 => generated 636 bytes in 171 msecs (HTTP/1.1 200) 4 headers in 157 bytes (1 switches on core 0)
2026-06-10 11:18:19.941 7 INFO neutron.db.ovn_revision_numbers_db [None req-46e8dcdc-bb88-44d9-9f8f-51a8bc56e55a accd20c4a5be4482924033fbcdca97a9 01d0ed8e3b1f4240bca9a5cab96ea3e7 - - default default] Successfully bumped revision number for resource 40f682e9-4302-4cc5-aa16-ce39366c078b (type: ports) to 1 [pid: 8|app: 0|req: 786/1671] 10.0.0.231 () {32 vars in 740 bytes} [Wed Jun 10 11:18:19 2026] DELETE /v2.0/security-groups/7e772fed-f85a-4a33-977f-7677e002eed2 => generated 0 bytes in 299 msecs (HTTP/1.1 204) 2 headers in 112 bytes (1 switches on core 0)
2026-06-10 11:18:20.356 8 WARNING neutron.scheduler.dhcp_agent_scheduler [None req-bc975585-431f-49e6-be91-effb9571ef48 cdb1d9faeb91424a909a006abb8aefb0 cb5af9f072144850b092156e8b875d0a - - default default] No more DHCP agents
2026-06-10 11:18:20.357 8 WARNING neutron.api.rpc.agentnotifiers.dhcp_rpc_agent_api [None req-bc975585-431f-49e6-be91-effb9571ef48 cdb1d9faeb91424a909a006abb8aefb0 cb5af9f072144850b092156e8b875d0a - - default default] Unable to schedule network 13d5b0e6-188f-4d02-8149-10cd179db890: no agents available; will retry on subsequent port and subnet creation events.
2026-06-10 11:18:20.762 7 WARNING neutron.scheduler.dhcp_agent_scheduler [None req-46e8dcdc-bb88-44d9-9f8f-51a8bc56e55a accd20c4a5be4482924033fbcdca97a9 01d0ed8e3b1f4240bca9a5cab96ea3e7 - - default default] No more DHCP agents
2026-06-10 11:18:20.763 7 WARNING neutron.api.rpc.agentnotifiers.dhcp_rpc_agent_api [None req-46e8dcdc-bb88-44d9-9f8f-51a8bc56e55a accd20c4a5be4482924033fbcdca97a9 01d0ed8e3b1f4240bca9a5cab96ea3e7 - - default default] Unable to schedule network b29d0033-6a86-4894-a970-5a2bf593c53c: no agents available; will retry on subsequent port and subnet creation events.
2026-06-10 11:18:20.911 8 INFO neutron.db.ovn_revision_numbers_db [None req-b4dd986d-cdb9-4a18-9a7e-d6c88584584e - - - - - -] Successfully bumped revision number for resource 896f570d-f649-4245-996e-a53f8055335a (type: ports) to 2
2026-06-10 11:18:20.935 8 INFO neutron.db.ovn_revision_numbers_db [None req-b4dd986d-cdb9-4a18-9a7e-d6c88584584e - - - - - -] Successfully bumped revision number for resource 3542a514-5f0b-4ffc-a239-c4c02cf420af (type: subnets) to 0 [pid: 8|app: 0|req: 787/1672] 10.0.0.231 () {34 vars in 669 bytes} [Wed Jun 10 11:18:20 2026] POST /v2.0/subnets => generated 626 bytes in 754 msecs (HTTP/1.1 201) 4 headers in 162 bytes (1 switches on core 0)
2026-06-10 11:18:21.130 7 INFO neutron.db.ovn_revision_numbers_db [None req-46e8dcdc-bb88-44d9-9f8f-51a8bc56e55a accd20c4a5be4482924033fbcdca97a9 01d0ed8e3b1f4240bca9a5cab96ea3e7 - - default default] Successfully bumped revision number for resource 40f682e9-4302-4cc5-aa16-ce39366c078b (type: router_ports) to 1 [pid: 7|app: 0|req: 886/1673] 10.0.0.231 () {34 vars in 783 bytes} [Wed Jun 10 11:18:19 2026] PUT /v2.0/routers/7a225856-ee63-4882-ac41-429fb1377910/add_router_interface => generated 309 bytes in 1999 msecs (HTTP/1.1 200) 4 headers in 157 bytes (1 switches on core 0) [pid: 7|app: 0|req: 887/1674] 10.0.0.231 () {32 vars in 649 bytes} [Wed Jun 10 11:18:21 2026] GET /v2.0/networks => generated 4626 bytes in 46 msecs (HTTP/1.1 200) 4 headers in 158 bytes (1 switches on core 0) [pid: 7|app: 0|req: 888/1675] 10.0.0.231 () {32 vars in 647 bytes} [Wed Jun 10 11:18:21 2026] GET /v2.0/subnets => generated 3266 bytes in 26 msecs (HTTP/1.1 200) 4 headers in 158 bytes (1 switches on core 0) [pid: 7|app: 0|req: 889/1676] 10.0.0.231 () {32 vars in 647 bytes} [Wed Jun 10 11:18:21 2026] GET /v2.0/routers => generated 975 bytes in 64 msecs (HTTP/1.1 200) 4 headers in 157 bytes (1 switches on core 0)
2026-06-10 11:18:21.329 8 INFO neutron.db.ovn_revision_numbers_db [None req-928db4e0-5521-4e27-8ba3-9e564e67667a cdb1d9faeb91424a909a006abb8aefb0 cb5af9f072144850b092156e8b875d0a - - default default] Successfully bumped revision number for resource 3542a514-5f0b-4ffc-a239-c4c02cf420af (type: subnets) to 1 [pid: 8|app: 0|req: 788/1677] 10.0.0.231 () {34 vars in 741 bytes} [Wed Jun 10 11:18:20 2026] PUT /v2.0/subnets/3542a514-5f0b-4ffc-a239-c4c02cf420af => generated 636 bytes in 377 msecs (HTTP/1.1 200) 4 headers in 157 bytes (1 switches on core 0)
2026-06-10 11:18:21.452 7 INFO neutron.db.ovn_revision_numbers_db [None req-9c69f41b-88b0-4cae-a71e-e0bc5f23557d accd20c4a5be4482924033fbcdca97a9 01d0ed8e3b1f4240bca9a5cab96ea3e7 - - default default] Successfully bumped revision number for resource 52dd2453-5ce5-448d-be68-4756e242d81f (type: security_groups) to 1
2026-06-10 11:18:21.465 7 INFO neutron.db.ovn_revision_numbers_db [None req-9c69f41b-88b0-4cae-a71e-e0bc5f23557d accd20c4a5be4482924033fbcdca97a9 01d0ed8e3b1f4240bca9a5cab96ea3e7 - - default default] Successfully bumped revision number for resource d703e08e-9daa-41ac-a998-a978da1bf3dd (type: security_group_rules) to 0
2026-06-10 11:18:21.475 7 INFO neutron.db.ovn_revision_numbers_db [None req-9c69f41b-88b0-4cae-a71e-e0bc5f23557d accd20c4a5be4482924033fbcdca97a9 01d0ed8e3b1f4240bca9a5cab96ea3e7 - - default default] Successfully bumped revision number for resource d7401fe1-1b97-436f-9e76-dde8806cfffb (type: security_group_rules) to 0
2026-06-10 11:18:21.494 8 INFO neutron_taas.services.taas.taas_plugin [None req-8bc43aee-2d41-4d2c-80ee-3b1934495593 cdb1d9faeb91424a909a006abb8aefb0 cb5af9f072144850b092156e8b875d0a - - default default] TaaS: Handle Delete Port: 896f570d-f649-4245-996e-a53f8055335a
2026-06-10 11:18:21.496 8 INFO neutron_taas.services.taas.tap_mirror_plugin [None req-8bc43aee-2d41-4d2c-80ee-3b1934495593 cdb1d9faeb91424a909a006abb8aefb0 cb5af9f072144850b092156e8b875d0a - - default default] Tap Mirror: Handle Delete Port: 896f570d-f649-4245-996e-a53f8055335a [pid: 7|app: 0|req: 890/1678] 10.0.0.231 () {34 vars in 685 bytes} [Wed Jun 10 11:18:21 2026] POST /v2.0/security-groups => generated 1673 bytes in 164 msecs (HTTP/1.1 201) 4 headers in 163 bytes (1 switches on core 0)
2026-06-10 11:18:21.634 7 INFO neutron.db.ovn_revision_numbers_db [None req-98d6b54f-3cca-436f-b4cd-5ba3d58c3796 accd20c4a5be4482924033fbcdca97a9 01d0ed8e3b1f4240bca9a5cab96ea3e7 - - default default] Successfully bumped revision number for resource 36c9d48f-a0e8-4fb5-b286-8c254ee39a53 (type: security_group_rules) to 0 [pid: 7|app: 0|req: 891/1679] 10.0.0.231 () {34 vars in 695 bytes} [Wed Jun 10 11:18:21 2026] POST /v2.0/security-group-rules => generated 597 bytes in 148 msecs (HTTP/1.1 201) 4 headers in 162 bytes (1 switches on core 0)
2026-06-10 11:18:21.817 7 INFO neutron.db.ovn_revision_numbers_db [None req-766b568c-f249-446f-8d94-250a188c04bb accd20c4a5be4482924033fbcdca97a9 01d0ed8e3b1f4240bca9a5cab96ea3e7 - - default default] Successfully bumped revision number for resource b86caa7e-8100-421c-9f15-84a547779890 (type: security_group_rules) to 0 [pid: 7|app: 0|req: 892/1680] 10.0.0.231 () {34 vars in 695 bytes} [Wed Jun 10 11:18:21 2026] POST /v2.0/security-group-rules => generated 596 bytes in 179 msecs (HTTP/1.1 201) 4 headers in 162 bytes (1 switches on core 0)
2026-06-10 11:18:21.873 8 INFO neutron.services.segments.plugin [-] Segment 7bc915ee-d02a-42bb-ae2a-86819cee1297 resource provider aggregate not found
2026-06-10 11:18:21.881 8 INFO neutron.services.segments.plugin [-] Segment 7bc915ee-d02a-42bb-ae2a-86819cee1297 resource provider aggregate not found
2026-06-10 11:18:21.898 8 INFO neutron.services.segments.plugin [-] Segment 7bc915ee-d02a-42bb-ae2a-86819cee1297 resource provider not found; error: Placement Client Error (4xx): {"errors": [{"status": 404, "title": "Not Found", "detail": "The resource could not be found.\n\n No resource provider with uuid 7bc915ee-d02a-42bb-ae2a-86819cee1297 found for delete ", "request_id": "req-4deaf58c-e727-4d2b-8b4f-01df8d1fd554"}]}
2026-06-10 11:18:21.906 8 INFO neutron.services.segments.plugin [-] Segment 7bc915ee-d02a-42bb-ae2a-86819cee1297 resource provider not found; error: Placement Client Error (4xx): {"errors": [{"status": 404, "title": "Not Found", "detail": "The resource could not be found.\n\n No resource provider with uuid 7bc915ee-d02a-42bb-ae2a-86819cee1297 found for delete ", "request_id": "req-5cb2a75f-39df-4b99-9b70-4a25e034ae91"}]} [pid: 8|app: 0|req: 789/1681] 10.0.0.231 () {32 vars in 726 bytes} [Wed Jun 10 11:18:21 2026] DELETE /v2.0/networks/13d5b0e6-188f-4d02-8149-10cd179db890 => generated 0 bytes in 602 msecs (HTTP/1.1 204) 3 headers in 131 bytes (1 switches on core 0)
2026-06-10 11:18:21.956 8 INFO neutron.pecan_wsgi.hooks.translation [None req-efa38c21-4af0-4c61-87df-57b24d6488e6 cdb1d9faeb91424a909a006abb8aefb0 cb5af9f072144850b092156e8b875d0a - - default default] DELETE failed (client error): The resource could not be found. [pid: 8|app: 0|req: 790/1682] 10.0.0.231 () {32 vars in 726 bytes} [Wed Jun 10 11:18:21 2026] DELETE /v2.0/networks/13d5b0e6-188f-4d02-8149-10cd179db890 => generated 138 bytes in 12 msecs (HTTP/1.1 404) 4 headers in 164 bytes (1 switches on core 0) [pid: 8|app: 0|req: 791/1683] 10.0.0.231 () {32 vars in 694 bytes} [Wed Jun 10 11:18:21 2026] GET /v2.0/networks?router%3Aexternal=True => generated 689 bytes in 46 msecs (HTTP/1.1 200) 4 headers in 157 bytes (1 switches on core 0)
