2026-04-15 08:11:16.535 8 INFO neutron.api.extensions [None req-7b15de43-2bcc-4f80-ab69-3c7a86c27687 - - - - - -] Loaded extension: network_ha
2026-04-15 08:11:16.535 7 INFO neutron.api.extensions [None req-478b66d1-19bc-4808-8138-2209b941839e - - - - - -] Loaded extension: vpn-aes-ctr
2026-04-15 08:11:16.536 8 INFO neutron.api.extensions [None req-7b15de43-2bcc-4f80-ab69-3c7a86c27687 - - - - - -] Loaded extension: network-ip-availability
2026-04-15 08:11:16.537 8 INFO neutron.api.extensions [None req-7b15de43-2bcc-4f80-ab69-3c7a86c27687 - - - - - -] Extension network-segment-range not supported by any of loaded plugins
2026-04-15 08:11:16.537 7 INFO neutron.api.extensions [None req-478b66d1-19bc-4808-8138-2209b941839e - - - - - -] Extension vpn-agent-scheduler not supported by any of loaded plugins
2026-04-15 08:11:16.537 8 INFO neutron.api.extensions [None req-7b15de43-2bcc-4f80-ab69-3c7a86c27687 - - - - - -] Loaded extension: pagination
2026-04-15 08:11:16.538 8 INFO neutron.api.extensions [None req-7b15de43-2bcc-4f80-ab69-3c7a86c27687 - - - - - -] Loaded extension: port-device-profile
2026-04-15 08:11:16.538 7 INFO neutron.api.extensions [None req-478b66d1-19bc-4808-8138-2209b941839e - - - - - -] Loaded extension: vpn-endpoint-groups
2026-04-15 08:11:16.538 8 INFO neutron.api.extensions [None req-7b15de43-2bcc-4f80-ab69-3c7a86c27687 - - - - - -] Extension port-hardware-offload-type not supported by any of loaded plugins
2026-04-15 08:11:16.539 7 INFO neutron.api.extensions [None req-478b66d1-19bc-4808-8138-2209b941839e - - - - - -] Loaded extension: vpn-flavors
2026-04-15 08:11:16.539 8 INFO neutron.api.extensions [None req-7b15de43-2bcc-4f80-ab69-3c7a86c27687 - - - - - -] Extension port-hint-ovs-tx-steering not supported by any of loaded plugins
2026-04-15 08:11:16.539 8 INFO neutron.api.extensions [None req-7b15de43-2bcc-4f80-ab69-3c7a86c27687 - - - - - -] Extension port-hints not supported by any of loaded plugins
2026-04-15 08:11:16.540 8 INFO neutron.api.extensions [None req-7b15de43-2bcc-4f80-ab69-3c7a86c27687 - - - - - -] Loaded extension: port-mac-override
2026-04-15 08:11:16.540 7 INFO neutron.api.extensions [None req-478b66d1-19bc-4808-8138-2209b941839e - - - - - -] Loaded extension: vpnaas
2026-04-15 08:11:16.540 8 INFO neutron.api.extensions [None req-7b15de43-2bcc-4f80-ab69-3c7a86c27687 - - - - - -] Loaded extension: port-mac-address-regenerate
2026-04-15 08:11:16.541 8 INFO neutron.api.extensions [None req-7b15de43-2bcc-4f80-ab69-3c7a86c27687 - - - - - -] Loaded extension: port-numa-affinity-policy
2026-04-15 08:11:16.541 8 INFO neutron.api.extensions [None req-7b15de43-2bcc-4f80-ab69-3c7a86c27687 - - - - - -] Loaded extension: port-numa-affinity-policy-socket
2026-04-15 08:11:16.541 7 INFO neutron.api.extensions [None req-478b66d1-19bc-4808-8138-2209b941839e - - - - - -] Loaded extension: taas
2026-04-15 08:11:16.542 8 INFO neutron.api.extensions [None req-7b15de43-2bcc-4f80-ab69-3c7a86c27687 - - - - - -] Loaded extension: port-resource-request
2026-04-15 08:11:16.542 8 INFO neutron.api.extensions [None req-7b15de43-2bcc-4f80-ab69-3c7a86c27687 - - - - - -] Loaded extension: port-resource-request-groups
2026-04-15 08:11:16.542 7 INFO neutron.api.extensions [None req-478b66d1-19bc-4808-8138-2209b941839e - - - - - -] Loaded extension: tap-mirror
2026-04-15 08:11:16.543 8 INFO neutron.api.extensions [None req-7b15de43-2bcc-4f80-ab69-3c7a86c27687 - - - - - -] Extension port-trusted-vif not supported by any of loaded plugins
2026-04-15 08:11:16.543 7 INFO neutron.api.extensions [None req-478b66d1-19bc-4808-8138-2209b941839e - - - - - -] Loaded extension: taas-vlan-filter
2026-04-15 08:11:16.543 8 INFO neutron.api.extensions [None req-7b15de43-2bcc-4f80-ab69-3c7a86c27687 - - - - - -] Loaded extension: binding
2026-04-15 08:11:16.544 8 INFO neutron.api.extensions [None req-7b15de43-2bcc-4f80-ab69-3c7a86c27687 - - - - - -] Loaded extension: binding-extended
2026-04-15 08:11:16.544 8 INFO neutron.api.extensions [None req-7b15de43-2bcc-4f80-ab69-3c7a86c27687 - - - - - -] Loaded extension: port-security
2026-04-15 08:11:16.545 8 INFO neutron.api.extensions [None req-7b15de43-2bcc-4f80-ab69-3c7a86c27687 - - - - - -] Loaded extension: project-id
2026-04-15 08:11:16.545 8 INFO neutron.api.extensions [None req-7b15de43-2bcc-4f80-ab69-3c7a86c27687 - - - - - -] Loaded extension: provider
2026-04-15 08:11:16.545 7 INFO neutron.quota.resource_registry [None req-478b66d1-19bc-4808-8138-2209b941839e - - - - - -] Creating instance of TrackedResource for resource:network
2026-04-15 08:11:16.546 7 INFO neutron.quota.resource_registry [None req-478b66d1-19bc-4808-8138-2209b941839e - - - - - -] Creating instance of TrackedResource for resource:subnet
2026-04-15 08:11:16.546 7 INFO neutron.quota.resource_registry [None req-478b66d1-19bc-4808-8138-2209b941839e - - - - - -] Creating instance of TrackedResource for resource:subnetpool
2026-04-15 08:11:16.546 7 INFO neutron.quota.resource_registry [None req-478b66d1-19bc-4808-8138-2209b941839e - - - - - -] Creating instance of TrackedResource for resource:port
2026-04-15 08:11:16.546 8 INFO neutron.api.extensions [None req-7b15de43-2bcc-4f80-ab69-3c7a86c27687 - - - - - -] Extension qinq not supported by any of loaded plugins
2026-04-15 08:11:16.548 8 INFO neutron.api.extensions [None req-7b15de43-2bcc-4f80-ab69-3c7a86c27687 - - - - - -] Loaded extension: qos
2026-04-15 08:11:16.549 7 INFO neutron.quota.resource_registry [None req-478b66d1-19bc-4808-8138-2209b941839e - - - - - -] Creating instance of TrackedResource for resource:router
2026-04-15 08:11:16.549 8 INFO neutron.api.extensions [None req-7b15de43-2bcc-4f80-ab69-3c7a86c27687 - - - - - -] Loaded extension: qos-bw-limit-direction
2026-04-15 08:11:16.549 7 INFO neutron.quota.resource_registry [None req-478b66d1-19bc-4808-8138-2209b941839e - - - - - -] Creating instance of TrackedResource for resource:floatingip
2026-04-15 08:11:16.550 8 INFO neutron.api.extensions [None req-7b15de43-2bcc-4f80-ab69-3c7a86c27687 - - - - - -] Loaded extension: qos-bw-minimum-ingress
2026-04-15 08:11:16.550 8 INFO neutron.api.extensions [None req-7b15de43-2bcc-4f80-ab69-3c7a86c27687 - - - - - -] Loaded extension: qos-default
2026-04-15 08:11:16.551 8 INFO neutron.api.extensions [None req-7b15de43-2bcc-4f80-ab69-3c7a86c27687 - - - - - -] Loaded extension: qos-fip
2026-04-15 08:11:16.551 8 INFO neutron.api.extensions [None req-7b15de43-2bcc-4f80-ab69-3c7a86c27687 - - - - - -] Extension qos-fip-network-policy not supported by any of loaded plugins
2026-04-15 08:11:16.551 8 INFO neutron.api.extensions [None req-7b15de43-2bcc-4f80-ab69-3c7a86c27687 - - - - - -] Loaded extension: qos-gateway-ip
2026-04-15 08:11:16.552 8 INFO neutron.api.extensions [None req-7b15de43-2bcc-4f80-ab69-3c7a86c27687 - - - - - -] Loaded extension: qos-port-network-policy
2026-04-15 08:11:16.552 8 INFO neutron.api.extensions [None req-7b15de43-2bcc-4f80-ab69-3c7a86c27687 - - - - - -] Loaded extension: qos-pps-minimum
2026-04-15 08:11:16.553 8 INFO neutron.api.extensions [None req-7b15de43-2bcc-4f80-ab69-3c7a86c27687 - - - - - -] Loaded extension: qos-pps-minimum-rule-alias
2026-04-15 08:11:16.554 8 INFO neutron.api.extensions [None req-7b15de43-2bcc-4f80-ab69-3c7a86c27687 - - - - - -] Loaded extension: qos-pps
2026-04-15 08:11:16.554 7 INFO neutron.quota.resource_registry [None req-478b66d1-19bc-4808-8138-2209b941839e - - - - - -] Creating instance of CountableResource for resource:rbac_policy
2026-04-15 08:11:16.554 8 INFO neutron.api.extensions [None req-7b15de43-2bcc-4f80-ab69-3c7a86c27687 - - - - - -] Loaded extension: qos-rule-type-details
2026-04-15 08:11:16.554 7 INFO neutron.quota.resource_registry [None req-478b66d1-19bc-4808-8138-2209b941839e - - - - - -] Creating instance of TrackedResource for resource:security_group
2026-04-15 08:11:16.555 8 INFO neutron.api.extensions [None req-7b15de43-2bcc-4f80-ab69-3c7a86c27687 - - - - - -] Loaded extension: qos-rule-type-filter
2026-04-15 08:11:16.555 7 INFO neutron.quota.resource_registry [None req-478b66d1-19bc-4808-8138-2209b941839e - - - - - -] Creating instance of TrackedResource for resource:security_group_rule
2026-04-15 08:11:16.555 8 INFO neutron.api.extensions [None req-7b15de43-2bcc-4f80-ab69-3c7a86c27687 - - - - - -] Loaded extension: qos-rules-alias
2026-04-15 08:11:16.556 8 INFO neutron.api.extensions [None req-7b15de43-2bcc-4f80-ab69-3c7a86c27687 - - - - - -] Loaded extension: quota-check-limit
2026-04-15 08:11:16.556 7 INFO neutron.quota.resource_registry [None req-478b66d1-19bc-4808-8138-2209b941839e - - - - - -] Creating instance of TrackedResource for resource:subnetpool
2026-04-15 08:11:16.556 7 WARNING neutron.quota.resource_registry [None req-478b66d1-19bc-4808-8138-2209b941839e - - - - - -] subnetpool is already registered
2026-04-15 08:11:16.556 7 INFO neutron.quota.resource_registry [None req-478b66d1-19bc-4808-8138-2209b941839e - - - - - -] Creating instance of TrackedResource for resource:subnetpool
2026-04-15 08:11:16.556 8 INFO neutron.api.extensions [None req-7b15de43-2bcc-4f80-ab69-3c7a86c27687 - - - - - -] Loaded extension: quota-check-limit-default
2026-04-15 08:11:16.556 7 WARNING neutron.quota.resource_registry [None req-478b66d1-19bc-4808-8138-2209b941839e - - - - - -] subnetpool is already registered
2026-04-15 08:11:16.557 7 INFO neutron.quota.resource_registry [None req-478b66d1-19bc-4808-8138-2209b941839e - - - - - -] Creating instance of CountableResource for resource:trunk
2026-04-15 08:11:16.557 7 INFO neutron.quota.resource_registry [None req-478b66d1-19bc-4808-8138-2209b941839e - - - - - -] Creating instance of CountableResource for resource:ikepolicy
2026-04-15 08:11:16.558 7 INFO neutron.quota.resource_registry [None req-478b66d1-19bc-4808-8138-2209b941839e - - - - - -] Creating instance of CountableResource for resource:ipsecpolicy
2026-04-15 08:11:16.558 7 INFO neutron.quota.resource_registry [None req-478b66d1-19bc-4808-8138-2209b941839e - - - - - -] Creating instance of CountableResource for resource:endpoint_group
2026-04-15 08:11:16.558 7 INFO neutron.quota.resource_registry [None req-478b66d1-19bc-4808-8138-2209b941839e - - - - - -] Creating instance of CountableResource for resource:vpnservice
2026-04-15 08:11:16.558 8 INFO neutron.api.extensions [None req-7b15de43-2bcc-4f80-ab69-3c7a86c27687 - - - - - -] Loaded extension: quotas
2026-04-15 08:11:16.559 7 INFO neutron.quota.resource_registry [None req-478b66d1-19bc-4808-8138-2209b941839e - - - - - -] Creating instance of CountableResource for resource:ipsec_site_connection
2026-04-15 08:11:16.559 7 INFO neutron.quota.resource_registry [None req-478b66d1-19bc-4808-8138-2209b941839e - - - - - -] Creating instance of CountableResource for resource:ipsecpolicy
2026-04-15 08:11:16.559 7 WARNING neutron.quota.resource_registry [None req-478b66d1-19bc-4808-8138-2209b941839e - - - - - -] ipsecpolicy is already registered
2026-04-15 08:11:16.559 8 INFO neutron.api.extensions [None req-7b15de43-2bcc-4f80-ab69-3c7a86c27687 - - - - - -] Loaded extension: quota_details
2026-04-15 08:11:16.560 7 INFO neutron.quota.resource_registry [None req-478b66d1-19bc-4808-8138-2209b941839e - - - - - -] Creating instance of CountableResource for resource:ikepolicy
2026-04-15 08:11:16.560 7 WARNING neutron.quota.resource_registry [None req-478b66d1-19bc-4808-8138-2209b941839e - - - - - -] ikepolicy is already registered
2026-04-15 08:11:16.561 8 INFO neutron.api.extensions [None req-7b15de43-2bcc-4f80-ab69-3c7a86c27687 - - - - - -] Loaded extension: rbac-policies
2026-04-15 08:11:16.561 8 INFO neutron.api.extensions [None req-7b15de43-2bcc-4f80-ab69-3c7a86c27687 - - - - - -] Loaded extension: rbac-address-group
2026-04-15 08:11:16.562 8 INFO neutron.api.extensions [None req-7b15de43-2bcc-4f80-ab69-3c7a86c27687 - - - - - -] Loaded extension: rbac-address-scope
2026-04-15 08:11:16.562 8 INFO neutron.api.extensions [None req-7b15de43-2bcc-4f80-ab69-3c7a86c27687 - - - - - -] Loaded extension: rbac-security-groups
2026-04-15 08:11:16.563 8 INFO neutron.api.extensions [None req-7b15de43-2bcc-4f80-ab69-3c7a86c27687 - - - - - -] Loaded extension: rbac-subnetpool
2026-04-15 08:11:16.563 8 INFO neutron.api.extensions [None req-7b15de43-2bcc-4f80-ab69-3c7a86c27687 - - - - - -] Loaded extension: revision-if-match
2026-04-15 08:11:16.564 8 INFO neutron.api.extensions [None req-7b15de43-2bcc-4f80-ab69-3c7a86c27687 - - - - - -] Loaded extension: standard-attr-revisions
2026-04-15 08:11:16.564 7 INFO neutron.quota.resource_registry [None req-478b66d1-19bc-4808-8138-2209b941839e - - - - - -] Creating instance of TrackedResource for resource:router
2026-04-15 08:11:16.564 7 WARNING neutron.quota.resource_registry [None req-478b66d1-19bc-4808-8138-2209b941839e - - - - - -] router is already registered
2026-04-15 08:11:16.564 8 INFO neutron.api.extensions [None req-7b15de43-2bcc-4f80-ab69-3c7a86c27687 - - - - - -] Loaded extension: router_availability_zone
2026-04-15 08:11:16.565 7 INFO neutron.quota.resource_registry [None req-478b66d1-19bc-4808-8138-2209b941839e - - - - - -] Creating instance of TrackedResource for resource:floatingip
2026-04-15 08:11:16.565 7 WARNING neutron.quota.resource_registry [None req-478b66d1-19bc-4808-8138-2209b941839e - - - - - -] floatingip is already registered
2026-04-15 08:11:16.565 8 INFO neutron.api.extensions [None req-7b15de43-2bcc-4f80-ab69-3c7a86c27687 - - - - - -] Extension router-service-type not supported by any of loaded plugins
2026-04-15 08:11:16.567 8 INFO neutron.api.extensions [None req-7b15de43-2bcc-4f80-ab69-3c7a86c27687 - - - - - -] Loaded extension: security-groups-default-rules
2026-04-15 08:11:16.567 8 INFO neutron.api.extensions [None req-7b15de43-2bcc-4f80-ab69-3c7a86c27687 - - - - - -] Loaded extension: security-groups-normalized-cidr
2026-04-15 08:11:16.567 8 INFO neutron.api.extensions [None req-7b15de43-2bcc-4f80-ab69-3c7a86c27687 - - - - - -] Loaded extension: port-security-groups-filtering
2026-04-15 08:11:16.568 8 INFO neutron.api.extensions [None req-7b15de43-2bcc-4f80-ab69-3c7a86c27687 - - - - - -] Loaded extension: security-groups-remote-address-group
2026-04-15 08:11:16.568 7 INFO neutron.quota.resource_registry [None req-478b66d1-19bc-4808-8138-2209b941839e - - - - - -] Creating instance of CountableResource for resource:rbac_policy
2026-04-15 08:11:16.568 7 WARNING neutron.quota.resource_registry [None req-478b66d1-19bc-4808-8138-2209b941839e - - - - - -] rbac_policy is already registered
2026-04-15 08:11:16.568 8 INFO neutron.api.extensions [None req-7b15de43-2bcc-4f80-ab69-3c7a86c27687 - - - - - -] Loaded extension: security-groups-rules-belongs-to-default-sg
2026-04-15 08:11:16.569 8 INFO neutron.api.extensions [None req-7b15de43-2bcc-4f80-ab69-3c7a86c27687 - - - - - -] Loaded extension: security-groups-shared-filtering
2026-04-15 08:11:16.569 7 INFO neutron.quota.resource_registry [None req-478b66d1-19bc-4808-8138-2209b941839e - - - - - -] Creating instance of TrackedResource for resource:security_group
2026-04-15 08:11:16.569 7 WARNING neutron.quota.resource_registry [None req-478b66d1-19bc-4808-8138-2209b941839e - - - - - -] security_group is already registered
2026-04-15 08:11:16.569 7 INFO neutron.quota.resource_registry [None req-478b66d1-19bc-4808-8138-2209b941839e - - - - - -] Creating instance of TrackedResource for resource:security_group_rule
2026-04-15 08:11:16.570 7 WARNING neutron.quota.resource_registry [None req-478b66d1-19bc-4808-8138-2209b941839e - - - - - -] security_group_rule is already registered
2026-04-15 08:11:16.570 7 INFO neutron.quota.resource_registry [None req-478b66d1-19bc-4808-8138-2209b941839e - - - - - -] Creating instance of TrackedResource for resource:subnetpool
2026-04-15 08:11:16.570 7 WARNING neutron.quota.resource_registry [None req-478b66d1-19bc-4808-8138-2209b941839e - - - - - -] subnetpool is already registered
2026-04-15 08:11:16.571 7 INFO neutron.quota.resource_registry [None req-478b66d1-19bc-4808-8138-2209b941839e - - - - - -] Creating instance of TrackedResource for resource:subnetpool
2026-04-15 08:11:16.571 7 WARNING neutron.quota.resource_registry [None req-478b66d1-19bc-4808-8138-2209b941839e - - - - - -] subnetpool is already registered
2026-04-15 08:11:16.571 7 INFO neutron.quota.resource_registry [None req-478b66d1-19bc-4808-8138-2209b941839e - - - - - -] Creating instance of CountableResource for resource:trunk
2026-04-15 08:11:16.571 7 WARNING neutron.quota.resource_registry [None req-478b66d1-19bc-4808-8138-2209b941839e - - - - - -] trunk is already registered
2026-04-15 08:11:16.572 7 INFO neutron.quota.resource_registry [None req-478b66d1-19bc-4808-8138-2209b941839e - - - - - -] Creating instance of CountableResource for resource:ikepolicy
2026-04-15 08:11:16.572 7 WARNING neutron.quota.resource_registry [None req-478b66d1-19bc-4808-8138-2209b941839e - - - - - -] ikepolicy is already registered
2026-04-15 08:11:16.572 7 INFO neutron.quota.resource_registry [None req-478b66d1-19bc-4808-8138-2209b941839e - - - - - -] Creating instance of CountableResource for resource:ipsecpolicy
2026-04-15 08:11:16.573 7 WARNING neutron.quota.resource_registry [None req-478b66d1-19bc-4808-8138-2209b941839e - - - - - -] ipsecpolicy is already registered
2026-04-15 08:11:16.573 7 INFO neutron.quota.resource_registry [None req-478b66d1-19bc-4808-8138-2209b941839e - - - - - -] Creating instance of CountableResource for resource:endpoint_group
2026-04-15 08:11:16.573 7 WARNING neutron.quota.resource_registry [None req-478b66d1-19bc-4808-8138-2209b941839e - - - - - -] endpoint_group is already registered
2026-04-15 08:11:16.573 7 INFO neutron.quota.resource_registry [None req-478b66d1-19bc-4808-8138-2209b941839e - - - - - -] Creating instance of CountableResource for resource:vpnservice
2026-04-15 08:11:16.573 7 WARNING neutron.quota.resource_registry [None req-478b66d1-19bc-4808-8138-2209b941839e - - - - - -] vpnservice is already registered
2026-04-15 08:11:16.574 7 INFO neutron.quota.resource_registry [None req-478b66d1-19bc-4808-8138-2209b941839e - - - - - -] Creating instance of CountableResource for resource:ipsec_site_connection
2026-04-15 08:11:16.574 7 WARNING neutron.quota.resource_registry [None req-478b66d1-19bc-4808-8138-2209b941839e - - - - - -] ipsec_site_connection is already registered
2026-04-15 08:11:16.574 7 INFO neutron.quota.resource_registry [None req-478b66d1-19bc-4808-8138-2209b941839e - - - - - -] Creating instance of CountableResource for resource:ipsecpolicy
2026-04-15 08:11:16.574 7 WARNING neutron.quota.resource_registry [None req-478b66d1-19bc-4808-8138-2209b941839e - - - - - -] ipsecpolicy is already registered
2026-04-15 08:11:16.574 8 INFO neutron.api.extensions [None req-7b15de43-2bcc-4f80-ab69-3c7a86c27687 - - - - - -] Loaded extension: security-group
2026-04-15 08:11:16.575 7 INFO neutron.quota.resource_registry [None req-478b66d1-19bc-4808-8138-2209b941839e - - - - - -] Creating instance of CountableResource for resource:ikepolicy
2026-04-15 08:11:16.575 7 WARNING neutron.quota.resource_registry [None req-478b66d1-19bc-4808-8138-2209b941839e - - - - - -] ikepolicy is already registered
2026-04-15 08:11:16.575 8 INFO neutron.api.extensions [None req-7b15de43-2bcc-4f80-ab69-3c7a86c27687 - - - - - -] Loaded extension: segment
2026-04-15 08:11:16.576 8 INFO neutron.api.extensions [None req-7b15de43-2bcc-4f80-ab69-3c7a86c27687 - - - - - -] Loaded extension: segments-peer-subnet-host-routes
2026-04-15 08:11:16.577 8 INFO neutron.api.extensions [None req-7b15de43-2bcc-4f80-ab69-3c7a86c27687 - - - - - -] Loaded extension: service-type
2026-04-15 08:11:16.577 8 INFO neutron.api.extensions [None req-7b15de43-2bcc-4f80-ab69-3c7a86c27687 - - - - - -] Loaded extension: sorting
2026-04-15 08:11:16.577 8 INFO neutron.api.extensions [None req-7b15de43-2bcc-4f80-ab69-3c7a86c27687 - - - - - -] Loaded extension: standard-attr-segment
2026-04-15 08:11:16.578 8 INFO neutron.api.extensions [None req-7b15de43-2bcc-4f80-ab69-3c7a86c27687 - - - - - -] Loaded extension: standard-attr-description
2026-04-15 08:11:16.579 8 INFO neutron.api.extensions [None req-7b15de43-2bcc-4f80-ab69-3c7a86c27687 - - - - - -] Loaded extension: stateful-security-group
2026-04-15 08:11:16.579 8 WARNING neutron.api.extensions [None req-7b15de43-2bcc-4f80-ab69-3c7a86c27687 - - - - - -] Did not find expected name "Stdattrs_common" in /var/lib/openstack/lib/python3.12/site-packages/neutron/extensions/stdattrs_common.py
2026-04-15 08:11:16.580 8 INFO neutron.api.extensions [None req-7b15de43-2bcc-4f80-ab69-3c7a86c27687 - - - - - -] Extension subnet-dns-publish-fixed-ip not supported by any of loaded plugins
2026-04-15 08:11:16.580 8 INFO neutron.api.extensions [None req-7b15de43-2bcc-4f80-ab69-3c7a86c27687 - - - - - -] Loaded extension: subnet-external-network
2026-04-15 08:11:16.581 8 INFO neutron.api.extensions [None req-7b15de43-2bcc-4f80-ab69-3c7a86c27687 - - - - - -] Loaded extension: subnet_onboard
2026-04-15 08:11:16.581 8 INFO neutron.api.extensions [None req-7b15de43-2bcc-4f80-ab69-3c7a86c27687 - - - - - -] Loaded extension: subnet-segmentid-writable
2026-04-15 08:11:16.582 8 INFO neutron.api.extensions [None req-7b15de43-2bcc-4f80-ab69-3c7a86c27687 - - - - - -] Loaded extension: subnet-service-types
2026-04-15 08:11:16.582 8 INFO neutron.api.extensions [None req-7b15de43-2bcc-4f80-ab69-3c7a86c27687 - - - - - -] Loaded extension: subnet_allocation
2026-04-15 08:11:16.583 8 INFO neutron.api.extensions [None req-7b15de43-2bcc-4f80-ab69-3c7a86c27687 - - - - - -] Loaded extension: subnetpool-prefix-ops
2026-04-15 08:11:16.583 8 INFO neutron.api.extensions [None req-7b15de43-2bcc-4f80-ab69-3c7a86c27687 - - - - - -] Loaded extension: tag-creation
2026-04-15 08:11:16.584 8 INFO neutron.api.extensions [None req-7b15de43-2bcc-4f80-ab69-3c7a86c27687 - - - - - -] Extension tag-ports-during-bulk-creation not supported by any of loaded plugins
2026-04-15 08:11:16.588 8 INFO neutron.api.extensions [None req-7b15de43-2bcc-4f80-ab69-3c7a86c27687 - - - - - -] Loaded extension: standard-attr-tag
2026-04-15 08:11:16.588 8 INFO neutron.api.extensions [None req-7b15de43-2bcc-4f80-ab69-3c7a86c27687 - - - - - -] Loaded extension: standard-attr-timestamp
2026-04-15 08:11:16.589 8 INFO neutron.api.extensions [None req-7b15de43-2bcc-4f80-ab69-3c7a86c27687 - - - - - -] Loaded extension: trunk
2026-04-15 08:11:16.590 8 INFO neutron.api.extensions [None req-7b15de43-2bcc-4f80-ab69-3c7a86c27687 - - - - - -] Loaded extension: trunk-details
2026-04-15 08:11:16.590 8 INFO neutron.api.extensions [None req-7b15de43-2bcc-4f80-ab69-3c7a86c27687 - - - - - -] Extension uplink-status-propagation not supported by any of loaded plugins
2026-04-15 08:11:16.591 8 INFO neutron.api.extensions [None req-7b15de43-2bcc-4f80-ab69-3c7a86c27687 - - - - - -] Extension uplink-status-propagation-updatable not supported by any of loaded plugins
2026-04-15 08:11:16.591 8 INFO neutron.api.extensions [None req-7b15de43-2bcc-4f80-ab69-3c7a86c27687 - - - - - -] Extension vlan-transparent not supported by any of loaded plugins
2026-04-15 08:11:16.592 8 INFO neutron.api.extensions [None req-7b15de43-2bcc-4f80-ab69-3c7a86c27687 - - - - - -] Loaded extension: vpn-aes-ctr
2026-04-15 08:11:16.594 8 INFO neutron.api.extensions [None req-7b15de43-2bcc-4f80-ab69-3c7a86c27687 - - - - - -] Extension vpn-agent-scheduler not supported by any of loaded plugins
2026-04-15 08:11:16.595 8 INFO neutron.api.extensions [None req-7b15de43-2bcc-4f80-ab69-3c7a86c27687 - - - - - -] Loaded extension: vpn-endpoint-groups
2026-04-15 08:11:16.595 8 INFO neutron.api.extensions [None req-7b15de43-2bcc-4f80-ab69-3c7a86c27687 - - - - - -] Loaded extension: vpn-flavors
2026-04-15 08:11:16.597 8 INFO neutron.api.extensions [None req-7b15de43-2bcc-4f80-ab69-3c7a86c27687 - - - - - -] Loaded extension: vpnaas
2026-04-15 08:11:16.598 8 INFO neutron.api.extensions [None req-7b15de43-2bcc-4f80-ab69-3c7a86c27687 - - - - - -] Loaded extension: taas
2026-04-15 08:11:16.599 8 INFO neutron.api.extensions [None req-7b15de43-2bcc-4f80-ab69-3c7a86c27687 - - - - - -] Loaded extension: tap-mirror
2026-04-15 08:11:16.599 8 INFO neutron.api.extensions [None req-7b15de43-2bcc-4f80-ab69-3c7a86c27687 - - - - - -] Loaded extension: taas-vlan-filter
2026-04-15 08:11:16.602 8 INFO neutron.quota.resource_registry [None req-7b15de43-2bcc-4f80-ab69-3c7a86c27687 - - - - - -] Creating instance of TrackedResource for resource:network
2026-04-15 08:11:16.602 8 INFO neutron.quota.resource_registry [None req-7b15de43-2bcc-4f80-ab69-3c7a86c27687 - - - - - -] Creating instance of TrackedResource for resource:subnet
2026-04-15 08:11:16.602 8 INFO neutron.quota.resource_registry [None req-7b15de43-2bcc-4f80-ab69-3c7a86c27687 - - - - - -] Creating instance of TrackedResource for resource:subnetpool
2026-04-15 08:11:16.602 8 INFO neutron.quota.resource_registry [None req-7b15de43-2bcc-4f80-ab69-3c7a86c27687 - - - - - -] Creating instance of TrackedResource for resource:port
2026-04-15 08:11:16.605 8 INFO neutron.quota.resource_registry [None req-7b15de43-2bcc-4f80-ab69-3c7a86c27687 - - - - - -] Creating instance of TrackedResource for resource:router
2026-04-15 08:11:16.606 8 INFO neutron.quota.resource_registry [None req-7b15de43-2bcc-4f80-ab69-3c7a86c27687 - - - - - -] Creating instance of TrackedResource for resource:floatingip
2026-04-15 08:11:16.610 8 INFO neutron.quota.resource_registry [None req-7b15de43-2bcc-4f80-ab69-3c7a86c27687 - - - - - -] Creating instance of CountableResource for resource:rbac_policy
2026-04-15 08:11:16.611 8 INFO neutron.quota.resource_registry [None req-7b15de43-2bcc-4f80-ab69-3c7a86c27687 - - - - - -] Creating instance of TrackedResource for resource:security_group
2026-04-15 08:11:16.611 8 INFO neutron.quota.resource_registry [None req-7b15de43-2bcc-4f80-ab69-3c7a86c27687 - - - - - -] Creating instance of TrackedResource for resource:security_group_rule
2026-04-15 08:11:16.611 7 WARNING keystonemiddleware._common.config [None req-478b66d1-19bc-4808-8138-2209b941839e - - - - - -] The option "audit_map_file" is not known to keystonemiddleware
2026-04-15 08:11:16.612 8 INFO neutron.quota.resource_registry [None req-7b15de43-2bcc-4f80-ab69-3c7a86c27687 - - - - - -] Creating instance of TrackedResource for resource:subnetpool
2026-04-15 08:11:16.612 8 WARNING neutron.quota.resource_registry [None req-7b15de43-2bcc-4f80-ab69-3c7a86c27687 - - - - - -] subnetpool is already registered
2026-04-15 08:11:16.612 8 INFO neutron.quota.resource_registry [None req-7b15de43-2bcc-4f80-ab69-3c7a86c27687 - - - - - -] Creating instance of TrackedResource for resource:subnetpool
2026-04-15 08:11:16.613 8 WARNING neutron.quota.resource_registry [None req-7b15de43-2bcc-4f80-ab69-3c7a86c27687 - - - - - -] subnetpool is already registered
2026-04-15 08:11:16.613 8 INFO neutron.quota.resource_registry [None req-7b15de43-2bcc-4f80-ab69-3c7a86c27687 - - - - - -] Creating instance of CountableResource for resource:trunk
2026-04-15 08:11:16.613 8 INFO neutron.quota.resource_registry [None req-7b15de43-2bcc-4f80-ab69-3c7a86c27687 - - - - - -] Creating instance of CountableResource for resource:ikepolicy
2026-04-15 08:11:16.614 8 INFO neutron.quota.resource_registry [None req-7b15de43-2bcc-4f80-ab69-3c7a86c27687 - - - - - -] Creating instance of CountableResource for resource:ipsecpolicy
2026-04-15 08:11:16.614 8 INFO neutron.quota.resource_registry [None req-7b15de43-2bcc-4f80-ab69-3c7a86c27687 - - - - - -] Creating instance of CountableResource for resource:endpoint_group
2026-04-15 08:11:16.615 8 INFO neutron.quota.resource_registry [None req-7b15de43-2bcc-4f80-ab69-3c7a86c27687 - - - - - -] Creating instance of CountableResource for resource:vpnservice
2026-04-15 08:11:16.615 8 INFO neutron.quota.resource_registry [None req-7b15de43-2bcc-4f80-ab69-3c7a86c27687 - - - - - -] Creating instance of CountableResource for resource:ipsec_site_connection
2026-04-15 08:11:16.615 8 INFO neutron.quota.resource_registry [None req-7b15de43-2bcc-4f80-ab69-3c7a86c27687 - - - - - -] Creating instance of CountableResource for resource:ipsecpolicy
2026-04-15 08:11:16.615 8 WARNING neutron.quota.resource_registry [None req-7b15de43-2bcc-4f80-ab69-3c7a86c27687 - - - - - -] ipsecpolicy is already registered
2026-04-15 08:11:16.616 8 INFO neutron.quota.resource_registry [None req-7b15de43-2bcc-4f80-ab69-3c7a86c27687 - - - - - -] Creating instance of CountableResource for resource:ikepolicy
2026-04-15 08:11:16.616 8 WARNING neutron.quota.resource_registry [None req-7b15de43-2bcc-4f80-ab69-3c7a86c27687 - - - - - -] ikepolicy is already registered
2026-04-15 08:11:16.618 7 WARNING oslo_config.cfg [None req-478b66d1-19bc-4808-8138-2209b941839e - - - - - -] Deprecated: Option "auth_uri" from group "keystone_authtoken" is deprecated. Use option "www_authenticate_uri" from group "keystone_authtoken". WSGI app 0 (mountpoint='') ready in 7 seconds on interpreter 0x7fe224bbf668 pid: 7 (default app)
2026-04-15 08:11:16.620 8 INFO neutron.quota.resource_registry [None req-7b15de43-2bcc-4f80-ab69-3c7a86c27687 - - - - - -] Creating instance of TrackedResource for resource:router
2026-04-15 08:11:16.620 8 WARNING neutron.quota.resource_registry [None req-7b15de43-2bcc-4f80-ab69-3c7a86c27687 - - - - - -] router is already registered
2026-04-15 08:11:16.621 8 INFO neutron.quota.resource_registry [None req-7b15de43-2bcc-4f80-ab69-3c7a86c27687 - - - - - -] Creating instance of TrackedResource for resource:floatingip
2026-04-15 08:11:16.621 8 WARNING neutron.quota.resource_registry [None req-7b15de43-2bcc-4f80-ab69-3c7a86c27687 - - - - - -] floatingip is already registered
2026-04-15 08:11:16.624 8 INFO neutron.quota.resource_registry [None req-7b15de43-2bcc-4f80-ab69-3c7a86c27687 - - - - - -] Creating instance of CountableResource for resource:rbac_policy
2026-04-15 08:11:16.625 8 WARNING neutron.quota.resource_registry [None req-7b15de43-2bcc-4f80-ab69-3c7a86c27687 - - - - - -] rbac_policy is already registered
2026-04-15 08:11:16.625 8 INFO neutron.quota.resource_registry [None req-7b15de43-2bcc-4f80-ab69-3c7a86c27687 - - - - - -] Creating instance of TrackedResource for resource:security_group
2026-04-15 08:11:16.625 8 WARNING neutron.quota.resource_registry [None req-7b15de43-2bcc-4f80-ab69-3c7a86c27687 - - - - - -] security_group is already registered
2026-04-15 08:11:16.626 8 INFO neutron.quota.resource_registry [None req-7b15de43-2bcc-4f80-ab69-3c7a86c27687 - - - - - -] Creating instance of TrackedResource for resource:security_group_rule
2026-04-15 08:11:16.626 8 WARNING neutron.quota.resource_registry [None req-7b15de43-2bcc-4f80-ab69-3c7a86c27687 - - - - - -] security_group_rule is already registered
2026-04-15 08:11:16.626 8 INFO neutron.quota.resource_registry [None req-7b15de43-2bcc-4f80-ab69-3c7a86c27687 - - - - - -] Creating instance of TrackedResource for resource:subnetpool
2026-04-15 08:11:16.627 8 WARNING neutron.quota.resource_registry [None req-7b15de43-2bcc-4f80-ab69-3c7a86c27687 - - - - - -] subnetpool is already registered
2026-04-15 08:11:16.627 8 INFO neutron.quota.resource_registry [None req-7b15de43-2bcc-4f80-ab69-3c7a86c27687 - - - - - -] Creating instance of TrackedResource for resource:subnetpool
2026-04-15 08:11:16.627 8 WARNING neutron.quota.resource_registry [None req-7b15de43-2bcc-4f80-ab69-3c7a86c27687 - - - - - -] subnetpool is already registered
2026-04-15 08:11:16.628 8 INFO neutron.quota.resource_registry [None req-7b15de43-2bcc-4f80-ab69-3c7a86c27687 - - - - - -] Creating instance of CountableResource for resource:trunk
2026-04-15 08:11:16.628 8 WARNING neutron.quota.resource_registry [None req-7b15de43-2bcc-4f80-ab69-3c7a86c27687 - - - - - -] trunk is already registered
2026-04-15 08:11:16.628 8 INFO neutron.quota.resource_registry [None req-7b15de43-2bcc-4f80-ab69-3c7a86c27687 - - - - - -] Creating instance of CountableResource for resource:ikepolicy
2026-04-15 08:11:16.628 8 WARNING neutron.quota.resource_registry [None req-7b15de43-2bcc-4f80-ab69-3c7a86c27687 - - - - - -] ikepolicy is already registered
2026-04-15 08:11:16.629 8 INFO neutron.quota.resource_registry [None req-7b15de43-2bcc-4f80-ab69-3c7a86c27687 - - - - - -] Creating instance of CountableResource for resource:ipsecpolicy
2026-04-15 08:11:16.629 8 WARNING neutron.quota.resource_registry [None req-7b15de43-2bcc-4f80-ab69-3c7a86c27687 - - - - - -] ipsecpolicy is already registered
2026-04-15 08:11:16.629 8 INFO neutron.quota.resource_registry [None req-7b15de43-2bcc-4f80-ab69-3c7a86c27687 - - - - - -] Creating instance of CountableResource for resource:endpoint_group
2026-04-15 08:11:16.629 8 WARNING neutron.quota.resource_registry [None req-7b15de43-2bcc-4f80-ab69-3c7a86c27687 - - - - - -] endpoint_group is already registered
2026-04-15 08:11:16.630 8 INFO neutron.quota.resource_registry [None req-7b15de43-2bcc-4f80-ab69-3c7a86c27687 - - - - - -] Creating instance of CountableResource for resource:vpnservice
2026-04-15 08:11:16.630 8 WARNING neutron.quota.resource_registry [None req-7b15de43-2bcc-4f80-ab69-3c7a86c27687 - - - - - -] vpnservice is already registered
2026-04-15 08:11:16.630 8 INFO neutron.quota.resource_registry [None req-7b15de43-2bcc-4f80-ab69-3c7a86c27687 - - - - - -] Creating instance of CountableResource for resource:ipsec_site_connection
2026-04-15 08:11:16.630 8 WARNING neutron.quota.resource_registry [None req-7b15de43-2bcc-4f80-ab69-3c7a86c27687 - - - - - -] ipsec_site_connection is already registered
2026-04-15 08:11:16.631 8 INFO neutron.quota.resource_registry [None req-7b15de43-2bcc-4f80-ab69-3c7a86c27687 - - - - - -] Creating instance of CountableResource for resource:ipsecpolicy
2026-04-15 08:11:16.631 8 WARNING neutron.quota.resource_registry [None req-7b15de43-2bcc-4f80-ab69-3c7a86c27687 - - - - - -] ipsecpolicy is already registered
2026-04-15 08:11:16.631 8 INFO neutron.quota.resource_registry [None req-7b15de43-2bcc-4f80-ab69-3c7a86c27687 - - - - - -] Creating instance of CountableResource for resource:ikepolicy
2026-04-15 08:11:16.631 8 WARNING neutron.quota.resource_registry [None req-7b15de43-2bcc-4f80-ab69-3c7a86c27687 - - - - - -] ikepolicy is already registered
2026-04-15 08:11:16.670 8 WARNING keystonemiddleware._common.config [None req-7b15de43-2bcc-4f80-ab69-3c7a86c27687 - - - - - -] The option "audit_map_file" is not known to keystonemiddleware
2026-04-15 08:11:16.676 8 WARNING oslo_config.cfg [None req-7b15de43-2bcc-4f80-ab69-3c7a86c27687 - - - - - -] Deprecated: Option "auth_uri" from group "keystone_authtoken" is deprecated. Use option "www_authenticate_uri" from group "keystone_authtoken". WSGI app 0 (mountpoint='') ready in 7 seconds on interpreter 0x7fe224bbf668 pid: 8 (default app) /var/lib/openstack/lib/python3.12/site-packages/pycadf/identifier.py:70: UserWarning: Invalid uuid: unknown. To ensure interoperability, identifiers should be a valid uuid. warnings.warn(('Invalid uuid: %s. To ensure interoperability, '
2026-04-15 08:11:22.254 7 INFO neutron.pecan_wsgi.hooks.translation [None req-69dae4c8-89cb-4607-a8cc-4b69a4c42e76 61046ec6ff46473f88337caa25d766b1 a32f1115c7a3427fb0c49560f2c8f2ab - - default default] GET failed (client error): The resource could not be found. [pid: 7|app: 0|req: 4/4] 199.19.213.102 () {44 vars in 928 bytes} [Wed Apr 15 08:11:21 2026] GET /v2.0/networks/public => generated 108 bytes in 786 msecs (HTTP/1.1 404) 4 headers in 164 bytes (1 switches on core 0) /var/lib/openstack/lib/python3.12/site-packages/pycadf/identifier.py:70: UserWarning: Invalid uuid: unknown. To ensure interoperability, identifiers should be a valid uuid. warnings.warn(('Invalid uuid: %s. To ensure interoperability, ' [pid: 8|app: 0|req: 1/5] 199.19.213.102 () {44 vars in 950 bytes} [Wed Apr 15 08:11:22 2026] GET /v2.0/networks?name=public => generated 15 bytes in 383 msecs (HTTP/1.1 200) 4 headers in 156 bytes (1 switches on core 0)
2026-04-15 08:11:23.028 7 WARNING neutron.services.revisions.revision_plugin [None req-d5bae7fb-d840-4701-b66c-f3c0b3036835 61046ec6ff46473f88337caa25d766b1 a32f1115c7a3427fb0c49560f2c8f2ab - - default default] Could not find related network for resource to bump revision.
2026-04-15 08:11:23.047 7 INFO neutron.db.segments_db [None req-d5bae7fb-d840-4701-b66c-f3c0b3036835 61046ec6ff46473f88337caa25d766b1 a32f1115c7a3427fb0c49560f2c8f2ab - - default default] Added segment 289d26ad-3e61-4af6-80e6-3d2c8640fc2c of type flat for network e0072a64-1f30-4435-a98d-e5a189f2bc2f
2026-04-15 08:11:23.093 7 INFO neutron.pecan_wsgi.hooks.translation [None req-d5bae7fb-d840-4701-b66c-f3c0b3036835 61046ec6ff46473f88337caa25d766b1 a32f1115c7a3427fb0c49560f2c8f2ab - - default default] POST failed (client error): The resource could not be found. [pid: 7|app: 0|req: 5/6] 199.19.213.102 () {48 vars in 968 bytes} [Wed Apr 15 08:11:22 2026] POST /v2.0/networks => generated 124 bytes in 478 msecs (HTTP/1.1 404) 4 headers in 164 bytes (1 switches on core 0)
2026-04-15 08:11:28.926 7 INFO neutron.pecan_wsgi.hooks.translation [None req-e9fdda6b-9e7a-4fb8-9e23-645c47aa4aae 61046ec6ff46473f88337caa25d766b1 a32f1115c7a3427fb0c49560f2c8f2ab - - default default] GET failed (client error): The resource could not be found. [pid: 7|app: 0|req: 6/8] 199.19.213.102 () {44 vars in 928 bytes} [Wed Apr 15 08:11:28 2026] GET /v2.0/networks/public => generated 108 bytes in 45 msecs (HTTP/1.1 404) 4 headers in 164 bytes (1 switches on core 0) [pid: 8|app: 0|req: 3/9] 199.19.213.102 () {44 vars in 950 bytes} [Wed Apr 15 08:11:28 2026] GET /v2.0/networks?name=public => generated 15 bytes in 17 msecs (HTTP/1.1 200) 4 headers in 156 bytes (1 switches on core 0)
2026-04-15 08:11:28.998 7 WARNING neutron.services.revisions.revision_plugin [None req-509b85c0-0c79-4e17-8056-7dd603eff181 61046ec6ff46473f88337caa25d766b1 a32f1115c7a3427fb0c49560f2c8f2ab - - default default] Could not find related network for resource to bump revision.
2026-04-15 08:11:29.007 7 INFO neutron.db.segments_db [None req-509b85c0-0c79-4e17-8056-7dd603eff181 61046ec6ff46473f88337caa25d766b1 a32f1115c7a3427fb0c49560f2c8f2ab - - default default] Added segment d5447cab-a1b3-4e33-8b07-25a6bb2263dc of type flat for network 3677988c-b681-4660-9f7a-56132308cfdb
2026-04-15 08:11:29.023 7 INFO neutron.pecan_wsgi.hooks.translation [None req-509b85c0-0c79-4e17-8056-7dd603eff181 61046ec6ff46473f88337caa25d766b1 a32f1115c7a3427fb0c49560f2c8f2ab - - default default] POST failed (client error): The resource could not be found. [pid: 7|app: 0|req: 7/10] 199.19.213.102 () {48 vars in 968 bytes} [Wed Apr 15 08:11:28 2026] POST /v2.0/networks => generated 124 bytes in 76 msecs (HTTP/1.1 404) 4 headers in 164 bytes (1 switches on core 0)
2026-04-15 08:11:35.179 8 INFO neutron.pecan_wsgi.hooks.translation [None req-4f85fcd6-ca8b-4c1a-8cb3-1498a66435c2 61046ec6ff46473f88337caa25d766b1 a32f1115c7a3427fb0c49560f2c8f2ab - - default default] GET failed (client error): The resource could not be found. [pid: 8|app: 0|req: 4/11] 199.19.213.102 () {44 vars in 928 bytes} [Wed Apr 15 08:11:34 2026] GET /v2.0/networks/public => generated 108 bytes in 366 msecs (HTTP/1.1 404) 4 headers in 164 bytes (1 switches on core 0) [pid: 7|app: 0|req: 8/12] 199.19.213.102 () {44 vars in 950 bytes} [Wed Apr 15 08:11:35 2026] GET /v2.0/networks?name=public => generated 15 bytes in 21 msecs (HTTP/1.1 200) 4 headers in 156 bytes (1 switches on core 0)
2026-04-15 08:11:35.436 8 WARNING neutron.services.revisions.revision_plugin [None req-5faca85d-5979-4f5a-8711-c0018d1d9f57 61046ec6ff46473f88337caa25d766b1 a32f1115c7a3427fb0c49560f2c8f2ab - - default default] Could not find related network for resource to bump revision.
2026-04-15 08:11:35.458 8 INFO neutron.db.segments_db [None req-5faca85d-5979-4f5a-8711-c0018d1d9f57 61046ec6ff46473f88337caa25d766b1 a32f1115c7a3427fb0c49560f2c8f2ab - - default default] Added segment 43490edd-2038-4686-8894-bb1529630024 of type flat for network ab1021e9-962c-478e-8bff-677876c39b37
2026-04-15 08:11:35.504 8 INFO neutron.pecan_wsgi.hooks.translation [None req-5faca85d-5979-4f5a-8711-c0018d1d9f57 61046ec6ff46473f88337caa25d766b1 a32f1115c7a3427fb0c49560f2c8f2ab - - default default] POST failed (client error): The resource could not be found. [pid: 8|app: 0|req: 5/13] 199.19.213.102 () {48 vars in 968 bytes} [Wed Apr 15 08:11:35 2026] POST /v2.0/networks => generated 124 bytes in 305 msecs (HTTP/1.1 404) 4 headers in 164 bytes (1 switches on core 0)
2026-04-15 08:11:41.369 8 INFO neutron.pecan_wsgi.hooks.translation [None req-3cdd86b7-9132-41f2-a0eb-111415ac5f37 61046ec6ff46473f88337caa25d766b1 a32f1115c7a3427fb0c49560f2c8f2ab - - default default] GET failed (client error): The resource could not be found. [pid: 8|app: 0|req: 6/15] 199.19.213.102 () {44 vars in 928 bytes} [Wed Apr 15 08:11:41 2026] GET /v2.0/networks/public => generated 108 bytes in 36 msecs (HTTP/1.1 404) 4 headers in 164 bytes (1 switches on core 0) [pid: 7|app: 0|req: 10/16] 199.19.213.102 () {44 vars in 950 bytes} [Wed Apr 15 08:11:41 2026] GET /v2.0/networks?name=public => generated 15 bytes in 8 msecs (HTTP/1.1 200) 4 headers in 156 bytes (1 switches on core 0)
2026-04-15 08:11:41.432 8 WARNING neutron.services.revisions.revision_plugin [None req-413f0545-8869-474c-ab78-304f6fd090fe 61046ec6ff46473f88337caa25d766b1 a32f1115c7a3427fb0c49560f2c8f2ab - - default default] Could not find related network for resource to bump revision.
2026-04-15 08:11:41.450 8 INFO neutron.db.segments_db [None req-413f0545-8869-474c-ab78-304f6fd090fe 61046ec6ff46473f88337caa25d766b1 a32f1115c7a3427fb0c49560f2c8f2ab - - default default] Added segment 35c3aded-e546-42d9-b647-c7c49785dd13 of type flat for network 6e0cafd0-3199-48ef-928e-7ec9ab89561b
2026-04-15 08:11:41.475 8 INFO neutron.pecan_wsgi.hooks.translation [None req-413f0545-8869-474c-ab78-304f6fd090fe 61046ec6ff46473f88337caa25d766b1 a32f1115c7a3427fb0c49560f2c8f2ab - - default default] POST failed (client error): The resource could not be found. [pid: 8|app: 0|req: 7/17] 199.19.213.102 () {48 vars in 968 bytes} [Wed Apr 15 08:11:41 2026] POST /v2.0/networks => generated 124 bytes in 99 msecs (HTTP/1.1 404) 4 headers in 164 bytes (1 switches on core 0)
2026-04-15 08:11:47.505 7 INFO neutron.pecan_wsgi.hooks.translation [None req-2e903e6d-7193-490b-935d-9f3e09fa7743 61046ec6ff46473f88337caa25d766b1 a32f1115c7a3427fb0c49560f2c8f2ab - - default default] GET failed (client error): The resource could not be found. [pid: 7|app: 0|req: 11/18] 199.19.213.102 () {44 vars in 928 bytes} [Wed Apr 15 08:11:47 2026] GET /v2.0/networks/public => generated 108 bytes in 37 msecs (HTTP/1.1 404) 4 headers in 164 bytes (1 switches on core 0) [pid: 8|app: 0|req: 8/19] 199.19.213.102 () {44 vars in 950 bytes} [Wed Apr 15 08:11:47 2026] GET /v2.0/networks?name=public => generated 15 bytes in 17 msecs (HTTP/1.1 200) 4 headers in 156 bytes (1 switches on core 0)
2026-04-15 08:11:47.573 7 WARNING neutron.services.revisions.revision_plugin [None req-04e122d5-a9e8-4916-b052-f203e1ba54a7 61046ec6ff46473f88337caa25d766b1 a32f1115c7a3427fb0c49560f2c8f2ab - - default default] Could not find related network for resource to bump revision.
2026-04-15 08:11:47.601 7 INFO neutron.db.segments_db [None req-04e122d5-a9e8-4916-b052-f203e1ba54a7 61046ec6ff46473f88337caa25d766b1 a32f1115c7a3427fb0c49560f2c8f2ab - - default default] Added segment 473feddf-595f-4cf9-8299-0fecb11ce485 of type flat for network 4092ad8b-e314-425e-81a3-a56f33909e26 [pid: 7|app: 0|req: 12/20] 199.19.213.102 () {48 vars in 968 bytes} [Wed Apr 15 08:11:47 2026] POST /v2.0/networks => generated 706 bytes in 210 msecs (HTTP/1.1 201) 4 headers in 162 bytes (1 switches on core 0)
2026-04-15 08:11:48.765 8 INFO neutron.pecan_wsgi.hooks.translation [None req-63c57f94-7e36-4619-b2bb-05cc0eea12f1 61046ec6ff46473f88337caa25d766b1 a32f1115c7a3427fb0c49560f2c8f2ab - - default default] GET failed (client error): The resource could not be found. [pid: 8|app: 0|req: 9/21] 199.19.213.102 () {44 vars in 928 bytes} [Wed Apr 15 08:11:48 2026] GET /v2.0/networks/public => generated 108 bytes in 40 msecs (HTTP/1.1 404) 4 headers in 164 bytes (1 switches on core 0) [pid: 7|app: 0|req: 13/22] 199.19.213.102 () {44 vars in 950 bytes} [Wed Apr 15 08:11:48 2026] GET /v2.0/networks?name=public => generated 709 bytes in 29 msecs (HTTP/1.1 200) 4 headers in 157 bytes (1 switches on core 0)
2026-04-15 08:11:48.824 8 INFO neutron.pecan_wsgi.hooks.translation [None req-b2e283cd-5a38-4561-9016-6c03c66ab36e 61046ec6ff46473f88337caa25d766b1 a32f1115c7a3427fb0c49560f2c8f2ab - - default default] GET failed (client error): The resource could not be found. [pid: 8|app: 0|req: 10/23] 199.19.213.102 () {44 vars in 1035 bytes} [Wed Apr 15 08:11:48 2026] GET /v2.0/subnets/public-subnet?network_id=4092ad8b-e314-425e-81a3-a56f33909e26 => generated 113 bytes in 22 msecs (HTTP/1.1 404) 4 headers in 164 bytes (1 switches on core 0) [pid: 7|app: 0|req: 14/24] 199.19.213.102 () {44 vars in 1058 bytes} [Wed Apr 15 08:11:48 2026] GET /v2.0/subnets?name=public-subnet&network_id=4092ad8b-e314-425e-81a3-a56f33909e26 => generated 14 bytes in 20 msecs (HTTP/1.1 200) 4 headers in 156 bytes (1 switches on core 0) [pid: 8|app: 0|req: 11/25] 199.19.213.102 () {48 vars in 966 bytes} [Wed Apr 15 08:11:48 2026] POST /v2.0/subnets => generated 664 bytes in 334 msecs (HTTP/1.1 201) 4 headers in 162 bytes (1 switches on core 0)
2026-04-15 08:16:39.636 7 INFO neutron.pecan_wsgi.hooks.translation [None req-b89680c9-cbcf-4f42-8ac2-45334488e0c6 61046ec6ff46473f88337caa25d766b1 a32f1115c7a3427fb0c49560f2c8f2ab - - default default] GET failed (client error): The resource could not be found. [pid: 7|app: 0|req: 34/63] 199.19.213.102 () {44 vars in 938 bytes} [Wed Apr 15 08:16:39 2026] GET /v2.0/networks/lb-mgmt-net => generated 113 bytes in 99 msecs (HTTP/1.1 404) 4 headers in 164 bytes (1 switches on core 0) [pid: 8|app: 0|req: 30/64] 199.19.213.102 () {44 vars in 960 bytes} [Wed Apr 15 08:16:39 2026] GET /v2.0/networks?name=lb-mgmt-net => generated 15 bytes in 22 msecs (HTTP/1.1 200) 4 headers in 156 bytes (1 switches on core 0)
2026-04-15 08:16:39.719 7 INFO neutron.db.segments_db [None req-28f09f31-d506-4f6a-aa25-50c842e64d50 61046ec6ff46473f88337caa25d766b1 a32f1115c7a3427fb0c49560f2c8f2ab - - default default] Added segment 5044b383-a373-4e62-927a-4bbec1ad5dbb of type vxlan for network f7233adb-32e3-458e-9cdb-d4fd6331305d [pid: 7|app: 0|req: 35/65] 199.19.213.102 () {48 vars in 967 bytes} [Wed Apr 15 08:16:39 2026] POST /v2.0/networks => generated 688 bytes in 147 msecs (HTTP/1.1 201) 4 headers in 162 bytes (1 switches on core 0)
2026-04-15 08:16:40.742 8 INFO neutron.pecan_wsgi.hooks.translation [None req-ea2ee207-65b8-496f-b7ee-a1adfeae8c8c 61046ec6ff46473f88337caa25d766b1 a32f1115c7a3427fb0c49560f2c8f2ab - - default default] GET failed (client error): The resource could not be found. [pid: 8|app: 0|req: 32/68] 199.19.213.102 () {44 vars in 938 bytes} [Wed Apr 15 08:16:40 2026] GET /v2.0/networks/lb-mgmt-net => generated 113 bytes in 50 msecs (HTTP/1.1 404) 4 headers in 164 bytes (1 switches on core 0) [pid: 7|app: 0|req: 37/69] 199.19.213.102 () {44 vars in 960 bytes} [Wed Apr 15 08:16:40 2026] GET /v2.0/networks?name=lb-mgmt-net => generated 691 bytes in 30 msecs (HTTP/1.1 200) 4 headers in 157 bytes (1 switches on core 0)
2026-04-15 08:16:40.800 8 INFO neutron.pecan_wsgi.hooks.translation [None req-6b69fd75-836f-468d-bb36-75f0178e138f 61046ec6ff46473f88337caa25d766b1 a32f1115c7a3427fb0c49560f2c8f2ab - - default default] GET failed (client error): The resource could not be found. [pid: 8|app: 0|req: 33/70] 199.19.213.102 () {44 vars in 1037 bytes} [Wed Apr 15 08:16:40 2026] GET /v2.0/subnets/lb-mgmt-subnet?network_id=f7233adb-32e3-458e-9cdb-d4fd6331305d => generated 114 bytes in 13 msecs (HTTP/1.1 404) 4 headers in 164 bytes (1 switches on core 0) [pid: 7|app: 0|req: 38/71] 199.19.213.102 () {44 vars in 1060 bytes} [Wed Apr 15 08:16:40 2026] GET /v2.0/subnets?name=lb-mgmt-subnet&network_id=f7233adb-32e3-458e-9cdb-d4fd6331305d => generated 14 bytes in 13 msecs (HTTP/1.1 200) 4 headers in 156 bytes (1 switches on core 0) [pid: 8|app: 0|req: 34/72] 199.19.213.102 () {48 vars in 966 bytes} [Wed Apr 15 08:16:40 2026] POST /v2.0/subnets => generated 651 bytes in 191 msecs (HTTP/1.1 201) 4 headers in 162 bytes (1 switches on core 0)
