2026-02-25 23:19:45.589 8 INFO neutron_taas.services.taas.tap_mirror_plugin [None req-459427d4-6542-4e0b-b900-cf3d6398bde2 4c8ba4df74464280877e0f27840288ab b23d72452b6e4f9c96dbd9b77ed96f41 - - default default] Tap Mirror: Handle Delete Port: b449231f-e63a-4783-9d20-bddea94b3d10
2026-02-25 23:19:45.801 8 INFO neutron.services.segments.plugin [-] Segment 12d9e274-9ad8-4e9d-9cb1-a573d857514e resource provider aggregate not found
2026-02-25 23:19:45.806 8 INFO neutron.services.segments.plugin [-] Segment 12d9e274-9ad8-4e9d-9cb1-a573d857514e resource provider aggregate not found
2026-02-25 23:19:45.821 8 INFO neutron.services.segments.plugin [-] Segment 12d9e274-9ad8-4e9d-9cb1-a573d857514e resource provider not found; error: Placement Client Error (4xx): {"errors": [{"status": 404, "title": "Not Found", "detail": "The resource could not be found.\n\n No resource provider with uuid 12d9e274-9ad8-4e9d-9cb1-a573d857514e found for delete ", "request_id": "req-a7ef9398-ac37-464d-88b2-f615ca19470e"}]}
2026-02-25 23:19:45.826 8 INFO neutron.services.segments.plugin [-] Segment 12d9e274-9ad8-4e9d-9cb1-a573d857514e resource provider not found; error: Placement Client Error (4xx): {"errors": [{"status": 404, "title": "Not Found", "detail": "The resource could not be found.\n\n No resource provider with uuid 12d9e274-9ad8-4e9d-9cb1-a573d857514e found for delete ", "request_id": "req-140fce1a-577c-4b4a-9c29-2a5936b5bd80"}]} [pid: 8|app: 0|req: 1474/2766] 10.0.0.89 () {32 vars in 725 bytes} [Wed Feb 25 23:19:45 2026] DELETE /v2.0/networks/fc15f649-e0dc-41c4-b639-97403afe4fe9 => generated 0 bytes in 383 msecs (HTTP/1.1 204) 3 headers in 131 bytes (1 switches on core 0)
2026-02-25 23:19:45.979 7 INFO neutron_taas.services.taas.taas_plugin [None req-926394c0-5dfb-4382-8a19-8696accb1a8b 4c8ba4df74464280877e0f27840288ab b23d72452b6e4f9c96dbd9b77ed96f41 - - default default] TaaS: Handle Delete Port: eb9e39bb-9da9-4c4f-84ff-644b863750da
2026-02-25 23:19:45.983 7 INFO neutron_taas.services.taas.tap_mirror_plugin [None req-926394c0-5dfb-4382-8a19-8696accb1a8b 4c8ba4df74464280877e0f27840288ab b23d72452b6e4f9c96dbd9b77ed96f41 - - default default] Tap Mirror: Handle Delete Port: eb9e39bb-9da9-4c4f-84ff-644b863750da
2026-02-25 23:19:46.176 7 INFO neutron.services.segments.plugin [-] Segment 3acd3625-a1af-4ae5-85bd-5ab772bd6042 resource provider aggregate not found
2026-02-25 23:19:46.182 7 INFO neutron.services.segments.plugin [-] Segment 3acd3625-a1af-4ae5-85bd-5ab772bd6042 resource provider aggregate not found
2026-02-25 23:19:46.194 7 INFO neutron.services.segments.plugin [-] Segment 3acd3625-a1af-4ae5-85bd-5ab772bd6042 resource provider not found; error: Placement Client Error (4xx): {"errors": [{"status": 404, "title": "Not Found", "detail": "The resource could not be found.\n\n No resource provider with uuid 3acd3625-a1af-4ae5-85bd-5ab772bd6042 found for delete ", "request_id": "req-b427eca4-09be-42c5-aa10-12488431ae18"}]}
2026-02-25 23:19:46.203 7 INFO neutron.services.segments.plugin [-] Segment 3acd3625-a1af-4ae5-85bd-5ab772bd6042 resource provider not found; error: Placement Client Error (4xx): {"errors": [{"status": 404, "title": "Not Found", "detail": "The resource could not be found.\n\n No resource provider with uuid 3acd3625-a1af-4ae5-85bd-5ab772bd6042 found for delete ", "request_id": "req-44cddaa8-bdaf-4f9f-b812-d467cb20da51"}]} [pid: 7|app: 0|req: 1293/2767] 10.0.0.89 () {32 vars in 725 bytes} [Wed Feb 25 23:19:45 2026] DELETE /v2.0/networks/8210e96d-e254-4128-9939-5209d3dec1b1 => generated 0 bytes in 392 msecs (HTTP/1.1 204) 3 headers in 131 bytes (1 switches on core 0)
2026-02-25 23:19:46.366 8 INFO neutron_taas.services.taas.taas_plugin [None req-5644ef20-77f0-4120-9907-d11c77b2dbe6 4c8ba4df74464280877e0f27840288ab b23d72452b6e4f9c96dbd9b77ed96f41 - - default default] TaaS: Handle Delete Port: 9ef962a0-2ba5-4737-ad4a-9420495b6d20
2026-02-25 23:19:46.369 8 INFO neutron_taas.services.taas.tap_mirror_plugin [None req-5644ef20-77f0-4120-9907-d11c77b2dbe6 4c8ba4df74464280877e0f27840288ab b23d72452b6e4f9c96dbd9b77ed96f41 - - default default] Tap Mirror: Handle Delete Port: 9ef962a0-2ba5-4737-ad4a-9420495b6d20 [pid: 8|app: 0|req: 1475/2768] 10.0.0.89 () {32 vars in 725 bytes} [Wed Feb 25 23:19:46 2026] DELETE /v2.0/networks/27da4d91-81fa-4595-8bd4-74cbe1f3044a => generated 0 bytes in 361 msecs (HTTP/1.1 204) 3 headers in 131 bytes (1 switches on core 0)
2026-02-25 23:19:46.724 8 INFO neutron_taas.services.taas.taas_plugin [None req-0a7c8d01-11ea-43a2-b645-063dc0e6aab0 4c8ba4df74464280877e0f27840288ab b23d72452b6e4f9c96dbd9b77ed96f41 - - default default] TaaS: Handle Delete Port: 6f852dc8-9d62-4a68-82a4-9428cbe2c239
2026-02-25 23:19:46.727 8 INFO neutron_taas.services.taas.tap_mirror_plugin [None req-0a7c8d01-11ea-43a2-b645-063dc0e6aab0 4c8ba4df74464280877e0f27840288ab b23d72452b6e4f9c96dbd9b77ed96f41 - - default default] Tap Mirror: Handle Delete Port: 6f852dc8-9d62-4a68-82a4-9428cbe2c239
2026-02-25 23:19:46.883 7 WARNING neutron.scheduler.dhcp_agent_scheduler [None req-deb284b9-398f-4afc-927d-f46c0d51c730 fcf45bdec22940ad9bb2fffd24bfb348 edd14d62938e46cd963f507f48277b23 - - default default] No more DHCP agents
2026-02-25 23:19:46.884 7 WARNING neutron.api.rpc.agentnotifiers.dhcp_rpc_agent_api [None req-deb284b9-398f-4afc-927d-f46c0d51c730 fcf45bdec22940ad9bb2fffd24bfb348 edd14d62938e46cd963f507f48277b23 - - default default] Unable to schedule network eb23e894-cb78-4932-98ec-2c75d48c388d: no agents available; will retry on subsequent port and subnet creation events. [pid: 8|app: 0|req: 1476/2769] 10.0.0.89 () {32 vars in 725 bytes} [Wed Feb 25 23:19:46 2026] DELETE /v2.0/networks/f24cb69d-20fc-4fc4-9d20-e33a577f749c => generated 0 bytes in 338 msecs (HTTP/1.1 204) 3 headers in 131 bytes (1 switches on core 0)
2026-02-25 23:19:47.088 8 INFO neutron_taas.services.taas.taas_plugin [None req-9c79cc12-c74d-4d8c-b188-7a96ae534935 4c8ba4df74464280877e0f27840288ab b23d72452b6e4f9c96dbd9b77ed96f41 - - default default] TaaS: Handle Delete Port: 643c27fd-a1bd-4b90-afa1-fd7fbec5811d
2026-02-25 23:19:47.091 8 INFO neutron_taas.services.taas.tap_mirror_plugin [None req-9c79cc12-c74d-4d8c-b188-7a96ae534935 4c8ba4df74464280877e0f27840288ab b23d72452b6e4f9c96dbd9b77ed96f41 - - default default] Tap Mirror: Handle Delete Port: 643c27fd-a1bd-4b90-afa1-fd7fbec5811d [pid: 8|app: 0|req: 1477/2770] 10.0.0.89 () {32 vars in 725 bytes} [Wed Feb 25 23:19:46 2026] DELETE /v2.0/networks/200c0ffc-7e5e-4a70-a764-081cebc58f06 => generated 0 bytes in 375 msecs (HTTP/1.1 204) 3 headers in 131 bytes (1 switches on core 0)
2026-02-25 23:19:47.824 7 INFO neutron.db.ovn_revision_numbers_db [None req-deb284b9-398f-4afc-927d-f46c0d51c730 fcf45bdec22940ad9bb2fffd24bfb348 edd14d62938e46cd963f507f48277b23 - - default default] Successfully bumped revision number for resource 473b6417-97ba-4476-b8cd-c82eb6e26923 (type: floatingips) to 1
2026-02-25 23:19:47.825 7 INFO neutron.db.l3_db [None req-deb284b9-398f-4afc-927d-f46c0d51c730 fcf45bdec22940ad9bb2fffd24bfb348 edd14d62938e46cd963f507f48277b23 - - default default] Floating IP 473b6417-97ba-4476-b8cd-c82eb6e26923 associated. External IP: 10.96.250.201, port: a727b8cb-41a7-41f6-93ec-990f58eedbc3.
2026-02-25 23:19:47.840 8 INFO neutron.services.segments.plugin [-] Segment ce7871cc-ebc2-4b5b-8732-1e4ab7a02027 resource provider aggregate not found
2026-02-25 23:19:47.846 8 INFO neutron.services.segments.plugin [-] Segment ce7871cc-ebc2-4b5b-8732-1e4ab7a02027 resource provider aggregate not found
2026-02-25 23:19:47.858 8 INFO neutron.services.segments.plugin [-] Segment ce7871cc-ebc2-4b5b-8732-1e4ab7a02027 resource provider not found; error: Placement Client Error (4xx): {"errors": [{"status": 404, "title": "Not Found", "detail": "The resource could not be found.\n\n No resource provider with uuid ce7871cc-ebc2-4b5b-8732-1e4ab7a02027 found for delete ", "request_id": "req-7e486696-3775-4f97-a25b-b35712bac3ac"}]}
2026-02-25 23:19:47.865 8 INFO neutron.services.segments.plugin [-] Segment ce7871cc-ebc2-4b5b-8732-1e4ab7a02027 resource provider not found; error: Placement Client Error (4xx): {"errors": [{"status": 404, "title": "Not Found", "detail": "The resource could not be found.\n\n No resource provider with uuid ce7871cc-ebc2-4b5b-8732-1e4ab7a02027 found for delete ", "request_id": "req-e79d55af-d27a-4e98-a5a5-b64db2d6acb8"}]} [pid: 7|app: 0|req: 1294/2773] 10.0.0.89 () {34 vars in 676 bytes} [Wed Feb 25 23:19:46 2026] POST /v2.0/floatingips => generated 898 bytes in 1250 msecs (HTTP/1.1 201) 4 headers in 162 bytes (1 switches on core 0)
2026-02-25 23:19:47.875 8 INFO neutron.services.segments.plugin [-] Segment 2fdc090b-e454-46f2-a249-348e75015e1e resource provider aggregate not found
2026-02-25 23:19:47.888 8 INFO neutron.services.segments.plugin [-] Segment 2fdc090b-e454-46f2-a249-348e75015e1e resource provider not found; error: Placement Client Error (4xx): {"errors": [{"status": 404, "title": "Not Found", "detail": "The resource could not be found.\n\n No resource provider with uuid 2fdc090b-e454-46f2-a249-348e75015e1e found for delete ", "request_id": "req-5cd1b616-32a4-4724-9a2f-6a1b8d083c13"}]}
2026-02-25 23:19:47.890 8 INFO neutron.services.segments.plugin [-] Segment 2fdc090b-e454-46f2-a249-348e75015e1e resource provider aggregate not found
2026-02-25 23:19:47.900 8 INFO neutron.services.segments.plugin [-] Segment b0629fd5-20fe-4ddd-8d89-7a683cf87d3f resource provider aggregate not found
2026-02-25 23:19:47.912 8 INFO neutron.services.segments.plugin [-] Segment 2fdc090b-e454-46f2-a249-348e75015e1e resource provider not found; error: Placement Client Error (4xx): {"errors": [{"status": 404, "title": "Not Found", "detail": "The resource could not be found.\n\n No resource provider with uuid 2fdc090b-e454-46f2-a249-348e75015e1e found for delete ", "request_id": "req-569ec07e-6863-4c5c-a692-8bac28248dcb"}]}
2026-02-25 23:19:47.920 8 INFO neutron.services.segments.plugin [-] Segment b0629fd5-20fe-4ddd-8d89-7a683cf87d3f resource provider not found; error: Placement Client Error (4xx): {"errors": [{"status": 404, "title": "Not Found", "detail": "The resource could not be found.\n\n No resource provider with uuid b0629fd5-20fe-4ddd-8d89-7a683cf87d3f found for delete ", "request_id": "req-22f88cab-ca65-4257-9faf-d282b2c53693"}]}
2026-02-25 23:19:47.933 8 INFO neutron.services.segments.plugin [-] Segment b0629fd5-20fe-4ddd-8d89-7a683cf87d3f resource provider aggregate not found
2026-02-25 23:19:47.953 8 INFO neutron.services.segments.plugin [-] Segment b0629fd5-20fe-4ddd-8d89-7a683cf87d3f resource provider not found; error: Placement Client Error (4xx): {"errors": [{"status": 404, "title": "Not Found", "detail": "The resource could not be found.\n\n No resource provider with uuid b0629fd5-20fe-4ddd-8d89-7a683cf87d3f found for delete ", "request_id": "req-226d3602-6ea8-476d-b883-21814662d068"}]} [pid: 8|app: 0|req: 1480/2774] 10.0.0.212 () {28 vars in 585 bytes} [Wed Feb 25 23:19:47 2026] GET /v2.0/networks => generated 4771 bytes in 404 msecs (HTTP/1.1 200) 4 headers in 158 bytes (1 switches on core 0) /var/lib/openstack/lib/python3.12/site-packages/pycadf/identifier.py:70: UserWarning: Invalid uuid: neutron. To ensure interoperability, identifiers should be a valid uuid. warnings.warn(('Invalid uuid: %s. To ensure interoperability, ' [pid: 7|app: 0|req: 1295/2775] 10.0.0.212 () {28 vars in 583 bytes} [Wed Feb 25 23:19:48 2026] GET /v2.0/subnets => generated 5511 bytes in 49 msecs (HTTP/1.1 200) 4 headers in 158 bytes (1 switches on core 0) [pid: 8|app: 0|req: 1481/2776] 10.0.0.212 () {28 vars in 591 bytes} [Wed Feb 25 23:19:48 2026] GET /v2.0/subnetpools => generated 19 bytes in 9 msecs (HTTP/1.1 200) 4 headers in 156 bytes (1 switches on core 0) [pid: 7|app: 0|req: 1296/2777] 10.0.0.212 () {28 vars in 579 bytes} [Wed Feb 25 23:19:48 2026] GET /v2.0/ports => generated 22024 bytes in 95 msecs (HTTP/1.1 200) 4 headers in 159 bytes (1 switches on core 0) [pid: 8|app: 0|req: 1482/2778] 10.0.0.212 () {28 vars in 583 bytes} [Wed Feb 25 23:19:48 2026] GET /v2.0/routers => generated 965 bytes in 80 msecs (HTTP/1.1 200) 4 headers in 157 bytes (1 switches on core 0) [pid: 7|app: 0|req: 1297/2779] 10.0.0.89 () {32 vars in 773 bytes} [Wed Feb 25 23:19:48 2026] GET /v2.0/security-groups?tenant_id=b23d72452b6e4f9c96dbd9b77ed96f41&name=default => generated 2925 bytes in 86 msecs (HTTP/1.1 200) 4 headers in 158 bytes (1 switches on core 0) [pid: 8|app: 0|req: 1483/2780] 10.0.0.212 () {28 vars in 624 bytes} [Wed Feb 25 23:19:48 2026] GET /v2.0/agents?binary=ovn-controller => generated 416 bytes in 73 msecs (HTTP/1.1 200) 4 headers in 157 bytes (1 switches on core 0) [pid: 8|app: 0|req: 1484/2781] 10.0.0.212 () {28 vars in 619 bytes} [Wed Feb 25 23:19:48 2026] GET /v2.0/network-ip-availabilities => generated 3187 bytes in 16 msecs (HTTP/1.1 200) 4 headers in 158 bytes (1 switches on core 0) [pid: 8|app: 0|req: 1485/2782] 10.0.0.212 () {28 vars in 591 bytes} [Wed Feb 25 23:19:48 2026] GET /v2.0/floatingips => generated 2588 bytes in 58 msecs (HTTP/1.1 200) 4 headers in 158 bytes (1 switches on core 0) [pid: 8|app: 0|req: 1486/2783] 10.0.0.212 () {28 vars in 599 bytes} [Wed Feb 25 23:19:48 2026] GET /v2.0/security-groups => generated 33156 bytes in 74 msecs (HTTP/1.1 200) 4 headers in 159 bytes (1 switches on core 0) [pid: 8|app: 0|req: 1487/2784] 10.0.0.212 () {28 vars in 581 bytes} [Wed Feb 25 23:19:48 2026] GET /v2.0/agents => generated 1214 bytes in 25 msecs (HTTP/1.1 200) 4 headers in 158 bytes (1 switches on core 0) [pid: 8|app: 0|req: 1488/2785] 10.0.0.212 () {28 vars in 583 bytes} [Wed Feb 25 23:19:48 2026] GET /v2.0/subnets => generated 5511 bytes in 73 msecs (HTTP/1.1 200) 4 headers in 158 bytes (1 switches on core 0) [pid: 7|app: 0|req: 1298/2786] 10.0.0.89 () {32 vars in 739 bytes} [Wed Feb 25 23:19:48 2026] DELETE /v2.0/security-groups/9f3d373b-963c-47a6-8f84-69f445759e80 => generated 0 bytes in 375 msecs (HTTP/1.1 204) 2 headers in 112 bytes (1 switches on core 0) [pid: 8|app: 0|req: 1489/2787] 10.0.0.18 () {34 vars in 1177 bytes} [Wed Feb 25 23:19:48 2026] GET /v2.0/ports?device_id=fc372bd3-94e9-4245-85ba-e5e4a3fb1b2a&device_id=dadbe5ad-157d-4094-91aa-c6e0f93c59d3&device_id=b8e4f3e8-dfbf-430e-8213-f6d49160a499 => generated 5373 bytes in 50 msecs (HTTP/1.1 200) 4 headers in 158 bytes (1 switches on core 0) [pid: 7|app: 0|req: 1299/2788] 10.0.0.18 () {34 vars in 1199 bytes} [Wed Feb 25 23:19:48 2026] GET /v2.0/security-groups?id=3fec3e97-9d27-4fb9-b9f1-a9f494d5cd70&id=80a799df-5bf8-4f3e-a5a5-665746f76e95&id=dfcafa62-f2c4-4b2c-9253-8b0522f0a361&fields=id&fields=name => generated 286 bytes in 41 msecs (HTTP/1.1 200) 4 headers in 157 bytes (1 switches on core 0)
2026-02-25 23:19:48.948 8 INFO neutron.db.ovn_revision_numbers_db [None req-1902abbb-489f-4f21-a615-f6e42fcb15f3 3f53496f0fe14872ae32d78ab6980e4f f08271befc944fd18794e69b142e7eff - - default default] Successfully bumped revision number for resource 6a8540cc-1f9f-4612-b1f4-2bd3cc0991ac (type: security_groups) to 1
2026-02-25 23:19:48.961 8 INFO neutron.db.ovn_revision_numbers_db [None req-1902abbb-489f-4f21-a615-f6e42fcb15f3 3f53496f0fe14872ae32d78ab6980e4f f08271befc944fd18794e69b142e7eff - - default default] Successfully bumped revision number for resource 1976d151-db8d-47cb-9ff5-4843a5112913 (type: security_group_rules) to 0
2026-02-25 23:19:48.972 8 INFO neutron.db.ovn_revision_numbers_db [None req-1902abbb-489f-4f21-a615-f6e42fcb15f3 3f53496f0fe14872ae32d78ab6980e4f f08271befc944fd18794e69b142e7eff - - default default] Successfully bumped revision number for resource 3ed3bc74-3a0c-4b17-bd45-460a3c57e3b9 (type: security_group_rules) to 0
2026-02-25 23:19:48.985 8 INFO neutron.db.ovn_revision_numbers_db [None req-1902abbb-489f-4f21-a615-f6e42fcb15f3 3f53496f0fe14872ae32d78ab6980e4f f08271befc944fd18794e69b142e7eff - - default default] Successfully bumped revision number for resource 96613f9d-a9ac-4313-a505-8ec6b24f18e2 (type: security_group_rules) to 0
2026-02-25 23:19:48.997 8 INFO neutron.db.ovn_revision_numbers_db [None req-1902abbb-489f-4f21-a615-f6e42fcb15f3 3f53496f0fe14872ae32d78ab6980e4f f08271befc944fd18794e69b142e7eff - - default default] Successfully bumped revision number for resource ceefc7a9-e774-42dd-9a7d-47c1262930b5 (type: security_group_rules) to 0 [pid: 8|app: 0|req: 1490/2789] 10.0.0.89 () {32 vars in 773 bytes} [Wed Feb 25 23:19:48 2026] GET /v2.0/security-groups?tenant_id=503bbc35ccef4bb7a8b04047d5ada44b&name=default => generated 2925 bytes in 296 msecs (HTTP/1.1 200) 4 headers in 158 bytes (1 switches on core 0) [pid: 7|app: 0|req: 1300/2790] 10.0.0.89 () {32 vars in 739 bytes} [Wed Feb 25 23:19:49 2026] DELETE /v2.0/security-groups/6a8540cc-1f9f-4612-b1f4-2bd3cc0991ac => generated 0 bytes in 288 msecs (HTTP/1.1 204) 2 headers in 112 bytes (1 switches on core 0)
2026-02-25 23:19:49.624 8 INFO neutron.db.ovn_revision_numbers_db [None req-3f8c7bb7-76e9-4834-b541-07d5c0fb7ef6 3f53496f0fe14872ae32d78ab6980e4f f08271befc944fd18794e69b142e7eff - - default default] Successfully bumped revision number for resource 043ed0cb-557d-472f-a536-b51d2eb55704 (type: security_groups) to 1
2026-02-25 23:19:49.634 8 INFO neutron.db.ovn_revision_numbers_db [None req-3f8c7bb7-76e9-4834-b541-07d5c0fb7ef6 3f53496f0fe14872ae32d78ab6980e4f f08271befc944fd18794e69b142e7eff - - default default] Successfully bumped revision number for resource 9a98e8f2-1f01-4300-ad84-25bbc3ba3094 (type: security_group_rules) to 0
2026-02-25 23:19:49.644 8 INFO neutron.db.ovn_revision_numbers_db [None req-3f8c7bb7-76e9-4834-b541-07d5c0fb7ef6 3f53496f0fe14872ae32d78ab6980e4f f08271befc944fd18794e69b142e7eff - - default default] Successfully bumped revision number for resource a441ce42-a607-4c4b-b777-85a8d84c8eac (type: security_group_rules) to 0
2026-02-25 23:19:49.655 8 INFO neutron.db.ovn_revision_numbers_db [None req-3f8c7bb7-76e9-4834-b541-07d5c0fb7ef6 3f53496f0fe14872ae32d78ab6980e4f f08271befc944fd18794e69b142e7eff - - default default] Successfully bumped revision number for resource b01dd171-b9f7-4852-a406-697741a10f15 (type: security_group_rules) to 0
2026-02-25 23:19:49.665 8 INFO neutron.db.ovn_revision_numbers_db [None req-3f8c7bb7-76e9-4834-b541-07d5c0fb7ef6 3f53496f0fe14872ae32d78ab6980e4f f08271befc944fd18794e69b142e7eff - - default default] Successfully bumped revision number for resource d5d1ca6a-94c2-42e6-844d-2e8a1441f556 (type: security_group_rules) to 0 [pid: 8|app: 0|req: 1491/2791] 10.0.0.89 () {32 vars in 773 bytes} [Wed Feb 25 23:19:49 2026] GET /v2.0/security-groups?tenant_id=53d0502939df4a469c191f396b0d83a8&name=default => generated 2925 bytes in 210 msecs (HTTP/1.1 200) 4 headers in 158 bytes (1 switches on core 0) [pid: 7|app: 0|req: 1301/2792] 10.0.0.89 () {32 vars in 739 bytes} [Wed Feb 25 23:19:49 2026] DELETE /v2.0/security-groups/043ed0cb-557d-472f-a536-b51d2eb55704 => generated 0 bytes in 271 msecs (HTTP/1.1 204) 2 headers in 112 bytes (1 switches on core 0) [pid: 8|app: 0|req: 1492/2793] 199.204.45.53 () {30 vars in 702 bytes} [Wed Feb 25 23:19:52 2026] GET /v2.0/extensions/security-group => generated 170 bytes in 8 msecs (HTTP/1.1 200) 4 headers in 157 bytes (1 switches on core 0) [pid: 7|app: 0|req: 1302/2794] 199.204.45.53 () {30 vars in 704 bytes} [Wed Feb 25 23:19:52 2026] GET /v2.0/extensions/dns-integration => generated 172 bytes in 12 msecs (HTTP/1.1 200) 4 headers in 157 bytes (1 switches on core 0) [pid: 8|app: 0|req: 1493/2795] 199.204.45.53 () {30 vars in 680 bytes} [Wed Feb 25 23:19:52 2026] GET /v2.0/extensions/qos => generated 166 bytes in 5 msecs (HTTP/1.1 200) 4 headers in 157 bytes (1 switches on core 0) [pid: 7|app: 0|req: 1303/2796] 199.204.45.53 () {30 vars in 716 bytes} [Wed Feb 25 23:19:52 2026] GET /v2.0/extensions/allowed-address-pairs => generated 184 bytes in 8 msecs (HTTP/1.1 200) 4 headers in 157 bytes (1 switches on core 0)
2026-02-25 23:19:52.139 8 INFO neutron.api.v2.resource [None req-6299a8c6-7aa0-455d-a4bc-e7624745f29f 3f53496f0fe14872ae32d78ab6980e4f f08271befc944fd18794e69b142e7eff - - default default] show failed (client error): The resource could not be found. [pid: 8|app: 0|req: 1494/2797] 199.204.45.53 () {30 vars in 762 bytes} [Wed Feb 25 23:19:52 2026] GET /v2.0/security-groups/lb-aec7af88-b2bd-433e-b2d5-8f1ecdb18049 => generated 149 bytes in 16 msecs (HTTP/1.1 404) 4 headers in 164 bytes (1 switches on core 0) [pid: 7|app: 0|req: 1304/2798] 199.204.45.53 () {30 vars in 784 bytes} [Wed Feb 25 23:19:52 2026] GET /v2.0/security-groups?name=lb-aec7af88-b2bd-433e-b2d5-8f1ecdb18049 => generated 1637 bytes in 71 msecs (HTTP/1.1 200) 4 headers in 158 bytes (1 switches on core 0)
2026-02-25 23:19:52.247 7 INFO neutron.db.ovn_revision_numbers_db [None req-a00fa0b7-45dc-4a12-bccf-f72d7328d4cf - - - - - -] Successfully bumped revision number for resource a727b8cb-41a7-41f6-93ec-990f58eedbc3 (type: ports) to 4 [pid: 8|app: 0|req: 1495/2799] 199.204.45.53 () {30 vars in 814 bytes} [Wed Feb 25 23:19:52 2026] GET /v2.0/security-group-rules?security_group_id=80a799df-5bf8-4f3e-a5a5-665746f76e95 => generated 1182 bytes in 39 msecs (HTTP/1.1 200) 4 headers in 158 bytes (1 switches on core 0)
2026-02-25 23:19:52.424 7 INFO neutron.db.ovn_revision_numbers_db [None req-921ab89a-92fc-428d-bca0-990f7ce229b6 3f53496f0fe14872ae32d78ab6980e4f f08271befc944fd18794e69b142e7eff - - default default] Successfully bumped revision number for resource 6fbdb65d-20d8-4e6e-a91c-0dc43ad95523 (type: security_group_rules) to 0 [pid: 7|app: 0|req: 1305/2800] 199.204.45.53 () {34 vars in 746 bytes} [Wed Feb 25 23:19:52 2026] POST /v2.0/security-group-rules => generated 601 bytes in 170 msecs (HTTP/1.1 201) 4 headers in 162 bytes (1 switches on core 0)
2026-02-25 23:19:52.629 8 INFO neutron.db.ovn_revision_numbers_db [None req-e07072a2-896f-4965-a1b2-c30a0e0523da 3f53496f0fe14872ae32d78ab6980e4f f08271befc944fd18794e69b142e7eff - - default default] Successfully bumped revision number for resource c9977859-6a61-42e9-af50-b97c60351a8b (type: security_group_rules) to 0 [pid: 8|app: 0|req: 1496/2801] 199.204.45.53 () {34 vars in 746 bytes} [Wed Feb 25 23:19:52 2026] POST /v2.0/security-group-rules => generated 597 bytes in 230 msecs (HTTP/1.1 201) 4 headers in 162 bytes (1 switches on core 0)
2026-02-25 23:19:54.613 7 INFO neutron.db.ovn_revision_numbers_db [None req-23671995-ad51-4c19-8731-132ea73d651d 3935f15895a4474ea1449b95f0a26604 8ee5ee359c91415b8aeef2298d61bacc - - default default] Successfully bumped revision number for resource fb62bf67-56ee-4840-b2f4-743f9eada2d0 (type: security_groups) to 1
2026-02-25 23:19:54.623 7 INFO neutron.db.ovn_revision_numbers_db [None req-23671995-ad51-4c19-8731-132ea73d651d 3935f15895a4474ea1449b95f0a26604 8ee5ee359c91415b8aeef2298d61bacc - - default default] Successfully bumped revision number for resource 4c27b2dd-5e4a-4446-859b-5559b561df57 (type: security_group_rules) to 0
2026-02-25 23:19:54.650 7 INFO neutron.db.ovn_revision_numbers_db [None req-23671995-ad51-4c19-8731-132ea73d651d 3935f15895a4474ea1449b95f0a26604 8ee5ee359c91415b8aeef2298d61bacc - - default default] Successfully bumped revision number for resource 92ba2cbe-a41d-466b-a6e0-57e2d3ea5364 (type: security_group_rules) to 0
2026-02-25 23:19:54.694 7 INFO neutron.db.ovn_revision_numbers_db [None req-23671995-ad51-4c19-8731-132ea73d651d 3935f15895a4474ea1449b95f0a26604 8ee5ee359c91415b8aeef2298d61bacc - - default default] Successfully bumped revision number for resource 9949d1f9-806b-49e0-b1b9-a1a555d678c9 (type: security_group_rules) to 0
2026-02-25 23:19:54.725 7 INFO neutron.db.ovn_revision_numbers_db [None req-23671995-ad51-4c19-8731-132ea73d651d 3935f15895a4474ea1449b95f0a26604 8ee5ee359c91415b8aeef2298d61bacc - - default default] Successfully bumped revision number for resource c6e6357a-2773-42fa-b683-bd523e0974df (type: security_group_rules) to 0
2026-02-25 23:19:54.804 7 INFO neutron.db.segments_db [None req-23671995-ad51-4c19-8731-132ea73d651d 3935f15895a4474ea1449b95f0a26604 8ee5ee359c91415b8aeef2298d61bacc - - default default] Added segment 9cc3fa72-c6f3-416a-a658-a39945da3b94 of type geneve for network f9ddc1e2-2dcc-4e7e-bc81-46bd1279d6e0
2026-02-25 23:19:54.974 7 INFO neutron.db.ovn_revision_numbers_db [None req-23671995-ad51-4c19-8731-132ea73d651d 3935f15895a4474ea1449b95f0a26604 8ee5ee359c91415b8aeef2298d61bacc - - default default] Successfully bumped revision number for resource f9ddc1e2-2dcc-4e7e-bc81-46bd1279d6e0 (type: networks) to 1
2026-02-25 23:19:55.146 7 WARNING neutron.scheduler.dhcp_agent_scheduler [None req-23671995-ad51-4c19-8731-132ea73d651d 3935f15895a4474ea1449b95f0a26604 8ee5ee359c91415b8aeef2298d61bacc - - default default] No more DHCP agents
2026-02-25 23:19:55.148 7 WARNING neutron.api.rpc.agentnotifiers.dhcp_rpc_agent_api [None req-23671995-ad51-4c19-8731-132ea73d651d 3935f15895a4474ea1449b95f0a26604 8ee5ee359c91415b8aeef2298d61bacc - - default default] Unable to schedule network f9ddc1e2-2dcc-4e7e-bc81-46bd1279d6e0: no agents available; will retry on subsequent port and subnet creation events.
2026-02-25 23:19:55.224 7 INFO neutron.plugins.ml2.drivers.ovn.mech_driver.mech_driver [None req-6d6bf8f3-e17c-4c05-971a-71e85e2ac107 - - - - - -] OVN reports status down for port: 404b7ad8-d371-43cf-8cbc-8f9c0bd54a9f
2026-02-25 23:19:55.293 7 INFO neutron.db.ovn_revision_numbers_db [None req-23671995-ad51-4c19-8731-132ea73d651d 3935f15895a4474ea1449b95f0a26604 8ee5ee359c91415b8aeef2298d61bacc - - default default] Successfully bumped revision number for resource 404b7ad8-d371-43cf-8cbc-8f9c0bd54a9f (type: ports) to 1 [pid: 7|app: 0|req: 1306/2802] 10.0.0.89 () {34 vars in 669 bytes} [Wed Feb 25 23:19:54 2026] POST /v2.0/networks => generated 669 bytes in 1145 msecs (HTTP/1.1 201) 4 headers in 162 bytes (1 switches on core 0)
2026-02-25 23:19:55.536 8 WARNING neutron.scheduler.dhcp_agent_scheduler [None req-119dc752-05eb-4d6c-9bf8-aebce9da3a31 3935f15895a4474ea1449b95f0a26604 8ee5ee359c91415b8aeef2298d61bacc - - default default] No more DHCP agents
2026-02-25 23:19:55.537 8 WARNING neutron.api.rpc.agentnotifiers.dhcp_rpc_agent_api [None req-119dc752-05eb-4d6c-9bf8-aebce9da3a31 3935f15895a4474ea1449b95f0a26604 8ee5ee359c91415b8aeef2298d61bacc - - default default] Unable to schedule network f9ddc1e2-2dcc-4e7e-bc81-46bd1279d6e0: no agents available; will retry on subsequent port and subnet creation events.
2026-02-25 23:19:55.610 7 INFO neutron.plugins.ml2.drivers.ovn.mech_driver.mech_driver [None req-6d6bf8f3-e17c-4c05-971a-71e85e2ac107 - - - - - -] OVN reports status down for port: de26485e-0953-466c-915f-c5efabcb0bab
2026-02-25 23:19:55.661 8 INFO neutron.db.ovn_revision_numbers_db [None req-119dc752-05eb-4d6c-9bf8-aebce9da3a31 3935f15895a4474ea1449b95f0a26604 8ee5ee359c91415b8aeef2298d61bacc - - default default] Successfully bumped revision number for resource de26485e-0953-466c-915f-c5efabcb0bab (type: ports) to 1 [pid: 8|app: 0|req: 1497/2803] 10.0.0.89 () {34 vars in 663 bytes} [Wed Feb 25 23:19:55 2026] POST /v2.0/ports => generated 743 bytes in 376 msecs (HTTP/1.1 201) 4 headers in 162 bytes (1 switches on core 0) [pid: 7|app: 0|req: 1307/2804] 10.0.0.89 () {34 vars in 665 bytes} [Wed Feb 25 23:19:55 2026] POST /v2.0/trunks => generated 409 bytes in 216 msecs (HTTP/1.1 201) 4 headers in 162 bytes (1 switches on core 0) /var/lib/openstack/lib/python3.12/site-packages/pycadf/identifier.py:70: UserWarning: Invalid uuid: neutron. To ensure interoperability, identifiers should be a valid uuid. warnings.warn(('Invalid uuid: %s. To ensure interoperability, '
2026-02-25 23:19:56.024 8 INFO neutron.db.segments_db [None req-c81d0376-e7b2-4573-b7d6-62c2cc6a80b8 3935f15895a4474ea1449b95f0a26604 8ee5ee359c91415b8aeef2298d61bacc - - default default] Added segment 72ef8a91-0fdf-4f62-98ca-480cd023779c of type geneve for network 4f237b47-fd7e-46f6-a472-067f8408d938
2026-02-25 23:19:56.127 8 INFO neutron.db.ovn_revision_numbers_db [None req-c81d0376-e7b2-4573-b7d6-62c2cc6a80b8 3935f15895a4474ea1449b95f0a26604 8ee5ee359c91415b8aeef2298d61bacc - - default default] Successfully bumped revision number for resource 4f237b47-fd7e-46f6-a472-067f8408d938 (type: networks) to 1
2026-02-25 23:19:56.280 8 WARNING neutron.scheduler.dhcp_agent_scheduler [None req-c81d0376-e7b2-4573-b7d6-62c2cc6a80b8 3935f15895a4474ea1449b95f0a26604 8ee5ee359c91415b8aeef2298d61bacc - - default default] No more DHCP agents
2026-02-25 23:19:56.281 8 WARNING neutron.api.rpc.agentnotifiers.dhcp_rpc_agent_api [None req-c81d0376-e7b2-4573-b7d6-62c2cc6a80b8 3935f15895a4474ea1449b95f0a26604 8ee5ee359c91415b8aeef2298d61bacc - - default default] Unable to schedule network 4f237b47-fd7e-46f6-a472-067f8408d938: no agents available; will retry on subsequent port and subnet creation events.
2026-02-25 23:19:56.352 7 INFO neutron.plugins.ml2.drivers.ovn.mech_driver.mech_driver [None req-6d6bf8f3-e17c-4c05-971a-71e85e2ac107 - - - - - -] OVN reports status down for port: 9590a818-2f88-493d-bbda-659373b62017
2026-02-25 23:19:56.391 8 INFO neutron.db.ovn_revision_numbers_db [None req-c81d0376-e7b2-4573-b7d6-62c2cc6a80b8 3935f15895a4474ea1449b95f0a26604 8ee5ee359c91415b8aeef2298d61bacc - - default default] Successfully bumped revision number for resource 9590a818-2f88-493d-bbda-659373b62017 (type: ports) to 1 [pid: 8|app: 0|req: 1498/2805] 10.0.0.89 () {34 vars in 669 bytes} [Wed Feb 25 23:19:55 2026] POST /v2.0/networks => generated 670 bytes in 481 msecs (HTTP/1.1 201) 4 headers in 162 bytes (1 switches on core 0)
2026-02-25 23:19:56.622 7 WARNING neutron.scheduler.dhcp_agent_scheduler [None req-21c61d2e-eee7-43c5-8e87-aff7ca29b01d 3935f15895a4474ea1449b95f0a26604 8ee5ee359c91415b8aeef2298d61bacc - - default default] No more DHCP agents
2026-02-25 23:19:56.623 7 WARNING neutron.api.rpc.agentnotifiers.dhcp_rpc_agent_api [None req-21c61d2e-eee7-43c5-8e87-aff7ca29b01d 3935f15895a4474ea1449b95f0a26604 8ee5ee359c91415b8aeef2298d61bacc - - default default] Unable to schedule network 4f237b47-fd7e-46f6-a472-067f8408d938: no agents available; will retry on subsequent port and subnet creation events.
2026-02-25 23:19:56.702 7 INFO neutron.plugins.ml2.drivers.ovn.mech_driver.mech_driver [None req-6d6bf8f3-e17c-4c05-971a-71e85e2ac107 - - - - - -] OVN reports status down for port: c6a2c6be-2a49-498a-993f-5fe8eae8eacd
2026-02-25 23:19:56.787 7 INFO neutron.db.ovn_revision_numbers_db [None req-21c61d2e-eee7-43c5-8e87-aff7ca29b01d 3935f15895a4474ea1449b95f0a26604 8ee5ee359c91415b8aeef2298d61bacc - - default default] Successfully bumped revision number for resource c6a2c6be-2a49-498a-993f-5fe8eae8eacd (type: ports) to 1 [pid: 7|app: 0|req: 1308/2806] 10.0.0.89 () {34 vars in 663 bytes} [Wed Feb 25 23:19:56 2026] POST /v2.0/ports => generated 743 bytes in 446 msecs (HTTP/1.1 201) 4 headers in 162 bytes (1 switches on core 0) [pid: 8|app: 0|req: 1499/2807] 10.0.0.89 () {34 vars in 665 bytes} [Wed Feb 25 23:19:56 2026] POST /v2.0/trunks => generated 409 bytes in 194 msecs (HTTP/1.1 201) 4 headers in 162 bytes (1 switches on core 0) /var/lib/openstack/lib/python3.12/site-packages/pycadf/identifier.py:70: UserWarning: Invalid uuid: neutron. To ensure interoperability, identifiers should be a valid uuid. warnings.warn(('Invalid uuid: %s. To ensure interoperability, '
2026-02-25 23:19:57.146 7 INFO neutron.db.segments_db [None req-9406be7b-dff1-4419-b3df-c346a9cbf54f 3935f15895a4474ea1449b95f0a26604 8ee5ee359c91415b8aeef2298d61bacc - - default default] Added segment 625f2cff-9c92-42cb-99bb-a34b5214e542 of type geneve for network c254b063-b243-43cd-94a5-d4a6fc7632a6
2026-02-25 23:19:57.258 7 INFO neutron.db.ovn_revision_numbers_db [None req-9406be7b-dff1-4419-b3df-c346a9cbf54f 3935f15895a4474ea1449b95f0a26604 8ee5ee359c91415b8aeef2298d61bacc - - default default] Successfully bumped revision number for resource c254b063-b243-43cd-94a5-d4a6fc7632a6 (type: networks) to 1
2026-02-25 23:19:57.415 7 WARNING neutron.scheduler.dhcp_agent_scheduler [None req-9406be7b-dff1-4419-b3df-c346a9cbf54f 3935f15895a4474ea1449b95f0a26604 8ee5ee359c91415b8aeef2298d61bacc - - default default] No more DHCP agents
2026-02-25 23:19:57.420 7 WARNING neutron.api.rpc.agentnotifiers.dhcp_rpc_agent_api [None req-9406be7b-dff1-4419-b3df-c346a9cbf54f 3935f15895a4474ea1449b95f0a26604 8ee5ee359c91415b8aeef2298d61bacc - - default default] Unable to schedule network c254b063-b243-43cd-94a5-d4a6fc7632a6: no agents available; will retry on subsequent port and subnet creation events.
2026-02-25 23:19:57.495 7 INFO neutron.plugins.ml2.drivers.ovn.mech_driver.mech_driver [None req-6d6bf8f3-e17c-4c05-971a-71e85e2ac107 - - - - - -] OVN reports status down for port: 8810c9a8-e90f-4383-8bcd-f820bb947e2b
2026-02-25 23:19:57.573 7 INFO neutron.db.ovn_revision_numbers_db [None req-9406be7b-dff1-4419-b3df-c346a9cbf54f 3935f15895a4474ea1449b95f0a26604 8ee5ee359c91415b8aeef2298d61bacc - - default default] Successfully bumped revision number for resource 8810c9a8-e90f-4383-8bcd-f820bb947e2b (type: ports) to 1 [pid: 7|app: 0|req: 1309/2808] 10.0.0.89 () {34 vars in 669 bytes} [Wed Feb 25 23:19:57 2026] POST /v2.0/networks => generated 670 bytes in 555 msecs (HTTP/1.1 201) 4 headers in 162 bytes (1 switches on core 0)
2026-02-25 23:19:57.856 8 WARNING neutron.scheduler.dhcp_agent_scheduler [None req-2c867d47-fd0d-4720-8aba-95bf3d095a82 3935f15895a4474ea1449b95f0a26604 8ee5ee359c91415b8aeef2298d61bacc - - default default] No more DHCP agents
2026-02-25 23:19:57.858 8 WARNING neutron.api.rpc.agentnotifiers.dhcp_rpc_agent_api [None req-2c867d47-fd0d-4720-8aba-95bf3d095a82 3935f15895a4474ea1449b95f0a26604 8ee5ee359c91415b8aeef2298d61bacc - - default default] Unable to schedule network c254b063-b243-43cd-94a5-d4a6fc7632a6: no agents available; will retry on subsequent port and subnet creation events.
2026-02-25 23:19:57.941 7 INFO neutron.plugins.ml2.drivers.ovn.mech_driver.mech_driver [None req-6d6bf8f3-e17c-4c05-971a-71e85e2ac107 - - - - - -] OVN reports status down for port: 36443012-cb2b-486d-9cbb-de0367c9b755
2026-02-25 23:19:58.005 8 INFO neutron.db.ovn_revision_numbers_db [None req-2c867d47-fd0d-4720-8aba-95bf3d095a82 3935f15895a4474ea1449b95f0a26604 8ee5ee359c91415b8aeef2298d61bacc - - default default] Successfully bumped revision number for resource 36443012-cb2b-486d-9cbb-de0367c9b755 (type: ports) to 1 [pid: 8|app: 0|req: 1500/2809] 10.0.0.89 () {34 vars in 663 bytes} [Wed Feb 25 23:19:57 2026] POST /v2.0/ports => generated 743 bytes in 454 msecs (HTTP/1.1 201) 4 headers in 162 bytes (1 switches on core 0) [pid: 7|app: 0|req: 1310/2810] 10.0.0.89 () {34 vars in 665 bytes} [Wed Feb 25 23:19:58 2026] POST /v2.0/trunks => generated 409 bytes in 162 msecs (HTTP/1.1 201) 4 headers in 162 bytes (1 switches on core 0) /var/lib/openstack/lib/python3.12/site-packages/pycadf/identifier.py:70: UserWarning: Invalid uuid: neutron. To ensure interoperability, identifiers should be a valid uuid. warnings.warn(('Invalid uuid: %s. To ensure interoperability, '
2026-02-25 23:19:58.345 8 INFO neutron.db.segments_db [None req-83820eb6-fc68-48e9-b8a3-4c8d56055ef7 3935f15895a4474ea1449b95f0a26604 8ee5ee359c91415b8aeef2298d61bacc - - default default] Added segment 0771217c-ef81-467b-bf72-04e3f2912928 of type geneve for network 02b299b6-fb2f-4b2b-8c10-6cbe89a858ab
2026-02-25 23:19:58.519 8 INFO neutron.db.ovn_revision_numbers_db [None req-83820eb6-fc68-48e9-b8a3-4c8d56055ef7 3935f15895a4474ea1449b95f0a26604 8ee5ee359c91415b8aeef2298d61bacc - - default default] Successfully bumped revision number for resource 02b299b6-fb2f-4b2b-8c10-6cbe89a858ab (type: networks) to 1
2026-02-25 23:19:58.681 8 WARNING neutron.scheduler.dhcp_agent_scheduler [None req-83820eb6-fc68-48e9-b8a3-4c8d56055ef7 3935f15895a4474ea1449b95f0a26604 8ee5ee359c91415b8aeef2298d61bacc - - default default] No more DHCP agents
2026-02-25 23:19:58.683 8 WARNING neutron.api.rpc.agentnotifiers.dhcp_rpc_agent_api [None req-83820eb6-fc68-48e9-b8a3-4c8d56055ef7 3935f15895a4474ea1449b95f0a26604 8ee5ee359c91415b8aeef2298d61bacc - - default default] Unable to schedule network 02b299b6-fb2f-4b2b-8c10-6cbe89a858ab: no agents available; will retry on subsequent port and subnet creation events.
2026-02-25 23:19:58.759 7 INFO neutron.plugins.ml2.drivers.ovn.mech_driver.mech_driver [None req-6d6bf8f3-e17c-4c05-971a-71e85e2ac107 - - - - - -] OVN reports status down for port: 30295929-5935-47c2-bc57-bb97d30e6e36
2026-02-25 23:19:58.800 8 INFO neutron.db.ovn_revision_numbers_db [None req-83820eb6-fc68-48e9-b8a3-4c8d56055ef7 3935f15895a4474ea1449b95f0a26604 8ee5ee359c91415b8aeef2298d61bacc - - default default] Successfully bumped revision number for resource 30295929-5935-47c2-bc57-bb97d30e6e36 (type: ports) to 1 [pid: 8|app: 0|req: 1501/2811] 10.0.0.89 () {34 vars in 669 bytes} [Wed Feb 25 23:19:58 2026] POST /v2.0/networks => generated 669 bytes in 570 msecs (HTTP/1.1 201) 4 headers in 162 bytes (1 switches on core 0)
2026-02-25 23:19:59.120 7 WARNING neutron.scheduler.dhcp_agent_scheduler [None req-5ca130d7-c96b-41eb-9da5-d706b3545f6c 3935f15895a4474ea1449b95f0a26604 8ee5ee359c91415b8aeef2298d61bacc - - default default] No more DHCP agents
2026-02-25 23:19:59.122 7 WARNING neutron.api.rpc.agentnotifiers.dhcp_rpc_agent_api [None req-5ca130d7-c96b-41eb-9da5-d706b3545f6c 3935f15895a4474ea1449b95f0a26604 8ee5ee359c91415b8aeef2298d61bacc - - default default] Unable to schedule network 02b299b6-fb2f-4b2b-8c10-6cbe89a858ab: no agents available; will retry on subsequent port and subnet creation events.
2026-02-25 23:19:59.214 7 INFO neutron.plugins.ml2.drivers.ovn.mech_driver.mech_driver [None req-6d6bf8f3-e17c-4c05-971a-71e85e2ac107 - - - - - -] OVN reports status down for port: 99103d8b-2b2c-479a-a8e5-b35df03bf7a4
2026-02-25 23:19:59.330 7 INFO neutron.db.ovn_revision_numbers_db [None req-5ca130d7-c96b-41eb-9da5-d706b3545f6c 3935f15895a4474ea1449b95f0a26604 8ee5ee359c91415b8aeef2298d61bacc - - default default] Successfully bumped revision number for resource 99103d8b-2b2c-479a-a8e5-b35df03bf7a4 (type: ports) to 1 [pid: 7|app: 0|req: 1311/2812] 10.0.0.89 () {34 vars in 663 bytes} [Wed Feb 25 23:19:58 2026] POST /v2.0/ports => generated 743 bytes in 598 msecs (HTTP/1.1 201) 4 headers in 162 bytes (1 switches on core 0) [pid: 8|app: 0|req: 1502/2813] 10.0.0.89 () {34 vars in 665 bytes} [Wed Feb 25 23:19:59 2026] POST /v2.0/trunks => generated 409 bytes in 141 msecs (HTTP/1.1 201) 4 headers in 162 bytes (1 switches on core 0) /var/lib/openstack/lib/python3.12/site-packages/pycadf/identifier.py:70: UserWarning: Invalid uuid: neutron. To ensure interoperability, identifiers should be a valid uuid. warnings.warn(('Invalid uuid: %s. To ensure interoperability, ' [pid: 8|app: 0|req: 1503/2814] 10.0.0.153 () {30 vars in 690 bytes} [Wed Feb 25 23:19:59 2026] GET /v2.0/extensions/security-group => generated 170 bytes in 56 msecs (HTTP/1.1 200) 4 headers in 157 bytes (1 switches on core 0) [pid: 8|app: 0|req: 1504/2815] 10.0.0.153 () {30 vars in 692 bytes} [Wed Feb 25 23:19:59 2026] GET /v2.0/extensions/dns-integration => generated 172 bytes in 7 msecs (HTTP/1.1 200) 4 headers in 157 bytes (1 switches on core 0) [pid: 8|app: 0|req: 1505/2816] 10.0.0.153 () {30 vars in 668 bytes} [Wed Feb 25 23:19:59 2026] GET /v2.0/extensions/qos => generated 166 bytes in 3 msecs (HTTP/1.1 200) 4 headers in 157 bytes (1 switches on core 0) [pid: 8|app: 0|req: 1506/2817] 10.0.0.153 () {30 vars in 704 bytes} [Wed Feb 25 23:19:59 2026] GET /v2.0/extensions/allowed-address-pairs => generated 184 bytes in 8 msecs (HTTP/1.1 200) 4 headers in 157 bytes (1 switches on core 0)
2026-02-25 23:19:59.691 7 INFO neutron.db.segments_db [None req-0c2779a4-76df-4265-805a-342924c35af6 3935f15895a4474ea1449b95f0a26604 8ee5ee359c91415b8aeef2298d61bacc - - default default] Added segment 757334c4-f964-433f-b489-b295e527695c of type geneve for network 43f4a4f7-c9ce-4ee2-a56e-b1f702813854
2026-02-25 23:19:59.825 7 INFO neutron.db.ovn_revision_numbers_db [None req-0c2779a4-76df-4265-805a-342924c35af6 3935f15895a4474ea1449b95f0a26604 8ee5ee359c91415b8aeef2298d61bacc - - default default] Successfully bumped revision number for resource 43f4a4f7-c9ce-4ee2-a56e-b1f702813854 (type: networks) to 1
2026-02-25 23:19:59.993 7 WARNING neutron.scheduler.dhcp_agent_scheduler [None req-0c2779a4-76df-4265-805a-342924c35af6 3935f15895a4474ea1449b95f0a26604 8ee5ee359c91415b8aeef2298d61bacc - - default default] No more DHCP agents
2026-02-25 23:19:59.994 7 WARNING neutron.api.rpc.agentnotifiers.dhcp_rpc_agent_api [None req-0c2779a4-76df-4265-805a-342924c35af6 3935f15895a4474ea1449b95f0a26604 8ee5ee359c91415b8aeef2298d61bacc - - default default] Unable to schedule network 43f4a4f7-c9ce-4ee2-a56e-b1f702813854: no agents available; will retry on subsequent port and subnet creation events.
2026-02-25 23:20:00.061 7 INFO neutron.plugins.ml2.drivers.ovn.mech_driver.mech_driver [None req-6d6bf8f3-e17c-4c05-971a-71e85e2ac107 - - - - - -] OVN reports status down for port: f1c7584c-9187-4a0b-851c-67519ab18bb2
2026-02-25 23:20:00.120 7 INFO neutron.db.ovn_revision_numbers_db [None req-0c2779a4-76df-4265-805a-342924c35af6 3935f15895a4474ea1449b95f0a26604 8ee5ee359c91415b8aeef2298d61bacc - - default default] Successfully bumped revision number for resource f1c7584c-9187-4a0b-851c-67519ab18bb2 (type: ports) to 1 [pid: 7|app: 0|req: 1312/2818] 10.0.0.89 () {34 vars in 669 bytes} [Wed Feb 25 23:19:59 2026] POST /v2.0/networks => generated 669 bytes in 583 msecs (HTTP/1.1 201) 4 headers in 162 bytes (1 switches on core 0) [pid: 8|app: 0|req: 1507/2819] 10.0.0.153 () {28 vars in 439 bytes} [Wed Feb 25 23:20:00 2026] GET / => generated 151 bytes in 2 msecs (HTTP/1.1 200) 3 headers in 91 bytes (1 switches on core 0) [pid: 8|app: 0|req: 1508/2820] 10.0.0.153 () {30 vars in 728 bytes} [Wed Feb 25 23:20:00 2026] GET /v2.0/subnets/0f3cc506-e6a5-4072-a474-9b221686feb7 => generated 656 bytes in 31 msecs (HTTP/1.1 200) 4 headers in 157 bytes (1 switches on core 0)
2026-02-25 23:20:00.403 7 WARNING neutron.scheduler.dhcp_agent_scheduler [None req-b61fc0af-2b89-4557-a64c-b35d8859d413 3935f15895a4474ea1449b95f0a26604 8ee5ee359c91415b8aeef2298d61bacc - - default default] No more DHCP agents
2026-02-25 23:20:00.404 7 WARNING neutron.api.rpc.agentnotifiers.dhcp_rpc_agent_api [None req-b61fc0af-2b89-4557-a64c-b35d8859d413 3935f15895a4474ea1449b95f0a26604 8ee5ee359c91415b8aeef2298d61bacc - - default default] Unable to schedule network 43f4a4f7-c9ce-4ee2-a56e-b1f702813854: no agents available; will retry on subsequent port and subnet creation events.
2026-02-25 23:20:00.541 7 INFO neutron.plugins.ml2.drivers.ovn.mech_driver.mech_driver [None req-6d6bf8f3-e17c-4c05-971a-71e85e2ac107 - - - - - -] OVN reports status down for port: fc23655f-451f-492d-8433-3adff7ff7f65
