2026-02-25 23:15:50.770 7 INFO neutron.db.ovn_revision_numbers_db [None req-04d76d84-8d69-49b7-b0c3-45fdead65b85 55ba433ca01640b09dcf44385f5ff764 f9008b0226da4ccbaed8bd6e677dce7e - - default default] Successfully bumped revision number for resource 642b7228-a22c-4375-acac-8300222b7feb (type: subnets) to 0 [pid: 7|app: 0|req: 685/1455] 10.0.0.89 () {34 vars in 668 bytes} [Wed Feb 25 23:15:50 2026] POST /v2.0/subnets => generated 673 bytes in 228 msecs (HTTP/1.1 201) 4 headers in 162 bytes (1 switches on core 0) [pid: 7|app: 0|req: 686/1456] 10.0.0.89 () {32 vars in 648 bytes} [Wed Feb 25 23:15:50 2026] GET /v2.0/networks => generated 689 bytes in 41 msecs (HTTP/1.1 200) 4 headers in 157 bytes (1 switches on core 0)
2026-02-25 23:15:50.832 8 INFO neutron.plugins.ml2.drivers.ovn.mech_driver.ovsdb.commands [-] Schedule LRP lrp-6d824752-5130-46cd-b883-8e356441f134 on gateway dc9a160d-6c1d-4170-85fa-639e8ed4c4a4 with priority 1 [pid: 7|app: 0|req: 687/1457] 10.0.0.212 () {28 vars in 583 bytes} [Wed Feb 25 23:15:50 2026] GET /v2.0/subnets => generated 2672 bytes in 79 msecs (HTTP/1.1 200) 4 headers in 158 bytes (1 switches on core 0)
2026-02-25 23:15:50.967 8 INFO neutron.db.ovn_revision_numbers_db [None req-2aefb599-cd07-45d3-a63a-2568527e6651 3f53496f0fe14872ae32d78ab6980e4f f08271befc944fd18794e69b142e7eff - - default default] Successfully bumped revision number for resource 6d824752-5130-46cd-b883-8e356441f134 (type: router_ports) to 1
2026-02-25 23:15:51.006 7 INFO neutron.plugins.ml2.drivers.ovn.mech_driver.ovsdb.ovsdb_monitor [None req-605213de-1a26-47a6-aae6-5f18df06c4fc - - - - - -] Router e80b07d5-b7be-4ed2-a3cf-7df071c6f151 is bound to host instance
2026-02-25 23:15:51.036 7 INFO neutron.db.segments_db [None req-f07937f5-30f0-4ac9-b492-5ce3649d286f 55ba433ca01640b09dcf44385f5ff764 f9008b0226da4ccbaed8bd6e677dce7e - - default default] Added segment 2fbdfdfb-ddfa-4800-855f-ecba4c346f9b of type geneve for network 8db082d6-5da4-4e8a-a343-96de885701ce
2026-02-25 23:15:51.045 7 INFO neutron.plugins.ml2.drivers.ovn.mech_driver.mech_driver [None req-ec480e0d-9e0c-490b-bd09-0e1eb73624fc - - - - - -] OVN reports status up for port: 6d824752-5130-46cd-b883-8e356441f134
2026-02-25 23:15:51.048 8 INFO neutron.db.ovn_revision_numbers_db [None req-2aefb599-cd07-45d3-a63a-2568527e6651 3f53496f0fe14872ae32d78ab6980e4f f08271befc944fd18794e69b142e7eff - - default default] Successfully bumped revision number for resource e80b07d5-b7be-4ed2-a3cf-7df071c6f151 (type: routers) to 2 [pid: 8|app: 0|req: 771/1458] 10.0.0.89 () {34 vars in 668 bytes} [Wed Feb 25 23:15:49 2026] POST /v2.0/routers => generated 971 bytes in 1467 msecs (HTTP/1.1 201) 4 headers in 162 bytes (1 switches on core 0)
2026-02-25 23:15:51.131 7 INFO neutron.plugins.ml2.plugin [None req-ec480e0d-9e0c-490b-bd09-0e1eb73624fc - - - - - -] Attempt 1 to provision port 6d824752-5130-46cd-b883-8e356441f134
2026-02-25 23:15:51.159 8 INFO neutron.db.segments_db [None req-7cf10072-1af4-4e5a-a710-f61aa928d23f f472e145b4dd4cddb52fba5eccb75cfe 59a3be7b10e24510ae3d5477d6b3e47f - - default default] Added segment ee75d9b5-4c04-4ba2-96bc-cb1ab7214a59 of type geneve for network 1a67b698-51df-4c83-98c3-eaeaaab334cd
2026-02-25 23:15:51.267 8 INFO neutron.db.ovn_revision_numbers_db [None req-7cf10072-1af4-4e5a-a710-f61aa928d23f f472e145b4dd4cddb52fba5eccb75cfe 59a3be7b10e24510ae3d5477d6b3e47f - - default default] Successfully bumped revision number for resource 1a67b698-51df-4c83-98c3-eaeaaab334cd (type: networks) to 1
2026-02-25 23:15:51.364 7 INFO neutron.db.ovn_revision_numbers_db [None req-f07937f5-30f0-4ac9-b492-5ce3649d286f 55ba433ca01640b09dcf44385f5ff764 f9008b0226da4ccbaed8bd6e677dce7e - - default default] Successfully bumped revision number for resource 8db082d6-5da4-4e8a-a343-96de885701ce (type: networks) to 1
2026-02-25 23:15:51.423 8 WARNING neutron.scheduler.dhcp_agent_scheduler [None req-7cf10072-1af4-4e5a-a710-f61aa928d23f f472e145b4dd4cddb52fba5eccb75cfe 59a3be7b10e24510ae3d5477d6b3e47f - - default default] No more DHCP agents
2026-02-25 23:15:51.424 8 WARNING neutron.api.rpc.agentnotifiers.dhcp_rpc_agent_api [None req-7cf10072-1af4-4e5a-a710-f61aa928d23f f472e145b4dd4cddb52fba5eccb75cfe 59a3be7b10e24510ae3d5477d6b3e47f - - default default] Unable to schedule network 1a67b698-51df-4c83-98c3-eaeaaab334cd: no agents available; will retry on subsequent port and subnet creation events.
2026-02-25 23:15:51.537 8 INFO neutron.db.ovn_revision_numbers_db [None req-7cf10072-1af4-4e5a-a710-f61aa928d23f f472e145b4dd4cddb52fba5eccb75cfe 59a3be7b10e24510ae3d5477d6b3e47f - - default default] Successfully bumped revision number for resource 410c3c30-d784-40bf-9f6d-fcf95f679739 (type: ports) to 1 [pid: 8|app: 0|req: 772/1459] 10.0.0.89 () {34 vars in 669 bytes} [Wed Feb 25 23:15:51 2026] POST /v2.0/networks => generated 688 bytes in 487 msecs (HTTP/1.1 201) 4 headers in 162 bytes (1 switches on core 0) [pid: 8|app: 0|req: 773/1460] 10.0.0.212 () {28 vars in 581 bytes} [Wed Feb 25 23:15:51 2026] GET /v2.0/agents => generated 1214 bytes in 11 msecs (HTTP/1.1 200) 4 headers in 158 bytes (1 switches on core 0)
2026-02-25 23:15:51.769 7 WARNING neutron.scheduler.dhcp_agent_scheduler [None req-f07937f5-30f0-4ac9-b492-5ce3649d286f 55ba433ca01640b09dcf44385f5ff764 f9008b0226da4ccbaed8bd6e677dce7e - - default default] No more DHCP agents
2026-02-25 23:15:51.771 7 WARNING neutron.api.rpc.agentnotifiers.dhcp_rpc_agent_api [None req-f07937f5-30f0-4ac9-b492-5ce3649d286f 55ba433ca01640b09dcf44385f5ff764 f9008b0226da4ccbaed8bd6e677dce7e - - default default] Unable to schedule network 8db082d6-5da4-4e8a-a343-96de885701ce: no agents available; will retry on subsequent port and subnet creation events.
2026-02-25 23:15:51.954 7 INFO neutron.db.ovn_revision_numbers_db [None req-f07937f5-30f0-4ac9-b492-5ce3649d286f 55ba433ca01640b09dcf44385f5ff764 f9008b0226da4ccbaed8bd6e677dce7e - - default default] Successfully bumped revision number for resource 9b0f4127-c9ce-490b-a267-a6b8a37d467c (type: ports) to 1 [pid: 7|app: 0|req: 688/1461] 10.0.0.89 () {34 vars in 669 bytes} [Wed Feb 25 23:15:50 2026] POST /v2.0/networks => generated 686 bytes in 1078 msecs (HTTP/1.1 201) 4 headers in 162 bytes (1 switches on core 0)
2026-02-25 23:15:52.063 8 WARNING neutron.scheduler.dhcp_agent_scheduler [None req-80ca1ed7-bee2-4b67-8fd7-f9a8fbdf81a1 3f53496f0fe14872ae32d78ab6980e4f f08271befc944fd18794e69b142e7eff - - default default] No more DHCP agents
2026-02-25 23:15:52.065 8 WARNING neutron.api.rpc.agentnotifiers.dhcp_rpc_agent_api [None req-80ca1ed7-bee2-4b67-8fd7-f9a8fbdf81a1 3f53496f0fe14872ae32d78ab6980e4f f08271befc944fd18794e69b142e7eff - - default default] Unable to schedule network 9bd4437f-7fce-4b57-97de-fc617361fab1: no agents available; will retry on subsequent port and subnet creation events.
2026-02-25 23:15:52.115 7 INFO neutron.db.segments_db [None req-c7b4b1f6-99a1-4719-9800-8a67a86e41cb f472e145b4dd4cddb52fba5eccb75cfe 59a3be7b10e24510ae3d5477d6b3e47f - - default default] Added segment b8e0bbbe-7853-405d-b043-24037f63d986 of type geneve for network 838b8336-dd46-4577-8ddc-07d436f193e7
2026-02-25 23:15:52.240 8 INFO neutron.db.ovn_revision_numbers_db [None req-80ca1ed7-bee2-4b67-8fd7-f9a8fbdf81a1 3f53496f0fe14872ae32d78ab6980e4f f08271befc944fd18794e69b142e7eff - - default default] Successfully bumped revision number for resource b0193c32-b0bb-4555-ae09-a57c499a5406 (type: ports) to 1
2026-02-25 23:15:52.392 7 INFO neutron.db.ovn_revision_numbers_db [None req-c7b4b1f6-99a1-4719-9800-8a67a86e41cb f472e145b4dd4cddb52fba5eccb75cfe 59a3be7b10e24510ae3d5477d6b3e47f - - default default] Successfully bumped revision number for resource 838b8336-dd46-4577-8ddc-07d436f193e7 (type: networks) to 1
2026-02-25 23:15:52.572 7 INFO neutron.db.ovn_revision_numbers_db [None req-7fa355ac-2117-4d3f-a872-458a6fed0c41 - - - - - -] Successfully bumped revision number for resource 6d824752-5130-46cd-b883-8e356441f134 (type: ports) to 4
2026-02-25 23:15:52.664 7 WARNING neutron.scheduler.dhcp_agent_scheduler [None req-c7b4b1f6-99a1-4719-9800-8a67a86e41cb f472e145b4dd4cddb52fba5eccb75cfe 59a3be7b10e24510ae3d5477d6b3e47f - - default default] No more DHCP agents
2026-02-25 23:15:52.666 7 WARNING neutron.api.rpc.agentnotifiers.dhcp_rpc_agent_api [None req-c7b4b1f6-99a1-4719-9800-8a67a86e41cb f472e145b4dd4cddb52fba5eccb75cfe 59a3be7b10e24510ae3d5477d6b3e47f - - default default] Unable to schedule network 838b8336-dd46-4577-8ddc-07d436f193e7: no agents available; will retry on subsequent port and subnet creation events.
2026-02-25 23:15:52.855 7 INFO neutron.db.ovn_revision_numbers_db [None req-c7b4b1f6-99a1-4719-9800-8a67a86e41cb f472e145b4dd4cddb52fba5eccb75cfe 59a3be7b10e24510ae3d5477d6b3e47f - - default default] Successfully bumped revision number for resource 79a7b32d-3159-4a73-bffb-17b738e6d342 (type: ports) to 1 [pid: 7|app: 0|req: 689/1462] 10.0.0.89 () {34 vars in 669 bytes} [Wed Feb 25 23:15:51 2026] POST /v2.0/networks => generated 688 bytes in 908 msecs (HTTP/1.1 201) 4 headers in 162 bytes (1 switches on core 0)
2026-02-25 23:15:53.034 8 WARNING neutron.scheduler.dhcp_agent_scheduler [None req-80ca1ed7-bee2-4b67-8fd7-f9a8fbdf81a1 3f53496f0fe14872ae32d78ab6980e4f f08271befc944fd18794e69b142e7eff - - default default] No more DHCP agents
2026-02-25 23:15:53.036 8 WARNING neutron.api.rpc.agentnotifiers.dhcp_rpc_agent_api [None req-80ca1ed7-bee2-4b67-8fd7-f9a8fbdf81a1 3f53496f0fe14872ae32d78ab6980e4f f08271befc944fd18794e69b142e7eff - - default default] Unable to schedule network 9bd4437f-7fce-4b57-97de-fc617361fab1: no agents available; will retry on subsequent port and subnet creation events. [pid: 7|app: 0|req: 690/1463] 10.0.0.212 () {28 vars in 579 bytes} [Wed Feb 25 23:15:52 2026] GET /v2.0/ports => generated 11898 bytes in 185 msecs (HTTP/1.1 200) 4 headers in 159 bytes (1 switches on core 0)
2026-02-25 23:15:53.217 7 INFO neutron.db.ovn_revision_numbers_db [None req-7fa355ac-2117-4d3f-a872-458a6fed0c41 - - - - - -] Successfully bumped revision number for resource 6d824752-5130-46cd-b883-8e356441f134 (type: ports) to 5
2026-02-25 23:15:53.363 7 INFO neutron.db.ovn_revision_numbers_db [None req-a2fb552e-d0ec-4317-9065-dc895155bf81 55ba433ca01640b09dcf44385f5ff764 f9008b0226da4ccbaed8bd6e677dce7e - - default default] Successfully bumped revision number for resource 8db082d6-5da4-4e8a-a343-96de885701ce (type: networks) to 2 [pid: 7|app: 0|req: 691/1464] 10.0.0.89 () {34 vars in 742 bytes} [Wed Feb 25 23:15:53 2026] PUT /v2.0/networks/8db082d6-5da4-4e8a-a343-96de885701ce => generated 636 bytes in 288 msecs (HTTP/1.1 200) 4 headers in 157 bytes (1 switches on core 0) [pid: 7|app: 0|req: 692/1465] 10.0.0.170 () {32 vars in 801 bytes} [Wed Feb 25 23:15:53 2026] GET /v2.0/extensions => generated 20541 bytes in 104 msecs (HTTP/1.1 200) 4 headers in 159 bytes (1 switches on core 0)
2026-02-25 23:15:53.545 8 INFO neutron.db.ovn_revision_numbers_db [None req-80ca1ed7-bee2-4b67-8fd7-f9a8fbdf81a1 3f53496f0fe14872ae32d78ab6980e4f f08271befc944fd18794e69b142e7eff - - default default] Successfully bumped revision number for resource b0193c32-b0bb-4555-ae09-a57c499a5406 (type: router_ports) to 1 [pid: 8|app: 0|req: 774/1466] 10.0.0.89 () {34 vars in 782 bytes} [Wed Feb 25 23:15:51 2026] PUT /v2.0/routers/e80b07d5-b7be-4ed2-a3cf-7df071c6f151/add_router_interface => generated 309 bytes in 1978 msecs (HTTP/1.1 200) 4 headers in 157 bytes (1 switches on core 0)
2026-02-25 23:15:53.613 7 INFO neutron.plugins.ml2.drivers.ovn.mech_driver.mech_driver [None req-ec480e0d-9e0c-490b-bd09-0e1eb73624fc - - - - - -] OVN reports status down for port: 410c3c30-d784-40bf-9f6d-fcf95f679739 [pid: 8|app: 0|req: 775/1467] 10.0.0.212 () {28 vars in 585 bytes} [Wed Feb 25 23:15:53 2026] GET /v2.0/networks => generated 6137 bytes in 64 msecs (HTTP/1.1 200) 4 headers in 158 bytes (1 switches on core 0)
2026-02-25 23:15:53.733 7 INFO neutron.plugins.ml2.drivers.ovn.mech_driver.mech_driver [None req-ec480e0d-9e0c-490b-bd09-0e1eb73624fc - - - - - -] OVN reports status down for port: 9b0f4127-c9ce-490b-a267-a6b8a37d467c
2026-02-25 23:15:53.826 8 WARNING neutron.scheduler.dhcp_agent_scheduler [None req-cb759f8d-4e6e-4596-87f0-b20220b40d4b 55ba433ca01640b09dcf44385f5ff764 f9008b0226da4ccbaed8bd6e677dce7e - - default default] No more DHCP agents
2026-02-25 23:15:53.827 8 WARNING neutron.api.rpc.agentnotifiers.dhcp_rpc_agent_api [None req-cb759f8d-4e6e-4596-87f0-b20220b40d4b 55ba433ca01640b09dcf44385f5ff764 f9008b0226da4ccbaed8bd6e677dce7e - - default default] Unable to schedule network 8db082d6-5da4-4e8a-a343-96de885701ce: no agents available; will retry on subsequent port and subnet creation events.
2026-02-25 23:15:53.864 7 INFO neutron.plugins.ml2.drivers.ovn.mech_driver.mech_driver [None req-ec480e0d-9e0c-490b-bd09-0e1eb73624fc - - - - - -] OVN reports status down for port: b0193c32-b0bb-4555-ae09-a57c499a5406
2026-02-25 23:15:53.872 8 INFO neutron.db.ovn_revision_numbers_db [None req-cb759f8d-4e6e-4596-87f0-b20220b40d4b 55ba433ca01640b09dcf44385f5ff764 f9008b0226da4ccbaed8bd6e677dce7e - - default default] Successfully bumped revision number for resource 5699a8de-90d4-49cb-aee9-a0939f314a52 (type: subnets) to 0 [pid: 8|app: 0|req: 776/1468] 10.0.0.89 () {34 vars in 668 bytes} [Wed Feb 25 23:15:53 2026] POST /v2.0/subnets => generated 646 bytes in 272 msecs (HTTP/1.1 201) 4 headers in 162 bytes (1 switches on core 0) [pid: 8|app: 0|req: 777/1469] 10.0.0.212 () {28 vars in 583 bytes} [Wed Feb 25 23:15:53 2026] GET /v2.0/routers => generated 980 bytes in 63 msecs (HTTP/1.1 200) 4 headers in 157 bytes (1 switches on core 0)
2026-02-25 23:15:53.983 7 WARNING neutron.plugins.ml2.drivers.ovn.mech_driver.ovsdb.ovn_client [None req-ec480e0d-9e0c-490b-bd09-0e1eb73624fc - - - - - -] Logical_Switch_Port b0193c32-b0bb-4555-ae09-a57c499a5406 host information not removed, the port state is up
2026-02-25 23:15:53.984 7 INFO neutron.plugins.ml2.drivers.ovn.mech_driver.mech_driver [None req-ec480e0d-9e0c-490b-bd09-0e1eb73624fc - - - - - -] OVN reports status down for port: 79a7b32d-3159-4a73-bffb-17b738e6d342 [pid: 8|app: 0|req: 778/1470] 10.0.0.170 () {30 vars in 724 bytes} [Wed Feb 25 23:15:53 2026] GET /v2.0/quotas/b680b01cd12c4f82a8d9ddcd1e9f0248/details => generated 847 bytes in 78 msecs (HTTP/1.1 200) 4 headers in 157 bytes (1 switches on core 0)
2026-02-25 23:15:54.091 7 INFO neutron.plugins.ml2.drivers.ovn.mech_driver.mech_driver [None req-ec480e0d-9e0c-490b-bd09-0e1eb73624fc - - - - - -] OVN reports status up for port: b0193c32-b0bb-4555-ae09-a57c499a5406
2026-02-25 23:15:54.109 7 INFO neutron.plugins.ml2.plugin [None req-ec480e0d-9e0c-490b-bd09-0e1eb73624fc - - - - - -] Attempt 1 to provision port b0193c32-b0bb-4555-ae09-a57c499a5406
2026-02-25 23:15:54.270 7 WARNING neutron.scheduler.dhcp_agent_scheduler [None req-6af20c5c-2ef7-4c80-a04d-71eeb9b6699f f472e145b4dd4cddb52fba5eccb75cfe 59a3be7b10e24510ae3d5477d6b3e47f - - default default] No more DHCP agents
2026-02-25 23:15:54.274 7 WARNING neutron.api.rpc.agentnotifiers.dhcp_rpc_agent_api [None req-6af20c5c-2ef7-4c80-a04d-71eeb9b6699f f472e145b4dd4cddb52fba5eccb75cfe 59a3be7b10e24510ae3d5477d6b3e47f - - default default] Unable to schedule network 1a67b698-51df-4c83-98c3-eaeaaab334cd: no agents available; will retry on subsequent port and subnet creation events.
2026-02-25 23:15:54.476 7 INFO neutron.db.ovn_revision_numbers_db [None req-6af20c5c-2ef7-4c80-a04d-71eeb9b6699f f472e145b4dd4cddb52fba5eccb75cfe 59a3be7b10e24510ae3d5477d6b3e47f - - default default] Successfully bumped revision number for resource 90c5e59e-a8f7-48ab-9cf2-a38f9223223e (type: ports) to 1
2026-02-25 23:15:54.545 7 WARNING neutron.scheduler.dhcp_agent_scheduler [None req-6af20c5c-2ef7-4c80-a04d-71eeb9b6699f f472e145b4dd4cddb52fba5eccb75cfe 59a3be7b10e24510ae3d5477d6b3e47f - - default default] No more DHCP agents
2026-02-25 23:15:54.547 7 WARNING neutron.api.rpc.agentnotifiers.dhcp_rpc_agent_api [None req-6af20c5c-2ef7-4c80-a04d-71eeb9b6699f f472e145b4dd4cddb52fba5eccb75cfe 59a3be7b10e24510ae3d5477d6b3e47f - - default default] Unable to schedule network 838b8336-dd46-4577-8ddc-07d436f193e7: no agents available; will retry on subsequent port and subnet creation events.
2026-02-25 23:15:54.698 8 INFO neutron.db.ovn_revision_numbers_db [None req-18c57520-ae7e-4018-88cc-1936ec1d3c5e - - - - - -] Successfully bumped revision number for resource 9b0f4127-c9ce-490b-a267-a6b8a37d467c (type: ports) to 2
2026-02-25 23:15:54.744 8 INFO neutron.db.ovn_revision_numbers_db [None req-18c57520-ae7e-4018-88cc-1936ec1d3c5e - - - - - -] Successfully bumped revision number for resource 5699a8de-90d4-49cb-aee9-a0939f314a52 (type: subnets) to 1 [pid: 8|app: 0|req: 779/1471] 10.0.0.89 () {34 vars in 740 bytes} [Wed Feb 25 23:15:54 2026] PUT /v2.0/subnets/5699a8de-90d4-49cb-aee9-a0939f314a52 => generated 656 bytes in 718 msecs (HTTP/1.1 200) 4 headers in 157 bytes (1 switches on core 0)
2026-02-25 23:15:54.749 7 INFO neutron.db.ovn_revision_numbers_db [None req-6af20c5c-2ef7-4c80-a04d-71eeb9b6699f f472e145b4dd4cddb52fba5eccb75cfe 59a3be7b10e24510ae3d5477d6b3e47f - - default default] Successfully bumped revision number for resource 756b022d-766d-4f9a-95ae-a941fee0f874 (type: ports) to 1 [pid: 8|app: 0|req: 780/1472] 10.0.0.212 () {28 vars in 624 bytes} [Wed Feb 25 23:15:54 2026] GET /v2.0/agents?binary=ovn-controller => generated 416 bytes in 9 msecs (HTTP/1.1 200) 4 headers in 157 bytes (1 switches on core 0) [pid: 8|app: 0|req: 781/1473] 10.0.0.18 () {34 vars in 981 bytes} [Wed Feb 25 23:15:54 2026] GET /v2.0/networks?id=9bd4437f-7fce-4b57-97de-fc617361fab1 => generated 716 bytes in 36 msecs (HTTP/1.1 200) 4 headers in 157 bytes (1 switches on core 0)
2026-02-25 23:15:54.888 7 INFO neutron.db.ovn_revision_numbers_db [None req-ec480e0d-9e0c-490b-bd09-0e1eb73624fc - - - - - -] Successfully bumped revision number for resource b0193c32-b0bb-4555-ae09-a57c499a5406 (type: ports) to 2
2026-02-25 23:15:54.910 8 INFO neutron_taas.services.taas.taas_plugin [None req-5540abd8-80d5-4caf-b30d-88cc049f9767 55ba433ca01640b09dcf44385f5ff764 f9008b0226da4ccbaed8bd6e677dce7e - - default default] TaaS: Handle Delete Port: 9b0f4127-c9ce-490b-a267-a6b8a37d467c
2026-02-25 23:15:54.913 8 INFO neutron_taas.services.taas.tap_mirror_plugin [None req-5540abd8-80d5-4caf-b30d-88cc049f9767 55ba433ca01640b09dcf44385f5ff764 f9008b0226da4ccbaed8bd6e677dce7e - - default default] Tap Mirror: Handle Delete Port: 9b0f4127-c9ce-490b-a267-a6b8a37d467c [pid: 7|app: 0|req: 693/1474] 10.0.0.89 () {34 vars in 664 bytes} [Wed Feb 25 23:15:53 2026] POST /v2.0/ports => generated 1505 bytes in 1442 msecs (HTTP/1.1 201) 4 headers in 163 bytes (1 switches on core 0) /var/lib/openstack/lib/python3.12/site-packages/pycadf/identifier.py:70: UserWarning: Invalid uuid: neutron. To ensure interoperability, identifiers should be a valid uuid. warnings.warn(('Invalid uuid: %s. To ensure interoperability, ' [pid: 7|app: 0|req: 694/1475] 10.0.0.212 () {28 vars in 619 bytes} [Wed Feb 25 23:15:54 2026] GET /v2.0/network-ip-availabilities => generated 3072 bytes in 26 msecs (HTTP/1.1 200) 4 headers in 158 bytes (1 switches on core 0) [pid: 7|app: 0|req: 695/1476] 10.0.0.18 () {34 vars in 964 bytes} [Wed Feb 25 23:15:54 2026] GET /v2.0/quotas/8cf09258b26e4773b2e9c61c8710518d => generated 292 bytes in 18 msecs (HTTP/1.1 200) 4 headers in 157 bytes (1 switches on core 0) [pid: 7|app: 0|req: 696/1477] 10.0.0.89 () {32 vars in 642 bytes} [Wed Feb 25 23:15:54 2026] GET /v2.0/ports => generated 3017 bytes in 184 msecs (HTTP/1.1 200) 4 headers in 158 bytes (1 switches on core 0)
2026-02-25 23:15:55.247 8 INFO neutron.services.segments.plugin [-] Segment 2fbdfdfb-ddfa-4800-855f-ecba4c346f9b resource provider aggregate not found
2026-02-25 23:15:55.251 8 INFO neutron.services.segments.plugin [-] Segment 2fbdfdfb-ddfa-4800-855f-ecba4c346f9b resource provider aggregate not found
2026-02-25 23:15:55.270 8 INFO neutron.services.segments.plugin [-] Segment 2fbdfdfb-ddfa-4800-855f-ecba4c346f9b resource provider not found; error: Placement Client Error (4xx): {"errors": [{"status": 404, "title": "Not Found", "detail": "The resource could not be found.\n\n No resource provider with uuid 2fbdfdfb-ddfa-4800-855f-ecba4c346f9b found for delete ", "request_id": "req-8b3df68f-926c-409b-8a00-9323a02ac69c"}]} [pid: 7|app: 0|req: 697/1478] 10.0.0.18 () {34 vars in 1001 bytes} [Wed Feb 25 23:15:55 2026] GET /v2.0/ports?tenant_id=8cf09258b26e4773b2e9c61c8710518d&fields=id => generated 103 bytes in 133 msecs (HTTP/1.1 200) 4 headers in 157 bytes (1 switches on core 0)
2026-02-25 23:15:55.278 8 INFO neutron.services.segments.plugin [-] Segment 2fbdfdfb-ddfa-4800-855f-ecba4c346f9b resource provider not found; error: Placement Client Error (4xx): {"errors": [{"status": 404, "title": "Not Found", "detail": "The resource could not be found.\n\n No resource provider with uuid 2fbdfdfb-ddfa-4800-855f-ecba4c346f9b found for delete ", "request_id": "req-e746e45c-cb31-4a57-abd9-676f59fa1e84"}]} [pid: 8|app: 0|req: 782/1479] 10.0.0.89 () {32 vars in 725 bytes} [Wed Feb 25 23:15:54 2026] DELETE /v2.0/networks/8db082d6-5da4-4e8a-a343-96de885701ce => generated 0 bytes in 544 msecs (HTTP/1.1 204) 3 headers in 131 bytes (1 switches on core 0) [pid: 8|app: 0|req: 783/1480] 10.0.0.18 () {34 vars in 1007 bytes} [Wed Feb 25 23:15:55 2026] GET /v2.0/networks/9bd4437f-7fce-4b57-97de-fc617361fab1?fields=segments => generated 14 bytes in 39 msecs (HTTP/1.1 200) 4 headers in 156 bytes (1 switches on core 0)
2026-02-25 23:15:55.390 8 INFO neutron.pecan_wsgi.hooks.translation [None req-cf70ae88-fbb9-454a-acca-d353816cd00d 55ba433ca01640b09dcf44385f5ff764 f9008b0226da4ccbaed8bd6e677dce7e - - default default] DELETE failed (client error): The resource could not be found. [pid: 8|app: 0|req: 784/1481] 10.0.0.89 () {32 vars in 725 bytes} [Wed Feb 25 23:15:55 2026] DELETE /v2.0/networks/8db082d6-5da4-4e8a-a343-96de885701ce => generated 138 bytes in 13 msecs (HTTP/1.1 404) 4 headers in 164 bytes (1 switches on core 0)
2026-02-25 23:15:55.410 7 INFO neutron_taas.services.taas.taas_plugin [None req-4ff2a02f-cf21-4d7c-ad5c-b8f332d88496 f472e145b4dd4cddb52fba5eccb75cfe 59a3be7b10e24510ae3d5477d6b3e47f - - default default] TaaS: Handle Delete Port: 90c5e59e-a8f7-48ab-9cf2-a38f9223223e
2026-02-25 23:15:55.413 7 INFO neutron_taas.services.taas.tap_mirror_plugin [None req-4ff2a02f-cf21-4d7c-ad5c-b8f332d88496 f472e145b4dd4cddb52fba5eccb75cfe 59a3be7b10e24510ae3d5477d6b3e47f - - default default] Tap Mirror: Handle Delete Port: 90c5e59e-a8f7-48ab-9cf2-a38f9223223e [pid: 8|app: 0|req: 785/1482] 10.0.0.18 () {34 vars in 1107 bytes} [Wed Feb 25 23:15:55 2026] GET /v2.0/networks/9bd4437f-7fce-4b57-97de-fc617361fab1?fields=provider%3Aphysical_network&fields=provider%3Anetwork_type => generated 79 bytes in 35 msecs (HTTP/1.1 200) 4 headers in 156 bytes (1 switches on core 0) [pid: 8|app: 0|req: 786/1483] 10.0.0.89 () {32 vars in 693 bytes} [Wed Feb 25 23:15:55 2026] GET /v2.0/networks?router%3Aexternal=True => generated 689 bytes in 58 msecs (HTTP/1.1 200) 4 headers in 157 bytes (1 switches on core 0) [pid: 8|app: 0|req: 787/1484] 10.0.0.89 () {32 vars in 741 bytes} [Wed Feb 25 23:15:55 2026] GET /v2.0/subnets?network_id=eb23e894-cb78-4932-98ec-2c75d48c388d => generated 649 bytes in 59 msecs (HTTP/1.1 200) 4 headers in 157 bytes (1 switches on core 0) [pid: 7|app: 0|req: 698/1485] 10.0.0.89 () {32 vars in 719 bytes} [Wed Feb 25 23:15:55 2026] DELETE /v2.0/ports/90c5e59e-a8f7-48ab-9cf2-a38f9223223e => generated 0 bytes in 289 msecs (HTTP/1.1 204) 3 headers in 131 bytes (1 switches on core 0) [pid: 7|app: 0|req: 699/1486] 10.0.0.89 () {32 vars in 652 bytes} [Wed Feb 25 23:15:55 2026] GET /v2.0/extensions => generated 20541 bytes in 7 msecs (HTTP/1.1 200) 4 headers in 159 bytes (1 switches on core 0) [pid: 8|app: 0|req: 788/1487] 10.0.0.18 () {34 vars in 989 bytes} [Wed Feb 25 23:15:55 2026] GET /v2.0/ports?device_id=4daea252-9684-415c-9892-bde1ae3ef20a => generated 12 bytes in 25 msecs (HTTP/1.1 200) 4 headers in 156 bytes (1 switches on core 0) [pid: 8|app: 0|req: 789/1488] 10.0.0.89 () {32 vars in 648 bytes} [Wed Feb 25 23:15:55 2026] GET /v2.0/networks => generated 1389 bytes in 54 msecs (HTTP/1.1 200) 4 headers in 158 bytes (1 switches on core 0) [pid: 8|app: 0|req: 790/1489] 10.0.0.89 () {32 vars in 646 bytes} [Wed Feb 25 23:15:55 2026] GET /v2.0/subnets => generated 1312 bytes in 31 msecs (HTTP/1.1 200) 4 headers in 158 bytes (1 switches on core 0)
2026-02-25 23:15:55.690 7 INFO neutron_taas.services.taas.taas_plugin [None req-1c33122a-6c98-4685-b15b-cd31ecf7ae10 f472e145b4dd4cddb52fba5eccb75cfe 59a3be7b10e24510ae3d5477d6b3e47f - - default default] TaaS: Handle Delete Port: 756b022d-766d-4f9a-95ae-a941fee0f874
2026-02-25 23:15:55.693 7 INFO neutron_taas.services.taas.tap_mirror_plugin [None req-1c33122a-6c98-4685-b15b-cd31ecf7ae10 f472e145b4dd4cddb52fba5eccb75cfe 59a3be7b10e24510ae3d5477d6b3e47f - - default default] Tap Mirror: Handle Delete Port: 756b022d-766d-4f9a-95ae-a941fee0f874 [pid: 8|app: 0|req: 791/1490] 10.0.0.89 () {32 vars in 722 bytes} [Wed Feb 25 23:15:55 2026] GET /v2.0/networks/99f8a798-22e3-4f96-a8ca-a08b518bf630 => generated 711 bytes in 41 msecs (HTTP/1.1 200) 4 headers in 157 bytes (1 switches on core 0) [pid: 8|app: 0|req: 792/1491] 10.0.0.89 () {32 vars in 720 bytes} [Wed Feb 25 23:15:55 2026] GET /v2.0/subnets/642b7228-a22c-4375-acac-8300222b7feb => generated 673 bytes in 34 msecs (HTTP/1.1 200) 4 headers in 157 bytes (1 switches on core 0)
2026-02-25 23:15:55.790 8 INFO neutron.pecan_wsgi.hooks.translation [None req-7b0a56e4-1a27-4616-970b-be5fdf043543 55ba433ca01640b09dcf44385f5ff764 f9008b0226da4ccbaed8bd6e677dce7e - - default default] DELETE failed (client error): The resource could not be found. [pid: 8|app: 0|req: 793/1492] 10.0.0.89 () {32 vars in 723 bytes} [Wed Feb 25 23:15:55 2026] DELETE /v2.0/subnets/5699a8de-90d4-49cb-aee9-a0939f314a52 => generated 136 bytes in 26 msecs (HTTP/1.1 404) 4 headers in 164 bytes (1 switches on core 0)
2026-02-25 23:15:55.826 8 INFO neutron.pecan_wsgi.hooks.translation [None req-8247d161-5ee3-4ddd-8037-ffb699c4a162 55ba433ca01640b09dcf44385f5ff764 f9008b0226da4ccbaed8bd6e677dce7e - - default default] DELETE failed (client error): The resource could not be found. [pid: 8|app: 0|req: 794/1493] 10.0.0.89 () {32 vars in 725 bytes} [Wed Feb 25 23:15:55 2026] DELETE /v2.0/networks/8db082d6-5da4-4e8a-a343-96de885701ce => generated 138 bytes in 31 msecs (HTTP/1.1 404) 4 headers in 164 bytes (1 switches on core 0) [pid: 7|app: 0|req: 700/1494] 10.0.0.89 () {32 vars in 719 bytes} [Wed Feb 25 23:15:55 2026] DELETE /v2.0/ports/756b022d-766d-4f9a-95ae-a941fee0f874 => generated 0 bytes in 272 msecs (HTTP/1.1 204) 3 headers in 131 bytes (1 switches on core 0) [pid: 7|app: 0|req: 701/1495] 10.0.0.89 () {32 vars in 642 bytes} [Wed Feb 25 23:15:55 2026] GET /v2.0/ports => generated 1523 bytes in 32 msecs (HTTP/1.1 200) 4 headers in 158 bytes (1 switches on core 0)
2026-02-25 23:15:55.982 7 INFO neutron.db.segments_db [None req-fc5eb28f-a33b-48f3-a398-cc0803bbfb22 f472e145b4dd4cddb52fba5eccb75cfe 59a3be7b10e24510ae3d5477d6b3e47f - - default default] Added segment 044182fd-dd43-4070-981e-b92d228f5d0b of type geneve for network 7c2a1d8a-5d4c-409e-9a6c-a6a2301910db [pid: 8|app: 0|req: 795/1496] 10.0.0.89 () {32 vars in 723 bytes} [Wed Feb 25 23:15:55 2026] DELETE /v2.0/subnets/642b7228-a22c-4375-acac-8300222b7feb => generated 0 bytes in 169 msecs (HTTP/1.1 204) 3 headers in 131 bytes (1 switches on core 0)
2026-02-25 23:15:56.109 7 INFO neutron.db.ovn_revision_numbers_db [None req-fc5eb28f-a33b-48f3-a398-cc0803bbfb22 f472e145b4dd4cddb52fba5eccb75cfe 59a3be7b10e24510ae3d5477d6b3e47f - - default default] Successfully bumped revision number for resource 7c2a1d8a-5d4c-409e-9a6c-a6a2301910db (type: networks) to 1
2026-02-25 23:15:56.144 8 INFO neutron_taas.services.taas.taas_plugin [None req-b30f05b4-6a63-4263-af67-157cd3bfd452 55ba433ca01640b09dcf44385f5ff764 f9008b0226da4ccbaed8bd6e677dce7e - - default default] TaaS: Handle Delete Port: adb9f660-0893-41a5-a1a6-9ef907c7c636
2026-02-25 23:15:56.146 8 INFO neutron_taas.services.taas.tap_mirror_plugin [None req-b30f05b4-6a63-4263-af67-157cd3bfd452 55ba433ca01640b09dcf44385f5ff764 f9008b0226da4ccbaed8bd6e677dce7e - - default default] Tap Mirror: Handle Delete Port: adb9f660-0893-41a5-a1a6-9ef907c7c636
2026-02-25 23:15:56.263 7 WARNING neutron.scheduler.dhcp_agent_scheduler [None req-fc5eb28f-a33b-48f3-a398-cc0803bbfb22 f472e145b4dd4cddb52fba5eccb75cfe 59a3be7b10e24510ae3d5477d6b3e47f - - default default] No more DHCP agents
2026-02-25 23:15:56.266 7 WARNING neutron.api.rpc.agentnotifiers.dhcp_rpc_agent_api [None req-fc5eb28f-a33b-48f3-a398-cc0803bbfb22 f472e145b4dd4cddb52fba5eccb75cfe 59a3be7b10e24510ae3d5477d6b3e47f - - default default] Unable to schedule network 7c2a1d8a-5d4c-409e-9a6c-a6a2301910db: no agents available; will retry on subsequent port and subnet creation events.
2026-02-25 23:15:56.357 7 INFO neutron.db.ovn_revision_numbers_db [None req-fc5eb28f-a33b-48f3-a398-cc0803bbfb22 f472e145b4dd4cddb52fba5eccb75cfe 59a3be7b10e24510ae3d5477d6b3e47f - - default default] Successfully bumped revision number for resource 9a96cab0-dfef-4da0-8867-da27d2e4a59a (type: ports) to 1 [pid: 7|app: 0|req: 702/1497] 10.0.0.89 () {34 vars in 669 bytes} [Wed Feb 25 23:15:55 2026] POST /v2.0/networks => generated 688 bytes in 494 msecs (HTTP/1.1 201) 4 headers in 162 bytes (1 switches on core 0) [pid: 8|app: 0|req: 796/1498] 10.0.0.89 () {32 vars in 725 bytes} [Wed Feb 25 23:15:56 2026] DELETE /v2.0/networks/99f8a798-22e3-4f96-a8ca-a08b518bf630 => generated 0 bytes in 389 msecs (HTTP/1.1 204) 3 headers in 131 bytes (1 switches on core 0)
2026-02-25 23:15:56.477 7 INFO neutron.db.segments_db [None req-07106789-5610-4734-8b08-cdf912c0cb64 f472e145b4dd4cddb52fba5eccb75cfe 59a3be7b10e24510ae3d5477d6b3e47f - - default default] Added segment cf680b32-6dfd-46a9-8c6b-46529cf7f0b8 of type geneve for network 10ea81b6-0f66-4940-8bc2-747601313a41
2026-02-25 23:15:56.615 7 INFO neutron.db.ovn_revision_numbers_db [None req-07106789-5610-4734-8b08-cdf912c0cb64 f472e145b4dd4cddb52fba5eccb75cfe 59a3be7b10e24510ae3d5477d6b3e47f - - default default] Successfully bumped revision number for resource 10ea81b6-0f66-4940-8bc2-747601313a41 (type: networks) to 1 [pid: 8|app: 0|req: 797/1499] 10.0.0.18 () {34 vars in 989 bytes} [Wed Feb 25 23:15:56 2026] GET /v2.0/ports?device_id=4daea252-9684-415c-9892-bde1ae3ef20a => generated 12 bytes in 28 msecs (HTTP/1.1 200) 4 headers in 156 bytes (1 switches on core 0)
2026-02-25 23:15:56.792 7 WARNING neutron.scheduler.dhcp_agent_scheduler [None req-07106789-5610-4734-8b08-cdf912c0cb64 f472e145b4dd4cddb52fba5eccb75cfe 59a3be7b10e24510ae3d5477d6b3e47f - - default default] No more DHCP agents
2026-02-25 23:15:56.793 7 WARNING neutron.api.rpc.agentnotifiers.dhcp_rpc_agent_api [None req-07106789-5610-4734-8b08-cdf912c0cb64 f472e145b4dd4cddb52fba5eccb75cfe 59a3be7b10e24510ae3d5477d6b3e47f - - default default] Unable to schedule network 10ea81b6-0f66-4940-8bc2-747601313a41: no agents available; will retry on subsequent port and subnet creation events.
2026-02-25 23:15:56.897 7 INFO neutron.db.ovn_revision_numbers_db [None req-07106789-5610-4734-8b08-cdf912c0cb64 f472e145b4dd4cddb52fba5eccb75cfe 59a3be7b10e24510ae3d5477d6b3e47f - - default default] Successfully bumped revision number for resource ee498379-7e22-42c4-865c-3ecd3cc0182f (type: ports) to 1 [pid: 7|app: 0|req: 703/1500] 10.0.0.89 () {34 vars in 669 bytes} [Wed Feb 25 23:15:56 2026] POST /v2.0/networks => generated 687 bytes in 529 msecs (HTTP/1.1 201) 4 headers in 162 bytes (1 switches on core 0) [pid: 8|app: 0|req: 798/1501] 10.0.0.89 () {32 vars in 773 bytes} [Wed Feb 25 23:15:56 2026] GET /v2.0/security-groups?tenant_id=f9008b0226da4ccbaed8bd6e677dce7e&name=default => generated 2925 bytes in 110 msecs (HTTP/1.1 200) 4 headers in 158 bytes (1 switches on core 0) [pid: 8|app: 0|req: 799/1502] 10.0.0.170 () {32 vars in 801 bytes} [Wed Feb 25 23:15:56 2026] GET /v2.0/extensions => generated 20541 bytes in 9 msecs (HTTP/1.1 200) 4 headers in 159 bytes (1 switches on core 0)
2026-02-25 23:15:57.291 8 INFO neutron.services.segments.plugin [-] Segment 9c94f98d-097d-4fe8-b1b2-bb75b072e6de resource provider aggregate not found
2026-02-25 23:15:57.297 8 INFO neutron.services.segments.plugin [-] Segment 9c94f98d-097d-4fe8-b1b2-bb75b072e6de resource provider aggregate not found [pid: 8|app: 0|req: 800/1503] 10.0.0.89 () {32 vars in 739 bytes} [Wed Feb 25 23:15:57 2026] DELETE /v2.0/security-groups/cc0b46e2-6157-4095-9170-d1c34991b4ec => generated 0 bytes in 295 msecs (HTTP/1.1 204) 2 headers in 112 bytes (1 switches on core 0)
2026-02-25 23:15:57.310 8 INFO neutron.services.segments.plugin [-] Segment 9c94f98d-097d-4fe8-b1b2-bb75b072e6de resource provider not found; error: Placement Client Error (4xx): {"errors": [{"status": 404, "title": "Not Found", "detail": "The resource could not be found.\n\n No resource provider with uuid 9c94f98d-097d-4fe8-b1b2-bb75b072e6de found for delete ", "request_id": "req-68b20417-3787-4d3f-bf40-b0adb8c88ffb"}]}
2026-02-25 23:15:57.314 8 INFO neutron.services.segments.plugin [-] Segment 9c94f98d-097d-4fe8-b1b2-bb75b072e6de resource provider not found; error: Placement Client Error (4xx): {"errors": [{"status": 404, "title": "Not Found", "detail": "The resource could not be found.\n\n No resource provider with uuid 9c94f98d-097d-4fe8-b1b2-bb75b072e6de found for delete ", "request_id": "req-18732a70-7d28-4438-a032-2d8b88596af5"}]}
2026-02-25 23:15:57.334 7 WARNING neutron.scheduler.dhcp_agent_scheduler [None req-0f39e846-e8d2-49d2-a98b-ba168546f61a f472e145b4dd4cddb52fba5eccb75cfe 59a3be7b10e24510ae3d5477d6b3e47f - - default default] No more DHCP agents
2026-02-25 23:15:57.335 7 WARNING neutron.api.rpc.agentnotifiers.dhcp_rpc_agent_api [None req-0f39e846-e8d2-49d2-a98b-ba168546f61a f472e145b4dd4cddb52fba5eccb75cfe 59a3be7b10e24510ae3d5477d6b3e47f - - default default] Unable to schedule network 7c2a1d8a-5d4c-409e-9a6c-a6a2301910db: no agents available; will retry on subsequent port and subnet creation events. [pid: 8|app: 0|req: 801/1504] 10.0.0.170 () {30 vars in 724 bytes} [Wed Feb 25 23:15:57 2026] GET /v2.0/quotas/b680b01cd12c4f82a8d9ddcd1e9f0248/details => generated 847 bytes in 74 msecs (HTTP/1.1 200) 4 headers in 157 bytes (1 switches on core 0) [pid: 8|app: 0|req: 802/1505] 10.0.0.18 () {34 vars in 989 bytes} [Wed Feb 25 23:15:57 2026] GET /v2.0/ports?device_id=4daea252-9684-415c-9892-bde1ae3ef20a => generated 12 bytes in 22 msecs (HTTP/1.1 200) 4 headers in 156 bytes (1 switches on core 0)
2026-02-25 23:15:57.801 7 INFO neutron.db.ovn_revision_numbers_db [None req-24c9bbef-e000-4d27-a9dc-6b7ec0ad7797 - - - - - -] Successfully bumped revision number for resource 9a96cab0-dfef-4da0-8867-da27d2e4a59a (type: ports) to 2
2026-02-25 23:15:57.828 7 INFO neutron.db.ovn_revision_numbers_db [None req-24c9bbef-e000-4d27-a9dc-6b7ec0ad7797 - - - - - -] Successfully bumped revision number for resource f943210b-90dc-496f-8ac1-0dbf342d6a3a (type: subnets) to 0
2026-02-25 23:15:57.853 7 WARNING neutron.scheduler.dhcp_agent_scheduler [None req-0f39e846-e8d2-49d2-a98b-ba168546f61a f472e145b4dd4cddb52fba5eccb75cfe 59a3be7b10e24510ae3d5477d6b3e47f - - default default] No more DHCP agents
2026-02-25 23:15:57.853 7 WARNING neutron.api.rpc.agentnotifiers.dhcp_rpc_agent_api [None req-0f39e846-e8d2-49d2-a98b-ba168546f61a f472e145b4dd4cddb52fba5eccb75cfe 59a3be7b10e24510ae3d5477d6b3e47f - - default default] Unable to schedule network 10ea81b6-0f66-4940-8bc2-747601313a41: no agents available; will retry on subsequent port and subnet creation events.
2026-02-25 23:15:58.268 7 INFO neutron.db.ovn_revision_numbers_db [None req-a163e53c-ef68-47ae-9aba-099f51216d60 - - - - - -] Successfully bumped revision number for resource ee498379-7e22-42c4-865c-3ecd3cc0182f (type: ports) to 2
2026-02-25 23:15:58.296 7 INFO neutron.db.ovn_revision_numbers_db [None req-a163e53c-ef68-47ae-9aba-099f51216d60 - - - - - -] Successfully bumped revision number for resource fb812cbc-7a83-4950-8124-77cf9fca8238 (type: subnets) to 0 [pid: 7|app: 0|req: 704/1506] 10.0.0.89 () {34 vars in 668 bytes} [Wed Feb 25 23:15:56 2026] POST /v2.0/subnets => generated 1274 bytes in 1362 msecs (HTTP/1.1 201) 4 headers in 163 bytes (1 switches on core 0) [pid: 8|app: 0|req: 803/1507] 10.0.0.89 () {32 vars in 646 bytes} [Wed Feb 25 23:15:58 2026] GET /v2.0/subnets => generated 1910 bytes in 49 msecs (HTTP/1.1 200) 4 headers in 158 bytes (1 switches on core 0) [pid: 7|app: 0|req: 705/1508] 10.0.0.89 () {32 vars in 723 bytes} [Wed Feb 25 23:15:58 2026] DELETE /v2.0/subnets/f943210b-90dc-496f-8ac1-0dbf342d6a3a => generated 0 bytes in 203 msecs (HTTP/1.1 204) 3 headers in 131 bytes (1 switches on core 0) [pid: 8|app: 0|req: 804/1509] 10.0.0.89 () {32 vars in 723 bytes} [Wed Feb 25 23:15:58 2026] DELETE /v2.0/subnets/fb812cbc-7a83-4950-8124-77cf9fca8238 => generated 0 bytes in 146 msecs (HTTP/1.1 204) 3 headers in 131 bytes (1 switches on core 0) [pid: 7|app: 0|req: 706/1510] 10.0.0.89 () {32 vars in 646 bytes} [Wed Feb 25 23:15:58 2026] GET /v2.0/subnets => generated 649 bytes in 29 msecs (HTTP/1.1 200) 4 headers in 157 bytes (1 switches on core 0) [pid: 7|app: 0|req: 707/1511] 10.0.0.18 () {34 vars in 989 bytes} [Wed Feb 25 23:15:58 2026] GET /v2.0/ports?device_id=4daea252-9684-415c-9892-bde1ae3ef20a => generated 12 bytes in 22 msecs (HTTP/1.1 200) 4 headers in 156 bytes (1 switches on core 0)
2026-02-25 23:15:58.886 8 INFO neutron_taas.services.taas.taas_plugin [None req-be00d871-9873-4b13-a69f-b5ef34b7ca6a f472e145b4dd4cddb52fba5eccb75cfe 59a3be7b10e24510ae3d5477d6b3e47f - - default default] TaaS: Handle Delete Port: ee498379-7e22-42c4-865c-3ecd3cc0182f
2026-02-25 23:15:58.888 8 INFO neutron_taas.services.taas.tap_mirror_plugin [None req-be00d871-9873-4b13-a69f-b5ef34b7ca6a f472e145b4dd4cddb52fba5eccb75cfe 59a3be7b10e24510ae3d5477d6b3e47f - - default default] Tap Mirror: Handle Delete Port: ee498379-7e22-42c4-865c-3ecd3cc0182f [pid: 8|app: 0|req: 805/1512] 10.0.0.89 () {32 vars in 725 bytes} [Wed Feb 25 23:15:58 2026] DELETE /v2.0/networks/10ea81b6-0f66-4940-8bc2-747601313a41 => generated 0 bytes in 317 msecs (HTTP/1.1 204) 3 headers in 131 bytes (1 switches on core 0)
2026-02-25 23:15:59.273 8 INFO neutron_taas.services.taas.taas_plugin [None req-efd0566f-bfd4-4599-b496-8f35882922f4 f472e145b4dd4cddb52fba5eccb75cfe 59a3be7b10e24510ae3d5477d6b3e47f - - default default] TaaS: Handle Delete Port: 9a96cab0-dfef-4da0-8867-da27d2e4a59a
2026-02-25 23:15:59.276 8 INFO neutron_taas.services.taas.tap_mirror_plugin [None req-efd0566f-bfd4-4599-b496-8f35882922f4 f472e145b4dd4cddb52fba5eccb75cfe 59a3be7b10e24510ae3d5477d6b3e47f - - default default] Tap Mirror: Handle Delete Port: 9a96cab0-dfef-4da0-8867-da27d2e4a59a
2026-02-25 23:15:59.283 7 INFO neutron.db.ovn_revision_numbers_db [None req-8562b33d-38b6-486b-a979-8e4d3c3cbd23 a35be6b81f654b2598aaae5c6946f191 bf5423f8f7774a5dbbc864d681f31eff - - default default] Successfully bumped revision number for resource 6e51c8ac-4031-4ada-9652-4e04e2098bcb (type: security_groups) to 1
2026-02-25 23:15:59.295 7 INFO neutron.db.ovn_revision_numbers_db [None req-8562b33d-38b6-486b-a979-8e4d3c3cbd23 a35be6b81f654b2598aaae5c6946f191 bf5423f8f7774a5dbbc864d681f31eff - - default default] Successfully bumped revision number for resource 65a6268b-4e3f-4b63-b138-07107cd6c389 (type: security_group_rules) to 0
2026-02-25 23:15:59.317 7 INFO neutron.db.ovn_revision_numbers_db [None req-8562b33d-38b6-486b-a979-8e4d3c3cbd23 a35be6b81f654b2598aaae5c6946f191 bf5423f8f7774a5dbbc864d681f31eff - - default default] Successfully bumped revision number for resource 902afb78-bda2-463a-bb4d-3cb1b5f249d7 (type: security_group_rules) to 0
2026-02-25 23:15:59.330 7 INFO neutron.db.ovn_revision_numbers_db [None req-8562b33d-38b6-486b-a979-8e4d3c3cbd23 a35be6b81f654b2598aaae5c6946f191 bf5423f8f7774a5dbbc864d681f31eff - - default default] Successfully bumped revision number for resource 9df1c13c-1655-4b95-ba7f-2e3ff6e19347 (type: security_group_rules) to 0
2026-02-25 23:15:59.338 8 INFO neutron.services.segments.plugin [-] Segment cf680b32-6dfd-46a9-8c6b-46529cf7f0b8 resource provider aggregate not found
2026-02-25 23:15:59.342 7 INFO neutron.db.ovn_revision_numbers_db [None req-8562b33d-38b6-486b-a979-8e4d3c3cbd23 a35be6b81f654b2598aaae5c6946f191 bf5423f8f7774a5dbbc864d681f31eff - - default default] Successfully bumped revision number for resource c8ee431a-a032-4013-adee-2d565746c475 (type: security_group_rules) to 0
2026-02-25 23:15:59.344 8 INFO neutron.services.segments.plugin [-] Segment cf680b32-6dfd-46a9-8c6b-46529cf7f0b8 resource provider aggregate not found
2026-02-25 23:15:59.362 8 INFO neutron.services.segments.plugin [-] Segment cf680b32-6dfd-46a9-8c6b-46529cf7f0b8 resource provider not found; error: Placement Client Error (4xx): {"errors": [{"status": 404, "title": "Not Found", "detail": "The resource could not be found.\n\n No resource provider with uuid cf680b32-6dfd-46a9-8c6b-46529cf7f0b8 found for delete ", "request_id": "req-afa079d1-61dd-4afe-9211-61cf9a39df25"}]}
2026-02-25 23:15:59.365 8 INFO neutron.services.segments.plugin [-] Segment cf680b32-6dfd-46a9-8c6b-46529cf7f0b8 resource provider not found; error: Placement Client Error (4xx): {"errors": [{"status": 404, "title": "Not Found", "detail": "The resource could not be found.\n\n No resource provider with uuid cf680b32-6dfd-46a9-8c6b-46529cf7f0b8 found for delete ", "request_id": "req-87668e8f-148b-4493-82c0-2564c57a7f0c"}]}
2026-02-25 23:15:59.429 7 INFO neutron.db.segments_db [None req-8562b33d-38b6-486b-a979-8e4d3c3cbd23 a35be6b81f654b2598aaae5c6946f191 bf5423f8f7774a5dbbc864d681f31eff - - default default] Added segment 660bcd11-c152-406a-8d8c-e4cac9c65861 of type geneve for network be6e6095-821c-4997-a13d-2d5cee49e2b8 [pid: 8|app: 0|req: 806/1513] 10.0.0.89 () {32 vars in 725 bytes} [Wed Feb 25 23:15:59 2026] DELETE /v2.0/networks/7c2a1d8a-5d4c-409e-9a6c-a6a2301910db => generated 0 bytes in 431 msecs (HTTP/1.1 204) 3 headers in 131 bytes (1 switches on core 0)
2026-02-25 23:15:59.576 7 INFO neutron.db.ovn_revision_numbers_db [None req-8562b33d-38b6-486b-a979-8e4d3c3cbd23 a35be6b81f654b2598aaae5c6946f191 bf5423f8f7774a5dbbc864d681f31eff - - default default] Successfully bumped revision number for resource be6e6095-821c-4997-a13d-2d5cee49e2b8 (type: networks) to 1
2026-02-25 23:15:59.656 8 INFO neutron_taas.services.taas.taas_plugin [None req-d8516de1-f002-4192-a6cd-fabc3277b6db f472e145b4dd4cddb52fba5eccb75cfe 59a3be7b10e24510ae3d5477d6b3e47f - - default default] TaaS: Handle Delete Port: 79a7b32d-3159-4a73-bffb-17b738e6d342
2026-02-25 23:15:59.658 8 INFO neutron_taas.services.taas.tap_mirror_plugin [None req-d8516de1-f002-4192-a6cd-fabc3277b6db f472e145b4dd4cddb52fba5eccb75cfe 59a3be7b10e24510ae3d5477d6b3e47f - - default default] Tap Mirror: Handle Delete Port: 79a7b32d-3159-4a73-bffb-17b738e6d342
2026-02-25 23:15:59.738 7 WARNING neutron.scheduler.dhcp_agent_scheduler [None req-8562b33d-38b6-486b-a979-8e4d3c3cbd23 a35be6b81f654b2598aaae5c6946f191 bf5423f8f7774a5dbbc864d681f31eff - - default default] No more DHCP agents
2026-02-25 23:15:59.739 7 WARNING neutron.api.rpc.agentnotifiers.dhcp_rpc_agent_api [None req-8562b33d-38b6-486b-a979-8e4d3c3cbd23 a35be6b81f654b2598aaae5c6946f191 bf5423f8f7774a5dbbc864d681f31eff - - default default] Unable to schedule network be6e6095-821c-4997-a13d-2d5cee49e2b8: no agents available; will retry on subsequent port and subnet creation events.
2026-02-25 23:15:59.881 7 INFO neutron.db.ovn_revision_numbers_db [None req-8562b33d-38b6-486b-a979-8e4d3c3cbd23 a35be6b81f654b2598aaae5c6946f191 bf5423f8f7774a5dbbc864d681f31eff - - default default] Successfully bumped revision number for resource 50e3258c-ef9f-46ee-97a9-90ef32624095 (type: ports) to 1 [pid: 7|app: 0|req: 708/1514] 10.0.0.89 () {34 vars in 669 bytes} [Wed Feb 25 23:15:58 2026] POST /v2.0/networks => generated 681 bytes in 973 msecs (HTTP/1.1 201) 4 headers in 162 bytes (1 switches on core 0) [pid: 8|app: 0|req: 807/1515] 10.0.0.89 () {32 vars in 725 bytes} [Wed Feb 25 23:15:59 2026] DELETE /v2.0/networks/838b8336-dd46-4577-8ddc-07d436f193e7 => generated 0 bytes in 378 msecs (HTTP/1.1 204) 3 headers in 131 bytes (1 switches on core 0) [pid: 7|app: 0|req: 709/1516] 10.0.0.18 () {34 vars in 989 bytes} [Wed Feb 25 23:15:59 2026] GET /v2.0/ports?device_id=4daea252-9684-415c-9892-bde1ae3ef20a => generated 12 bytes in 19 msecs (HTTP/1.1 200) 4 headers in 156 bytes (1 switches on core 0)
2026-02-25 23:16:00.032 8 INFO neutron_taas.services.taas.taas_plugin [None req-0a4dbcba-9557-4cbd-9432-687872082a1e f472e145b4dd4cddb52fba5eccb75cfe 59a3be7b10e24510ae3d5477d6b3e47f - - default default] TaaS: Handle Delete Port: 410c3c30-d784-40bf-9f6d-fcf95f679739
2026-02-25 23:16:00.035 8 INFO neutron_taas.services.taas.tap_mirror_plugin [None req-0a4dbcba-9557-4cbd-9432-687872082a1e f472e145b4dd4cddb52fba5eccb75cfe 59a3be7b10e24510ae3d5477d6b3e47f - - default default] Tap Mirror: Handle Delete Port: 410c3c30-d784-40bf-9f6d-fcf95f679739
2026-02-25 23:16:00.139 7 WARNING neutron.scheduler.dhcp_agent_scheduler [None req-7c777d48-3255-4241-aa96-cc412c1ea432 a35be6b81f654b2598aaae5c6946f191 bf5423f8f7774a5dbbc864d681f31eff - - default default] No more DHCP agents
2026-02-25 23:16:00.141 7 WARNING neutron.api.rpc.agentnotifiers.dhcp_rpc_agent_api [None req-7c777d48-3255-4241-aa96-cc412c1ea432 a35be6b81f654b2598aaae5c6946f191 bf5423f8f7774a5dbbc864d681f31eff - - default default] Unable to schedule network be6e6095-821c-4997-a13d-2d5cee49e2b8: no agents available; will retry on subsequent port and subnet creation events. [pid: 8|app: 0|req: 808/1517] 10.0.0.89 () {32 vars in 725 bytes} [Wed Feb 25 23:15:59 2026] DELETE /v2.0/networks/1a67b698-51df-4c83-98c3-eaeaaab334cd => generated 0 bytes in 336 msecs (HTTP/1.1 204) 3 headers in 131 bytes (1 switches on core 0)
2026-02-25 23:16:00.292 7 WARNING neutron.plugins.ml2.drivers.ovn.mech_driver.ovsdb.ovn_client [None req-1764c2b9-6d98-4394-aec2-fcc50280b03e - - - - - -] No hosting information found for port b0193c32-b0bb-4555-ae09-a57c499a5406: RuntimeError: No hosting information found for port b0193c32-b0bb-4555-ae09-a57c499a5406
2026-02-25 23:16:00.497 7 INFO neutron.db.ovn_revision_numbers_db [None req-1764c2b9-6d98-4394-aec2-fcc50280b03e - - - - - -] Successfully bumped revision number for resource b0193c32-b0bb-4555-ae09-a57c499a5406 (type: router_ports) to 2
2026-02-25 23:16:00.498 7 INFO neutron.plugins.ml2.drivers.ovn.mech_driver.mech_driver [None req-1764c2b9-6d98-4394-aec2-fcc50280b03e - - - - - -] OVN reports status down for port: 90c5e59e-a8f7-48ab-9cf2-a38f9223223e
2026-02-25 23:16:00.512 7 INFO neutron.plugins.ml2.drivers.ovn.mech_driver.mech_driver [None req-1764c2b9-6d98-4394-aec2-fcc50280b03e - - - - - -] OVN reports status down for port: 756b022d-766d-4f9a-95ae-a941fee0f874
2026-02-25 23:16:00.607 7 INFO neutron.plugins.ml2.drivers.ovn.mech_driver.mech_driver [None req-1764c2b9-6d98-4394-aec2-fcc50280b03e - - - - - -] OVN reports status down for port: 9a96cab0-dfef-4da0-8867-da27d2e4a59a
2026-02-25 23:16:00.620 7 INFO neutron.plugins.ml2.drivers.ovn.mech_driver.mech_driver [None req-1764c2b9-6d98-4394-aec2-fcc50280b03e - - - - - -] OVN reports status down for port: ee498379-7e22-42c4-865c-3ecd3cc0182f
2026-02-25 23:16:00.635 7 INFO neutron.plugins.ml2.drivers.ovn.mech_driver.mech_driver [None req-1764c2b9-6d98-4394-aec2-fcc50280b03e - - - - - -] OVN reports status down for port: 50e3258c-ef9f-46ee-97a9-90ef32624095
2026-02-25 23:16:00.730 8 INFO neutron.db.ovn_revision_numbers_db [None req-6406e810-203a-4e16-8799-4867364f6684 3f53496f0fe14872ae32d78ab6980e4f f08271befc944fd18794e69b142e7eff - - default default] Successfully bumped revision number for resource bde00a45-645b-492a-bf91-684161911f93 (type: security_groups) to 1
2026-02-25 23:16:00.743 8 INFO neutron.db.ovn_revision_numbers_db [None req-6406e810-203a-4e16-8799-4867364f6684 3f53496f0fe14872ae32d78ab6980e4f f08271befc944fd18794e69b142e7eff - - default default] Successfully bumped revision number for resource 282074f3-6379-4d09-a643-027dc64b318f (type: security_group_rules) to 0
2026-02-25 23:16:00.754 8 INFO neutron.db.ovn_revision_numbers_db [None req-6406e810-203a-4e16-8799-4867364f6684 3f53496f0fe14872ae32d78ab6980e4f f08271befc944fd18794e69b142e7eff - - default default] Successfully bumped revision number for resource 79dd9623-a870-4066-8d58-6fc159745690 (type: security_group_rules) to 0
2026-02-25 23:16:00.767 8 INFO neutron.db.ovn_revision_numbers_db [None req-6406e810-203a-4e16-8799-4867364f6684 3f53496f0fe14872ae32d78ab6980e4f f08271befc944fd18794e69b142e7eff - - default default] Successfully bumped revision number for resource a76f5f8c-b0c4-4543-b0db-17fd8e971f51 (type: security_group_rules) to 0
2026-02-25 23:16:00.779 8 INFO neutron.db.ovn_revision_numbers_db [None req-6406e810-203a-4e16-8799-4867364f6684 3f53496f0fe14872ae32d78ab6980e4f f08271befc944fd18794e69b142e7eff - - default default] Successfully bumped revision number for resource be0d6890-cc42-4c8c-b7a0-125e0d34b1af (type: security_group_rules) to 0 [pid: 8|app: 0|req: 809/1518] 10.0.0.89 () {32 vars in 773 bytes} [Wed Feb 25 23:16:00 2026] GET /v2.0/security-groups?tenant_id=b680b01cd12c4f82a8d9ddcd1e9f0248&name=default => generated 2925 bytes in 442 msecs (HTTP/1.1 200) 4 headers in 158 bytes (1 switches on core 0) [pid: 8|app: 0|req: 810/1519] 10.0.0.89 () {32 vars in 773 bytes} [Wed Feb 25 23:16:00 2026] GET /v2.0/security-groups?tenant_id=59a3be7b10e24510ae3d5477d6b3e47f&name=default => generated 2925 bytes in 58 msecs (HTTP/1.1 200) 4 headers in 158 bytes (1 switches on core 0)
