2026-02-25 23:18:41.105 8 INFO placement.requestlog [req-f8422adc-9666-4e81-ab88-5af5b6719bd5 req-0cc1a103-d3ea-4b0b-9ae9-7bb08c95855b e9e41d9880fe4bd8bca5228cb3b0bb3a 6acfd1958c084e5eba04275bc263a3e0 - - 1c04d2032ff746688c0bebfb7915e5ce 1c04d2032ff746688c0bebfb7915e5ce] 199.204.45.53 "GET /allocations/fc372bd3-94e9-4245-85ba-e5e4a3fb1b2a" status: 200 len: 245 microversion: 1.28 [pid: 8|app: 0|req: 510/1024] 199.204.45.53 () {34 vars in 862 bytes} [Wed Feb 25 23:18:41 2026] GET /allocations/fc372bd3-94e9-4245-85ba-e5e4a3fb1b2a => generated 245 bytes in 13 msecs (HTTP/1.1 200) 8 headers in 296 bytes (1 switches on core 0)
2026-02-25 23:18:41.122 7 INFO placement.requestlog [req-f8422adc-9666-4e81-ab88-5af5b6719bd5 req-7611743e-428a-422e-a694-43739ebe0151 e9e41d9880fe4bd8bca5228cb3b0bb3a 6acfd1958c084e5eba04275bc263a3e0 - - 1c04d2032ff746688c0bebfb7915e5ce 1c04d2032ff746688c0bebfb7915e5ce] 199.204.45.53 "GET /allocations/b8e4f3e8-dfbf-430e-8213-f6d49160a499" status: 200 len: 258 microversion: 1.28 [pid: 7|app: 0|req: 515/1025] 199.204.45.53 () {34 vars in 862 bytes} [Wed Feb 25 23:18:41 2026] GET /allocations/b8e4f3e8-dfbf-430e-8213-f6d49160a499 => generated 258 bytes in 11 msecs (HTTP/1.1 200) 8 headers in 296 bytes (1 switches on core 0)
2026-02-25 23:18:41.139 8 INFO placement.requestlog [req-f8422adc-9666-4e81-ab88-5af5b6719bd5 req-23127409-f692-4e01-9cb1-02bda3b7c27d e9e41d9880fe4bd8bca5228cb3b0bb3a 6acfd1958c084e5eba04275bc263a3e0 - - 1c04d2032ff746688c0bebfb7915e5ce 1c04d2032ff746688c0bebfb7915e5ce] 199.204.45.53 "GET /allocations/bd053262-9e80-416e-8f4f-a999ed81fbe2" status: 200 len: 258 microversion: 1.28 [pid: 8|app: 0|req: 511/1026] 199.204.45.53 () {34 vars in 862 bytes} [Wed Feb 25 23:18:41 2026] GET /allocations/bd053262-9e80-416e-8f4f-a999ed81fbe2 => generated 258 bytes in 13 msecs (HTTP/1.1 200) 8 headers in 296 bytes (1 switches on core 0)
2026-02-25 23:18:41.168 7 INFO placement.requestlog [req-f8422adc-9666-4e81-ab88-5af5b6719bd5 req-59d91baf-1184-491e-bbf6-02e582c507e0 e9e41d9880fe4bd8bca5228cb3b0bb3a 6acfd1958c084e5eba04275bc263a3e0 - - 1c04d2032ff746688c0bebfb7915e5ce 1c04d2032ff746688c0bebfb7915e5ce] 199.204.45.53 "GET /allocations/dadbe5ad-157d-4094-91aa-c6e0f93c59d3" status: 200 len: 258 microversion: 1.28 [pid: 7|app: 0|req: 516/1027] 199.204.45.53 () {34 vars in 862 bytes} [Wed Feb 25 23:18:41 2026] GET /allocations/dadbe5ad-157d-4094-91aa-c6e0f93c59d3 => generated 258 bytes in 17 msecs (HTTP/1.1 200) 8 headers in 296 bytes (1 switches on core 0)
2026-02-25 23:18:41.190 8 INFO placement.requestlog [req-f8422adc-9666-4e81-ab88-5af5b6719bd5 req-8acf1cb9-9c93-4a44-88c4-9ccaeb2fb3ba e9e41d9880fe4bd8bca5228cb3b0bb3a 6acfd1958c084e5eba04275bc263a3e0 - - 1c04d2032ff746688c0bebfb7915e5ce 1c04d2032ff746688c0bebfb7915e5ce] 199.204.45.53 "GET /allocations/dffd2609-e8a8-4ab0-84b6-c0ccab89c17a" status: 200 len: 258 microversion: 1.28 [pid: 8|app: 0|req: 512/1028] 199.204.45.53 () {34 vars in 862 bytes} [Wed Feb 25 23:18:41 2026] GET /allocations/dffd2609-e8a8-4ab0-84b6-c0ccab89c17a => generated 258 bytes in 16 msecs (HTTP/1.1 200) 8 headers in 296 bytes (1 switches on core 0)
2026-02-25 23:18:42.968 7 INFO placement.requestlog [None req-213cb55b-b5b8-433f-9309-289bba027472 - - - - - -] 10.0.0.205 "GET /" status: 200 len: 136 microversion: 1.0
2026-02-25 23:18:42.968 8 INFO placement.requestlog [None req-ab9e4858-9bed-4208-8f5d-21aefe12231a - - - - - -] 10.0.0.205 "GET /" status: 200 len: 136 microversion: 1.0
2026-02-25 23:18:47.772 7 INFO placement.requestlog [None req-4e9e2fa6-1285-41af-81ee-858035b9939d 3f53496f0fe14872ae32d78ab6980e4f f08271befc944fd18794e69b142e7eff - - default default] 10.0.0.212 "GET /resource_providers" status: 200 len: 406 microversion: 1.0 [pid: 7|app: 0|req: 518/1031] 10.0.0.212 () {28 vars in 593 bytes} [Wed Feb 25 23:18:47 2026] GET /resource_providers => generated 406 bytes in 194 msecs (HTTP/1.1 200) 6 headers in 224 bytes (1 switches on core 0)
2026-02-25 23:18:47.789 8 INFO placement.requestlog [None req-1ed55b6c-d424-48a8-ba65-99b1863afe1a 3f53496f0fe14872ae32d78ab6980e4f f08271befc944fd18794e69b142e7eff - - default default] 10.0.0.212 "GET /resource_providers/7feb6624-8397-4312-bea2-6a85a44698fd/inventories" status: 200 len: 401 microversion: 1.0 [pid: 8|app: 0|req: 514/1032] 10.0.0.212 () {28 vars in 691 bytes} [Wed Feb 25 23:18:47 2026] GET /resource_providers/7feb6624-8397-4312-bea2-6a85a44698fd/inventories => generated 401 bytes in 13 msecs (HTTP/1.1 200) 6 headers in 224 bytes (1 switches on core 0)
2026-02-25 23:18:47.807 7 INFO placement.requestlog [None req-df1daac7-8b72-4d15-9dad-ed142ede85fb 3f53496f0fe14872ae32d78ab6980e4f f08271befc944fd18794e69b142e7eff - - default default] 10.0.0.212 "GET /resource_providers/7feb6624-8397-4312-bea2-6a85a44698fd/usages" status: 200 len: 92 microversion: 1.0 [pid: 7|app: 0|req: 519/1033] 10.0.0.212 () {28 vars in 681 bytes} [Wed Feb 25 23:18:47 2026] GET /resource_providers/7feb6624-8397-4312-bea2-6a85a44698fd/usages => generated 92 bytes in 14 msecs (HTTP/1.1 200) 6 headers in 223 bytes (1 switches on core 0)
2026-02-25 23:18:52.968 8 INFO placement.requestlog [None req-9d0f79e9-9bed-441c-811d-cbc5f21906a9 - - - - - -] 10.0.0.205 "GET /" status: 200 len: 136 microversion: 1.0
2026-02-25 23:18:52.968 7 INFO placement.requestlog [None req-18eeec4d-1f9b-40ba-be1f-cec86508c622 - - - - - -] 10.0.0.205 "GET /" status: 200 len: 136 microversion: 1.0
2026-02-25 23:19:00.412 8 INFO placement.requestlog [req-51c58000-ef0a-47ca-bb8e-20cc2ca85597 req-07f15338-d7d0-4bbc-93b0-6383aba4787a e9e41d9880fe4bd8bca5228cb3b0bb3a 6acfd1958c084e5eba04275bc263a3e0 - - 1c04d2032ff746688c0bebfb7915e5ce 1c04d2032ff746688c0bebfb7915e5ce] 199.204.45.53 "GET /resource_providers/7feb6624-8397-4312-bea2-6a85a44698fd/allocations" status: 200 len: 540 microversion: 1.0 [pid: 8|app: 0|req: 516/1036] 199.204.45.53 () {32 vars in 856 bytes} [Wed Feb 25 23:19:00 2026] GET /resource_providers/7feb6624-8397-4312-bea2-6a85a44698fd/allocations => generated 540 bytes in 62 msecs (HTTP/1.1 200) 6 headers in 224 bytes (1 switches on core 0)
2026-02-25 23:19:00.438 7 INFO placement.requestlog [req-51c58000-ef0a-47ca-bb8e-20cc2ca85597 req-af00ecce-9f25-48e0-8b69-8046c5600ad9 e9e41d9880fe4bd8bca5228cb3b0bb3a 6acfd1958c084e5eba04275bc263a3e0 - - 1c04d2032ff746688c0bebfb7915e5ce 1c04d2032ff746688c0bebfb7915e5ce] 199.204.45.53 "GET /resource_providers?in_tree=7feb6624-8397-4312-bea2-6a85a44698fd" status: 200 len: 798 microversion: 1.14 [pid: 7|app: 0|req: 521/1037] 199.204.45.53 () {34 vars in 891 bytes} [Wed Feb 25 23:19:00 2026] GET /resource_providers?in_tree=7feb6624-8397-4312-bea2-6a85a44698fd => generated 798 bytes in 18 msecs (HTTP/1.1 200) 6 headers in 225 bytes (1 switches on core 0)
2026-02-25 23:19:00.460 8 INFO placement.requestlog [req-51c58000-ef0a-47ca-bb8e-20cc2ca85597 req-bea67496-adfa-41a3-b1ae-7f38ed951d3a e9e41d9880fe4bd8bca5228cb3b0bb3a 6acfd1958c084e5eba04275bc263a3e0 - - 1c04d2032ff746688c0bebfb7915e5ce 1c04d2032ff746688c0bebfb7915e5ce] 199.204.45.53 "GET /resource_providers/7feb6624-8397-4312-bea2-6a85a44698fd/inventories" status: 200 len: 401 microversion: 1.0 [pid: 8|app: 0|req: 517/1038] 199.204.45.53 () {32 vars in 856 bytes} [Wed Feb 25 23:19:00 2026] GET /resource_providers/7feb6624-8397-4312-bea2-6a85a44698fd/inventories => generated 401 bytes in 15 msecs (HTTP/1.1 200) 6 headers in 224 bytes (1 switches on core 0)
2026-02-25 23:19:00.476 7 INFO placement.requestlog [req-51c58000-ef0a-47ca-bb8e-20cc2ca85597 req-0c6f5885-5939-4be1-842c-97c9f35ff91d e9e41d9880fe4bd8bca5228cb3b0bb3a 6acfd1958c084e5eba04275bc263a3e0 - - 1c04d2032ff746688c0bebfb7915e5ce 1c04d2032ff746688c0bebfb7915e5ce] 199.204.45.53 "GET /resource_providers/7feb6624-8397-4312-bea2-6a85a44698fd/aggregates" status: 200 len: 54 microversion: 1.19 [pid: 7|app: 0|req: 522/1039] 199.204.45.53 () {34 vars in 898 bytes} [Wed Feb 25 23:19:00 2026] GET /resource_providers/7feb6624-8397-4312-bea2-6a85a44698fd/aggregates => generated 54 bytes in 11 msecs (HTTP/1.1 200) 8 headers in 295 bytes (1 switches on core 0)
2026-02-25 23:19:00.502 8 INFO placement.requestlog [req-51c58000-ef0a-47ca-bb8e-20cc2ca85597 req-53e6b4f2-445d-45ad-8683-cafaa4be8c62 e9e41d9880fe4bd8bca5228cb3b0bb3a 6acfd1958c084e5eba04275bc263a3e0 - - 1c04d2032ff746688c0bebfb7915e5ce 1c04d2032ff746688c0bebfb7915e5ce] 199.204.45.53 "GET /resource_providers/7feb6624-8397-4312-bea2-6a85a44698fd/traits" status: 200 len: 2176 microversion: 1.6 [pid: 8|app: 0|req: 518/1040] 199.204.45.53 () {34 vars in 889 bytes} [Wed Feb 25 23:19:00 2026] GET /resource_providers/7feb6624-8397-4312-bea2-6a85a44698fd/traits => generated 2176 bytes in 21 msecs (HTTP/1.1 200) 6 headers in 225 bytes (1 switches on core 0)
2026-02-25 23:19:00.525 7 INFO placement.requestlog [req-51c58000-ef0a-47ca-bb8e-20cc2ca85597 req-c908f01d-ac9b-4e49-897c-4772602fda06 e9e41d9880fe4bd8bca5228cb3b0bb3a 6acfd1958c084e5eba04275bc263a3e0 - - 1c04d2032ff746688c0bebfb7915e5ce 1c04d2032ff746688c0bebfb7915e5ce] 199.204.45.53 "GET /resource_providers/7feb6624-8397-4312-bea2-6a85a44698fd/allocations" status: 200 len: 540 microversion: 1.0 [pid: 7|app: 0|req: 523/1041] 199.204.45.53 () {32 vars in 856 bytes} [Wed Feb 25 23:19:00 2026] GET /resource_providers/7feb6624-8397-4312-bea2-6a85a44698fd/allocations => generated 540 bytes in 17 msecs (HTTP/1.1 200) 6 headers in 224 bytes (1 switches on core 0)
2026-02-25 23:19:00.542 8 INFO placement.requestlog [req-51c58000-ef0a-47ca-bb8e-20cc2ca85597 req-61b2b9c4-4c8a-4580-8360-fba358e88753 e9e41d9880fe4bd8bca5228cb3b0bb3a 6acfd1958c084e5eba04275bc263a3e0 - - 1c04d2032ff746688c0bebfb7915e5ce 1c04d2032ff746688c0bebfb7915e5ce] 199.204.45.53 "GET /allocations/fc372bd3-94e9-4245-85ba-e5e4a3fb1b2a" status: 200 len: 245 microversion: 1.28 [pid: 8|app: 0|req: 519/1042] 199.204.45.53 () {34 vars in 862 bytes} [Wed Feb 25 23:19:00 2026] GET /allocations/fc372bd3-94e9-4245-85ba-e5e4a3fb1b2a => generated 245 bytes in 11 msecs (HTTP/1.1 200) 8 headers in 296 bytes (1 switches on core 0)
2026-02-25 23:19:00.560 7 INFO placement.requestlog [req-51c58000-ef0a-47ca-bb8e-20cc2ca85597 req-ecd07e5e-bf32-4ad6-baf7-74b58c2b5b40 e9e41d9880fe4bd8bca5228cb3b0bb3a 6acfd1958c084e5eba04275bc263a3e0 - - 1c04d2032ff746688c0bebfb7915e5ce 1c04d2032ff746688c0bebfb7915e5ce] 199.204.45.53 "GET /allocations/b8e4f3e8-dfbf-430e-8213-f6d49160a499" status: 200 len: 258 microversion: 1.28 [pid: 7|app: 0|req: 524/1043] 199.204.45.53 () {34 vars in 862 bytes} [Wed Feb 25 23:19:00 2026] GET /allocations/b8e4f3e8-dfbf-430e-8213-f6d49160a499 => generated 258 bytes in 12 msecs (HTTP/1.1 200) 8 headers in 296 bytes (1 switches on core 0)
2026-02-25 23:19:00.579 8 INFO placement.requestlog [req-51c58000-ef0a-47ca-bb8e-20cc2ca85597 req-4fdf04c5-b3a0-426b-ae9a-b9de207e5f85 e9e41d9880fe4bd8bca5228cb3b0bb3a 6acfd1958c084e5eba04275bc263a3e0 - - 1c04d2032ff746688c0bebfb7915e5ce 1c04d2032ff746688c0bebfb7915e5ce] 199.204.45.53 "GET /allocations/bd053262-9e80-416e-8f4f-a999ed81fbe2" status: 200 len: 258 microversion: 1.28 [pid: 8|app: 0|req: 520/1044] 199.204.45.53 () {34 vars in 862 bytes} [Wed Feb 25 23:19:00 2026] GET /allocations/bd053262-9e80-416e-8f4f-a999ed81fbe2 => generated 258 bytes in 12 msecs (HTTP/1.1 200) 8 headers in 296 bytes (1 switches on core 0)
2026-02-25 23:19:00.595 7 INFO placement.requestlog [req-51c58000-ef0a-47ca-bb8e-20cc2ca85597 req-02e7f21f-afe6-4809-89d7-52ec60aa4cee e9e41d9880fe4bd8bca5228cb3b0bb3a 6acfd1958c084e5eba04275bc263a3e0 - - 1c04d2032ff746688c0bebfb7915e5ce 1c04d2032ff746688c0bebfb7915e5ce] 199.204.45.53 "GET /allocations/dadbe5ad-157d-4094-91aa-c6e0f93c59d3" status: 200 len: 258 microversion: 1.28 [pid: 7|app: 0|req: 525/1045] 199.204.45.53 () {34 vars in 862 bytes} [Wed Feb 25 23:19:00 2026] GET /allocations/dadbe5ad-157d-4094-91aa-c6e0f93c59d3 => generated 258 bytes in 10 msecs (HTTP/1.1 200) 8 headers in 296 bytes (1 switches on core 0)
2026-02-25 23:19:00.610 8 INFO placement.requestlog [req-51c58000-ef0a-47ca-bb8e-20cc2ca85597 req-b58e2a9e-d7af-473c-813d-8f7df4863c17 e9e41d9880fe4bd8bca5228cb3b0bb3a 6acfd1958c084e5eba04275bc263a3e0 - - 1c04d2032ff746688c0bebfb7915e5ce 1c04d2032ff746688c0bebfb7915e5ce] 199.204.45.53 "GET /allocations/dffd2609-e8a8-4ab0-84b6-c0ccab89c17a" status: 200 len: 258 microversion: 1.28 [pid: 8|app: 0|req: 521/1046] 199.204.45.53 () {34 vars in 862 bytes} [Wed Feb 25 23:19:00 2026] GET /allocations/dffd2609-e8a8-4ab0-84b6-c0ccab89c17a => generated 258 bytes in 10 msecs (HTTP/1.1 200) 8 headers in 296 bytes (1 switches on core 0)
2026-02-25 23:19:01.654 7 INFO placement.requestlog [req-9fcab3eb-50fd-434f-a0b4-9689915986ee req-690ef70b-24ba-436a-a06d-29148004e9ce e9e41d9880fe4bd8bca5228cb3b0bb3a 6acfd1958c084e5eba04275bc263a3e0 - - 1c04d2032ff746688c0bebfb7915e5ce 1c04d2032ff746688c0bebfb7915e5ce] 199.204.45.53 "GET /resource_providers/7feb6624-8397-4312-bea2-6a85a44698fd/allocations" status: 200 len: 540 microversion: 1.0 [pid: 7|app: 0|req: 526/1047] 199.204.45.53 () {32 vars in 856 bytes} [Wed Feb 25 23:19:01 2026] GET /resource_providers/7feb6624-8397-4312-bea2-6a85a44698fd/allocations => generated 540 bytes in 20 msecs (HTTP/1.1 200) 6 headers in 224 bytes (1 switches on core 0)
2026-02-25 23:19:01.672 8 INFO placement.requestlog [req-9fcab3eb-50fd-434f-a0b4-9689915986ee req-bddcc5fb-b945-4303-a356-286d1abd0ac1 e9e41d9880fe4bd8bca5228cb3b0bb3a 6acfd1958c084e5eba04275bc263a3e0 - - 1c04d2032ff746688c0bebfb7915e5ce 1c04d2032ff746688c0bebfb7915e5ce] 199.204.45.53 "GET /allocations/fc372bd3-94e9-4245-85ba-e5e4a3fb1b2a" status: 200 len: 245 microversion: 1.28 [pid: 8|app: 0|req: 522/1048] 199.204.45.53 () {34 vars in 862 bytes} [Wed Feb 25 23:19:01 2026] GET /allocations/fc372bd3-94e9-4245-85ba-e5e4a3fb1b2a => generated 245 bytes in 12 msecs (HTTP/1.1 200) 8 headers in 296 bytes (1 switches on core 0)
2026-02-25 23:19:01.692 7 INFO placement.requestlog [req-9fcab3eb-50fd-434f-a0b4-9689915986ee req-ff2b3a18-af15-485f-9d8b-633a2f11b8c0 e9e41d9880fe4bd8bca5228cb3b0bb3a 6acfd1958c084e5eba04275bc263a3e0 - - 1c04d2032ff746688c0bebfb7915e5ce 1c04d2032ff746688c0bebfb7915e5ce] 199.204.45.53 "GET /allocations/b8e4f3e8-dfbf-430e-8213-f6d49160a499" status: 200 len: 258 microversion: 1.28 [pid: 7|app: 0|req: 527/1049] 199.204.45.53 () {34 vars in 862 bytes} [Wed Feb 25 23:19:01 2026] GET /allocations/b8e4f3e8-dfbf-430e-8213-f6d49160a499 => generated 258 bytes in 16 msecs (HTTP/1.1 200) 8 headers in 296 bytes (1 switches on core 0)
2026-02-25 23:19:01.711 8 INFO placement.requestlog [req-9fcab3eb-50fd-434f-a0b4-9689915986ee req-577c97bf-4aee-44d5-a632-3c5160cfc6f7 e9e41d9880fe4bd8bca5228cb3b0bb3a 6acfd1958c084e5eba04275bc263a3e0 - - 1c04d2032ff746688c0bebfb7915e5ce 1c04d2032ff746688c0bebfb7915e5ce] 199.204.45.53 "GET /allocations/bd053262-9e80-416e-8f4f-a999ed81fbe2" status: 200 len: 258 microversion: 1.28 [pid: 8|app: 0|req: 523/1050] 199.204.45.53 () {34 vars in 862 bytes} [Wed Feb 25 23:19:01 2026] GET /allocations/bd053262-9e80-416e-8f4f-a999ed81fbe2 => generated 258 bytes in 13 msecs (HTTP/1.1 200) 8 headers in 296 bytes (1 switches on core 0)
2026-02-25 23:19:01.732 7 INFO placement.requestlog [req-9fcab3eb-50fd-434f-a0b4-9689915986ee req-a252acb2-290a-4530-959a-7f65f61ce01c e9e41d9880fe4bd8bca5228cb3b0bb3a 6acfd1958c084e5eba04275bc263a3e0 - - 1c04d2032ff746688c0bebfb7915e5ce 1c04d2032ff746688c0bebfb7915e5ce] 199.204.45.53 "GET /allocations/dadbe5ad-157d-4094-91aa-c6e0f93c59d3" status: 200 len: 258 microversion: 1.28 [pid: 7|app: 0|req: 528/1051] 199.204.45.53 () {34 vars in 862 bytes} [Wed Feb 25 23:19:01 2026] GET /allocations/dadbe5ad-157d-4094-91aa-c6e0f93c59d3 => generated 258 bytes in 12 msecs (HTTP/1.1 200) 8 headers in 296 bytes (1 switches on core 0)
2026-02-25 23:19:01.756 8 INFO placement.requestlog [req-9fcab3eb-50fd-434f-a0b4-9689915986ee req-8d576029-f347-4980-b135-b21809380a3a e9e41d9880fe4bd8bca5228cb3b0bb3a 6acfd1958c084e5eba04275bc263a3e0 - - 1c04d2032ff746688c0bebfb7915e5ce 1c04d2032ff746688c0bebfb7915e5ce] 199.204.45.53 "GET /allocations/dffd2609-e8a8-4ab0-84b6-c0ccab89c17a" status: 200 len: 258 microversion: 1.28 [pid: 8|app: 0|req: 524/1052] 199.204.45.53 () {34 vars in 862 bytes} [Wed Feb 25 23:19:01 2026] GET /allocations/dffd2609-e8a8-4ab0-84b6-c0ccab89c17a => generated 258 bytes in 19 msecs (HTTP/1.1 200) 8 headers in 296 bytes (1 switches on core 0)
2026-02-25 23:19:02.831 7 INFO placement.requestlog [req-9fcab3eb-50fd-434f-a0b4-9689915986ee req-73055e49-2959-400b-8e26-aa6b9c70d3ac e9e41d9880fe4bd8bca5228cb3b0bb3a 6acfd1958c084e5eba04275bc263a3e0 - - 1c04d2032ff746688c0bebfb7915e5ce 1c04d2032ff746688c0bebfb7915e5ce] 199.204.45.53 "DELETE /allocations/dffd2609-e8a8-4ab0-84b6-c0ccab89c17a" status: 204 len: 0 microversion: 1.0 [pid: 7|app: 0|req: 529/1053] 199.204.45.53 () {34 vars in 840 bytes} [Wed Feb 25 23:19:02 2026] DELETE /allocations/dffd2609-e8a8-4ab0-84b6-c0ccab89c17a => generated 0 bytes in 44 msecs (HTTP/1.1 204) 5 headers in 198 bytes (1 switches on core 0)
2026-02-25 23:19:02.967 7 INFO placement.requestlog [None req-8b95be79-5704-4d26-835b-f15d6c3c9acd - - - - - -] 10.0.0.205 "GET /" status: 200 len: 136 microversion: 1.0
2026-02-25 23:19:02.967 8 INFO placement.requestlog [None req-1d8df714-eb18-4554-925e-cc9e8c37ae37 - - - - - -] 10.0.0.205 "GET /" status: 200 len: 136 microversion: 1.0
2026-02-25 23:19:08.374 8 INFO placement.requestlog [req-70019ff8-ac79-42f3-b4a2-4e4f6f11d656 req-7bd08cc1-0e5f-448c-89dd-7f76843d0017 e9e41d9880fe4bd8bca5228cb3b0bb3a 6acfd1958c084e5eba04275bc263a3e0 - - 1c04d2032ff746688c0bebfb7915e5ce 1c04d2032ff746688c0bebfb7915e5ce] 199.204.45.53 "GET /resource_providers/7feb6624-8397-4312-bea2-6a85a44698fd/allocations" status: 200 len: 440 microversion: 1.0 [pid: 8|app: 0|req: 526/1056] 199.204.45.53 () {32 vars in 856 bytes} [Wed Feb 25 23:19:08 2026] GET /resource_providers/7feb6624-8397-4312-bea2-6a85a44698fd/allocations => generated 440 bytes in 22 msecs (HTTP/1.1 200) 6 headers in 224 bytes (1 switches on core 0)
2026-02-25 23:19:08.394 7 INFO placement.requestlog [req-70019ff8-ac79-42f3-b4a2-4e4f6f11d656 req-7a2b7e43-5791-423d-849f-8ccf8b30ca44 e9e41d9880fe4bd8bca5228cb3b0bb3a 6acfd1958c084e5eba04275bc263a3e0 - - 1c04d2032ff746688c0bebfb7915e5ce 1c04d2032ff746688c0bebfb7915e5ce] 199.204.45.53 "GET /allocations/fc372bd3-94e9-4245-85ba-e5e4a3fb1b2a" status: 200 len: 245 microversion: 1.28 [pid: 7|app: 0|req: 531/1057] 199.204.45.53 () {34 vars in 862 bytes} [Wed Feb 25 23:19:08 2026] GET /allocations/fc372bd3-94e9-4245-85ba-e5e4a3fb1b2a => generated 245 bytes in 12 msecs (HTTP/1.1 200) 8 headers in 296 bytes (1 switches on core 0)
2026-02-25 23:19:08.415 8 INFO placement.requestlog [req-70019ff8-ac79-42f3-b4a2-4e4f6f11d656 req-c74795fe-622c-443c-82d4-d96252bd4bff e9e41d9880fe4bd8bca5228cb3b0bb3a 6acfd1958c084e5eba04275bc263a3e0 - - 1c04d2032ff746688c0bebfb7915e5ce 1c04d2032ff746688c0bebfb7915e5ce] 199.204.45.53 "GET /allocations/b8e4f3e8-dfbf-430e-8213-f6d49160a499" status: 200 len: 258 microversion: 1.28 [pid: 8|app: 0|req: 527/1058] 199.204.45.53 () {34 vars in 862 bytes} [Wed Feb 25 23:19:08 2026] GET /allocations/b8e4f3e8-dfbf-430e-8213-f6d49160a499 => generated 258 bytes in 15 msecs (HTTP/1.1 200) 8 headers in 296 bytes (1 switches on core 0)
2026-02-25 23:19:08.441 7 INFO placement.requestlog [req-70019ff8-ac79-42f3-b4a2-4e4f6f11d656 req-f15040bc-6a26-46b5-980b-3644927291f0 e9e41d9880fe4bd8bca5228cb3b0bb3a 6acfd1958c084e5eba04275bc263a3e0 - - 1c04d2032ff746688c0bebfb7915e5ce 1c04d2032ff746688c0bebfb7915e5ce] 199.204.45.53 "GET /allocations/bd053262-9e80-416e-8f4f-a999ed81fbe2" status: 200 len: 258 microversion: 1.28 [pid: 7|app: 0|req: 532/1059] 199.204.45.53 () {34 vars in 862 bytes} [Wed Feb 25 23:19:08 2026] GET /allocations/bd053262-9e80-416e-8f4f-a999ed81fbe2 => generated 258 bytes in 20 msecs (HTTP/1.1 200) 8 headers in 296 bytes (1 switches on core 0)
2026-02-25 23:19:08.461 8 INFO placement.requestlog [req-70019ff8-ac79-42f3-b4a2-4e4f6f11d656 req-51c3f4da-96b1-4ce4-86f1-108bde30c9b8 e9e41d9880fe4bd8bca5228cb3b0bb3a 6acfd1958c084e5eba04275bc263a3e0 - - 1c04d2032ff746688c0bebfb7915e5ce 1c04d2032ff746688c0bebfb7915e5ce] 199.204.45.53 "GET /allocations/dadbe5ad-157d-4094-91aa-c6e0f93c59d3" status: 200 len: 258 microversion: 1.28 [pid: 8|app: 0|req: 528/1060] 199.204.45.53 () {34 vars in 862 bytes} [Wed Feb 25 23:19:08 2026] GET /allocations/dadbe5ad-157d-4094-91aa-c6e0f93c59d3 => generated 258 bytes in 12 msecs (HTTP/1.1 200) 8 headers in 296 bytes (1 switches on core 0)
2026-02-25 23:19:09.518 7 INFO placement.requestlog [req-70019ff8-ac79-42f3-b4a2-4e4f6f11d656 req-f4ce0d18-ac11-4f8d-a871-332175e71e8d e9e41d9880fe4bd8bca5228cb3b0bb3a 6acfd1958c084e5eba04275bc263a3e0 - - 1c04d2032ff746688c0bebfb7915e5ce 1c04d2032ff746688c0bebfb7915e5ce] 199.204.45.53 "DELETE /allocations/bd053262-9e80-416e-8f4f-a999ed81fbe2" status: 204 len: 0 microversion: 1.0 [pid: 7|app: 0|req: 533/1061] 199.204.45.53 () {34 vars in 840 bytes} [Wed Feb 25 23:19:09 2026] DELETE /allocations/bd053262-9e80-416e-8f4f-a999ed81fbe2 => generated 0 bytes in 32 msecs (HTTP/1.1 204) 5 headers in 198 bytes (1 switches on core 0)
2026-02-25 23:19:12.968 8 INFO placement.requestlog [None req-71a37465-269c-4a07-99f2-85a63766e21c - - - - - -] 10.0.0.205 "GET /" status: 200 len: 136 microversion: 1.0
2026-02-25 23:19:12.968 7 INFO placement.requestlog [None req-baf4b31f-2307-4159-b36f-59cf31ce92a0 - - - - - -] 10.0.0.205 "GET /" status: 200 len: 136 microversion: 1.0
2026-02-25 23:19:13.526 8 INFO placement.requestlog [None req-5c5bdca1-a042-491b-9740-f9ddae05f069 083cd93b31434540a5956050f1ea3f7c 6acfd1958c084e5eba04275bc263a3e0 - - 1c04d2032ff746688c0bebfb7915e5ce 1c04d2032ff746688c0bebfb7915e5ce] 10.0.0.192 "GET /resource_providers/36c21975-def2-4278-ab31-4db75e583057/aggregates" status: 404 len: 235 microversion: 1.1 [pid: 8|app: 0|req: 530/1064] 10.0.0.192 () {32 vars in 816 bytes} [Wed Feb 25 23:19:13 2026] GET /resource_providers/36c21975-def2-4278-ab31-4db75e583057/aggregates => generated 235 bytes in 45 msecs (HTTP/1.1 404) 5 headers in 202 bytes (1 switches on core 0)
2026-02-25 23:19:13.529 7 INFO placement.requestlog [None req-0ed30812-1a50-4c41-b638-7f3d7106dfdb 083cd93b31434540a5956050f1ea3f7c 6acfd1958c084e5eba04275bc263a3e0 - - 1c04d2032ff746688c0bebfb7915e5ce 1c04d2032ff746688c0bebfb7915e5ce] 10.0.0.192 "GET /resource_providers/36c21975-def2-4278-ab31-4db75e583057/aggregates" status: 404 len: 235 microversion: 1.1 [pid: 7|app: 0|req: 535/1065] 10.0.0.192 () {32 vars in 816 bytes} [Wed Feb 25 23:19:13 2026] GET /resource_providers/36c21975-def2-4278-ab31-4db75e583057/aggregates => generated 235 bytes in 46 msecs (HTTP/1.1 404) 5 headers in 202 bytes (1 switches on core 0)
2026-02-25 23:19:13.545 8 INFO placement.requestlog [None req-db5e1e7c-00b0-4818-9da6-a9ceb8a10be0 083cd93b31434540a5956050f1ea3f7c 6acfd1958c084e5eba04275bc263a3e0 - - 1c04d2032ff746688c0bebfb7915e5ce 1c04d2032ff746688c0bebfb7915e5ce] 10.0.0.192 "DELETE /resource_providers/36c21975-def2-4278-ab31-4db75e583057" status: 404 len: 246 microversion: 1.1 [pid: 8|app: 0|req: 531/1066] 10.0.0.192 () {34 vars in 816 bytes} [Wed Feb 25 23:19:13 2026] DELETE /resource_providers/36c21975-def2-4278-ab31-4db75e583057 => generated 246 bytes in 8 msecs (HTTP/1.1 404) 6 headers in 231 bytes (1 switches on core 0)
2026-02-25 23:19:13.550 7 INFO placement.requestlog [None req-6569e75f-6f15-47d4-82e2-0b833a9d7f27 083cd93b31434540a5956050f1ea3f7c 6acfd1958c084e5eba04275bc263a3e0 - - 1c04d2032ff746688c0bebfb7915e5ce 1c04d2032ff746688c0bebfb7915e5ce] 10.0.0.192 "DELETE /resource_providers/36c21975-def2-4278-ab31-4db75e583057" status: 404 len: 246 microversion: 1.1 [pid: 7|app: 0|req: 536/1067] 10.0.0.192 () {34 vars in 816 bytes} [Wed Feb 25 23:19:13 2026] DELETE /resource_providers/36c21975-def2-4278-ab31-4db75e583057 => generated 246 bytes in 9 msecs (HTTP/1.1 404) 6 headers in 231 bytes (1 switches on core 0)
2026-02-25 23:19:22.967 7 INFO placement.requestlog [None req-2702d5a5-10a6-47dd-b3e8-3c1391948af2 - - - - - -] 10.0.0.205 "GET /" status: 200 len: 136 microversion: 1.0
2026-02-25 23:19:22.967 8 INFO placement.requestlog [None req-15370f66-7022-4eeb-a04d-2b746ea86a79 - - - - - -] 10.0.0.205 "GET /" status: 200 len: 136 microversion: 1.0
2026-02-25 23:19:28.622 8 INFO placement.requestlog [None req-b2874cb5-4b45-4c4d-9cea-ba092bf5f8d5 083cd93b31434540a5956050f1ea3f7c 6acfd1958c084e5eba04275bc263a3e0 - - 1c04d2032ff746688c0bebfb7915e5ce 1c04d2032ff746688c0bebfb7915e5ce] 10.0.0.192 "GET /resource_providers/4053ec6c-a609-42ce-8fb4-b9eb6e5c619b/aggregates" status: 404 len: 235 microversion: 1.1 [pid: 8|app: 0|req: 533/1070] 10.0.0.192 () {32 vars in 816 bytes} [Wed Feb 25 23:19:28 2026] GET /resource_providers/4053ec6c-a609-42ce-8fb4-b9eb6e5c619b/aggregates => generated 235 bytes in 8 msecs (HTTP/1.1 404) 5 headers in 202 bytes (1 switches on core 0)
2026-02-25 23:19:28.623 7 INFO placement.requestlog [None req-4098169a-d0be-405a-8dc9-e0bfb09b5a91 083cd93b31434540a5956050f1ea3f7c 6acfd1958c084e5eba04275bc263a3e0 - - 1c04d2032ff746688c0bebfb7915e5ce 1c04d2032ff746688c0bebfb7915e5ce] 10.0.0.192 "GET /resource_providers/4053ec6c-a609-42ce-8fb4-b9eb6e5c619b/aggregates" status: 404 len: 235 microversion: 1.1 [pid: 7|app: 0|req: 538/1071] 10.0.0.192 () {32 vars in 816 bytes} [Wed Feb 25 23:19:28 2026] GET /resource_providers/4053ec6c-a609-42ce-8fb4-b9eb6e5c619b/aggregates => generated 235 bytes in 9 msecs (HTTP/1.1 404) 5 headers in 202 bytes (1 switches on core 0)
2026-02-25 23:19:28.638 8 INFO placement.requestlog [None req-96819a69-6310-4fd1-9d87-3c4f876ee35d 083cd93b31434540a5956050f1ea3f7c 6acfd1958c084e5eba04275bc263a3e0 - - 1c04d2032ff746688c0bebfb7915e5ce 1c04d2032ff746688c0bebfb7915e5ce] 10.0.0.192 "DELETE /resource_providers/4053ec6c-a609-42ce-8fb4-b9eb6e5c619b" status: 404 len: 246 microversion: 1.1 [pid: 8|app: 0|req: 534/1072] 10.0.0.192 () {34 vars in 816 bytes} [Wed Feb 25 23:19:28 2026] DELETE /resource_providers/4053ec6c-a609-42ce-8fb4-b9eb6e5c619b => generated 246 bytes in 6 msecs (HTTP/1.1 404) 6 headers in 231 bytes (1 switches on core 0)
2026-02-25 23:19:28.642 7 INFO placement.requestlog [None req-3ea5e6a0-db25-4236-af01-ec1fdbc88675 083cd93b31434540a5956050f1ea3f7c 6acfd1958c084e5eba04275bc263a3e0 - - 1c04d2032ff746688c0bebfb7915e5ce 1c04d2032ff746688c0bebfb7915e5ce] 10.0.0.192 "DELETE /resource_providers/4053ec6c-a609-42ce-8fb4-b9eb6e5c619b" status: 404 len: 246 microversion: 1.1 [pid: 7|app: 0|req: 539/1073] 10.0.0.192 () {34 vars in 816 bytes} [Wed Feb 25 23:19:28 2026] DELETE /resource_providers/4053ec6c-a609-42ce-8fb4-b9eb6e5c619b => generated 246 bytes in 9 msecs (HTTP/1.1 404) 6 headers in 231 bytes (1 switches on core 0)
2026-02-25 23:19:29.110 7 INFO placement.requestlog [None req-8000eec6-f4a4-43dc-98ca-c6cfbfbc697d 083cd93b31434540a5956050f1ea3f7c 6acfd1958c084e5eba04275bc263a3e0 - - 1c04d2032ff746688c0bebfb7915e5ce 1c04d2032ff746688c0bebfb7915e5ce] 10.0.0.192 "GET /resource_providers/a163b9a5-dc90-4e4c-af3e-c55cc68653c3/aggregates" status: 404 len: 235 microversion: 1.1 [pid: 7|app: 0|req: 540/1074] 10.0.0.192 () {32 vars in 816 bytes} [Wed Feb 25 23:19:29 2026] GET /resource_providers/a163b9a5-dc90-4e4c-af3e-c55cc68653c3/aggregates => generated 235 bytes in 96 msecs (HTTP/1.1 404) 5 headers in 202 bytes (1 switches on core 0)
2026-02-25 23:19:29.116 8 INFO placement.requestlog [None req-e13daa67-8ae4-4b29-8b45-f94a345da5e4 083cd93b31434540a5956050f1ea3f7c 6acfd1958c084e5eba04275bc263a3e0 - - 1c04d2032ff746688c0bebfb7915e5ce 1c04d2032ff746688c0bebfb7915e5ce] 10.0.0.192 "GET /resource_providers/a163b9a5-dc90-4e4c-af3e-c55cc68653c3/aggregates" status: 404 len: 235 microversion: 1.1 [pid: 8|app: 0|req: 535/1075] 10.0.0.192 () {32 vars in 816 bytes} [Wed Feb 25 23:19:29 2026] GET /resource_providers/a163b9a5-dc90-4e4c-af3e-c55cc68653c3/aggregates => generated 235 bytes in 103 msecs (HTTP/1.1 404) 5 headers in 202 bytes (1 switches on core 0)
2026-02-25 23:19:29.126 7 INFO placement.requestlog [None req-13e55e7e-878a-4270-a35f-919d83767c83 083cd93b31434540a5956050f1ea3f7c 6acfd1958c084e5eba04275bc263a3e0 - - 1c04d2032ff746688c0bebfb7915e5ce 1c04d2032ff746688c0bebfb7915e5ce] 10.0.0.192 "DELETE /resource_providers/a163b9a5-dc90-4e4c-af3e-c55cc68653c3" status: 404 len: 246 microversion: 1.1 [pid: 7|app: 0|req: 541/1076] 10.0.0.192 () {34 vars in 816 bytes} [Wed Feb 25 23:19:29 2026] DELETE /resource_providers/a163b9a5-dc90-4e4c-af3e-c55cc68653c3 => generated 246 bytes in 6 msecs (HTTP/1.1 404) 6 headers in 231 bytes (1 switches on core 0)
2026-02-25 23:19:29.132 8 INFO placement.requestlog [None req-cee36767-b68c-49ff-b20c-bc5044d94413 083cd93b31434540a5956050f1ea3f7c 6acfd1958c084e5eba04275bc263a3e0 - - 1c04d2032ff746688c0bebfb7915e5ce 1c04d2032ff746688c0bebfb7915e5ce] 10.0.0.192 "DELETE /resource_providers/a163b9a5-dc90-4e4c-af3e-c55cc68653c3" status: 404 len: 246 microversion: 1.1 [pid: 8|app: 0|req: 536/1077] 10.0.0.192 () {34 vars in 816 bytes} [Wed Feb 25 23:19:29 2026] DELETE /resource_providers/a163b9a5-dc90-4e4c-af3e-c55cc68653c3 => generated 246 bytes in 9 msecs (HTTP/1.1 404) 6 headers in 231 bytes (1 switches on core 0)
2026-02-25 23:19:30.654 7 INFO placement.requestlog [None req-4cd9c399-efe6-41de-a932-15a6f9058a5d 083cd93b31434540a5956050f1ea3f7c 6acfd1958c084e5eba04275bc263a3e0 - - 1c04d2032ff746688c0bebfb7915e5ce 1c04d2032ff746688c0bebfb7915e5ce] 10.0.0.192 "GET /resource_providers/66fec5f7-ed7e-438c-b04f-0292c6eee04a/aggregates" status: 404 len: 235 microversion: 1.1 [pid: 7|app: 0|req: 542/1078] 10.0.0.192 () {32 vars in 816 bytes} [Wed Feb 25 23:19:30 2026] GET /resource_providers/66fec5f7-ed7e-438c-b04f-0292c6eee04a/aggregates => generated 235 bytes in 11 msecs (HTTP/1.1 404) 5 headers in 202 bytes (1 switches on core 0)
2026-02-25 23:19:30.664 8 INFO placement.requestlog [None req-666bb9d2-9226-4a89-9ebc-a5f3e812c342 083cd93b31434540a5956050f1ea3f7c 6acfd1958c084e5eba04275bc263a3e0 - - 1c04d2032ff746688c0bebfb7915e5ce 1c04d2032ff746688c0bebfb7915e5ce] 10.0.0.192 "GET /resource_providers/66fec5f7-ed7e-438c-b04f-0292c6eee04a/aggregates" status: 404 len: 235 microversion: 1.1 [pid: 8|app: 0|req: 537/1079] 10.0.0.192 () {32 vars in 816 bytes} [Wed Feb 25 23:19:30 2026] GET /resource_providers/66fec5f7-ed7e-438c-b04f-0292c6eee04a/aggregates => generated 235 bytes in 14 msecs (HTTP/1.1 404) 5 headers in 202 bytes (1 switches on core 0)
2026-02-25 23:19:30.670 7 INFO placement.requestlog [None req-ca09af0f-27f7-49c1-8a73-879495064675 083cd93b31434540a5956050f1ea3f7c 6acfd1958c084e5eba04275bc263a3e0 - - 1c04d2032ff746688c0bebfb7915e5ce 1c04d2032ff746688c0bebfb7915e5ce] 10.0.0.192 "DELETE /resource_providers/66fec5f7-ed7e-438c-b04f-0292c6eee04a" status: 404 len: 246 microversion: 1.1 [pid: 7|app: 0|req: 543/1080] 10.0.0.192 () {34 vars in 816 bytes} [Wed Feb 25 23:19:30 2026] DELETE /resource_providers/66fec5f7-ed7e-438c-b04f-0292c6eee04a => generated 246 bytes in 9 msecs (HTTP/1.1 404) 6 headers in 231 bytes (1 switches on core 0)
2026-02-25 23:19:30.684 7 INFO placement.requestlog [None req-2c247395-4a0d-4b2c-adde-be5438f84dc1 083cd93b31434540a5956050f1ea3f7c 6acfd1958c084e5eba04275bc263a3e0 - - 1c04d2032ff746688c0bebfb7915e5ce 1c04d2032ff746688c0bebfb7915e5ce] 10.0.0.192 "GET /resource_providers/2568a884-c50d-41ce-b741-041a3d519284/aggregates" status: 404 len: 235 microversion: 1.1
2026-02-25 23:19:30.684 8 INFO placement.requestlog [None req-f5704f51-dc87-4dff-84bf-ad51e5621f97 083cd93b31434540a5956050f1ea3f7c 6acfd1958c084e5eba04275bc263a3e0 - - 1c04d2032ff746688c0bebfb7915e5ce 1c04d2032ff746688c0bebfb7915e5ce] 10.0.0.192 "DELETE /resource_providers/66fec5f7-ed7e-438c-b04f-0292c6eee04a" status: 404 len: 246 microversion: 1.1 [pid: 8|app: 0|req: 538/1082] 10.0.0.192 () {34 vars in 816 bytes} [Wed Feb 25 23:19:30 2026] DELETE /resource_providers/66fec5f7-ed7e-438c-b04f-0292c6eee04a => generated 246 bytes in 9 msecs (HTTP/1.1 404) 6 headers in 231 bytes (1 switches on core 0) [pid: 7|app: 0|req: 544/1082] 10.0.0.192 () {32 vars in 816 bytes} [Wed Feb 25 23:19:30 2026] GET /resource_providers/2568a884-c50d-41ce-b741-041a3d519284/aggregates => generated 235 bytes in 8 msecs (HTTP/1.1 404) 5 headers in 202 bytes (1 switches on core 0)
2026-02-25 23:19:30.709 7 INFO placement.requestlog [None req-eb6d857b-4d6b-4e76-8707-1c84e2804f96 083cd93b31434540a5956050f1ea3f7c 6acfd1958c084e5eba04275bc263a3e0 - - 1c04d2032ff746688c0bebfb7915e5ce 1c04d2032ff746688c0bebfb7915e5ce] 10.0.0.192 "DELETE /resource_providers/2568a884-c50d-41ce-b741-041a3d519284" status: 404 len: 246 microversion: 1.1 [pid: 7|app: 0|req: 545/1083] 10.0.0.192 () {34 vars in 816 bytes} [Wed Feb 25 23:19:30 2026] DELETE /resource_providers/2568a884-c50d-41ce-b741-041a3d519284 => generated 246 bytes in 9 msecs (HTTP/1.1 404) 6 headers in 231 bytes (1 switches on core 0)
2026-02-25 23:19:30.712 8 INFO placement.requestlog [None req-32eaa977-8702-4107-88df-ef7115178986 083cd93b31434540a5956050f1ea3f7c 6acfd1958c084e5eba04275bc263a3e0 - - 1c04d2032ff746688c0bebfb7915e5ce 1c04d2032ff746688c0bebfb7915e5ce] 10.0.0.192 "GET /resource_providers/2568a884-c50d-41ce-b741-041a3d519284/aggregates" status: 404 len: 235 microversion: 1.1 [pid: 8|app: 0|req: 539/1084] 10.0.0.192 () {32 vars in 816 bytes} [Wed Feb 25 23:19:30 2026] GET /resource_providers/2568a884-c50d-41ce-b741-041a3d519284/aggregates => generated 235 bytes in 11 msecs (HTTP/1.1 404) 5 headers in 202 bytes (1 switches on core 0)
2026-02-25 23:19:30.728 7 INFO placement.requestlog [None req-689c8f12-5b46-4dfb-ad2d-f070f4446c1b 083cd93b31434540a5956050f1ea3f7c 6acfd1958c084e5eba04275bc263a3e0 - - 1c04d2032ff746688c0bebfb7915e5ce 1c04d2032ff746688c0bebfb7915e5ce] 10.0.0.192 "DELETE /resource_providers/2568a884-c50d-41ce-b741-041a3d519284" status: 404 len: 246 microversion: 1.1 [pid: 7|app: 0|req: 546/1085] 10.0.0.192 () {34 vars in 816 bytes} [Wed Feb 25 23:19:30 2026] DELETE /resource_providers/2568a884-c50d-41ce-b741-041a3d519284 => generated 246 bytes in 7 msecs (HTTP/1.1 404) 6 headers in 231 bytes (1 switches on core 0)
2026-02-25 23:19:31.147 8 INFO placement.requestlog [None req-04e5e358-5841-4d94-96f0-d2b259246d41 083cd93b31434540a5956050f1ea3f7c 6acfd1958c084e5eba04275bc263a3e0 - - 1c04d2032ff746688c0bebfb7915e5ce 1c04d2032ff746688c0bebfb7915e5ce] 10.0.0.192 "GET /resource_providers/b7035c5e-e0f8-49ce-b72d-15201f3b71cb/aggregates" status: 404 len: 235 microversion: 1.1 [pid: 8|app: 0|req: 540/1086] 10.0.0.192 () {32 vars in 816 bytes} [Wed Feb 25 23:19:31 2026] GET /resource_providers/b7035c5e-e0f8-49ce-b72d-15201f3b71cb/aggregates => generated 235 bytes in 9 msecs (HTTP/1.1 404) 5 headers in 202 bytes (1 switches on core 0)
2026-02-25 23:19:31.151 7 INFO placement.requestlog [None req-e014c47a-1bc3-459b-a815-b4846cfd28b6 083cd93b31434540a5956050f1ea3f7c 6acfd1958c084e5eba04275bc263a3e0 - - 1c04d2032ff746688c0bebfb7915e5ce 1c04d2032ff746688c0bebfb7915e5ce] 10.0.0.192 "GET /resource_providers/b7035c5e-e0f8-49ce-b72d-15201f3b71cb/aggregates" status: 404 len: 235 microversion: 1.1 [pid: 7|app: 0|req: 547/1087] 10.0.0.192 () {32 vars in 816 bytes} [Wed Feb 25 23:19:31 2026] GET /resource_providers/b7035c5e-e0f8-49ce-b72d-15201f3b71cb/aggregates => generated 235 bytes in 11 msecs (HTTP/1.1 404) 5 headers in 202 bytes (1 switches on core 0)
2026-02-25 23:19:31.167 8 INFO placement.requestlog [None req-05b517b4-d0a9-4a0c-bfbf-a0cbcd4d1733 083cd93b31434540a5956050f1ea3f7c 6acfd1958c084e5eba04275bc263a3e0 - - 1c04d2032ff746688c0bebfb7915e5ce 1c04d2032ff746688c0bebfb7915e5ce] 10.0.0.192 "DELETE /resource_providers/b7035c5e-e0f8-49ce-b72d-15201f3b71cb" status: 404 len: 246 microversion: 1.1 [pid: 8|app: 0|req: 541/1088] 10.0.0.192 () {34 vars in 816 bytes} [Wed Feb 25 23:19:31 2026] DELETE /resource_providers/b7035c5e-e0f8-49ce-b72d-15201f3b71cb => generated 246 bytes in 10 msecs (HTTP/1.1 404) 6 headers in 231 bytes (1 switches on core 0)
2026-02-25 23:19:31.168 7 INFO placement.requestlog [None req-752746ad-a1e2-476c-8fa1-bf5f7785f625 083cd93b31434540a5956050f1ea3f7c 6acfd1958c084e5eba04275bc263a3e0 - - 1c04d2032ff746688c0bebfb7915e5ce 1c04d2032ff746688c0bebfb7915e5ce] 10.0.0.192 "DELETE /resource_providers/b7035c5e-e0f8-49ce-b72d-15201f3b71cb" status: 404 len: 246 microversion: 1.1 [pid: 7|app: 0|req: 548/1089] 10.0.0.192 () {34 vars in 816 bytes} [Wed Feb 25 23:19:31 2026] DELETE /resource_providers/b7035c5e-e0f8-49ce-b72d-15201f3b71cb => generated 246 bytes in 9 msecs (HTTP/1.1 404) 6 headers in 231 bytes (1 switches on core 0)
2026-02-25 23:19:32.968 7 INFO placement.requestlog [None req-da0fe964-edcd-4037-a006-e796b22a0096 - - - - - -] 10.0.0.205 "GET /" status: 200 len: 136 microversion: 1.0
2026-02-25 23:19:32.969 8 INFO placement.requestlog [None req-434c0764-3957-480e-b297-7839bead412c - - - - - -] 10.0.0.205 "GET /" status: 200 len: 136 microversion: 1.0
2026-02-25 23:19:42.967 7 INFO placement.requestlog [None req-d5fa9564-6b38-40f6-8c56-9d39aa5b5340 - - - - - -] 10.0.0.205 "GET /" status: 200 len: 136 microversion: 1.0
2026-02-25 23:19:42.968 8 INFO placement.requestlog [None req-a55978e6-809c-4efa-8627-4fdb1ebea956 - - - - - -] 10.0.0.205 "GET /" status: 200 len: 136 microversion: 1.0
2026-02-25 23:19:45.799 7 INFO placement.requestlog [None req-04611b46-b512-47e9-831d-6eb94ad0cc9a 083cd93b31434540a5956050f1ea3f7c 6acfd1958c084e5eba04275bc263a3e0 - - 1c04d2032ff746688c0bebfb7915e5ce 1c04d2032ff746688c0bebfb7915e5ce] 10.0.0.192 "GET /resource_providers/12d9e274-9ad8-4e9d-9cb1-a573d857514e/aggregates" status: 404 len: 235 microversion: 1.1 [pid: 7|app: 0|req: 551/1094] 10.0.0.192 () {32 vars in 816 bytes} [Wed Feb 25 23:19:45 2026] GET /resource_providers/12d9e274-9ad8-4e9d-9cb1-a573d857514e/aggregates => generated 235 bytes in 8 msecs (HTTP/1.1 404) 5 headers in 202 bytes (1 switches on core 0)
2026-02-25 23:19:45.800 8 INFO placement.requestlog [None req-04b30108-5574-43fe-83a8-fcdedc2bbb45 083cd93b31434540a5956050f1ea3f7c 6acfd1958c084e5eba04275bc263a3e0 - - 1c04d2032ff746688c0bebfb7915e5ce 1c04d2032ff746688c0bebfb7915e5ce] 10.0.0.192 "GET /resource_providers/12d9e274-9ad8-4e9d-9cb1-a573d857514e/aggregates" status: 404 len: 235 microversion: 1.1 [pid: 8|app: 0|req: 544/1095] 10.0.0.192 () {32 vars in 816 bytes} [Wed Feb 25 23:19:45 2026] GET /resource_providers/12d9e274-9ad8-4e9d-9cb1-a573d857514e/aggregates => generated 235 bytes in 7 msecs (HTTP/1.1 404) 5 headers in 202 bytes (1 switches on core 0)
2026-02-25 23:19:45.818 8 INFO placement.requestlog [None req-a7ef9398-ac37-464d-88b2-f615ca19470e 083cd93b31434540a5956050f1ea3f7c 6acfd1958c084e5eba04275bc263a3e0 - - 1c04d2032ff746688c0bebfb7915e5ce 1c04d2032ff746688c0bebfb7915e5ce] 10.0.0.192 "DELETE /resource_providers/12d9e274-9ad8-4e9d-9cb1-a573d857514e" status: 404 len: 246 microversion: 1.1 [pid: 8|app: 0|req: 545/1096] 10.0.0.192 () {34 vars in 816 bytes} [Wed Feb 25 23:19:45 2026] DELETE /resource_providers/12d9e274-9ad8-4e9d-9cb1-a573d857514e => generated 246 bytes in 6 msecs (HTTP/1.1 404) 6 headers in 231 bytes (1 switches on core 0)
2026-02-25 23:19:45.820 7 INFO placement.requestlog [None req-140fce1a-577c-4b4a-9c29-2a5936b5bd80 083cd93b31434540a5956050f1ea3f7c 6acfd1958c084e5eba04275bc263a3e0 - - 1c04d2032ff746688c0bebfb7915e5ce 1c04d2032ff746688c0bebfb7915e5ce] 10.0.0.192 "DELETE /resource_providers/12d9e274-9ad8-4e9d-9cb1-a573d857514e" status: 404 len: 246 microversion: 1.1 [pid: 7|app: 0|req: 552/1097] 10.0.0.192 () {34 vars in 816 bytes} [Wed Feb 25 23:19:45 2026] DELETE /resource_providers/12d9e274-9ad8-4e9d-9cb1-a573d857514e => generated 246 bytes in 10 msecs (HTTP/1.1 404) 6 headers in 231 bytes (1 switches on core 0)
2026-02-25 23:19:46.175 7 INFO placement.requestlog [None req-d35c3468-7e83-4034-9eb3-26c8815592e0 083cd93b31434540a5956050f1ea3f7c 6acfd1958c084e5eba04275bc263a3e0 - - 1c04d2032ff746688c0bebfb7915e5ce 1c04d2032ff746688c0bebfb7915e5ce] 10.0.0.192 "GET /resource_providers/3acd3625-a1af-4ae5-85bd-5ab772bd6042/aggregates" status: 404 len: 235 microversion: 1.1 [pid: 7|app: 0|req: 553/1098] 10.0.0.192 () {32 vars in 816 bytes} [Wed Feb 25 23:19:46 2026] GET /resource_providers/3acd3625-a1af-4ae5-85bd-5ab772bd6042/aggregates => generated 235 bytes in 12 msecs (HTTP/1.1 404) 5 headers in 202 bytes (1 switches on core 0)
2026-02-25 23:19:46.179 8 INFO placement.requestlog [None req-4f25a79a-b5c6-4acb-9492-699d5cd315ac 083cd93b31434540a5956050f1ea3f7c 6acfd1958c084e5eba04275bc263a3e0 - - 1c04d2032ff746688c0bebfb7915e5ce 1c04d2032ff746688c0bebfb7915e5ce] 10.0.0.192 "GET /resource_providers/3acd3625-a1af-4ae5-85bd-5ab772bd6042/aggregates" status: 404 len: 235 microversion: 1.1 [pid: 8|app: 0|req: 546/1099] 10.0.0.192 () {32 vars in 816 bytes} [Wed Feb 25 23:19:46 2026] GET /resource_providers/3acd3625-a1af-4ae5-85bd-5ab772bd6042/aggregates => generated 235 bytes in 17 msecs (HTTP/1.1 404) 5 headers in 202 bytes (1 switches on core 0)
2026-02-25 23:19:46.192 7 INFO placement.requestlog [None req-b427eca4-09be-42c5-aa10-12488431ae18 083cd93b31434540a5956050f1ea3f7c 6acfd1958c084e5eba04275bc263a3e0 - - 1c04d2032ff746688c0bebfb7915e5ce 1c04d2032ff746688c0bebfb7915e5ce] 10.0.0.192 "DELETE /resource_providers/3acd3625-a1af-4ae5-85bd-5ab772bd6042" status: 404 len: 246 microversion: 1.1 [pid: 7|app: 0|req: 554/1100] 10.0.0.192 () {34 vars in 816 bytes} [Wed Feb 25 23:19:46 2026] DELETE /resource_providers/3acd3625-a1af-4ae5-85bd-5ab772bd6042 => generated 246 bytes in 10 msecs (HTTP/1.1 404) 6 headers in 231 bytes (1 switches on core 0)
2026-02-25 23:19:46.202 8 INFO placement.requestlog [None req-44cddaa8-bdaf-4f9f-b812-d467cb20da51 083cd93b31434540a5956050f1ea3f7c 6acfd1958c084e5eba04275bc263a3e0 - - 1c04d2032ff746688c0bebfb7915e5ce 1c04d2032ff746688c0bebfb7915e5ce] 10.0.0.192 "DELETE /resource_providers/3acd3625-a1af-4ae5-85bd-5ab772bd6042" status: 404 len: 246 microversion: 1.1 [pid: 8|app: 0|req: 547/1101] 10.0.0.192 () {34 vars in 816 bytes} [Wed Feb 25 23:19:46 2026] DELETE /resource_providers/3acd3625-a1af-4ae5-85bd-5ab772bd6042 => generated 246 bytes in 11 msecs (HTTP/1.1 404) 6 headers in 231 bytes (1 switches on core 0)
2026-02-25 23:19:47.839 8 INFO placement.requestlog [None req-8dd3d347-9879-4d05-b92f-512393f8b2c4 083cd93b31434540a5956050f1ea3f7c 6acfd1958c084e5eba04275bc263a3e0 - - 1c04d2032ff746688c0bebfb7915e5ce 1c04d2032ff746688c0bebfb7915e5ce] 10.0.0.192 "GET /resource_providers/ce7871cc-ebc2-4b5b-8732-1e4ab7a02027/aggregates" status: 404 len: 235 microversion: 1.1 [pid: 8|app: 0|req: 548/1102] 10.0.0.192 () {32 vars in 816 bytes} [Wed Feb 25 23:19:47 2026] GET /resource_providers/ce7871cc-ebc2-4b5b-8732-1e4ab7a02027/aggregates => generated 235 bytes in 9 msecs (HTTP/1.1 404) 5 headers in 202 bytes (1 switches on core 0)
2026-02-25 23:19:47.844 8 INFO placement.requestlog [None req-d91bcdb8-0044-425f-ab14-7aa976f27b9c 083cd93b31434540a5956050f1ea3f7c 6acfd1958c084e5eba04275bc263a3e0 - - 1c04d2032ff746688c0bebfb7915e5ce 1c04d2032ff746688c0bebfb7915e5ce] 10.0.0.192 "GET /resource_providers/ce7871cc-ebc2-4b5b-8732-1e4ab7a02027/aggregates" status: 404 len: 235 microversion: 1.1 [pid: 8|app: 0|req: 549/1103] 10.0.0.192 () {32 vars in 816 bytes} [Wed Feb 25 23:19:47 2026] GET /resource_providers/ce7871cc-ebc2-4b5b-8732-1e4ab7a02027/aggregates => generated 235 bytes in 4 msecs (HTTP/1.1 404) 5 headers in 202 bytes (1 switches on core 0)
2026-02-25 23:19:47.856 8 INFO placement.requestlog [None req-7e486696-3775-4f97-a25b-b35712bac3ac 083cd93b31434540a5956050f1ea3f7c 6acfd1958c084e5eba04275bc263a3e0 - - 1c04d2032ff746688c0bebfb7915e5ce 1c04d2032ff746688c0bebfb7915e5ce] 10.0.0.192 "DELETE /resource_providers/ce7871cc-ebc2-4b5b-8732-1e4ab7a02027" status: 404 len: 246 microversion: 1.1 [pid: 8|app: 0|req: 550/1104] 10.0.0.192 () {34 vars in 816 bytes} [Wed Feb 25 23:19:47 2026] DELETE /resource_providers/ce7871cc-ebc2-4b5b-8732-1e4ab7a02027 => generated 246 bytes in 7 msecs (HTTP/1.1 404) 6 headers in 231 bytes (1 switches on core 0)
2026-02-25 23:19:47.863 8 INFO placement.requestlog [None req-e79d55af-d27a-4e98-a5a5-b64db2d6acb8 083cd93b31434540a5956050f1ea3f7c 6acfd1958c084e5eba04275bc263a3e0 - - 1c04d2032ff746688c0bebfb7915e5ce 1c04d2032ff746688c0bebfb7915e5ce] 10.0.0.192 "DELETE /resource_providers/ce7871cc-ebc2-4b5b-8732-1e4ab7a02027" status: 404 len: 246 microversion: 1.1 [pid: 8|app: 0|req: 551/1105] 10.0.0.192 () {34 vars in 816 bytes} [Wed Feb 25 23:19:47 2026] DELETE /resource_providers/ce7871cc-ebc2-4b5b-8732-1e4ab7a02027 => generated 246 bytes in 7 msecs (HTTP/1.1 404) 6 headers in 231 bytes (1 switches on core 0)
2026-02-25 23:19:47.864 7 INFO placement.requestlog [None req-ce56debd-85e2-4163-9e03-c6810c504c24 3f53496f0fe14872ae32d78ab6980e4f f08271befc944fd18794e69b142e7eff - - default default] 10.0.0.212 "GET /resource_providers" status: 200 len: 406 microversion: 1.0 [pid: 7|app: 0|req: 555/1106] 10.0.0.212 () {28 vars in 593 bytes} [Wed Feb 25 23:19:47 2026] GET /resource_providers => generated 406 bytes in 248 msecs (HTTP/1.1 200) 6 headers in 224 bytes (1 switches on core 0)
2026-02-25 23:19:47.873 8 INFO placement.requestlog [None req-90e33cd0-e728-47df-89b7-ab4da0288166 083cd93b31434540a5956050f1ea3f7c 6acfd1958c084e5eba04275bc263a3e0 - - 1c04d2032ff746688c0bebfb7915e5ce 1c04d2032ff746688c0bebfb7915e5ce] 10.0.0.192 "GET /resource_providers/2fdc090b-e454-46f2-a249-348e75015e1e/aggregates" status: 404 len: 235 microversion: 1.1 [pid: 8|app: 0|req: 552/1107] 10.0.0.192 () {32 vars in 816 bytes} [Wed Feb 25 23:19:47 2026] GET /resource_providers/2fdc090b-e454-46f2-a249-348e75015e1e/aggregates => generated 235 bytes in 8 msecs (HTTP/1.1 404) 5 headers in 202 bytes (1 switches on core 0)
2026-02-25 23:19:47.879 7 INFO placement.requestlog [None req-3a3d0e59-b896-46d4-bcbf-b84967bb8458 3f53496f0fe14872ae32d78ab6980e4f f08271befc944fd18794e69b142e7eff - - default default] 10.0.0.212 "GET /resource_providers/7feb6624-8397-4312-bea2-6a85a44698fd/inventories" status: 200 len: 401 microversion: 1.0 [pid: 7|app: 0|req: 556/1108] 10.0.0.212 () {28 vars in 691 bytes} [Wed Feb 25 23:19:47 2026] GET /resource_providers/7feb6624-8397-4312-bea2-6a85a44698fd/inventories => generated 401 bytes in 12 msecs (HTTP/1.1 200) 6 headers in 224 bytes (1 switches on core 0)
2026-02-25 23:19:47.886 8 INFO placement.requestlog [None req-b610765d-1284-4255-bbe5-8c3f1982f8a7 083cd93b31434540a5956050f1ea3f7c 6acfd1958c084e5eba04275bc263a3e0 - - 1c04d2032ff746688c0bebfb7915e5ce 1c04d2032ff746688c0bebfb7915e5ce] 10.0.0.192 "GET /resource_providers/2fdc090b-e454-46f2-a249-348e75015e1e/aggregates" status: 404 len: 235 microversion: 1.1
2026-02-25 23:19:47.886 7 INFO placement.requestlog [None req-5cd1b616-32a4-4724-9a2f-6a1b8d083c13 083cd93b31434540a5956050f1ea3f7c 6acfd1958c084e5eba04275bc263a3e0 - - 1c04d2032ff746688c0bebfb7915e5ce 1c04d2032ff746688c0bebfb7915e5ce] 10.0.0.192 "DELETE /resource_providers/2fdc090b-e454-46f2-a249-348e75015e1e" status: 404 len: 246 microversion: 1.1 [pid: 8|app: 0|req: 553/1109] 10.0.0.192 () {32 vars in 816 bytes} [Wed Feb 25 23:19:47 2026] GET /resource_providers/2fdc090b-e454-46f2-a249-348e75015e1e/aggregates => generated 235 bytes in 12 msecs (HTTP/1.1 404) 5 headers in 202 bytes (1 switches on core 0) [pid: 7|app: 0|req: 557/1110] 10.0.0.192 () {34 vars in 816 bytes} [Wed Feb 25 23:19:47 2026] DELETE /resource_providers/2fdc090b-e454-46f2-a249-348e75015e1e => generated 246 bytes in 5 msecs (HTTP/1.1 404) 6 headers in 231 bytes (1 switches on core 0)
2026-02-25 23:19:47.899 7 INFO placement.requestlog [None req-d8951954-db28-4533-938f-ea3ce587b967 083cd93b31434540a5956050f1ea3f7c 6acfd1958c084e5eba04275bc263a3e0 - - 1c04d2032ff746688c0bebfb7915e5ce 1c04d2032ff746688c0bebfb7915e5ce] 10.0.0.192 "GET /resource_providers/b0629fd5-20fe-4ddd-8d89-7a683cf87d3f/aggregates" status: 404 len: 235 microversion: 1.1 [pid: 7|app: 0|req: 558/1111] 10.0.0.192 () {32 vars in 816 bytes} [Wed Feb 25 23:19:47 2026] GET /resource_providers/b0629fd5-20fe-4ddd-8d89-7a683cf87d3f/aggregates => generated 235 bytes in 6 msecs (HTTP/1.1 404) 5 headers in 202 bytes (1 switches on core 0)
2026-02-25 23:19:47.902 8 INFO placement.requestlog [None req-128b1139-38cf-43cf-9bb0-3b0aded85cb2 3f53496f0fe14872ae32d78ab6980e4f f08271befc944fd18794e69b142e7eff - - default default] 10.0.0.212 "GET /resource_providers/7feb6624-8397-4312-bea2-6a85a44698fd/usages" status: 200 len: 92 microversion: 1.0 [pid: 8|app: 0|req: 554/1112] 10.0.0.212 () {28 vars in 681 bytes} [Wed Feb 25 23:19:47 2026] GET /resource_providers/7feb6624-8397-4312-bea2-6a85a44698fd/usages => generated 92 bytes in 16 msecs (HTTP/1.1 200) 6 headers in 223 bytes (1 switches on core 0)
2026-02-25 23:19:47.907 7 INFO placement.requestlog [None req-569ec07e-6863-4c5c-a692-8bac28248dcb 083cd93b31434540a5956050f1ea3f7c 6acfd1958c084e5eba04275bc263a3e0 - - 1c04d2032ff746688c0bebfb7915e5ce 1c04d2032ff746688c0bebfb7915e5ce] 10.0.0.192 "DELETE /resource_providers/2fdc090b-e454-46f2-a249-348e75015e1e" status: 404 len: 246 microversion: 1.1 [pid: 7|app: 0|req: 559/1113] 10.0.0.192 () {34 vars in 816 bytes} [Wed Feb 25 23:19:47 2026] DELETE /resource_providers/2fdc090b-e454-46f2-a249-348e75015e1e => generated 246 bytes in 7 msecs (HTTP/1.1 404) 6 headers in 231 bytes (1 switches on core 0)
2026-02-25 23:19:47.919 8 INFO placement.requestlog [None req-22f88cab-ca65-4257-9faf-d282b2c53693 083cd93b31434540a5956050f1ea3f7c 6acfd1958c084e5eba04275bc263a3e0 - - 1c04d2032ff746688c0bebfb7915e5ce 1c04d2032ff746688c0bebfb7915e5ce] 10.0.0.192 "DELETE /resource_providers/b0629fd5-20fe-4ddd-8d89-7a683cf87d3f" status: 404 len: 246 microversion: 1.1 [pid: 8|app: 0|req: 555/1114] 10.0.0.192 () {34 vars in 816 bytes} [Wed Feb 25 23:19:47 2026] DELETE /resource_providers/b0629fd5-20fe-4ddd-8d89-7a683cf87d3f => generated 246 bytes in 14 msecs (HTTP/1.1 404) 6 headers in 231 bytes (1 switches on core 0)
