May 20 22:14:49.179040 np0000175526 devstack@neutron-api.service[103222]: DEBUG neutron.plugins.ml2.drivers.ovn.mech_driver.ovsdb.ovsdb_monitor [None req-909122de-ab6e-48cf-bf65-bf048a340a3c None None] Touching Hash Ring node "ee997792c55a523197a02354c702709f" from IDL notify handler {{(pid=103222) notify /opt/stack/neutron/neutron/plugins/ml2/drivers/ovn/mech_driver/ovsdb/ovsdb_monitor.py:978}}
May 20 22:14:49.183026 np0000175526 devstack@neutron-api.service[103222]: DEBUG neutron.plugins.ml2.drivers.ovn.mech_driver.ovsdb.ovsdb_monitor [None req-909122de-ab6e-48cf-bf65-bf048a340a3c None None] Hash Ring: Node ee997792c55a523197a02354c702709f (host: np0000175526) handling event "create" for row 5b9529b5-2b26-471f-86f4-4794cc075773 (table: Logical_Switch_Port) {{(pid=103222) notify /opt/stack/neutron/neutron/plugins/ml2/drivers/ovn/mech_driver/ovsdb/ovsdb_monitor.py:986}}
May 20 22:14:49.184188 np0000175526 devstack@neutron-api.service[103220]: INFO neutron.db.ovn_revision_numbers_db [None req-55d46f3b-b00a-4931-9f0c-d1b66e456657 service neutron] Successfully bumped revision number for resource dccc51b9-bd2e-4ab3-bd7b-0e60d7222f2d (type: ports) to 1
May 20 22:14:49.184552 np0000175526 devstack@neutron-api.service[103222]: DEBUG ovsdbapp.backend.ovs_idl.event [None req-909122de-ab6e-48cf-bf65-bf048a340a3c None None] Matched CREATE: LogicalSwitchPortCreateEvent(events=('create',), table='Logical_Switch_Port', conditions=[], old_conditions=None), priority=20 to row=Logical_Switch_Port(uuid=5b9529b5-2b26-471f-86f4-4794cc075773, addresses=['fa:16:3e:35:33:7e 10.2.5.129', 'unknown'], dhcpv4_options=c4dcc82d-42fd-4325-ae27-ce716aef7627, dhcpv6_options=[], dynamic_addresses=[], enabled=True, external_ids={'neutron:cidrs': '10.2.5.129/24', 'neutron:device_id': 'manila-admin-share', 'neutron:device_owner': 'manila:share', 'neutron:mtu': '', 'neutron:network_name': 'neutron-9370e4d6-fb3a-4f18-90ab-308992343d1a', 'neutron:port_capabilities': '', 'neutron:port_name': '', 'neutron:project_id': '2e3c53dc40664cc3ae03f87611e3ada6', 'neutron:revision_number': '1', 'neutron:security_group_ids': '', 'neutron:subnet_pool_addr_scope4': '', 'neutron:subnet_pool_addr_scope6': '', 'neutron:vnic_type': 'normal'}, ha_chassis_group=[], mirror_rules=[], name='dccc51b9-bd2e-4ab3-bd7b-0e60d7222f2d', options={'requested-chassis': 'np0000175526'}, parent_name=[], port_security=[], tag=[], tag_request=[], type='', up=[]) old= {{(pid=103222) matches /opt/stack/data/venv/lib/python3.12/site-packages/ovsdbapp/backend/ovs_idl/event.py:55}}
May 20 22:14:49.186124 np0000175526 devstack@neutron-api.service[103222]: INFO neutron.plugins.ml2.drivers.ovn.mech_driver.mech_driver [None req-fa7639cb-9451-4fce-8cc4-85ec1184a3db None None] OVN reports status down for port: dccc51b9-bd2e-4ab3-bd7b-0e60d7222f2d
May 20 22:14:49.187557 np0000175526 devstack@neutron-api.service[103222]: DEBUG neutron.plugins.ml2.drivers.ovn.mech_driver.ovsdb.ovsdb_monitor [None req-909122de-ab6e-48cf-bf65-bf048a340a3c None None] Touching Hash Ring node "ee997792c55a523197a02354c702709f" from IDL notify handler {{(pid=103222) notify /opt/stack/neutron/neutron/plugins/ml2/drivers/ovn/mech_driver/ovsdb/ovsdb_monitor.py:978}}
May 20 22:14:49.189991 np0000175526 devstack@neutron-api.service[103222]: DEBUG neutron.plugins.ml2.drivers.ovn.mech_driver.ovsdb.ovsdb_monitor [None req-909122de-ab6e-48cf-bf65-bf048a340a3c None None] Hash Ring: Node ee997792c55a523197a02354c702709f (host: np0000175526) handling event "update" for row 5b9529b5-2b26-471f-86f4-4794cc075773 (table: Logical_Switch_Port) {{(pid=103222) notify /opt/stack/neutron/neutron/plugins/ml2/drivers/ovn/mech_driver/ovsdb/ovsdb_monitor.py:986}}
May 20 22:14:49.197133 np0000175526 devstack@neutron-api.service[103220]: DEBUG neutron.plugins.ml2.drivers.ovn.mech_driver.ovsdb.ovsdb_monitor [None req-7ffa3e8b-b720-40f1-949c-79f391656ef5 None None] Hash Ring: Node 2acd8d70c7225335bb84b8abe9382cf1 (host: np0000175526) handling event "create" for row a8df897f-94fc-43ef-86d1-380057fed662 (table: Port_Binding) {{(pid=103220) notify /opt/stack/neutron/neutron/plugins/ml2/drivers/ovn/mech_driver/ovsdb/ovsdb_monitor.py:986}}
May 20 22:14:49.206574 np0000175526 devstack@neutron-api.service[103220]: DEBUG neutron.plugins.ml2.managers [None req-55d46f3b-b00a-4931-9f0c-d1b66e456657 service neutron] Attempting to bind port dccc51b9-bd2e-4ab3-bd7b-0e60d7222f2d on host np0000175526 for vnic_type normal with profile {{(pid=103220) bind_port /opt/stack/neutron/neutron/plugins/ml2/managers.py:852}}
May 20 22:14:49.206843 np0000175526 devstack@neutron-api.service[103220]: DEBUG neutron.plugins.ml2.managers [None req-55d46f3b-b00a-4931-9f0c-d1b66e456657 service neutron] Attempting to bind port dccc51b9-bd2e-4ab3-bd7b-0e60d7222f2d by drivers ovn on host np0000175526 at level 0 using segments [{'id': '5676fa8b-da79-4c7b-80e7-11d42ce5b861', 'network_type': 'geneve', 'physical_network': None, 'segmentation_id': 33433, 'network_id': '9370e4d6-fb3a-4f18-90ab-308992343d1a'}] {{(pid=103220) _bind_port_level /opt/stack/neutron/neutron/plugins/ml2/managers.py:877}}
May 20 22:14:49.208063 np0000175526 devstack@neutron-api.service[103220]: DEBUG neutron.plugins.ml2.drivers.ovn.mech_driver.mech_driver [None req-55d46f3b-b00a-4931-9f0c-d1b66e456657 service neutron] Attempting to bind port dccc51b9-bd2e-4ab3-bd7b-0e60d7222f2d on host np0000175526 for network segment with type geneve, segmentation ID 33433, physical network None {{(pid=103220) bind_port /opt/stack/neutron/neutron/plugins/ml2/drivers/ovn/mech_driver/mech_driver.py:1204}}
May 20 22:14:49.208592 np0000175526 devstack@neutron-api.service[103220]: DEBUG neutron.plugins.ml2.managers [None req-55d46f3b-b00a-4931-9f0c-d1b66e456657 service neutron] Bound port: dccc51b9-bd2e-4ab3-bd7b-0e60d7222f2d, host: np0000175526, vif_type: ovs, vif_details: {"port_filter": true, "connectivity": "l2", "ovs_create_tap": false, "bridge_name": "br-int", "datapath_type": "system"}, binding_levels: [{'bound_driver': 'ovn', 'bound_segment': {'id': '5676fa8b-da79-4c7b-80e7-11d42ce5b861', 'network_type': 'geneve', 'physical_network': None, 'segmentation_id': 33433, 'network_id': '9370e4d6-fb3a-4f18-90ab-308992343d1a'}}] {{(pid=103220) _bind_port_level /opt/stack/neutron/neutron/plugins/ml2/managers.py:988}}
May 20 22:14:49.208794 np0000175526 devstack@neutron-api.service[103220]: DEBUG neutron_lib.callbacks.manager [None req-55d46f3b-b00a-4931-9f0c-d1b66e456657 service neutron] Publish callbacks ['neutron.plugins.ml2.plugin.SecurityGroupDbMixin._ensure_default_security_group_handler-302360', 'neutron.services.ovn_l3.plugin.OVNL3RouterPlugin._port_update-8640996494420', 'neutron.db.l3_db.L3_NAT_dbonly_mixin._prevent_internal_ip_change_for_fip-8640997610880'] for port (dccc51b9-bd2e-4ab3-bd7b-0e60d7222f2d), before_update {{(pid=103220) _notify_loop /opt/stack/data/venv/lib/python3.12/site-packages/neutron_lib/callbacks/manager.py:184}}
May 20 22:14:49.217860 np0000175526 devstack@neutron-api.service[103222]: DEBUG neutron.db.provisioning_blocks [None req-fa7639cb-9451-4fce-8cc4-85ec1184a3db None None] Ignored duplicate provisioning block setup for port dccc51b9-bd2e-4ab3-bd7b-0e60d7222f2d by entity L2. {{(pid=103222) add_provisioning_component /opt/stack/neutron/neutron/db/provisioning_blocks.py:69}}
May 20 22:14:49.237943 np0000175526 devstack@neutron-api.service[103222]: DEBUG neutron.plugins.ml2.plugin [None req-fa7639cb-9451-4fce-8cc4-85ec1184a3db None None] Current status of the port dccc51b9-bd2e-4ab3-bd7b-0e60d7222f2d is: DOWN; New status is: DOWN {{(pid=103222) _update_individual_port_db_status /opt/stack/neutron/neutron/plugins/ml2/plugin.py:2466}}
May 20 22:14:49.239675 np0000175526 devstack@neutron-api.service[103222]: DEBUG ovsdbapp.backend.ovs_idl.transaction [None req-909122de-ab6e-48cf-bf65-bf048a340a3c None None] Running txn n=1 command(idx=0): DbRemoveCommand(_result=None, table=Logical_Switch_Port, record=dccc51b9-bd2e-4ab3-bd7b-0e60d7222f2d, column=external_ids, values=('neutron:host_id',), keyvalues={}, if_exists=True) {{(pid=103222) do_commit /opt/stack/data/venv/lib/python3.12/site-packages/ovsdbapp/backend/ovs_idl/transaction.py:89}}
May 20 22:14:49.248994 np0000175526 devstack@neutron-api.service[103220]: DEBUG neutron.plugins.ml2.db [None req-55d46f3b-b00a-4931-9f0c-d1b66e456657 service neutron] For port dccc51b9-bd2e-4ab3-bd7b-0e60d7222f2d, host np0000175526, cleared binding levels {{(pid=103220) clear_binding_levels /opt/stack/neutron/neutron/plugins/ml2/db.py:87}}
May 20 22:14:49.251691 np0000175526 devstack@neutron-api.service[103220]: DEBUG neutron.plugins.ml2.db [None req-55d46f3b-b00a-4931-9f0c-d1b66e456657 service neutron] For port dccc51b9-bd2e-4ab3-bd7b-0e60d7222f2d, host np0000175526, set binding levels [PortBindingLevel(driver='ovn',host='np0000175526',level=0,port_id=dccc51b9-bd2e-4ab3-bd7b-0e60d7222f2d,segment=NetworkSegment(5676fa8b-da79-4c7b-80e7-11d42ce5b861),segment_id=5676fa8b-da79-4c7b-80e7-11d42ce5b861)] {{(pid=103220) set_binding_levels /opt/stack/neutron/neutron/plugins/ml2/db.py:59}}
May 20 22:14:49.252892 np0000175526 devstack@neutron-api.service[103220]: DEBUG neutron.plugins.ml2.drivers.ovn.mech_driver.mech_driver [None req-55d46f3b-b00a-4931-9f0c-d1b66e456657 service neutron] No provisioning block for port dccc51b9-bd2e-4ab3-bd7b-0e60d7222f2d since host unchanged {{(pid=103220) _is_port_provisioning_required /opt/stack/neutron/neutron/plugins/ml2/drivers/ovn/mech_driver/mech_driver.py:899}}
May 20 22:14:49.262888 np0000175526 devstack@neutron-api.service[103220]: DEBUG neutron_lib.callbacks.manager [None req-55d46f3b-b00a-4931-9f0c-d1b66e456657 service neutron] Publish callbacks ['neutron.plugins.ml2.ovo_rpc._ObjectChangeHandler.handle_event-15008896', 'neutron.services.ovn_l3.plugin.OVNL3RouterPlugin._port_update-8640996494420'] for port (dccc51b9-bd2e-4ab3-bd7b-0e60d7222f2d), after_update {{(pid=103220) _notify_loop /opt/stack/data/venv/lib/python3.12/site-packages/neutron_lib/callbacks/manager.py:184}}
May 20 22:14:49.298414 np0000175526 devstack@neutron-api.service[103220]: DEBUG neutron.api.rpc.handlers.resources_rpc [None req-55d46f3b-b00a-4931-9f0c-d1b66e456657 service neutron] Pushing event updated for resources: {'Port': ['ID=dccc51b9-bd2e-4ab3-bd7b-0e60d7222f2d,revision_number=3']} {{(pid=103220) push /opt/stack/neutron/neutron/api/rpc/handlers/resources_rpc.py:237}}
May 20 22:14:49.325758 np0000175526 devstack@neutron-api.service[103220]: DEBUG ovsdbapp.backend.ovs_idl.transaction [None req-61b626c9-6651-4f14-af2d-824fde2f484e None None] Running txn n=1 command(idx=0): CheckRevisionNumberCommand(_result=None, name=dccc51b9-bd2e-4ab3-bd7b-0e60d7222f2d, resource={'id': 'dccc51b9-bd2e-4ab3-bd7b-0e60d7222f2d', 'name': '', 'network_id': '9370e4d6-fb3a-4f18-90ab-308992343d1a', 'project_id': '2e3c53dc40664cc3ae03f87611e3ada6', 'mac_address': 'fa:16:3e:35:33:7e', 'admin_state_up': True, 'status': 'DOWN', 'device_id': 'manila-admin-share', 'device_owner': 'manila:share', 'standard_attr_id': 46, 'fixed_ips': [{'subnet_id': '250af995-a4cc-4110-a01a-1dbed3b36e26', 'ip_address': '10.2.5.129'}], 'allowed_address_pairs': [], 'extra_dhcp_opts': [], 'security_groups': [], 'description': '', 'binding:vnic_type': 'normal', 'binding:profile': {}, 'binding:host_id': 'np0000175526', 'binding:vif_type': 'ovs', 'binding:vif_details': {'port_filter': True, 'connectivity': 'l2', 'ovs_create_tap': False, 'bridge_name': 'br-int', 'datapath_type': 'system', 'bound_drivers': {'0': 'ovn'}}, 'port_security_enabled': False, 'tags': [], 'created_at': '2026-05-20T22:14:48Z', 'updated_at': '2026-05-20T22:14:49Z', 'revision_number': 3, 'tenant_id': '2e3c53dc40664cc3ae03f87611e3ada6', 'network': {'id': '9370e4d6-fb3a-4f18-90ab-308992343d1a', 'name': 'admin_net', 'tenant_id': '2e3c53dc40664cc3ae03f87611e3ada6', 'project_id': '2e3c53dc40664cc3ae03f87611e3ada6', 'admin_state_up': True, 'mtu': 1372, 'status': 'ACTIVE', 'subnets': ['250af995-a4cc-4110-a01a-1dbed3b36e26'], 'standard_attr_id': 42, 'shared': False, 'availability_zone_hints': [], 'availability_zones': [], 'ipv4_address_scope': None, 'ipv6_address_scope': None, 'router:external': False, 'qinq': False, 'vlan_transparent': False, 'description': '', 'port_security_enabled': True, 'tags': [], 'created_at': '2026-05-20T22:14:41Z', 'updated_at': '2026-05-20T22:14:43Z', 'revision_number': 2, 'provider:network_type': 'geneve', 'provider:physical_network': None, 'provider:segmentation_id': 33433}}, resource_type=ports, if_exists=True) {{(pid=103220) do_commit /opt/stack/data/venv/lib/python3.12/site-packages/ovsdbapp/backend/ovs_idl/transaction.py:89}}
May 20 22:14:49.326605 np0000175526 devstack@neutron-api.service[103220]: DEBUG ovsdbapp.backend.ovs_idl.transaction [None req-61b626c9-6651-4f14-af2d-824fde2f484e None None] Running txn n=1 command(idx=1): SetLSwitchPortCommand(_result=None, lport=dccc51b9-bd2e-4ab3-bd7b-0e60d7222f2d, external_ids_update=None, columns={'external_ids': {'neutron:port_name': '', 'neutron:device_id': 'manila-admin-share', 'neutron:project_id': '2e3c53dc40664cc3ae03f87611e3ada6', 'neutron:cidrs': '10.2.5.129/24', 'neutron:device_owner': 'manila:share', 'neutron:subnet_pool_addr_scope4': '', 'neutron:subnet_pool_addr_scope6': '', 'neutron:network_name': 'neutron-9370e4d6-fb3a-4f18-90ab-308992343d1a', 'neutron:security_group_ids': '', 'neutron:revision_number': '3', 'neutron:vnic_type': 'normal', 'neutron:port_capabilities': '', 'neutron:mtu': ''}, 'parent_name': [], 'tag': [], 'options': {'requested-chassis': 'np0000175526'}, 'enabled': True, 'port_security': [], 'dhcpv4_options': [UUID('c4dcc82d-42fd-4325-ae27-ce716aef7627')], 'dhcpv6_options': [], 'type': '', 'addresses': ['fa:16:3e:35:33:7e 10.2.5.129', 'unknown'], 'ha_chassis_group': []}, if_exists=False) {{(pid=103220) do_commit /opt/stack/data/venv/lib/python3.12/site-packages/ovsdbapp/backend/ovs_idl/transaction.py:89}}
May 20 22:14:49.328733 np0000175526 devstack@neutron-api.service[103220]: DEBUG ovsdbapp.backend.ovs_idl.transaction [None req-61b626c9-6651-4f14-af2d-824fde2f484e None None] Running txn n=1 command(idx=2): PgDelPortCommand(_result=None, port_group=neutron_pg_drop, lsp=['dccc51b9-bd2e-4ab3-bd7b-0e60d7222f2d'], if_exists=False) {{(pid=103220) do_commit /opt/stack/data/venv/lib/python3.12/site-packages/ovsdbapp/backend/ovs_idl/transaction.py:89}}
May 20 22:14:49.338831 np0000175526 devstack@neutron-api.service[103222]: DEBUG neutron.plugins.ml2.drivers.ovn.mech_driver.ovsdb.ovsdb_monitor [None req-909122de-ab6e-48cf-bf65-bf048a340a3c None None] Touching Hash Ring node "ee997792c55a523197a02354c702709f" from IDL notify handler {{(pid=103222) notify /opt/stack/neutron/neutron/plugins/ml2/drivers/ovn/mech_driver/ovsdb/ovsdb_monitor.py:978}}
May 20 22:14:49.343770 np0000175526 devstack@neutron-api.service[103222]: DEBUG neutron.plugins.ml2.drivers.ovn.mech_driver.ovsdb.ovsdb_monitor [None req-909122de-ab6e-48cf-bf65-bf048a340a3c None None] Hash Ring: Node ee997792c55a523197a02354c702709f (host: np0000175526) handling event "update" for row 5b9529b5-2b26-471f-86f4-4794cc075773 (table: Logical_Switch_Port) {{(pid=103222) notify /opt/stack/neutron/neutron/plugins/ml2/drivers/ovn/mech_driver/ovsdb/ovsdb_monitor.py:986}}
May 20 22:14:49.359572 np0000175526 devstack@neutron-api.service[103220]: DEBUG neutron.plugins.ml2.drivers.ovn.mech_driver.ovsdb.ovsdb_monitor [None req-7ffa3e8b-b720-40f1-949c-79f391656ef5 None None] Touching Hash Ring node "2acd8d70c7225335bb84b8abe9382cf1" from IDL notify handler {{(pid=103220) notify /opt/stack/neutron/neutron/plugins/ml2/drivers/ovn/mech_driver/ovsdb/ovsdb_monitor.py:978}}
May 20 22:14:49.373765 np0000175526 devstack@neutron-api.service[103220]: DEBUG neutron.plugins.ml2.drivers.ovn.mech_driver.ovsdb.ovsdb_monitor [None req-7ffa3e8b-b720-40f1-949c-79f391656ef5 None None] Hash Ring: Node 2acd8d70c7225335bb84b8abe9382cf1 (host: np0000175526) handling event "update" for row a8df897f-94fc-43ef-86d1-380057fed662 (table: Port_Binding) {{(pid=103220) notify /opt/stack/neutron/neutron/plugins/ml2/drivers/ovn/mech_driver/ovsdb/ovsdb_monitor.py:986}}
May 20 22:14:49.395532 np0000175526 devstack@neutron-api.service[103220]: INFO neutron.db.ovn_revision_numbers_db [None req-55d46f3b-b00a-4931-9f0c-d1b66e456657 service neutron] Successfully bumped revision number for resource dccc51b9-bd2e-4ab3-bd7b-0e60d7222f2d (type: ports) to 3
May 20 22:14:49.407118 np0000175526 devstack@neutron-api.service[103220]: DEBUG neutron.pecan_wsgi.hooks.policy_enforcement [None req-55d46f3b-b00a-4931-9f0c-d1b66e456657 service neutron] Attributes excluded by policy engine: ['standard_attr_id'] {{(pid=103220) _exclude_attributes_by_policy /opt/stack/neutron/neutron/pecan_wsgi/hooks/policy_enforcement.py:256}}
May 20 22:14:49.407384 np0000175526 devstack@neutron-api.service[103220]: DEBUG neutron_lib.callbacks.manager [None req-55d46f3b-b00a-4931-9f0c-d1b66e456657 service neutron] Publish callbacks ['neutron.notifiers.nova.Notifier._send_nova_notification-683469'] for port (None), before_response {{(pid=103220) _notify_loop /opt/stack/data/venv/lib/python3.12/site-packages/neutron_lib/callbacks/manager.py:184}}
May 20 22:14:49.418944 np0000175526 devstack@neutron-api.service[103220]: [pid: 103220|app: 0|req: 26/104] 199.204.45.115 () {68 vars in 1304 bytes} [Wed May 20 22:14:48 2026] POST /networking/v2.0/ports => generated 927 bytes in 587 msecs (HTTP/1.1 201) 4 headers in 162 bytes (1 switches on core 0)
May 20 22:14:49.811685 np0000175526 devstack@neutron-api.service[103220]: DEBUG neutron.plugins.ml2.drivers.ovn.mech_driver.ovsdb.ovsdb_monitor [None req-7ffa3e8b-b720-40f1-949c-79f391656ef5 None None] Touching Hash Ring node "2acd8d70c7225335bb84b8abe9382cf1" from IDL notify handler {{(pid=103220) notify /opt/stack/neutron/neutron/plugins/ml2/drivers/ovn/mech_driver/ovsdb/ovsdb_monitor.py:978}}
May 20 22:14:49.831685 np0000175526 devstack@neutron-api.service[103220]: DEBUG neutron.plugins.ml2.drivers.ovn.mech_driver.ovsdb.ovsdb_monitor [None req-7ffa3e8b-b720-40f1-949c-79f391656ef5 None None] Hash Ring: Node 2acd8d70c7225335bb84b8abe9382cf1 (host: np0000175526) handling event "update" for row a8df897f-94fc-43ef-86d1-380057fed662 (table: Port_Binding) {{(pid=103220) notify /opt/stack/neutron/neutron/plugins/ml2/drivers/ovn/mech_driver/ovsdb/ovsdb_monitor.py:986}}
May 20 22:14:49.856422 np0000175526 devstack@neutron-api.service[103222]: DEBUG neutron.plugins.ml2.drivers.ovn.mech_driver.ovsdb.ovsdb_monitor [None req-909122de-ab6e-48cf-bf65-bf048a340a3c None None] Touching Hash Ring node "ee997792c55a523197a02354c702709f" from IDL notify handler {{(pid=103222) notify /opt/stack/neutron/neutron/plugins/ml2/drivers/ovn/mech_driver/ovsdb/ovsdb_monitor.py:978}}
May 20 22:14:49.857383 np0000175526 devstack@neutron-api.service[103220]: DEBUG neutron.plugins.ml2.drivers.ovn.mech_driver.ovsdb.ovsdb_monitor [None req-7ffa3e8b-b720-40f1-949c-79f391656ef5 None None] Touching Hash Ring node "2acd8d70c7225335bb84b8abe9382cf1" from IDL notify handler {{(pid=103220) notify /opt/stack/neutron/neutron/plugins/ml2/drivers/ovn/mech_driver/ovsdb/ovsdb_monitor.py:978}}
May 20 22:14:49.862099 np0000175526 devstack@neutron-api.service[103220]: DEBUG neutron.plugins.ml2.drivers.ovn.mech_driver.ovsdb.ovsdb_monitor [None req-7ffa3e8b-b720-40f1-949c-79f391656ef5 None None] Hash Ring: Node 2acd8d70c7225335bb84b8abe9382cf1 (host: np0000175526) handling event "update" for row a8df897f-94fc-43ef-86d1-380057fed662 (table: Port_Binding) {{(pid=103220) notify /opt/stack/neutron/neutron/plugins/ml2/drivers/ovn/mech_driver/ovsdb/ovsdb_monitor.py:986}}
May 20 22:14:49.865758 np0000175526 devstack@neutron-api.service[103222]: DEBUG neutron.plugins.ml2.drivers.ovn.mech_driver.ovsdb.ovsdb_monitor [None req-909122de-ab6e-48cf-bf65-bf048a340a3c None None] Hash Ring: Node ee997792c55a523197a02354c702709f (host: np0000175526) handling event "update" for row 5b9529b5-2b26-471f-86f4-4794cc075773 (table: Logical_Switch_Port) {{(pid=103222) notify /opt/stack/neutron/neutron/plugins/ml2/drivers/ovn/mech_driver/ovsdb/ovsdb_monitor.py:986}}
May 20 22:14:49.867426 np0000175526 devstack@neutron-api.service[103222]: DEBUG ovsdbapp.backend.ovs_idl.event [None req-909122de-ab6e-48cf-bf65-bf048a340a3c None None] Matched UPDATE: LogicalSwitchPortUpdateUpEvent(events=('update',), table='Logical_Switch_Port', conditions=None, old_conditions=None), priority=20 to row=Logical_Switch_Port(uuid=5b9529b5-2b26-471f-86f4-4794cc075773, addresses=['fa:16:3e:35:33:7e 10.2.5.129', 'unknown'], dhcpv4_options=c4dcc82d-42fd-4325-ae27-ce716aef7627, dhcpv6_options=[], dynamic_addresses=[], enabled=True, external_ids={'neutron:cidrs': '10.2.5.129/24', 'neutron:device_id': 'manila-admin-share', 'neutron:device_owner': 'manila:share', 'neutron:mtu': '', 'neutron:network_name': 'neutron-9370e4d6-fb3a-4f18-90ab-308992343d1a', 'neutron:port_capabilities': '', 'neutron:port_name': '', 'neutron:project_id': '2e3c53dc40664cc3ae03f87611e3ada6', 'neutron:revision_number': '3', 'neutron:security_group_ids': '', 'neutron:subnet_pool_addr_scope4': '', 'neutron:subnet_pool_addr_scope6': '', 'neutron:vnic_type': 'normal'}, ha_chassis_group=[], mirror_rules=[], name='dccc51b9-bd2e-4ab3-bd7b-0e60d7222f2d', options={'requested-chassis': 'np0000175526'}, parent_name=[], port_security=[], tag=[], tag_request=[], type='', up=True) old=Logical_Switch_Port(uuid=5b9529b5-2b26-471f-86f4-4794cc075773, up=False) {{(pid=103222) matches /opt/stack/data/venv/lib/python3.12/site-packages/ovsdbapp/backend/ovs_idl/event.py:55}}
May 20 22:14:49.869303 np0000175526 devstack@neutron-api.service[103222]: INFO neutron.plugins.ml2.drivers.ovn.mech_driver.mech_driver [None req-fa7639cb-9451-4fce-8cc4-85ec1184a3db None None] OVN reports status up for port: dccc51b9-bd2e-4ab3-bd7b-0e60d7222f2d
May 20 22:14:49.879429 np0000175526 devstack@neutron-api.service[103222]: DEBUG neutron.db.provisioning_blocks [None req-fa7639cb-9451-4fce-8cc4-85ec1184a3db None None] Provisioning for port dccc51b9-bd2e-4ab3-bd7b-0e60d7222f2d completed by entity L2. {{(pid=103222) provisioning_complete /opt/stack/neutron/neutron/db/provisioning_blocks.py:133}}
May 20 22:14:49.888288 np0000175526 devstack@neutron-api.service[103222]: DEBUG neutron.db.provisioning_blocks [None req-fa7639cb-9451-4fce-8cc4-85ec1184a3db None None] Provisioning complete for port dccc51b9-bd2e-4ab3-bd7b-0e60d7222f2d triggered by entity L2. {{(pid=103222) provisioning_complete /opt/stack/neutron/neutron/db/provisioning_blocks.py:141}}
May 20 22:14:49.888474 np0000175526 devstack@neutron-api.service[103222]: DEBUG neutron_lib.callbacks.manager [None req-fa7639cb-9451-4fce-8cc4-85ec1184a3db None None] Publish callbacks ['neutron.plugins.ml2.plugin.Ml2Plugin._port_provisioned-145258'] for port (dccc51b9-bd2e-4ab3-bd7b-0e60d7222f2d), provisioning_complete {{(pid=103222) _notify_loop /opt/stack/data/venv/lib/python3.12/site-packages/neutron_lib/callbacks/manager.py:184}}
May 20 22:14:49.888609 np0000175526 devstack@neutron-api.service[103222]: INFO neutron.plugins.ml2.plugin [None req-fa7639cb-9451-4fce-8cc4-85ec1184a3db None None] Attempt 1 to provision port dccc51b9-bd2e-4ab3-bd7b-0e60d7222f2d
May 20 22:14:49.932161 np0000175526 devstack@neutron-api.service[103222]: DEBUG neutron.plugins.ml2.plugin [None req-fa7639cb-9451-4fce-8cc4-85ec1184a3db None None] Current status of the port dccc51b9-bd2e-4ab3-bd7b-0e60d7222f2d is: DOWN; New status is: ACTIVE {{(pid=103222) _update_individual_port_db_status /opt/stack/neutron/neutron/plugins/ml2/plugin.py:2466}}
May 20 22:14:49.932293 np0000175526 devstack@neutron-api.service[103222]: DEBUG neutron_lib.callbacks.manager [None req-fa7639cb-9451-4fce-8cc4-85ec1184a3db None None] Publish callbacks ['neutron.plugins.ml2.plugin.SecurityGroupDbMixin._ensure_default_security_group_handler-404136', 'neutron.services.ovn_l3.plugin.OVNL3RouterPlugin._port_update-8640996679824', 'neutron.db.l3_db.L3_NAT_dbonly_mixin._prevent_internal_ip_change_for_fip-8640997610840'] for port (dccc51b9-bd2e-4ab3-bd7b-0e60d7222f2d), before_update {{(pid=103222) _notify_loop /opt/stack/data/venv/lib/python3.12/site-packages/neutron_lib/callbacks/manager.py:184}}
May 20 22:14:49.955289 np0000175526 devstack@neutron-api.service[103222]: DEBUG neutron.plugins.ml2.db [None req-fa7639cb-9451-4fce-8cc4-85ec1184a3db None None] For port dccc51b9-bd2e-4ab3-bd7b-0e60d7222f2d, host np0000175526, got binding levels [PortBindingLevel(driver='ovn',host='np0000175526',level=0,port_id=dccc51b9-bd2e-4ab3-bd7b-0e60d7222f2d,segment=NetworkSegment(5676fa8b-da79-4c7b-80e7-11d42ce5b861),segment_id=5676fa8b-da79-4c7b-80e7-11d42ce5b861)] {{(pid=103222) get_binding_level_objs /opt/stack/neutron/neutron/plugins/ml2/db.py:74}}
May 20 22:14:49.955637 np0000175526 devstack@neutron-api.service[103222]: DEBUG neutron.plugins.ml2.drivers.ovn.mech_driver.mech_driver [None req-fa7639cb-9451-4fce-8cc4-85ec1184a3db None None] No provisioning block for port dccc51b9-bd2e-4ab3-bd7b-0e60d7222f2d since it is active {{(pid=103222) _is_port_provisioning_required /opt/stack/neutron/neutron/plugins/ml2/drivers/ovn/mech_driver/mech_driver.py:889}}
May 20 22:14:50.026511 np0000175526 devstack@neutron-api.service[103222]: DEBUG ovsdbapp.backend.ovs_idl.transaction [None req-909122de-ab6e-48cf-bf65-bf048a340a3c None None] Running txn n=1 command(idx=0): CheckRevisionNumberCommand(_result=None, name=dccc51b9-bd2e-4ab3-bd7b-0e60d7222f2d, resource={'id': 'dccc51b9-bd2e-4ab3-bd7b-0e60d7222f2d', 'name': '', 'network_id': '9370e4d6-fb3a-4f18-90ab-308992343d1a', 'project_id': '2e3c53dc40664cc3ae03f87611e3ada6', 'mac_address': 'fa:16:3e:35:33:7e', 'admin_state_up': True, 'status': 'ACTIVE', 'device_id': 'manila-admin-share', 'device_owner': 'manila:share', 'standard_attr_id': 46, 'fixed_ips': [{'subnet_id': '250af995-a4cc-4110-a01a-1dbed3b36e26', 'ip_address': '10.2.5.129'}], 'allowed_address_pairs': [], 'extra_dhcp_opts': [], 'security_groups': [], 'description': '', 'binding:vnic_type': 'normal', 'binding:profile': {}, 'binding:host_id': 'np0000175526', 'binding:vif_type': 'ovs', 'binding:vif_details': {'port_filter': True, 'connectivity': 'l2', 'ovs_create_tap': False, 'bridge_name': 'br-int', 'datapath_type': 'system', 'bound_drivers': {'0': 'ovn'}}, 'port_security_enabled': False, 'tags': [], 'created_at': '2026-05-20T22:14:48Z', 'updated_at': '2026-05-20T22:14:49Z', 'revision_number': 4, 'tenant_id': '2e3c53dc40664cc3ae03f87611e3ada6', 'network': {'id': '9370e4d6-fb3a-4f18-90ab-308992343d1a', 'name': 'admin_net', 'tenant_id': '2e3c53dc40664cc3ae03f87611e3ada6', 'project_id': '2e3c53dc40664cc3ae03f87611e3ada6', 'admin_state_up': True, 'mtu': 1372, 'status': 'ACTIVE', 'subnets': ['250af995-a4cc-4110-a01a-1dbed3b36e26'], 'standard_attr_id': 42, 'shared': False, 'availability_zone_hints': [], 'availability_zones': [], 'ipv4_address_scope': None, 'ipv6_address_scope': None, 'router:external': False, 'qinq': False, 'vlan_transparent': False, 'description': '', 'port_security_enabled': True, 'tags': [], 'created_at': '2026-05-20T22:14:41Z', 'updated_at': '2026-05-20T22:14:43Z', 'revision_number': 2, 'provider:network_type': 'geneve', 'provider:physical_network': None, 'provider:segmentation_id': 33433}}, resource_type=ports, if_exists=True) {{(pid=103222) do_commit /opt/stack/data/venv/lib/python3.12/site-packages/ovsdbapp/backend/ovs_idl/transaction.py:89}}
May 20 22:14:50.027216 np0000175526 devstack@neutron-api.service[103222]: DEBUG ovsdbapp.backend.ovs_idl.transaction [None req-909122de-ab6e-48cf-bf65-bf048a340a3c None None] Running txn n=1 command(idx=1): SetLSwitchPortCommand(_result=None, lport=dccc51b9-bd2e-4ab3-bd7b-0e60d7222f2d, external_ids_update=None, columns={'external_ids': {'neutron:port_name': '', 'neutron:device_id': 'manila-admin-share', 'neutron:project_id': '2e3c53dc40664cc3ae03f87611e3ada6', 'neutron:cidrs': '10.2.5.129/24', 'neutron:device_owner': 'manila:share', 'neutron:subnet_pool_addr_scope4': '', 'neutron:subnet_pool_addr_scope6': '', 'neutron:network_name': 'neutron-9370e4d6-fb3a-4f18-90ab-308992343d1a', 'neutron:security_group_ids': '', 'neutron:revision_number': '4', 'neutron:vnic_type': 'normal', 'neutron:port_capabilities': '', 'neutron:mtu': ''}, 'parent_name': [], 'tag': [], 'options': {'requested-chassis': 'np0000175526'}, 'enabled': True, 'port_security': [], 'dhcpv4_options': [UUID('c4dcc82d-42fd-4325-ae27-ce716aef7627')], 'dhcpv6_options': [], 'type': '', 'addresses': ['fa:16:3e:35:33:7e 10.2.5.129', 'unknown'], 'ha_chassis_group': []}, if_exists=False) {{(pid=103222) do_commit /opt/stack/data/venv/lib/python3.12/site-packages/ovsdbapp/backend/ovs_idl/transaction.py:89}}
May 20 22:14:50.028399 np0000175526 devstack@neutron-api.service[103222]: DEBUG ovsdbapp.backend.ovs_idl.transaction [None req-909122de-ab6e-48cf-bf65-bf048a340a3c None None] Running txn n=1 command(idx=2): PgDelPortCommand(_result=None, port_group=neutron_pg_drop, lsp=['dccc51b9-bd2e-4ab3-bd7b-0e60d7222f2d'], if_exists=False) {{(pid=103222) do_commit /opt/stack/data/venv/lib/python3.12/site-packages/ovsdbapp/backend/ovs_idl/transaction.py:89}}
May 20 22:14:50.032550 np0000175526 devstack@neutron-api.service[103222]: DEBUG neutron.plugins.ml2.drivers.ovn.mech_driver.ovsdb.ovsdb_monitor [None req-909122de-ab6e-48cf-bf65-bf048a340a3c None None] Touching Hash Ring node "ee997792c55a523197a02354c702709f" from IDL notify handler {{(pid=103222) notify /opt/stack/neutron/neutron/plugins/ml2/drivers/ovn/mech_driver/ovsdb/ovsdb_monitor.py:978}}
May 20 22:14:50.038406 np0000175526 devstack@neutron-api.service[103222]: DEBUG neutron.plugins.ml2.drivers.ovn.mech_driver.ovsdb.ovsdb_monitor [None req-909122de-ab6e-48cf-bf65-bf048a340a3c None None] Hash Ring: Node ee997792c55a523197a02354c702709f (host: np0000175526) handling event "update" for row 5b9529b5-2b26-471f-86f4-4794cc075773 (table: Logical_Switch_Port) {{(pid=103222) notify /opt/stack/neutron/neutron/plugins/ml2/drivers/ovn/mech_driver/ovsdb/ovsdb_monitor.py:986}}
May 20 22:14:50.040618 np0000175526 devstack@neutron-api.service[103220]: DEBUG neutron.plugins.ml2.drivers.ovn.mech_driver.ovsdb.ovsdb_monitor [None req-7ffa3e8b-b720-40f1-949c-79f391656ef5 None None] Touching Hash Ring node "2acd8d70c7225335bb84b8abe9382cf1" from IDL notify handler {{(pid=103220) notify /opt/stack/neutron/neutron/plugins/ml2/drivers/ovn/mech_driver/ovsdb/ovsdb_monitor.py:978}}
May 20 22:14:50.047178 np0000175526 devstack@neutron-api.service[103220]: DEBUG neutron.plugins.ml2.drivers.ovn.mech_driver.ovsdb.ovsdb_monitor [None req-7ffa3e8b-b720-40f1-949c-79f391656ef5 None None] Hash Ring: Node 2acd8d70c7225335bb84b8abe9382cf1 (host: np0000175526) handling event "update" for row a8df897f-94fc-43ef-86d1-380057fed662 (table: Port_Binding) {{(pid=103220) notify /opt/stack/neutron/neutron/plugins/ml2/drivers/ovn/mech_driver/ovsdb/ovsdb_monitor.py:986}}
May 20 22:14:50.072600 np0000175526 devstack@neutron-api.service[103222]: INFO neutron.db.ovn_revision_numbers_db [None req-fa7639cb-9451-4fce-8cc4-85ec1184a3db None None] Successfully bumped revision number for resource dccc51b9-bd2e-4ab3-bd7b-0e60d7222f2d (type: ports) to 4
May 20 22:14:50.078224 np0000175526 devstack@neutron-api.service[103222]: DEBUG neutron_lib.callbacks.manager [None req-fa7639cb-9451-4fce-8cc4-85ec1184a3db None None] Publish callbacks ['neutron.plugins.ml2.ovo_rpc._ObjectChangeHandler.handle_event-1100545', 'neutron.services.ovn_l3.plugin.OVNL3RouterPlugin._port_update-8640996679824'] for port (dccc51b9-bd2e-4ab3-bd7b-0e60d7222f2d), after_update {{(pid=103222) _notify_loop /opt/stack/data/venv/lib/python3.12/site-packages/neutron_lib/callbacks/manager.py:184}}
May 20 22:14:50.106255 np0000175526 devstack@neutron-api.service[103222]: DEBUG neutron.api.rpc.handlers.resources_rpc [None req-06cc7f72-16f2-4c81-8e41-d063f458b404 None None] Pushing event updated for resources: {'Port': ['ID=dccc51b9-bd2e-4ab3-bd7b-0e60d7222f2d,revision_number=4']} {{(pid=103222) push /opt/stack/neutron/neutron/api/rpc/handlers/resources_rpc.py:237}}
May 20 22:14:50.111839 np0000175526 devstack@neutron-api.service[103222]: DEBUG neutron.api.rpc.callbacks.version_manager [None req-06cc7f72-16f2-4c81-8e41-d063f458b404 None None] Tracked resource versions report:
May 20 22:14:50.111839 np0000175526 devstack@neutron-api.service[103222]: pushed versions:
May 20 22:14:50.111839 np0000175526 devstack@neutron-api.service[103222]: { 'AddressGroup': {'1.2'},
May 20 22:14:50.111839 np0000175526 devstack@neutron-api.service[103222]: 'Agent': {'1.1'},
May 20 22:14:50.111839 np0000175526 devstack@neutron-api.service[103222]: 'ConntrackHelper': {'1.0'},
May 20 22:14:50.111839 np0000175526 devstack@neutron-api.service[103222]: 'LocalIPAssociation': {'1.0'},
May 20 22:14:50.111839 np0000175526 devstack@neutron-api.service[103222]: 'Log': {'1.0'},
May 20 22:14:50.111839 np0000175526 devstack@neutron-api.service[103222]: 'NDPProxy': {'1.0'},
May 20 22:14:50.111839 np0000175526 devstack@neutron-api.service[103222]: 'Network': {'1.2'},
May 20 22:14:50.111839 np0000175526 devstack@neutron-api.service[103222]: 'Port': {'1.10'},
May 20 22:14:50.111839 np0000175526 devstack@neutron-api.service[103222]: 'PortForwarding': {'1.3'},
May 20 22:14:50.111839 np0000175526 devstack@neutron-api.service[103222]: 'QosPolicy': {'1.10'},
May 20 22:14:50.111839 np0000175526 devstack@neutron-api.service[103222]: 'SecurityGroup': {'1.6'},
May 20 22:14:50.111839 np0000175526 devstack@neutron-api.service[103222]: 'SecurityGroupRule': {'1.3'},
May 20 22:14:50.111839 np0000175526 devstack@neutron-api.service[103222]: 'SubPort': {'1.0'},
May 20 22:14:50.111839 np0000175526 devstack@neutron-api.service[103222]: 'Subnet': {'1.2'},
May 20 22:14:50.111839 np0000175526 devstack@neutron-api.service[103222]: 'Trunk': {'1.1'}}
May 20 22:14:50.111839 np0000175526 devstack@neutron-api.service[103222]: consumer versions:
May 20 22:14:50.111839 np0000175526 devstack@neutron-api.service[103222]: { OVN Controller Gateway agent@np0000175526: {},
May 20 22:14:50.111839 np0000175526 devstack@neutron-api.service[103222]: OVN Neutron agent@np0000175526: {}}
May 20 22:14:50.111839 np0000175526 devstack@neutron-api.service[103222]: {{(pid=103222) report /opt/stack/neutron/neutron/api/rpc/callbacks/version_manager.py:183}}
May 20 22:14:50.131416 np0000175526 devstack@neutron-api.service[103222]: DEBUG ovsdbapp.backend.ovs_idl.transaction [None req-909122de-ab6e-48cf-bf65-bf048a340a3c None None] Running txn n=1 command(idx=0): DbSetCommand(_result=None, table=Logical_Switch_Port, record=dccc51b9-bd2e-4ab3-bd7b-0e60d7222f2d, col_values=(('external_ids', {'neutron:host_id': 'np0000175526'}),), if_exists=True) {{(pid=103222) do_commit /opt/stack/data/venv/lib/python3.12/site-packages/ovsdbapp/backend/ovs_idl/transaction.py:89}}
May 20 22:14:50.135521 np0000175526 devstack@neutron-api.service[103222]: DEBUG neutron.plugins.ml2.drivers.ovn.mech_driver.ovsdb.ovsdb_monitor [None req-909122de-ab6e-48cf-bf65-bf048a340a3c None None] Touching Hash Ring node "ee997792c55a523197a02354c702709f" from IDL notify handler {{(pid=103222) notify /opt/stack/neutron/neutron/plugins/ml2/drivers/ovn/mech_driver/ovsdb/ovsdb_monitor.py:978}}
May 20 22:14:50.142056 np0000175526 devstack@neutron-api.service[103222]: DEBUG neutron.plugins.ml2.drivers.ovn.mech_driver.ovsdb.ovsdb_monitor [None req-909122de-ab6e-48cf-bf65-bf048a340a3c None None] Hash Ring: Node ee997792c55a523197a02354c702709f (host: np0000175526) handling event "update" for row 5b9529b5-2b26-471f-86f4-4794cc075773 (table: Logical_Switch_Port) {{(pid=103222) notify /opt/stack/neutron/neutron/plugins/ml2/drivers/ovn/mech_driver/ovsdb/ovsdb_monitor.py:986}}
May 20 22:14:50.142488 np0000175526 devstack@neutron-api.service[103220]: DEBUG neutron.plugins.ml2.drivers.ovn.mech_driver.ovsdb.ovsdb_monitor [None req-7ffa3e8b-b720-40f1-949c-79f391656ef5 None None] Touching Hash Ring node "2acd8d70c7225335bb84b8abe9382cf1" from IDL notify handler {{(pid=103220) notify /opt/stack/neutron/neutron/plugins/ml2/drivers/ovn/mech_driver/ovsdb/ovsdb_monitor.py:978}}
May 20 22:14:50.149866 np0000175526 devstack@neutron-api.service[103220]: DEBUG neutron.plugins.ml2.drivers.ovn.mech_driver.ovsdb.ovsdb_monitor [None req-7ffa3e8b-b720-40f1-949c-79f391656ef5 None None] Hash Ring: Node 2acd8d70c7225335bb84b8abe9382cf1 (host: np0000175526) handling event "update" for row a8df897f-94fc-43ef-86d1-380057fed662 (table: Port_Binding) {{(pid=103220) notify /opt/stack/neutron/neutron/plugins/ml2/drivers/ovn/mech_driver/ovsdb/ovsdb_monitor.py:986}}
May 20 22:14:50.721384 np0000175526 devstack@neutron-api.service[103219]: DEBUG neutron.pecan_wsgi.hooks.policy_enforcement [None req-f736919a-b947-4207-a38a-4a1be4510375 service neutron] Attributes excluded by policy engine: ['standard_attr_id', 'shared'] {{(pid=103219) _exclude_attributes_by_policy /opt/stack/neutron/neutron/pecan_wsgi/hooks/policy_enforcement.py:256}}
May 20 22:14:50.722227 np0000175526 devstack@neutron-api.service[103219]: [pid: 103219|app: 0|req: 26/105] 199.204.45.115 () {64 vars in 1367 bytes} [Wed May 20 22:14:50 2026] GET /networking/v2.0/subnets/250af995-a4cc-4110-a01a-1dbed3b36e26 => generated 625 bytes in 32 msecs (HTTP/1.1 200) 4 headers in 157 bytes (1 switches on core 0)
May 20 22:14:51.661544 np0000175526 devstack@neutron-api.service[103222]: DEBUG neutron.pecan_wsgi.hooks.policy_enforcement [None req-7d372dd3-3921-461c-813c-ed9c7baa5365 service neutron] Attributes excluded by policy engine: ['standard_attr_id'] {{(pid=103222) _exclude_attributes_by_policy /opt/stack/neutron/neutron/pecan_wsgi/hooks/policy_enforcement.py:256}}
May 20 22:14:51.662465 np0000175526 devstack@neutron-api.service[103222]: [pid: 103222|app: 0|req: 28/106] 199.204.45.115 () {64 vars in 1369 bytes} [Wed May 20 22:14:51 2026] GET /networking/v2.0/ports?device_id=manila-admin-share&binding%3Ahost_id=np0000175526 => generated 932 bytes in 43 msecs (HTTP/1.1 200) 4 headers in 157 bytes (1 switches on core 0)
May 20 22:14:52.151597 np0000175526 devstack@neutron-api.service[103221]: DEBUG neutron.pecan_wsgi.hooks.policy_enforcement [None req-607c39f3-8aec-4162-ab7d-ec529c171025 service neutron] Attributes excluded by policy engine: ['standard_attr_id', 'shared'] {{(pid=103221) _exclude_attributes_by_policy /opt/stack/neutron/neutron/pecan_wsgi/hooks/policy_enforcement.py:256}}
May 20 22:14:52.152330 np0000175526 devstack@neutron-api.service[103221]: [pid: 103221|app: 0|req: 27/107] 199.204.45.115 () {64 vars in 1367 bytes} [Wed May 20 22:14:52 2026] GET /networking/v2.0/subnets/250af995-a4cc-4110-a01a-1dbed3b36e26 => generated 625 bytes in 20 msecs (HTTP/1.1 200) 4 headers in 157 bytes (1 switches on core 0)
May 20 22:15:00.145818 np0000175526 devstack@neutron-api.service[103220]: DEBUG dbcounter [-] [103220] Writing DB stats neutron:UPDATE=18,neutron:SELECT=185,neutron:INSERT=11,neutron:DELETE=2 {{(pid=103220) stat_writer /opt/stack/data/venv/lib/python3.12/site-packages/dbcounter.py:115}}
May 20 22:15:00.717369 np0000175526 devstack@neutron-api.service[103219]: DEBUG dbcounter [-] [103219] Writing DB stats neutron:UPDATE=17,neutron:SELECT=199,neutron:INSERT=29,neutron:DELETE=2 {{(pid=103219) stat_writer /opt/stack/data/venv/lib/python3.12/site-packages/dbcounter.py:115}}
May 20 22:15:01.656827 np0000175526 devstack@neutron-api.service[103222]: DEBUG dbcounter [-] [103222] Writing DB stats neutron:UPDATE=12,neutron:SELECT=153,neutron:DELETE=1 {{(pid=103222) stat_writer /opt/stack/data/venv/lib/python3.12/site-packages/dbcounter.py:115}}
May 20 22:15:02.123510 np0000175526 devstack@neutron-api.service[103222]: DEBUG futurist.periodics [-] Submitting periodic callback 'neutron.plugins.ml2.drivers.ovn.mech_driver.ovsdb.maintenance.HashRingHealthCheckPeriodics.touch_hash_ring_node' {{(pid=103222) _process_scheduled /opt/stack/data/venv/lib/python3.12/site-packages/futurist/periodics.py:784}}
May 20 22:15:02.123510 np0000175526 devstack@neutron-api.service[103222]: DEBUG neutron.plugins.ml2.drivers.ovn.mech_driver.ovsdb.maintenance [-] Touching Hash Ring node "ee997792c55a523197a02354c702709f" from periodic health check thread {{(pid=103222) touch_hash_ring_node /opt/stack/neutron/neutron/plugins/ml2/drivers/ovn/mech_driver/ovsdb/maintenance.py:1466}}
May 20 22:15:02.148363 np0000175526 devstack@neutron-api.service[103221]: DEBUG dbcounter [-] [103221] Writing DB stats neutron:UPDATE=7,neutron:SELECT=281,neutron:INSERT=12,neutron:DELETE=2 {{(pid=103221) stat_writer /opt/stack/data/venv/lib/python3.12/site-packages/dbcounter.py:115}}
May 20 22:15:03.036945 np0000175526 devstack@neutron-api.service[103221]: DEBUG futurist.periodics [-] Submitting periodic callback 'neutron.plugins.ml2.drivers.ovn.mech_driver.ovsdb.maintenance.HashRingHealthCheckPeriodics.touch_hash_ring_node' {{(pid=103221) _process_scheduled /opt/stack/data/venv/lib/python3.12/site-packages/futurist/periodics.py:784}}
May 20 22:15:03.038002 np0000175526 devstack@neutron-api.service[103221]: DEBUG neutron.plugins.ml2.drivers.ovn.mech_driver.ovsdb.maintenance [-] Touching Hash Ring node "640882285d5c5ae0b221b3808dd2c5f8" from periodic health check thread {{(pid=103221) touch_hash_ring_node /opt/stack/neutron/neutron/plugins/ml2/drivers/ovn/mech_driver/ovsdb/maintenance.py:1466}}
May 20 22:15:03.090482 np0000175526 devstack@neutron-api.service[103220]: DEBUG futurist.periodics [-] Submitting periodic callback 'neutron.plugins.ml2.drivers.ovn.mech_driver.ovsdb.maintenance.HashRingHealthCheckPeriodics.touch_hash_ring_node' {{(pid=103220) _process_scheduled /opt/stack/data/venv/lib/python3.12/site-packages/futurist/periodics.py:784}}
May 20 22:15:03.091169 np0000175526 devstack@neutron-api.service[103220]: DEBUG neutron.plugins.ml2.drivers.ovn.mech_driver.ovsdb.maintenance [-] Touching Hash Ring node "2acd8d70c7225335bb84b8abe9382cf1" from periodic health check thread {{(pid=103220) touch_hash_ring_node /opt/stack/neutron/neutron/plugins/ml2/drivers/ovn/mech_driver/ovsdb/maintenance.py:1466}}
May 20 22:15:03.149398 np0000175526 devstack@neutron-api.service[103219]: DEBUG futurist.periodics [-] Submitting periodic callback 'neutron.plugins.ml2.drivers.ovn.mech_driver.ovsdb.maintenance.HashRingHealthCheckPeriodics.touch_hash_ring_node' {{(pid=103219) _process_scheduled /opt/stack/data/venv/lib/python3.12/site-packages/futurist/periodics.py:784}}
May 20 22:15:03.150126 np0000175526 devstack@neutron-api.service[103219]: DEBUG neutron.plugins.ml2.drivers.ovn.mech_driver.ovsdb.maintenance [-] Touching Hash Ring node "ee3649a068eb540aba99ef9b8790214c" from periodic health check thread {{(pid=103219) touch_hash_ring_node /opt/stack/neutron/neutron/plugins/ml2/drivers/ovn/mech_driver/ovsdb/maintenance.py:1466}}
May 20 22:15:06.208885 np0000175526 devstack@neutron-api.service[103220]: [pid: 103220|app: 0|req: 27/108] 199.204.45.115 () {62 vars in 1059 bytes} [Wed May 20 22:15:06 2026] GET /networking => generated 130 bytes in 3 msecs (HTTP/1.1 200) 3 headers in 91 bytes (1 switches on core 0)
May 20 22:15:06.313268 np0000175526 devstack@neutron-api.service[103219]: DEBUG neutron.pecan_wsgi.hooks.policy_enforcement [None req-c60358ff-21d1-4acc-b6cb-f84cb145e5b8 demo demo] Attributes excluded by policy engine: ['standard_attr_id', 'provider:network_type', 'provider:physical_network', 'provider:segmentation_id'] {{(pid=103219) _exclude_attributes_by_policy /opt/stack/neutron/neutron/pecan_wsgi/hooks/policy_enforcement.py:256}}
May 20 22:15:06.314110 np0000175526 devstack@neutron-api.service[103219]: [pid: 103219|app: 0|req: 27/109] 199.204.45.115 () {64 vars in 1348 bytes} [Wed May 20 22:15:06 2026] GET /networking/v2.0/networks?router%3Aexternal=True => generated 659 bytes in 62 msecs (HTTP/1.1 200) 4 headers in 157 bytes (1 switches on core 0)
May 20 22:15:11.818366 np0000175526 devstack@neutron-api.service[103222]: [pid: 103222|app: 0|req: 29/110] 199.204.45.115 () {62 vars in 1059 bytes} [Wed May 20 22:15:11 2026] GET /networking => generated 130 bytes in 3 msecs (HTTP/1.1 200) 3 headers in 91 bytes (1 switches on core 0)
May 20 22:15:11.914318 np0000175526 devstack@neutron-api.service[103221]: DEBUG neutron.pecan_wsgi.hooks.policy_enforcement [None req-5e51e89c-274c-47a5-8cb8-3547646334fe demo demo] Attributes excluded by policy engine: ['standard_attr_id', 'provider:network_type', 'provider:physical_network', 'provider:segmentation_id'] {{(pid=103221) _exclude_attributes_by_policy /opt/stack/neutron/neutron/pecan_wsgi/hooks/policy_enforcement.py:256}}
May 20 22:15:11.915065 np0000175526 devstack@neutron-api.service[103221]: [pid: 103221|app: 0|req: 28/111] 199.204.45.115 () {64 vars in 1348 bytes} [Wed May 20 22:15:11 2026] GET /networking/v2.0/networks?router%3Aexternal=True => generated 659 bytes in 57 msecs (HTTP/1.1 200) 4 headers in 157 bytes (1 switches on core 0)
May 20 22:15:12.137983 np0000175526 devstack@neutron-api.service[103222]: DEBUG dbcounter [-] [103222] Writing DB stats neutron:UPDATE=1,neutron:SELECT=1 {{(pid=103222) stat_writer /opt/stack/data/venv/lib/python3.12/site-packages/dbcounter.py:115}}
May 20 22:15:13.101582 np0000175526 devstack@neutron-api.service[103220]: DEBUG dbcounter [-] [103220] Writing DB stats neutron:UPDATE=1,neutron:SELECT=1 {{(pid=103220) stat_writer /opt/stack/data/venv/lib/python3.12/site-packages/dbcounter.py:115}}
May 20 22:15:16.308411 np0000175526 devstack@neutron-api.service[103219]: DEBUG dbcounter [-] [103219] Writing DB stats neutron:UPDATE=1,neutron:SELECT=18 {{(pid=103219) stat_writer /opt/stack/data/venv/lib/python3.12/site-packages/dbcounter.py:115}}
May 20 22:15:17.123646 np0000175526 devstack@neutron-api.service[103222]: DEBUG futurist.periodics [-] Submitting periodic callback 'neutron.plugins.ml2.drivers.ovn.mech_driver.ovsdb.maintenance.HashRingHealthCheckPeriodics.touch_hash_ring_node' {{(pid=103222) _process_scheduled /opt/stack/data/venv/lib/python3.12/site-packages/futurist/periodics.py:784}}
May 20 22:15:17.124959 np0000175526 devstack@neutron-api.service[103222]: DEBUG neutron.plugins.ml2.drivers.ovn.mech_driver.ovsdb.maintenance [-] Touching Hash Ring node "ee997792c55a523197a02354c702709f" from periodic health check thread {{(pid=103222) touch_hash_ring_node /opt/stack/neutron/neutron/plugins/ml2/drivers/ovn/mech_driver/ovsdb/maintenance.py:1466}}
May 20 22:15:18.038256 np0000175526 devstack@neutron-api.service[103221]: DEBUG futurist.periodics [-] Submitting periodic callback 'neutron.plugins.ml2.drivers.ovn.mech_driver.ovsdb.maintenance.HashRingHealthCheckPeriodics.touch_hash_ring_node' {{(pid=103221) _process_scheduled /opt/stack/data/venv/lib/python3.12/site-packages/futurist/periodics.py:784}}
May 20 22:15:18.038780 np0000175526 devstack@neutron-api.service[103221]: DEBUG neutron.plugins.ml2.drivers.ovn.mech_driver.ovsdb.maintenance [-] Touching Hash Ring node "640882285d5c5ae0b221b3808dd2c5f8" from periodic health check thread {{(pid=103221) touch_hash_ring_node /opt/stack/neutron/neutron/plugins/ml2/drivers/ovn/mech_driver/ovsdb/maintenance.py:1466}}
May 20 22:15:18.091428 np0000175526 devstack@neutron-api.service[103220]: DEBUG futurist.periodics [-] Submitting periodic callback 'neutron.plugins.ml2.drivers.ovn.mech_driver.ovsdb.maintenance.HashRingHealthCheckPeriodics.touch_hash_ring_node' {{(pid=103220) _process_scheduled /opt/stack/data/venv/lib/python3.12/site-packages/futurist/periodics.py:784}}
May 20 22:15:18.091937 np0000175526 devstack@neutron-api.service[103220]: DEBUG neutron.plugins.ml2.drivers.ovn.mech_driver.ovsdb.maintenance [-] Touching Hash Ring node "2acd8d70c7225335bb84b8abe9382cf1" from periodic health check thread {{(pid=103220) touch_hash_ring_node /opt/stack/neutron/neutron/plugins/ml2/drivers/ovn/mech_driver/ovsdb/maintenance.py:1466}}
May 20 22:15:18.150265 np0000175526 devstack@neutron-api.service[103219]: DEBUG futurist.periodics [-] Submitting periodic callback 'neutron.plugins.ml2.drivers.ovn.mech_driver.ovsdb.maintenance.HashRingHealthCheckPeriodics.touch_hash_ring_node' {{(pid=103219) _process_scheduled /opt/stack/data/venv/lib/python3.12/site-packages/futurist/periodics.py:784}}
May 20 22:15:18.150916 np0000175526 devstack@neutron-api.service[103219]: DEBUG neutron.plugins.ml2.drivers.ovn.mech_driver.ovsdb.maintenance [-] Touching Hash Ring node "ee3649a068eb540aba99ef9b8790214c" from periodic health check thread {{(pid=103219) touch_hash_ring_node /opt/stack/neutron/neutron/plugins/ml2/drivers/ovn/mech_driver/ovsdb/maintenance.py:1466}}
May 20 22:15:27.136048 np0000175526 devstack@neutron-api.service[103222]: DEBUG dbcounter [-] [103222] Writing DB stats neutron:UPDATE=1,neutron:SELECT=1 {{(pid=103222) stat_writer /opt/stack/data/venv/lib/python3.12/site-packages/dbcounter.py:115}}
May 20 22:15:28.050264 np0000175526 devstack@neutron-api.service[103221]: DEBUG dbcounter [-] [103221] Writing DB stats neutron:UPDATE=2,neutron:SELECT=19 {{(pid=103221) stat_writer /opt/stack/data/venv/lib/python3.12/site-packages/dbcounter.py:115}}
May 20 22:15:28.105566 np0000175526 devstack@neutron-api.service[103220]: DEBUG dbcounter [-] [103220] Writing DB stats neutron:UPDATE=1,neutron:SELECT=1 {{(pid=103220) stat_writer /opt/stack/data/venv/lib/python3.12/site-packages/dbcounter.py:115}}
May 20 22:15:28.161853 np0000175526 devstack@neutron-api.service[103219]: DEBUG dbcounter [-] [103219] Writing DB stats neutron:UPDATE=1,neutron:SELECT=1 {{(pid=103219) stat_writer /opt/stack/data/venv/lib/python3.12/site-packages/dbcounter.py:115}}