2026-05-06 06:20:31.469 8 INFO neutron_taas.services.taas.tap_mirror_plugin [None req-6b3d0f0a-3804-4b00-acf4-08332fd623ab 6d9b313c8c0f4f19bfcf8934c501b1a4 88133287343e4697a69f05b7e330dc8b - - default default] Tap Mirror: Handle Delete Port: b17015d1-dd86-462e-a42a-333a23f7531e [pid: 7|app: 0|req: 654/1330] 10.0.0.15 () {34 vars in 981 bytes} [Wed May 6 06:20:31 2026] GET /v2.0/networks?id=6db93f4b-4068-4524-8f9b-4ee2a99d34c3 => generated 710 bytes in 53 msecs (HTTP/1.1 200) 4 headers in 157 bytes (1 switches on core 0) [pid: 7|app: 0|req: 655/1331] 10.0.0.15 () {34 vars in 964 bytes} [Wed May 6 06:20:31 2026] GET /v2.0/quotas/cea0125760134e50b1b788c02b3afe50 => generated 292 bytes in 13 msecs (HTTP/1.1 200) 4 headers in 157 bytes (1 switches on core 0) [pid: 7|app: 0|req: 656/1332] 10.0.0.15 () {34 vars in 1001 bytes} [Wed May 6 06:20:31 2026] GET /v2.0/ports?tenant_id=cea0125760134e50b1b788c02b3afe50&fields=id => generated 103 bytes in 93 msecs (HTTP/1.1 200) 4 headers in 157 bytes (1 switches on core 0) [pid: 7|app: 0|req: 657/1333] 10.0.0.15 () {34 vars in 1007 bytes} [Wed May 6 06:20:31 2026] GET /v2.0/networks/6db93f4b-4068-4524-8f9b-4ee2a99d34c3?fields=segments => generated 14 bytes in 27 msecs (HTTP/1.1 200) 4 headers in 156 bytes (1 switches on core 0) [pid: 7|app: 0|req: 658/1334] 10.0.0.15 () {34 vars in 1107 bytes} [Wed May 6 06:20:31 2026] GET /v2.0/networks/6db93f4b-4068-4524-8f9b-4ee2a99d34c3?fields=provider%3Aphysical_network&fields=provider%3Anetwork_type => generated 79 bytes in 65 msecs (HTTP/1.1 200) 4 headers in 156 bytes (1 switches on core 0) [pid: 8|app: 0|req: 677/1335] 10.0.0.139 () {34 vars in 789 bytes} [Wed May 6 06:20:31 2026] PUT /v2.0/routers/77116573-c436-448c-b20d-5dc32be70edd/remove_router_interface => generated 309 bytes in 835 msecs (HTTP/1.1 200) 4 headers in 157 bytes (1 switches on core 0) /var/lib/openstack/lib/python3.12/site-packages/pycadf/identifier.py:70: UserWarning: Invalid uuid: neutron. To ensure interoperability, identifiers should be a valid uuid. warnings.warn(('Invalid uuid: %s. To ensure interoperability, ' [pid: 8|app: 0|req: 678/1336] 10.0.0.15 () {34 vars in 989 bytes} [Wed May 6 06:20:32 2026] GET /v2.0/ports?device_id=4c4e21cf-7764-4f77-be1d-111b5022612f => generated 12 bytes in 24 msecs (HTTP/1.1 200) 4 headers in 156 bytes (1 switches on core 0) [pid: 8|app: 0|req: 679/1337] 199.19.213.216 () {34 vars in 994 bytes} [Wed May 6 06:20:32 2026] GET /v2.0/ports?device_id=15501be3-60e1-48bf-bb46-6efe5116bca3 => generated 971 bytes in 39 msecs (HTTP/1.1 200) 4 headers in 157 bytes (1 switches on core 0)
2026-05-06 06:20:32.264 8 INFO neutron_taas.services.taas.taas_plugin [req-b9626822-1dfe-4767-9e0b-f470ef54845a req-8e7c8345-7fd3-40a6-b769-746b93f89246 af65381b6957424ab80b5400219b90f9 13d259eb09db440ea5cf1eb789ddcab5 - - default default] TaaS: Handle Delete Port: a9b9d0f1-fddb-413e-a0f1-b24b30a4bd3a
2026-05-06 06:20:32.267 8 INFO neutron_taas.services.taas.tap_mirror_plugin [req-b9626822-1dfe-4767-9e0b-f470ef54845a req-8e7c8345-7fd3-40a6-b769-746b93f89246 af65381b6957424ab80b5400219b90f9 13d259eb09db440ea5cf1eb789ddcab5 - - default default] Tap Mirror: Handle Delete Port: a9b9d0f1-fddb-413e-a0f1-b24b30a4bd3a [pid: 8|app: 0|req: 680/1338] 199.19.213.216 () {36 vars in 997 bytes} [Wed May 6 06:20:32 2026] DELETE /v2.0/ports/a9b9d0f1-fddb-413e-a0f1-b24b30a4bd3a => generated 0 bytes in 259 msecs (HTTP/1.1 204) 3 headers in 131 bytes (1 switches on core 0)
2026-05-06 06:20:32.419 7 INFO neutron_taas.services.taas.taas_plugin [None req-96bd6d8b-4dd4-4cb9-aa3e-73efb45f2b28 6d9b313c8c0f4f19bfcf8934c501b1a4 88133287343e4697a69f05b7e330dc8b - - default default] TaaS: Handle Delete Port: ee37042e-36f2-4eb3-bdf0-e4b1ae0d2a76
2026-05-06 06:20:32.435 7 INFO neutron_taas.services.taas.tap_mirror_plugin [None req-96bd6d8b-4dd4-4cb9-aa3e-73efb45f2b28 6d9b313c8c0f4f19bfcf8934c501b1a4 88133287343e4697a69f05b7e330dc8b - - default default] Tap Mirror: Handle Delete Port: ee37042e-36f2-4eb3-bdf0-e4b1ae0d2a76 [pid: 8|app: 0|req: 681/1339] 10.0.0.15 () {34 vars in 989 bytes} [Wed May 6 06:20:32 2026] GET /v2.0/ports?device_id=15501be3-60e1-48bf-bb46-6efe5116bca3 => generated 12 bytes in 39 msecs (HTTP/1.1 200) 4 headers in 156 bytes (1 switches on core 0)
2026-05-06 06:20:32.466 8 INFO neutron.notifiers.nova [-] Nova event matching ['req-a3418b79-20fc-439a-908f-08b5bc1e3e7e'] response: {'server_uuid': '15501be3-60e1-48bf-bb46-6efe5116bca3', 'name': 'network-vif-deleted', 'tag': 'a9b9d0f1-fddb-413e-a0f1-b24b30a4bd3a', 'status': 'completed', 'code': 200} [pid: 7|app: 0|req: 659/1340] 10.0.0.139 () {32 vars in 724 bytes} [Wed May 6 06:20:32 2026] DELETE /v2.0/routers/77116573-c436-448c-b20d-5dc32be70edd => generated 0 bytes in 768 msecs (HTTP/1.1 204) 2 headers in 112 bytes (1 switches on core 0) [pid: 8|app: 0|req: 682/1341] 10.0.0.139 () {32 vars in 724 bytes} [Wed May 6 06:20:32 2026] DELETE /v2.0/subnets/ccd0fa26-d9dd-4e5d-95ac-0c86c660cb70 => generated 0 bytes in 127 msecs (HTTP/1.1 204) 3 headers in 131 bytes (1 switches on core 0)
2026-05-06 06:20:33.048 7 INFO neutron_taas.services.taas.taas_plugin [None req-7eeeebf0-cbc8-4fd7-b428-335661819a2c 6d9b313c8c0f4f19bfcf8934c501b1a4 88133287343e4697a69f05b7e330dc8b - - default default] TaaS: Handle Delete Port: fc098264-4c5f-41d3-ab4c-95d4f73a151a
2026-05-06 06:20:33.050 7 INFO neutron_taas.services.taas.tap_mirror_plugin [None req-7eeeebf0-cbc8-4fd7-b428-335661819a2c 6d9b313c8c0f4f19bfcf8934c501b1a4 88133287343e4697a69f05b7e330dc8b - - default default] Tap Mirror: Handle Delete Port: fc098264-4c5f-41d3-ab4c-95d4f73a151a [pid: 8|app: 0|req: 683/1342] 10.0.0.15 () {34 vars in 989 bytes} [Wed May 6 06:20:33 2026] GET /v2.0/ports?device_id=4c4e21cf-7764-4f77-be1d-111b5022612f => generated 12 bytes in 23 msecs (HTTP/1.1 200) 4 headers in 156 bytes (1 switches on core 0)
2026-05-06 06:20:33.240 7 INFO neutron.services.segments.plugin [-] Segment 37580e0c-abe0-48c9-8c45-e374a00bf56e resource provider aggregate not found
2026-05-06 06:20:33.243 7 INFO neutron.services.segments.plugin [-] Segment 37580e0c-abe0-48c9-8c45-e374a00bf56e resource provider aggregate not found
2026-05-06 06:20:33.264 7 INFO neutron.services.segments.plugin [-] Segment 37580e0c-abe0-48c9-8c45-e374a00bf56e resource provider not found; error: Placement Client Error (4xx): {"errors": [{"status": 404, "title": "Not Found", "detail": "The resource could not be found.\n\n No resource provider with uuid 37580e0c-abe0-48c9-8c45-e374a00bf56e found for delete ", "request_id": "req-1b49a111-16bd-4cfe-9087-48fce3d0d4c3"}]}
2026-05-06 06:20:33.266 7 INFO neutron.services.segments.plugin [-] Segment 37580e0c-abe0-48c9-8c45-e374a00bf56e resource provider not found; error: Placement Client Error (4xx): {"errors": [{"status": 404, "title": "Not Found", "detail": "The resource could not be found.\n\n No resource provider with uuid 37580e0c-abe0-48c9-8c45-e374a00bf56e found for delete ", "request_id": "req-bb400a5e-e527-4b16-b6fc-4b70dab89f28"}]}
2026-05-06 06:20:33.274 7 WARNING neutron.plugins.ml2.drivers.ovn.mech_driver.ovsdb.ovn_client [None req-e99c70bd-bd26-42a9-9158-d667165afb38 - - - - - -] No port found with ID b17015d1-dd86-462e-a42a-333a23f7531e: RuntimeError: No port found with ID b17015d1-dd86-462e-a42a-333a23f7531e
2026-05-06 06:20:33.291 7 INFO neutron.plugins.ml2.drivers.ovn.mech_driver.mech_driver [None req-e99c70bd-bd26-42a9-9158-d667165afb38 - - - - - -] OVN reports status down for port: 0ff304f4-6826-48ea-8388-f6c7cd84c16f [pid: 7|app: 0|req: 660/1343] 10.0.0.139 () {32 vars in 726 bytes} [Wed May 6 06:20:32 2026] DELETE /v2.0/networks/ec70b7bf-fbb0-40e0-9ac8-8f809afc7d9a => generated 0 bytes in 387 msecs (HTTP/1.1 204) 3 headers in 131 bytes (1 switches on core 0) [pid: 7|app: 0|req: 662/1346] 10.0.0.15 () {34 vars in 989 bytes} [Wed May 6 06:20:33 2026] GET /v2.0/ports?device_id=15501be3-60e1-48bf-bb46-6efe5116bca3 => generated 12 bytes in 35 msecs (HTTP/1.1 200) 4 headers in 156 bytes (1 switches on core 0)
2026-05-06 06:20:33.625 7 INFO neutron.db.ovn_revision_numbers_db [None req-e99c70bd-bd26-42a9-9158-d667165afb38 - - - - - -] Successfully bumped revision number for resource 0ff304f4-6826-48ea-8388-f6c7cd84c16f (type: ports) to 6
2026-05-06 06:20:33.717 7 WARNING neutron.plugins.ml2.drivers.ovn.mech_driver.ovsdb.ovn_client [None req-0660f877-861b-4f27-a8e9-0f21601d725e - - - - - -] Logical_Switch_Port 0ff304f4-6826-48ea-8388-f6c7cd84c16f host information not removed, the port state is up
2026-05-06 06:20:33.717 7 INFO neutron.plugins.ml2.drivers.ovn.mech_driver.mech_driver [None req-0660f877-861b-4f27-a8e9-0f21601d725e - - - - - -] OVN reports status up for port: 0ff304f4-6826-48ea-8388-f6c7cd84c16f
2026-05-06 06:20:33.727 7 INFO neutron.plugins.ml2.plugin [None req-0660f877-861b-4f27-a8e9-0f21601d725e - - - - - -] Attempt 1 to provision port 0ff304f4-6826-48ea-8388-f6c7cd84c16f [pid: 8|app: 0|req: 685/1347] 10.0.0.139 () {32 vars in 774 bytes} [Wed May 6 06:20:33 2026] GET /v2.0/security-groups?tenant_id=88133287343e4697a69f05b7e330dc8b&name=default => generated 2925 bytes in 161 msecs (HTTP/1.1 200) 4 headers in 158 bytes (1 switches on core 0)
2026-05-06 06:20:34.094 7 INFO neutron.db.ovn_revision_numbers_db [None req-0660f877-861b-4f27-a8e9-0f21601d725e - - - - - -] Successfully bumped revision number for resource 0ff304f4-6826-48ea-8388-f6c7cd84c16f (type: ports) to 7 [pid: 8|app: 0|req: 686/1348] 10.0.0.15 () {34 vars in 989 bytes} [Wed May 6 06:20:34 2026] GET /v2.0/ports?device_id=4c4e21cf-7764-4f77-be1d-111b5022612f => generated 12 bytes in 19 msecs (HTTP/1.1 200) 4 headers in 156 bytes (1 switches on core 0) [pid: 7|app: 0|req: 663/1349] 10.0.0.139 () {32 vars in 740 bytes} [Wed May 6 06:20:33 2026] DELETE /v2.0/security-groups/afd636a2-3773-4b31-91ec-77887760d9b8 => generated 0 bytes in 396 msecs (HTTP/1.1 204) 2 headers in 112 bytes (1 switches on core 0)
2026-05-06 06:20:34.595 8 WARNING neutron.plugins.ml2.drivers.ovn.mech_driver.ovsdb.ovn_client [None req-62f0c09e-928c-42bd-8bbc-a4238dae94f8 - - - - - -] No hosting information found for port 3298634e-d278-488e-8610-f21c2a9fc744: RuntimeError: No hosting information found for port 3298634e-d278-488e-8610-f21c2a9fc744 [pid: 8|app: 0|req: 687/1350] 10.0.0.15 () {34 vars in 989 bytes} [Wed May 6 06:20:34 2026] GET /v2.0/ports?device_id=15501be3-60e1-48bf-bb46-6efe5116bca3 => generated 12 bytes in 29 msecs (HTTP/1.1 200) 4 headers in 156 bytes (1 switches on core 0)
2026-05-06 06:20:34.677 8 INFO neutron.db.ovn_revision_numbers_db [None req-62f0c09e-928c-42bd-8bbc-a4238dae94f8 - - - - - -] Successfully bumped revision number for resource 3298634e-d278-488e-8610-f21c2a9fc744 (type: router_ports) to 2
2026-05-06 06:20:34.711 8 INFO neutron.plugins.ml2.drivers.ovn.mech_driver.mech_driver [None req-62f0c09e-928c-42bd-8bbc-a4238dae94f8 - - - - - -] OVN reports status down for port: a9b9d0f1-fddb-413e-a0f1-b24b30a4bd3a /var/lib/openstack/lib/python3.12/site-packages/pycadf/identifier.py:70: UserWarning: Invalid uuid: neutron. To ensure interoperability, identifiers should be a valid uuid. warnings.warn(('Invalid uuid: %s. To ensure interoperability, '
2026-05-06 06:20:35.002 7 INFO neutron.db.ovn_revision_numbers_db [None req-91e37890-c21e-4f08-9570-e13319f6365a dec6e8e9348d4b1b8019fd3767dada36 5676a73a35b84dbeb9da40a6d819d308 - - default default] Successfully bumped revision number for resource ccffdfbf-b0d1-4e10-8890-4cc2f853c574 (type: security_groups) to 1
2026-05-06 06:20:35.011 7 INFO neutron.db.ovn_revision_numbers_db [None req-91e37890-c21e-4f08-9570-e13319f6365a dec6e8e9348d4b1b8019fd3767dada36 5676a73a35b84dbeb9da40a6d819d308 - - default default] Successfully bumped revision number for resource 497bf581-2dee-40b8-8e45-2e5fdc8d7151 (type: security_group_rules) to 0
2026-05-06 06:20:35.023 7 INFO neutron.db.ovn_revision_numbers_db [None req-91e37890-c21e-4f08-9570-e13319f6365a dec6e8e9348d4b1b8019fd3767dada36 5676a73a35b84dbeb9da40a6d819d308 - - default default] Successfully bumped revision number for resource 5175e72e-ed43-433d-b950-ade4113b9f7c (type: security_group_rules) to 0
2026-05-06 06:20:35.034 7 INFO neutron.db.ovn_revision_numbers_db [None req-91e37890-c21e-4f08-9570-e13319f6365a dec6e8e9348d4b1b8019fd3767dada36 5676a73a35b84dbeb9da40a6d819d308 - - default default] Successfully bumped revision number for resource ed5efa7a-9b0f-4402-8b98-75053ba2055c (type: security_group_rules) to 0
2026-05-06 06:20:35.044 7 INFO neutron.db.ovn_revision_numbers_db [None req-91e37890-c21e-4f08-9570-e13319f6365a dec6e8e9348d4b1b8019fd3767dada36 5676a73a35b84dbeb9da40a6d819d308 - - default default] Successfully bumped revision number for resource f48a4c1b-b358-4e8f-8e38-89350c723fcc (type: security_group_rules) to 0 [pid: 7|app: 0|req: 664/1351] 10.0.0.139 () {32 vars in 774 bytes} [Wed May 6 06:20:34 2026] GET /v2.0/security-groups?tenant_id=247448b9d49a4a83a4bed2878c2b46b6&name=default => generated 2925 bytes in 298 msecs (HTTP/1.1 200) 4 headers in 158 bytes (1 switches on core 0) [pid: 8|app: 0|req: 688/1352] 10.0.0.139 () {32 vars in 740 bytes} [Wed May 6 06:20:35 2026] DELETE /v2.0/security-groups/ccffdfbf-b0d1-4e10-8890-4cc2f853c574 => generated 0 bytes in 188 msecs (HTTP/1.1 204) 2 headers in 112 bytes (1 switches on core 0) [pid: 7|app: 0|req: 665/1353] 10.0.0.15 () {34 vars in 989 bytes} [Wed May 6 06:20:35 2026] GET /v2.0/ports?device_id=4c4e21cf-7764-4f77-be1d-111b5022612f => generated 12 bytes in 23 msecs (HTTP/1.1 200) 4 headers in 156 bytes (1 switches on core 0)
2026-05-06 06:20:35.479 8 INFO neutron.db.ovn_revision_numbers_db [None req-746a8c49-c285-45de-bfe8-3d64a113666b dec6e8e9348d4b1b8019fd3767dada36 5676a73a35b84dbeb9da40a6d819d308 - - default default] Successfully bumped revision number for resource 2cb184cb-0751-4c43-8ea4-d0247d4fd976 (type: security_groups) to 1
2026-05-06 06:20:35.491 8 INFO neutron.db.ovn_revision_numbers_db [None req-746a8c49-c285-45de-bfe8-3d64a113666b dec6e8e9348d4b1b8019fd3767dada36 5676a73a35b84dbeb9da40a6d819d308 - - default default] Successfully bumped revision number for resource 40e819cb-88af-40f8-ae6e-d4ded88c5cac (type: security_group_rules) to 0
2026-05-06 06:20:35.501 8 INFO neutron.db.ovn_revision_numbers_db [None req-746a8c49-c285-45de-bfe8-3d64a113666b dec6e8e9348d4b1b8019fd3767dada36 5676a73a35b84dbeb9da40a6d819d308 - - default default] Successfully bumped revision number for resource 4db24248-8f75-4313-af63-46c6ab22cb9d (type: security_group_rules) to 0
2026-05-06 06:20:35.511 8 INFO neutron.db.ovn_revision_numbers_db [None req-746a8c49-c285-45de-bfe8-3d64a113666b dec6e8e9348d4b1b8019fd3767dada36 5676a73a35b84dbeb9da40a6d819d308 - - default default] Successfully bumped revision number for resource 51b01bbb-0bfa-4911-a1d3-857fe43f9488 (type: security_group_rules) to 0
2026-05-06 06:20:35.521 8 INFO neutron.db.ovn_revision_numbers_db [None req-746a8c49-c285-45de-bfe8-3d64a113666b dec6e8e9348d4b1b8019fd3767dada36 5676a73a35b84dbeb9da40a6d819d308 - - default default] Successfully bumped revision number for resource 77f8560b-b4fa-43f1-b9db-5fc2b904a192 (type: security_group_rules) to 0 [pid: 8|app: 0|req: 689/1354] 10.0.0.139 () {32 vars in 774 bytes} [Wed May 6 06:20:35 2026] GET /v2.0/security-groups?tenant_id=d8113e48cf81482e91e846d55abd1944&name=default => generated 2925 bytes in 168 msecs (HTTP/1.1 200) 4 headers in 158 bytes (1 switches on core 0) [pid: 8|app: 0|req: 690/1355] 10.0.0.15 () {34 vars in 989 bytes} [Wed May 6 06:20:35 2026] GET /v2.0/ports?device_id=15501be3-60e1-48bf-bb46-6efe5116bca3 => generated 12 bytes in 19 msecs (HTTP/1.1 200) 4 headers in 156 bytes (1 switches on core 0) [pid: 7|app: 0|req: 666/1356] 10.0.0.139 () {32 vars in 740 bytes} [Wed May 6 06:20:35 2026] DELETE /v2.0/security-groups/2cb184cb-0751-4c43-8ea4-d0247d4fd976 => generated 0 bytes in 183 msecs (HTTP/1.1 204) 2 headers in 112 bytes (1 switches on core 0)
2026-05-06 06:20:36.290 8 INFO neutron.db.ovn_revision_numbers_db [None req-39b01a8a-f07d-4d96-bf8d-e422249b03b6 72c3d3371c2e4980a7932e0a8f824ddb 43574ef6dba543f98c4230568144332a - - default default] Successfully bumped revision number for resource 8613e229-14f1-4f4f-bead-345ac7f21faa (type: security_groups) to 1
2026-05-06 06:20:36.302 8 INFO neutron.db.ovn_revision_numbers_db [None req-39b01a8a-f07d-4d96-bf8d-e422249b03b6 72c3d3371c2e4980a7932e0a8f824ddb 43574ef6dba543f98c4230568144332a - - default default] Successfully bumped revision number for resource 34d8beba-8f7c-4aa4-b21c-a5f288302903 (type: security_group_rules) to 0
2026-05-06 06:20:36.323 8 INFO neutron.db.ovn_revision_numbers_db [None req-39b01a8a-f07d-4d96-bf8d-e422249b03b6 72c3d3371c2e4980a7932e0a8f824ddb 43574ef6dba543f98c4230568144332a - - default default] Successfully bumped revision number for resource 38556279-bbce-4597-afa0-68cf9a357200 (type: security_group_rules) to 0
2026-05-06 06:20:36.340 8 INFO neutron.db.ovn_revision_numbers_db [None req-39b01a8a-f07d-4d96-bf8d-e422249b03b6 72c3d3371c2e4980a7932e0a8f824ddb 43574ef6dba543f98c4230568144332a - - default default] Successfully bumped revision number for resource b7114ccd-d221-44d8-ba63-fc980b0b0ca4 (type: security_group_rules) to 0
2026-05-06 06:20:36.350 8 INFO neutron.db.ovn_revision_numbers_db [None req-39b01a8a-f07d-4d96-bf8d-e422249b03b6 72c3d3371c2e4980a7932e0a8f824ddb 43574ef6dba543f98c4230568144332a - - default default] Successfully bumped revision number for resource e3eb1c79-05b4-4d2c-b573-06effe67322a (type: security_group_rules) to 0 [pid: 7|app: 0|req: 667/1357] 199.19.213.216 () {34 vars in 986 bytes} [Wed May 6 06:20:36 2026] GET /v2.0/networks?id=6db93f4b-4068-4524-8f9b-4ee2a99d34c3 => generated 710 bytes in 45 msecs (HTTP/1.1 200) 4 headers in 157 bytes (1 switches on core 0)
2026-05-06 06:20:36.445 8 INFO neutron.db.segments_db [None req-39b01a8a-f07d-4d96-bf8d-e422249b03b6 72c3d3371c2e4980a7932e0a8f824ddb 43574ef6dba543f98c4230568144332a - - default default] Added segment 287d174e-0314-437a-bbe4-92152fe6553b of type geneve for network 42ee8492-bfad-475d-95a7-398b51021351
2026-05-06 06:20:36.539 8 INFO neutron.db.segments_db [None req-39b01a8a-f07d-4d96-bf8d-e422249b03b6 72c3d3371c2e4980a7932e0a8f824ddb 43574ef6dba543f98c4230568144332a - - default default] Added segment ae3e35ad-0a95-4a1b-9c11-09e29d7a229c of type geneve for network 1cba1829-28b8-4a9b-8c73-ae0dc58ec821
2026-05-06 06:20:36.652 8 INFO neutron.db.ovn_revision_numbers_db [None req-39b01a8a-f07d-4d96-bf8d-e422249b03b6 72c3d3371c2e4980a7932e0a8f824ddb 43574ef6dba543f98c4230568144332a - - default default] Successfully bumped revision number for resource 42ee8492-bfad-475d-95a7-398b51021351 (type: networks) to 1
2026-05-06 06:20:36.677 7 WARNING neutron.scheduler.dhcp_agent_scheduler [req-d00564b6-0f53-45e2-8a76-2d81bfcc951a req-8085e683-ced0-476c-93c1-a911174d3fc6 73097c03756d47739fb04d64c32db6f7 cea0125760134e50b1b788c02b3afe50 - - default default] No more DHCP agents
2026-05-06 06:20:36.678 7 WARNING neutron.api.rpc.agentnotifiers.dhcp_rpc_agent_api [req-d00564b6-0f53-45e2-8a76-2d81bfcc951a req-8085e683-ced0-476c-93c1-a911174d3fc6 73097c03756d47739fb04d64c32db6f7 cea0125760134e50b1b788c02b3afe50 - - default default] Unable to schedule network 6db93f4b-4068-4524-8f9b-4ee2a99d34c3: no agents available; will retry on subsequent port and subnet creation events.
2026-05-06 06:20:36.810 7 INFO neutron.db.ovn_revision_numbers_db [req-d00564b6-0f53-45e2-8a76-2d81bfcc951a req-8085e683-ced0-476c-93c1-a911174d3fc6 73097c03756d47739fb04d64c32db6f7 cea0125760134e50b1b788c02b3afe50 - - default default] Successfully bumped revision number for resource a6cd2037-985a-4607-8ef2-28883a9050b1 (type: ports) to 1
2026-05-06 06:20:36.812 8 INFO neutron.plugins.ml2.drivers.ovn.mech_driver.mech_driver [None req-62f0c09e-928c-42bd-8bbc-a4238dae94f8 - - - - - -] OVN reports status down for port: a6cd2037-985a-4607-8ef2-28883a9050b1 [pid: 7|app: 0|req: 668/1358] 199.19.213.216 () {38 vars in 955 bytes} [Wed May 6 06:20:36 2026] POST /v2.0/ports => generated 958 bytes in 462 msecs (HTTP/1.1 201) 4 headers in 162 bytes (1 switches on core 0)
2026-05-06 06:20:36.847 8 WARNING neutron.scheduler.dhcp_agent_scheduler [None req-39b01a8a-f07d-4d96-bf8d-e422249b03b6 72c3d3371c2e4980a7932e0a8f824ddb 43574ef6dba543f98c4230568144332a - - default default] No more DHCP agents /var/lib/openstack/lib/python3.12/site-packages/pycadf/identifier.py:70: UserWarning: Invalid uuid: neutron. To ensure interoperability, identifiers should be a valid uuid. warnings.warn(('Invalid uuid: %s. To ensure interoperability, '
2026-05-06 06:20:36.850 8 WARNING neutron.api.rpc.agentnotifiers.dhcp_rpc_agent_api [None req-39b01a8a-f07d-4d96-bf8d-e422249b03b6 72c3d3371c2e4980a7932e0a8f824ddb 43574ef6dba543f98c4230568144332a - - default default] Unable to schedule network 42ee8492-bfad-475d-95a7-398b51021351: no agents available; will retry on subsequent port and subnet creation events. [pid: 7|app: 0|req: 669/1359] 10.0.0.15 () {34 vars in 989 bytes} [Wed May 6 06:20:36 2026] GET /v2.0/ports?device_id=4c4e21cf-7764-4f77-be1d-111b5022612f => generated 961 bytes in 120 msecs (HTTP/1.1 200) 4 headers in 157 bytes (1 switches on core 0) [pid: 7|app: 0|req: 670/1360] 10.0.0.15 () {34 vars in 989 bytes} [Wed May 6 06:20:36 2026] GET /v2.0/ports?device_id=15501be3-60e1-48bf-bb46-6efe5116bca3 => generated 12 bytes in 15 msecs (HTTP/1.1 200) 4 headers in 156 bytes (1 switches on core 0)
2026-05-06 06:20:36.987 8 INFO neutron.db.ovn_revision_numbers_db [None req-39b01a8a-f07d-4d96-bf8d-e422249b03b6 72c3d3371c2e4980a7932e0a8f824ddb 43574ef6dba543f98c4230568144332a - - default default] Successfully bumped revision number for resource 84d3c349-d683-4316-bdc9-e56045b4fb18 (type: ports) to 1
2026-05-06 06:20:36.989 8 INFO neutron.plugins.ml2.drivers.ovn.mech_driver.mech_driver [None req-62f0c09e-928c-42bd-8bbc-a4238dae94f8 - - - - - -] OVN reports status down for port: 84d3c349-d683-4316-bdc9-e56045b4fb18
2026-05-06 06:20:37.107 8 INFO neutron.db.ovn_revision_numbers_db [None req-39b01a8a-f07d-4d96-bf8d-e422249b03b6 72c3d3371c2e4980a7932e0a8f824ddb 43574ef6dba543f98c4230568144332a - - default default] Successfully bumped revision number for resource 1cba1829-28b8-4a9b-8c73-ae0dc58ec821 (type: networks) to 1
2026-05-06 06:20:37.269 8 WARNING neutron.scheduler.dhcp_agent_scheduler [None req-39b01a8a-f07d-4d96-bf8d-e422249b03b6 72c3d3371c2e4980a7932e0a8f824ddb 43574ef6dba543f98c4230568144332a - - default default] No more DHCP agents
2026-05-06 06:20:37.270 8 WARNING neutron.api.rpc.agentnotifiers.dhcp_rpc_agent_api [None req-39b01a8a-f07d-4d96-bf8d-e422249b03b6 72c3d3371c2e4980a7932e0a8f824ddb 43574ef6dba543f98c4230568144332a - - default default] Unable to schedule network 1cba1829-28b8-4a9b-8c73-ae0dc58ec821: no agents available; will retry on subsequent port and subnet creation events.
2026-05-06 06:20:37.327 7 INFO neutron.db.ovn_revision_numbers_db [req-d00564b6-0f53-45e2-8a76-2d81bfcc951a req-ca959055-2f8d-4726-b260-70dd5c1b486e 4a5654f99ee242648c4273cfa1be5bd1 bef4988308424de29b0b0d368b836475 - - 72cde0e732fa46f690ebc4efe9bbb4e5 72cde0e732fa46f690ebc4efe9bbb4e5] Successfully bumped revision number for resource a6cd2037-985a-4607-8ef2-28883a9050b1 (type: ports) to 2
2026-05-06 06:20:37.354 7 INFO neutron.plugins.ml2.drivers.ovn.mech_driver.mech_driver [None req-35c709bf-3c96-4b9f-8850-beebc9d86d9c - - - - - -] OVN reports status down for port: c5a1742d-edcb-415d-8fc7-ded3cf012f11
2026-05-06 06:20:37.378 8 INFO neutron.db.ovn_revision_numbers_db [None req-39b01a8a-f07d-4d96-bf8d-e422249b03b6 72c3d3371c2e4980a7932e0a8f824ddb 43574ef6dba543f98c4230568144332a - - default default] Successfully bumped revision number for resource c5a1742d-edcb-415d-8fc7-ded3cf012f11 (type: ports) to 1 [pid: 8|app: 0|req: 691/1361] 10.0.0.139 () {34 vars in 670 bytes} [Wed May 6 06:20:36 2026] POST /v2.0/networks => generated 1322 bytes in 1392 msecs (HTTP/1.1 201) 4 headers in 163 bytes (1 switches on core 0) [pid: 8|app: 0|req: 692/1362] 10.0.0.15 () {34 vars in 1039 bytes} [Wed May 6 06:20:37 2026] GET /v2.0/security-groups?id=0cc0994b-90e3-486e-a36c-b5d1d993b548&fields=id&fields=name => generated 88 bytes in 27 msecs (HTTP/1.1 200) 4 headers in 156 bytes (1 switches on core 0)
2026-05-06 06:20:37.591 7 INFO neutron.db.ovn_revision_numbers_db [req-d00564b6-0f53-45e2-8a76-2d81bfcc951a req-ca959055-2f8d-4726-b260-70dd5c1b486e 4a5654f99ee242648c4273cfa1be5bd1 bef4988308424de29b0b0d368b836475 - - 72cde0e732fa46f690ebc4efe9bbb4e5 72cde0e732fa46f690ebc4efe9bbb4e5] Successfully bumped revision number for resource a6cd2037-985a-4607-8ef2-28883a9050b1 (type: ports) to 4 [pid: 7|app: 0|req: 671/1363] 199.19.213.216 () {38 vars in 1028 bytes} [Wed May 6 06:20:36 2026] PUT /v2.0/ports/a6cd2037-985a-4607-8ef2-28883a9050b1 => generated 1208 bytes in 636 msecs (HTTP/1.1 200) 4 headers in 158 bytes (1 switches on core 0) /var/lib/openstack/lib/python3.12/site-packages/pycadf/identifier.py:70: UserWarning: Invalid uuid: neutron. To ensure interoperability, identifiers should be a valid uuid. warnings.warn(('Invalid uuid: %s. To ensure interoperability, '
2026-05-06 06:20:37.657 7 INFO neutron.notifiers.nova [-] Nova event matching ['req-2f64478a-bbb1-4882-b4c4-44ac3f369905'] response: {'name': 'network-changed', 'server_uuid': '4c4e21cf-7764-4f77-be1d-111b5022612f', 'tag': 'a6cd2037-985a-4607-8ef2-28883a9050b1', 'status': 'completed', 'code': 200} [pid: 7|app: 0|req: 672/1364] 10.0.0.139 () {32 vars in 649 bytes} [Wed May 6 06:20:37 2026] GET /v2.0/networks => generated 1971 bytes in 80 msecs (HTTP/1.1 200) 4 headers in 158 bytes (1 switches on core 0)
2026-05-06 06:20:37.704 8 INFO neutron.db.ovn_revision_numbers_db [None req-fc651bb2-441d-4381-b689-ea658cdb4458 f60f1d20bfdb4a468a04ebf5806e2270 79de85dc775f48ea9e16873764508685 - - default default] Successfully bumped revision number for resource ad348d3d-86f7-4c0b-8a02-e9042dde6231 (type: security_groups) to 1
2026-05-06 06:20:37.717 8 INFO neutron.db.ovn_revision_numbers_db [None req-fc651bb2-441d-4381-b689-ea658cdb4458 f60f1d20bfdb4a468a04ebf5806e2270 79de85dc775f48ea9e16873764508685 - - default default] Successfully bumped revision number for resource 7fa2b758-d39a-4cc5-967e-b3aa6b139e86 (type: security_group_rules) to 0
2026-05-06 06:20:37.728 8 INFO neutron.db.ovn_revision_numbers_db [None req-fc651bb2-441d-4381-b689-ea658cdb4458 f60f1d20bfdb4a468a04ebf5806e2270 79de85dc775f48ea9e16873764508685 - - default default] Successfully bumped revision number for resource 939aa9cb-38fe-45f2-b778-8514cbc8eaef (type: security_group_rules) to 0
2026-05-06 06:20:37.738 8 INFO neutron.db.ovn_revision_numbers_db [None req-fc651bb2-441d-4381-b689-ea658cdb4458 f60f1d20bfdb4a468a04ebf5806e2270 79de85dc775f48ea9e16873764508685 - - default default] Successfully bumped revision number for resource b404193f-290c-470b-a433-922c5ac6507e (type: security_group_rules) to 0
2026-05-06 06:20:37.749 8 INFO neutron.db.ovn_revision_numbers_db [None req-fc651bb2-441d-4381-b689-ea658cdb4458 f60f1d20bfdb4a468a04ebf5806e2270 79de85dc775f48ea9e16873764508685 - - default default] Successfully bumped revision number for resource e3fb741b-f8ed-4a62-a444-f38a4b1b0630 (type: security_group_rules) to 0
2026-05-06 06:20:37.796 7 INFO neutron_taas.services.taas.taas_plugin [None req-672ed878-64d5-4850-8e43-55866a72b2cf 72c3d3371c2e4980a7932e0a8f824ddb 43574ef6dba543f98c4230568144332a - - default default] TaaS: Handle Delete Port: 84d3c349-d683-4316-bdc9-e56045b4fb18
2026-05-06 06:20:37.799 7 INFO neutron_taas.services.taas.tap_mirror_plugin [None req-672ed878-64d5-4850-8e43-55866a72b2cf 72c3d3371c2e4980a7932e0a8f824ddb 43574ef6dba543f98c4230568144332a - - default default] Tap Mirror: Handle Delete Port: 84d3c349-d683-4316-bdc9-e56045b4fb18
2026-05-06 06:20:37.819 8 INFO neutron.db.segments_db [None req-fc651bb2-441d-4381-b689-ea658cdb4458 f60f1d20bfdb4a468a04ebf5806e2270 79de85dc775f48ea9e16873764508685 - - default default] Added segment 55701e43-284b-4e91-aee3-8fdd4ca7504b of type geneve for network e71ca14a-3e04-4f37-9eb0-6964f80419e0
2026-05-06 06:20:37.940 8 INFO neutron.db.ovn_revision_numbers_db [None req-fc651bb2-441d-4381-b689-ea658cdb4458 f60f1d20bfdb4a468a04ebf5806e2270 79de85dc775f48ea9e16873764508685 - - default default] Successfully bumped revision number for resource e71ca14a-3e04-4f37-9eb0-6964f80419e0 (type: networks) to 1
2026-05-06 06:20:37.962 7 INFO neutron.services.segments.plugin [-] Segment 287d174e-0314-437a-bbe4-92152fe6553b resource provider aggregate not found
2026-05-06 06:20:37.968 7 INFO neutron.services.segments.plugin [-] Segment 287d174e-0314-437a-bbe4-92152fe6553b resource provider aggregate not found
2026-05-06 06:20:37.974 7 INFO neutron.services.segments.plugin [-] Segment 287d174e-0314-437a-bbe4-92152fe6553b resource provider not found; error: Placement Client Error (4xx): {"errors": [{"status": 404, "title": "Not Found", "detail": "The resource could not be found.\n\n No resource provider with uuid 287d174e-0314-437a-bbe4-92152fe6553b found for delete ", "request_id": "req-54412192-b60e-4450-94a9-64dc86f08e5e"}]}
2026-05-06 06:20:37.988 7 INFO neutron.services.segments.plugin [-] Segment 287d174e-0314-437a-bbe4-92152fe6553b resource provider not found; error: Placement Client Error (4xx): {"errors": [{"status": 404, "title": "Not Found", "detail": "The resource could not be found.\n\n No resource provider with uuid 287d174e-0314-437a-bbe4-92152fe6553b found for delete ", "request_id": "req-ad544075-1367-4c78-a01d-533920ede17b"}]} [pid: 7|app: 0|req: 673/1365] 10.0.0.139 () {32 vars in 726 bytes} [Wed May 6 06:20:37 2026] DELETE /v2.0/networks/42ee8492-bfad-475d-95a7-398b51021351 => generated 0 bytes in 316 msecs (HTTP/1.1 204) 3 headers in 131 bytes (1 switches on core 0)
2026-05-06 06:20:38.132 7 INFO neutron_taas.services.taas.taas_plugin [None req-e54117c4-67be-4a35-91f0-9f493464c638 72c3d3371c2e4980a7932e0a8f824ddb 43574ef6dba543f98c4230568144332a - - default default] TaaS: Handle Delete Port: c5a1742d-edcb-415d-8fc7-ded3cf012f11
2026-05-06 06:20:38.134 7 INFO neutron_taas.services.taas.tap_mirror_plugin [None req-e54117c4-67be-4a35-91f0-9f493464c638 72c3d3371c2e4980a7932e0a8f824ddb 43574ef6dba543f98c4230568144332a - - default default] Tap Mirror: Handle Delete Port: c5a1742d-edcb-415d-8fc7-ded3cf012f11
2026-05-06 06:20:38.153 8 WARNING neutron.scheduler.dhcp_agent_scheduler [None req-fc651bb2-441d-4381-b689-ea658cdb4458 f60f1d20bfdb4a468a04ebf5806e2270 79de85dc775f48ea9e16873764508685 - - default default] No more DHCP agents
2026-05-06 06:20:38.154 8 WARNING neutron.api.rpc.agentnotifiers.dhcp_rpc_agent_api [None req-fc651bb2-441d-4381-b689-ea658cdb4458 f60f1d20bfdb4a468a04ebf5806e2270 79de85dc775f48ea9e16873764508685 - - default default] Unable to schedule network e71ca14a-3e04-4f37-9eb0-6964f80419e0: no agents available; will retry on subsequent port and subnet creation events.
2026-05-06 06:20:38.208 7 INFO neutron.plugins.ml2.drivers.ovn.mech_driver.mech_driver [None req-35c709bf-3c96-4b9f-8850-beebc9d86d9c - - - - - -] OVN reports status down for port: 9cd614c3-edaa-4cdb-85f8-62af10d3b8c0
2026-05-06 06:20:38.242 8 INFO neutron.db.ovn_revision_numbers_db [None req-fc651bb2-441d-4381-b689-ea658cdb4458 f60f1d20bfdb4a468a04ebf5806e2270 79de85dc775f48ea9e16873764508685 - - default default] Successfully bumped revision number for resource 9cd614c3-edaa-4cdb-85f8-62af10d3b8c0 (type: ports) to 1 [pid: 8|app: 0|req: 693/1366] 10.0.0.139 () {34 vars in 670 bytes} [Wed May 6 06:20:37 2026] POST /v2.0/networks => generated 682 bytes in 851 msecs (HTTP/1.1 201) 4 headers in 162 bytes (1 switches on core 0) [pid: 7|app: 0|req: 674/1367] 10.0.0.139 () {32 vars in 726 bytes} [Wed May 6 06:20:38 2026] DELETE /v2.0/networks/1cba1829-28b8-4a9b-8c73-ae0dc58ec821 => generated 0 bytes in 497 msecs (HTTP/1.1 204) 3 headers in 131 bytes (1 switches on core 0) [pid: 7|app: 0|req: 675/1368] 199.19.213.216 () {34 vars in 1080 bytes} [Wed May 6 06:20:38 2026] GET /v2.0/ports?tenant_id=cea0125760134e50b1b788c02b3afe50&device_id=4c4e21cf-7764-4f77-be1d-111b5022612f => generated 1211 bytes in 33 msecs (HTTP/1.1 200) 4 headers in 158 bytes (1 switches on core 0)
2026-05-06 06:20:38.568 8 INFO neutron_taas.services.taas.taas_plugin [None req-a73ed20a-c7eb-4eab-b981-5b678b327f24 dec6e8e9348d4b1b8019fd3767dada36 5676a73a35b84dbeb9da40a6d819d308 - - default default] TaaS: Handle Delete Port: d71746ed-7fae-4074-b2a4-e4946046a4fd
2026-05-06 06:20:38.570 8 INFO neutron_taas.services.taas.tap_mirror_plugin [None req-a73ed20a-c7eb-4eab-b981-5b678b327f24 dec6e8e9348d4b1b8019fd3767dada36 5676a73a35b84dbeb9da40a6d819d308 - - default default] Tap Mirror: Handle Delete Port: d71746ed-7fae-4074-b2a4-e4946046a4fd
2026-05-06 06:20:38.775 7 WARNING neutron.scheduler.dhcp_agent_scheduler [None req-8078c41a-da8e-4cc8-b9c9-5f8591cd1d05 f60f1d20bfdb4a468a04ebf5806e2270 79de85dc775f48ea9e16873764508685 - - default default] No more DHCP agents
2026-05-06 06:20:38.776 7 WARNING neutron.api.rpc.agentnotifiers.dhcp_rpc_agent_api [None req-8078c41a-da8e-4cc8-b9c9-5f8591cd1d05 f60f1d20bfdb4a468a04ebf5806e2270 79de85dc775f48ea9e16873764508685 - - default default] Unable to schedule network e71ca14a-3e04-4f37-9eb0-6964f80419e0: no agents available; will retry on subsequent port and subnet creation events. [pid: 8|app: 0|req: 694/1369] 10.0.0.139 () {34 vars in 789 bytes} [Wed May 6 06:20:38 2026] PUT /v2.0/routers/271db7be-b087-4728-8248-1fe5bf3c3baa/remove_router_interface => generated 309 bytes in 938 msecs (HTTP/1.1 200) 4 headers in 157 bytes (1 switches on core 0) /var/lib/openstack/lib/python3.12/site-packages/pycadf/identifier.py:70: UserWarning: Invalid uuid: neutron. To ensure interoperability, identifiers should be a valid uuid. warnings.warn(('Invalid uuid: %s. To ensure interoperability, '
2026-05-06 06:20:39.261 7 INFO neutron.db.ovn_revision_numbers_db [None req-bb09a891-ad9c-4334-bdce-2316b13d922a - - - - - -] Successfully bumped revision number for resource 9cd614c3-edaa-4cdb-85f8-62af10d3b8c0 (type: ports) to 2 [pid: 8|app: 0|req: 695/1370] 10.0.0.15 () {34 vars in 989 bytes} [Wed May 6 06:20:39 2026] GET /v2.0/ports?device_id=4c4e21cf-7764-4f77-be1d-111b5022612f => generated 973 bytes in 74 msecs (HTTP/1.1 200) 4 headers in 157 bytes (1 switches on core 0) [pid: 8|app: 0|req: 696/1371] 10.0.0.139 () {32 vars in 649 bytes} [Wed May 6 06:20:39 2026] GET /v2.0/networks => generated 689 bytes in 34 msecs (HTTP/1.1 200) 4 headers in 157 bytes (1 switches on core 0)
2026-05-06 06:20:39.335 7 INFO neutron.db.ovn_revision_numbers_db [None req-bb09a891-ad9c-4334-bdce-2316b13d922a - - - - - -] Successfully bumped revision number for resource ec735588-be34-48ca-bcb3-5e88a01dc0b8 (type: subnets) to 0 [pid: 8|app: 0|req: 697/1372] 199.19.213.216 () {34 vars in 1018 bytes} [Wed May 6 06:20:39 2026] GET /v2.0/networks?tenant_id=cea0125760134e50b1b788c02b3afe50&shared=False => generated 809 bytes in 45 msecs (HTTP/1.1 200) 4 headers in 157 bytes (1 switches on core 0) [pid: 7|app: 0|req: 676/1373] 10.0.0.139 () {34 vars in 669 bytes} [Wed May 6 06:20:38 2026] POST /v2.0/subnets => generated 641 bytes in 833 msecs (HTTP/1.1 201) 4 headers in 162 bytes (1 switches on core 0) [pid: 7|app: 0|req: 677/1374] 10.0.0.15 () {34 vars in 1039 bytes} [Wed May 6 06:20:39 2026] GET /v2.0/security-groups?id=0cc0994b-90e3-486e-a36c-b5d1d993b548&fields=id&fields=name => generated 88 bytes in 33 msecs (HTTP/1.1 200) 4 headers in 156 bytes (1 switches on core 0)
2026-05-06 06:20:39.537 7 INFO neutron.db.segments_db [None req-5ade69bf-a0c5-4e14-a1f2-fa320fbd440a 72c3d3371c2e4980a7932e0a8f824ddb 43574ef6dba543f98c4230568144332a - - default default] Added segment f77e7f9c-3791-4689-b6df-ff3de3867ed8 of type geneve for network 4afdf948-48f8-4f6e-ae5b-67da2ebdebf1
2026-05-06 06:20:39.744 8 INFO neutron_taas.services.taas.taas_plugin [None req-6eb0d44a-3a95-448a-8372-069f8d4f9e41 dec6e8e9348d4b1b8019fd3767dada36 5676a73a35b84dbeb9da40a6d819d308 - - default default] TaaS: Handle Delete Port: 1e7990b5-0fd2-4b10-af81-ec7a363b6aeb
2026-05-06 06:20:39.748 8 INFO neutron_taas.services.taas.tap_mirror_plugin [None req-6eb0d44a-3a95-448a-8372-069f8d4f9e41 dec6e8e9348d4b1b8019fd3767dada36 5676a73a35b84dbeb9da40a6d819d308 - - default default] Tap Mirror: Handle Delete Port: 1e7990b5-0fd2-4b10-af81-ec7a363b6aeb
2026-05-06 06:20:39.759 7 INFO neutron.db.ovn_revision_numbers_db [None req-5ade69bf-a0c5-4e14-a1f2-fa320fbd440a 72c3d3371c2e4980a7932e0a8f824ddb 43574ef6dba543f98c4230568144332a - - default default] Successfully bumped revision number for resource 4afdf948-48f8-4f6e-ae5b-67da2ebdebf1 (type: networks) to 1
2026-05-06 06:20:39.982 7 WARNING neutron.scheduler.dhcp_agent_scheduler [None req-5ade69bf-a0c5-4e14-a1f2-fa320fbd440a 72c3d3371c2e4980a7932e0a8f824ddb 43574ef6dba543f98c4230568144332a - - default default] No more DHCP agents
2026-05-06 06:20:39.984 7 WARNING neutron.api.rpc.agentnotifiers.dhcp_rpc_agent_api [None req-5ade69bf-a0c5-4e14-a1f2-fa320fbd440a 72c3d3371c2e4980a7932e0a8f824ddb 43574ef6dba543f98c4230568144332a - - default default] Unable to schedule network 4afdf948-48f8-4f6e-ae5b-67da2ebdebf1: no agents available; will retry on subsequent port and subnet creation events.
2026-05-06 06:20:39.995 7 INFO neutron.services.segments.plugin [-] Segment ae3e35ad-0a95-4a1b-9c11-09e29d7a229c resource provider aggregate not found
2026-05-06 06:20:40.016 7 INFO neutron.services.segments.plugin [-] Segment ae3e35ad-0a95-4a1b-9c11-09e29d7a229c resource provider not found; error: Placement Client Error (4xx): {"errors": [{"status": 404, "title": "Not Found", "detail": "The resource could not be found.\n\n No resource provider with uuid ae3e35ad-0a95-4a1b-9c11-09e29d7a229c found for delete ", "request_id": "req-4616498c-33b6-4226-adfa-a08573a40d28"}]}
2026-05-06 06:20:40.019 7 INFO neutron.services.segments.plugin [-] Segment ae3e35ad-0a95-4a1b-9c11-09e29d7a229c resource provider aggregate not found
2026-05-06 06:20:40.051 7 INFO neutron.services.segments.plugin [-] Segment ae3e35ad-0a95-4a1b-9c11-09e29d7a229c resource provider not found; error: Placement Client Error (4xx): {"errors": [{"status": 404, "title": "Not Found", "detail": "The resource could not be found.\n\n No resource provider with uuid ae3e35ad-0a95-4a1b-9c11-09e29d7a229c found for delete ", "request_id": "req-a54aaba6-9ae1-4bcd-9113-9f0aa9776665"}]}
2026-05-06 06:20:40.070 8 INFO neutron.plugins.ml2.drivers.ovn.mech_driver.mech_driver [None req-62f0c09e-928c-42bd-8bbc-a4238dae94f8 - - - - - -] OVN reports status down for port: 05d0d38d-e0aa-4d52-9b03-1dda109b0693
2026-05-06 06:20:40.149 7 INFO neutron.db.ovn_revision_numbers_db [None req-5ade69bf-a0c5-4e14-a1f2-fa320fbd440a 72c3d3371c2e4980a7932e0a8f824ddb 43574ef6dba543f98c4230568144332a - - default default] Successfully bumped revision number for resource 05d0d38d-e0aa-4d52-9b03-1dda109b0693 (type: ports) to 1 [pid: 7|app: 0|req: 678/1375] 10.0.0.139 () {34 vars in 670 bytes} [Wed May 6 06:20:39 2026] POST /v2.0/networks => generated 687 bytes in 939 msecs (HTTP/1.1 201) 4 headers in 162 bytes (1 switches on core 0) [pid: 7|app: 0|req: 679/1376] 199.19.213.216 () {34 vars in 930 bytes} [Wed May 6 06:20:40 2026] GET /v2.0/networks?shared=True => generated 791 bytes in 76 msecs (HTTP/1.1 200) 4 headers in 157 bytes (1 switches on core 0) [pid: 8|app: 0|req: 698/1377] 10.0.0.139 () {32 vars in 724 bytes} [Wed May 6 06:20:39 2026] DELETE /v2.0/routers/271db7be-b087-4728-8248-1fe5bf3c3baa => generated 0 bytes in 1058 msecs (HTTP/1.1 204) 2 headers in 112 bytes (1 switches on core 0)
2026-05-06 06:20:40.603 7 INFO neutron.db.segments_db [None req-777281ce-f5c7-4fdb-9619-5067d296dd43 f60f1d20bfdb4a468a04ebf5806e2270 79de85dc775f48ea9e16873764508685 - - default default] Added segment 35138cdb-a93a-4e32-b7bc-03317cb1187b of type geneve for network 630c10aa-d369-4354-9b8e-153b0b97a8be
2026-05-06 06:20:40.607 8 INFO neutron.db.segments_db [None req-007f8695-a5e6-4e61-9caa-4bf705b3ef60 72c3d3371c2e4980a7932e0a8f824ddb 43574ef6dba543f98c4230568144332a - - default default] Added segment 797cf972-45d1-4a9e-a079-4b93332b8d62 of type geneve for network b8e62c40-fad2-47dd-9d76-109b7a18cbb9
2026-05-06 06:20:41.017 7 INFO neutron.db.ovn_revision_numbers_db [None req-777281ce-f5c7-4fdb-9619-5067d296dd43 f60f1d20bfdb4a468a04ebf5806e2270 79de85dc775f48ea9e16873764508685 - - default default] Successfully bumped revision number for resource 630c10aa-d369-4354-9b8e-153b0b97a8be (type: networks) to 1
2026-05-06 06:20:41.032 8 INFO neutron.db.ovn_revision_numbers_db [None req-007f8695-a5e6-4e61-9caa-4bf705b3ef60 72c3d3371c2e4980a7932e0a8f824ddb 43574ef6dba543f98c4230568144332a - - default default] Successfully bumped revision number for resource b8e62c40-fad2-47dd-9d76-109b7a18cbb9 (type: networks) to 1
2026-05-06 06:20:41.227 7 WARNING neutron.scheduler.dhcp_agent_scheduler [None req-777281ce-f5c7-4fdb-9619-5067d296dd43 f60f1d20bfdb4a468a04ebf5806e2270 79de85dc775f48ea9e16873764508685 - - default default] No more DHCP agents
2026-05-06 06:20:41.228 7 WARNING neutron.api.rpc.agentnotifiers.dhcp_rpc_agent_api [None req-777281ce-f5c7-4fdb-9619-5067d296dd43 f60f1d20bfdb4a468a04ebf5806e2270 79de85dc775f48ea9e16873764508685 - - default default] Unable to schedule network 630c10aa-d369-4354-9b8e-153b0b97a8be: no agents available; will retry on subsequent port and subnet creation events.
2026-05-06 06:20:41.284 8 INFO neutron.plugins.ml2.drivers.ovn.mech_driver.mech_driver [None req-62f0c09e-928c-42bd-8bbc-a4238dae94f8 - - - - - -] OVN reports status down for port: 97b36e7d-bba8-43c0-a07c-198898b412eb
2026-05-06 06:20:41.361 8 WARNING neutron.scheduler.dhcp_agent_scheduler [None req-007f8695-a5e6-4e61-9caa-4bf705b3ef60 72c3d3371c2e4980a7932e0a8f824ddb 43574ef6dba543f98c4230568144332a - - default default] No more DHCP agents
2026-05-06 06:20:41.362 8 WARNING neutron.api.rpc.agentnotifiers.dhcp_rpc_agent_api [None req-007f8695-a5e6-4e61-9caa-4bf705b3ef60 72c3d3371c2e4980a7932e0a8f824ddb 43574ef6dba543f98c4230568144332a - - default default] Unable to schedule network b8e62c40-fad2-47dd-9d76-109b7a18cbb9: no agents available; will retry on subsequent port and subnet creation events.
2026-05-06 06:20:41.382 7 INFO neutron.db.ovn_revision_numbers_db [None req-777281ce-f5c7-4fdb-9619-5067d296dd43 f60f1d20bfdb4a468a04ebf5806e2270 79de85dc775f48ea9e16873764508685 - - default default] Successfully bumped revision number for resource 97b36e7d-bba8-43c0-a07c-198898b412eb (type: ports) to 1
2026-05-06 06:20:41.446 7 INFO neutron.plugins.ml2.drivers.ovn.mech_driver.mech_driver [None req-35c709bf-3c96-4b9f-8850-beebc9d86d9c - - - - - -] OVN reports status down for port: 25e67f7d-937d-41bb-9144-2dad584b113e [pid: 7|app: 0|req: 680/1378] 10.0.0.139 () {34 vars in 670 bytes} [Wed May 6 06:20:40 2026] POST /v2.0/networks => generated 681 bytes in 1051 msecs (HTTP/1.1 201) 4 headers in 162 bytes (1 switches on core 0)
2026-05-06 06:20:41.509 8 INFO neutron.db.ovn_revision_numbers_db [None req-007f8695-a5e6-4e61-9caa-4bf705b3ef60 72c3d3371c2e4980a7932e0a8f824ddb 43574ef6dba543f98c4230568144332a - - default default] Successfully bumped revision number for resource 25e67f7d-937d-41bb-9144-2dad584b113e (type: ports) to 1 [pid: 8|app: 0|req: 699/1379] 10.0.0.139 () {34 vars in 670 bytes} [Wed May 6 06:20:40 2026] POST /v2.0/networks => generated 687 bytes in 1157 msecs (HTTP/1.1 201) 4 headers in 162 bytes (1 switches on core 0) [pid: 8|app: 0|req: 700/1380] 10.0.0.15 () {34 vars in 989 bytes} [Wed May 6 06:20:41 2026] GET /v2.0/ports?device_id=4c4e21cf-7764-4f77-be1d-111b5022612f => generated 973 bytes in 36 msecs (HTTP/1.1 200) 4 headers in 157 bytes (1 switches on core 0) [pid: 8|app: 0|req: 701/1381] 199.19.213.216 () {34 vars in 1080 bytes} [Wed May 6 06:20:41 2026] GET /v2.0/ports?tenant_id=cea0125760134e50b1b788c02b3afe50&device_id=4c4e21cf-7764-4f77-be1d-111b5022612f => generated 1211 bytes in 36 msecs (HTTP/1.1 200) 4 headers in 158 bytes (1 switches on core 0) [pid: 7|app: 0|req: 681/1382] 10.0.0.139 () {32 vars in 724 bytes} [Wed May 6 06:20:41 2026] DELETE /v2.0/subnets/52838ece-afbc-4482-bc14-e5decab39ef2 => generated 0 bytes in 492 msecs (HTTP/1.1 204) 3 headers in 131 bytes (1 switches on core 0)
2026-05-06 06:20:42.031 8 INFO neutron.db.ovn_revision_numbers_db [None req-af310a75-8d65-427b-a5e2-9c66d674043e f60f1d20bfdb4a468a04ebf5806e2270 79de85dc775f48ea9e16873764508685 - - default default] Successfully bumped revision number for resource 630c10aa-d369-4354-9b8e-153b0b97a8be (type: networks) to 2 [pid: 8|app: 0|req: 702/1383] 10.0.0.139 () {34 vars in 743 bytes} [Wed May 6 06:20:41 2026] PUT /v2.0/networks/630c10aa-d369-4354-9b8e-153b0b97a8be => generated 636 bytes in 369 msecs (HTTP/1.1 200) 4 headers in 157 bytes (1 switches on core 0) [pid: 8|app: 0|req: 703/1384] 10.0.0.15 () {34 vars in 1039 bytes} [Wed May 6 06:20:42 2026] GET /v2.0/security-groups?id=0cc0994b-90e3-486e-a36c-b5d1d993b548&fields=id&fields=name => generated 88 bytes in 27 msecs (HTTP/1.1 200) 4 headers in 156 bytes (1 switches on core 0) [pid: 8|app: 0|req: 704/1385] 199.19.213.216 () {34 vars in 1060 bytes} [Wed May 6 06:20:42 2026] GET /v2.0/floatingips?fixed_ip_address=10.100.0.10&port_id=a6cd2037-985a-4607-8ef2-28883a9050b1 => generated 19 bytes in 18 msecs (HTTP/1.1 200) 4 headers in 156 bytes (1 switches on core 0)
2026-05-06 06:20:42.206 8 INFO neutron_taas.services.taas.taas_plugin [None req-1e65399a-d99b-4b4e-ba8e-c784871adeb8 dec6e8e9348d4b1b8019fd3767dada36 5676a73a35b84dbeb9da40a6d819d308 - - default default] TaaS: Handle Delete Port: d4b61713-4b11-4e4e-969b-df7f043fc072
2026-05-06 06:20:42.208 8 INFO neutron_taas.services.taas.tap_mirror_plugin [None req-1e65399a-d99b-4b4e-ba8e-c784871adeb8 dec6e8e9348d4b1b8019fd3767dada36 5676a73a35b84dbeb9da40a6d819d308 - - default default] Tap Mirror: Handle Delete Port: d4b61713-4b11-4e4e-969b-df7f043fc072
2026-05-06 06:20:42.362 7 WARNING neutron.scheduler.dhcp_agent_scheduler [None req-36a0c6ef-158e-4cd5-8cb6-ab85100a059e 72c3d3371c2e4980a7932e0a8f824ddb 43574ef6dba543f98c4230568144332a - - default default] No more DHCP agents
2026-05-06 06:20:42.376 7 WARNING neutron.api.rpc.agentnotifiers.dhcp_rpc_agent_api [None req-36a0c6ef-158e-4cd5-8cb6-ab85100a059e 72c3d3371c2e4980a7932e0a8f824ddb 43574ef6dba543f98c4230568144332a - - default default] Unable to schedule network 4afdf948-48f8-4f6e-ae5b-67da2ebdebf1: no agents available; will retry on subsequent port and subnet creation events.
2026-05-06 06:20:42.390 8 INFO neutron.services.segments.plugin [-] Segment bf09c0f6-8a8a-45e3-9962-f803b59a0f15 resource provider aggregate not found
2026-05-06 06:20:42.390 8 INFO neutron.services.segments.plugin [-] Segment bf09c0f6-8a8a-45e3-9962-f803b59a0f15 resource provider aggregate not found
2026-05-06 06:20:42.405 8 INFO neutron.services.segments.plugin [-] Segment bf09c0f6-8a8a-45e3-9962-f803b59a0f15 resource provider not found; error: Placement Client Error (4xx): {"errors": [{"status": 404, "title": "Not Found", "detail": "The resource could not be found.\n\n No resource provider with uuid bf09c0f6-8a8a-45e3-9962-f803b59a0f15 found for delete ", "request_id": "req-ec6cbce1-fb07-4b33-aeb5-78e156927808"}]}
2026-05-06 06:20:42.412 8 INFO neutron.services.segments.plugin [-] Segment bf09c0f6-8a8a-45e3-9962-f803b59a0f15 resource provider not found; error: Placement Client Error (4xx): {"errors": [{"status": 404, "title": "Not Found", "detail": "The resource could not be found.\n\n No resource provider with uuid bf09c0f6-8a8a-45e3-9962-f803b59a0f15 found for delete ", "request_id": "req-cab34442-9644-4e79-ae16-3fcfd0c5e9fe"}]} [pid: 8|app: 0|req: 705/1386] 10.0.0.139 () {32 vars in 726 bytes} [Wed May 6 06:20:42 2026] DELETE /v2.0/networks/a89b18a6-f93f-4a59-af12-348b74df6240 => generated 0 bytes in 371 msecs (HTTP/1.1 204) 3 headers in 131 bytes (1 switches on core 0)
2026-05-06 06:20:42.456 8 INFO neutron.plugins.ml2.drivers.ovn.mech_driver.mech_driver [None req-62f0c09e-928c-42bd-8bbc-a4238dae94f8 - - - - - -] OVN reports status down for port: b2457dc1-5736-4c68-9127-71f05c1a01f7
2026-05-06 06:20:42.473 7 INFO neutron.db.ovn_revision_numbers_db [None req-36a0c6ef-158e-4cd5-8cb6-ab85100a059e 72c3d3371c2e4980a7932e0a8f824ddb 43574ef6dba543f98c4230568144332a - - default default] Successfully bumped revision number for resource b2457dc1-5736-4c68-9127-71f05c1a01f7 (type: ports) to 1
2026-05-06 06:20:42.512 7 WARNING neutron.scheduler.dhcp_agent_scheduler [None req-36a0c6ef-158e-4cd5-8cb6-ab85100a059e 72c3d3371c2e4980a7932e0a8f824ddb 43574ef6dba543f98c4230568144332a - - default default] No more DHCP agents
2026-05-06 06:20:42.513 7 WARNING neutron.api.rpc.agentnotifiers.dhcp_rpc_agent_api [None req-36a0c6ef-158e-4cd5-8cb6-ab85100a059e 72c3d3371c2e4980a7932e0a8f824ddb 43574ef6dba543f98c4230568144332a - - default default] Unable to schedule network b8e62c40-fad2-47dd-9d76-109b7a18cbb9: no agents available; will retry on subsequent port and subnet creation events.
2026-05-06 06:20:42.574 7 INFO neutron.plugins.ml2.drivers.ovn.mech_driver.mech_driver [None req-35c709bf-3c96-4b9f-8850-beebc9d86d9c - - - - - -] OVN reports status down for port: b50aa6a4-d57f-457c-9255-f6dff5a09205
2026-05-06 06:20:42.635 7 INFO neutron.db.ovn_revision_numbers_db [None req-36a0c6ef-158e-4cd5-8cb6-ab85100a059e 72c3d3371c2e4980a7932e0a8f824ddb 43574ef6dba543f98c4230568144332a - - default default] Successfully bumped revision number for resource b50aa6a4-d57f-457c-9255-f6dff5a09205 (type: ports) to 1
2026-05-06 06:20:42.706 8 WARNING neutron.scheduler.dhcp_agent_scheduler [None req-5fd30ac0-6b5d-476b-ab46-94565dac609b f60f1d20bfdb4a468a04ebf5806e2270 79de85dc775f48ea9e16873764508685 - - default default] No more DHCP agents
