May 20 03:43:48.314086 np0000175255 systemd[1]: Starting devstack@n-api-meta.service - Devstack devstack@n-api-meta.service...
May 20 03:43:48.321784 np0000175255 devstack@n-api-meta.service[108173]: [uWSGI] getting INI configuration from /etc/nova/nova-metadata-uwsgi.ini
May 20 03:43:48.324228 np0000175255 devstack@n-api-meta.service[108173]: *** Starting uWSGI 2.0.24-debian (64bit) on [Wed May 20 03:43:48 2026] ***
May 20 03:43:48.324228 np0000175255 devstack@n-api-meta.service[108173]: compiled with version: 13.2.0 on 17 April 2024 16:23:48
May 20 03:43:48.324228 np0000175255 devstack@n-api-meta.service[108173]: os: Linux-6.8.0-111-generic #111-Ubuntu SMP PREEMPT_DYNAMIC Sat Apr 11 23:16:02 UTC 2026
May 20 03:43:48.324228 np0000175255 devstack@n-api-meta.service[108173]: nodename: np0000175255
May 20 03:43:48.324228 np0000175255 devstack@n-api-meta.service[108173]: machine: x86_64
May 20 03:43:48.324228 np0000175255 devstack@n-api-meta.service[108173]: clock source: unix
May 20 03:43:48.324228 np0000175255 devstack@n-api-meta.service[108173]: pcre jit disabled
May 20 03:43:48.324228 np0000175255 devstack@n-api-meta.service[108173]: detected number of CPU cores: 16
May 20 03:43:48.324228 np0000175255 devstack@n-api-meta.service[108173]: current working directory: /
May 20 03:43:48.324228 np0000175255 devstack@n-api-meta.service[108173]: detected binary path: /usr/bin/uwsgi-core
May 20 03:43:48.324228 np0000175255 devstack@n-api-meta.service[108173]: your processes number limit is 256917
May 20 03:43:48.324228 np0000175255 devstack@n-api-meta.service[108173]: your memory page size is 4096 bytes
May 20 03:43:48.324228 np0000175255 devstack@n-api-meta.service[108173]: detected max file descriptor number: 2048
May 20 03:43:48.324228 np0000175255 devstack@n-api-meta.service[108173]: lock engine: pthread robust mutexes
May 20 03:43:48.325001 np0000175255 devstack@n-api-meta.service[108173]: thunder lock: enabled
May 20 03:43:48.325001 np0000175255 devstack@n-api-meta.service[108173]: uWSGI http bound on 0.0.0.0:8775 fd 5
May 20 03:43:48.325001 np0000175255 devstack@n-api-meta.service[108173]: uwsgi socket 0 bound to TCP address 127.0.0.1:32875 (port auto-assigned) fd 4
May 20 03:43:48.325001 np0000175255 devstack@n-api-meta.service[108173]: Python version: 3.12.3 (main, Mar 23 2026, 19:04:32) [GCC 13.3.0]
May 20 03:43:48.325001 np0000175255 devstack@n-api-meta.service[108173]: PEP 405 virtualenv detected: /opt/stack/data/venv
May 20 03:43:48.325001 np0000175255 devstack@n-api-meta.service[108173]: Set PythonHome to /opt/stack/data/venv
May 20 03:43:48.361073 np0000175255 devstack@n-api-meta.service[108173]: Python main interpreter initialized at 0x7e40e7aa3668
May 20 03:43:48.361073 np0000175255 devstack@n-api-meta.service[108173]: python threads support enabled
May 20 03:43:48.361073 np0000175255 devstack@n-api-meta.service[108173]: your server socket listen backlog is limited to 100 connections
May 20 03:43:48.361073 np0000175255 devstack@n-api-meta.service[108173]: your mercy for graceful operations on workers is 80 seconds
May 20 03:43:48.361760 np0000175255 devstack@n-api-meta.service[108173]: mapped 671795 bytes (656 KB) for 4 cores
May 20 03:43:48.361996 np0000175255 devstack@n-api-meta.service[108173]: *** Operational MODE: preforking ***
May 20 03:43:48.362194 np0000175255 devstack@n-api-meta.service[108173]: *** uWSGI is running in multiple interpreter mode ***
May 20 03:43:48.362194 np0000175255 devstack@n-api-meta.service[108173]: spawned uWSGI master process (pid: 108173)
May 20 03:43:48.362487 np0000175255 systemd[1]: Started devstack@n-api-meta.service - Devstack devstack@n-api-meta.service.
May 20 03:43:48.363130 np0000175255 devstack@n-api-meta.service[108173]: spawned uWSGI worker 1 (pid: 108174, cores: 1)
May 20 03:43:48.363852 np0000175255 devstack@n-api-meta.service[108173]: spawned uWSGI worker 2 (pid: 108175, cores: 1)
May 20 03:43:48.364298 np0000175255 devstack@n-api-meta.service[108173]: spawned uWSGI worker 3 (pid: 108176, cores: 1)
May 20 03:43:48.364950 np0000175255 devstack@n-api-meta.service[108173]: spawned uWSGI worker 4 (pid: 108177, cores: 1)
May 20 03:43:48.365442 np0000175255 devstack@n-api-meta.service[108173]: spawned uWSGI http 1 (pid: 108178)
May 20 03:43:48.365442 np0000175255 devstack@n-api-meta.service[108173]: running "unix_signal:15 gracefully_kill_them_all" (master-start)...
May 20 03:43:50.161353 np0000175255 devstack@n-api-meta.service[108177]: INFO dbcounter [None req-983b4333-54d0-48be-ac1a-ca227a4c7e07 None None] Registered counter for database nova_api
May 20 03:43:50.171661 np0000175255 devstack@n-api-meta.service[108175]: INFO dbcounter [None req-99cbb386-10ed-49a6-8835-1fb0f1b613ad None None] Registered counter for database nova_api
May 20 03:43:50.177656 np0000175255 devstack@n-api-meta.service[108177]: DEBUG oslo_db.sqlalchemy.engines [None req-983b4333-54d0-48be-ac1a-ca227a4c7e07 None None] MySQL server mode set to STRICT_TRANS_TABLES,STRICT_ALL_TABLES,NO_ZERO_IN_DATE,NO_ZERO_DATE,ERROR_FOR_DIVISION_BY_ZERO,TRADITIONAL,NO_ENGINE_SUBSTITUTION {{(pid=108177) _check_effective_sql_mode /opt/stack/data/venv/lib/python3.12/site-packages/oslo_db/sqlalchemy/engines.py:325}}
May 20 03:43:50.186815 np0000175255 devstack@n-api-meta.service[108175]: DEBUG oslo_db.sqlalchemy.engines [None req-99cbb386-10ed-49a6-8835-1fb0f1b613ad None None] MySQL server mode set to STRICT_TRANS_TABLES,STRICT_ALL_TABLES,NO_ZERO_IN_DATE,NO_ZERO_DATE,ERROR_FOR_DIVISION_BY_ZERO,TRADITIONAL,NO_ENGINE_SUBSTITUTION {{(pid=108175) _check_effective_sql_mode /opt/stack/data/venv/lib/python3.12/site-packages/oslo_db/sqlalchemy/engines.py:325}}
May 20 03:43:50.211730 np0000175255 devstack@n-api-meta.service[108177]: DEBUG dbcounter [-] [108177] Writer thread running {{(pid=108177) stat_writer /opt/stack/data/venv/lib/python3.12/site-packages/dbcounter.py:102}}
May 20 03:43:50.213969 np0000175255 devstack@n-api-meta.service[108177]: DEBUG nova.context [None req-983b4333-54d0-48be-ac1a-ca227a4c7e07 None None] Found 2 cells: 00000000-0000-0000-0000-000000000000(cell0),d16178c6-b2be-49d0-b582-bf51d7d66c11(cell1) {{(pid=108177) load_cells /opt/stack/nova/nova/context.py:509}}
May 20 03:43:50.214163 np0000175255 devstack@n-api-meta.service[108177]: INFO nova.utils [None req-983b4333-54d0-48be-ac1a-ca227a4c7e07 None None] The cell worker thread pool MainProcess.cell_worker is initialized
May 20 03:43:50.215854 np0000175255 devstack@n-api-meta.service[108177]: DEBUG oslo_concurrency.lockutils [None req-983b4333-54d0-48be-ac1a-ca227a4c7e07 None None] Acquiring lock "00000000-0000-0000-0000-000000000000" by "nova.context.set_target_cell..get_or_set_cached_cell_and_set_connections" {{(pid=108177) inner /opt/stack/data/venv/lib/python3.12/site-packages/oslo_concurrency/lockutils.py:511}}
May 20 03:43:50.216015 np0000175255 devstack@n-api-meta.service[108177]: DEBUG oslo_concurrency.lockutils [None req-983b4333-54d0-48be-ac1a-ca227a4c7e07 None None] Lock "00000000-0000-0000-0000-000000000000" acquired by "nova.context.set_target_cell..get_or_set_cached_cell_and_set_connections" :: waited 0.000s {{(pid=108177) inner /opt/stack/data/venv/lib/python3.12/site-packages/oslo_concurrency/lockutils.py:524}}
May 20 03:43:50.216364 np0000175255 devstack@n-api-meta.service[108177]: DEBUG oslo_concurrency.lockutils [None req-983b4333-54d0-48be-ac1a-ca227a4c7e07 None None] Lock "00000000-0000-0000-0000-000000000000" "released" by "nova.context.set_target_cell..get_or_set_cached_cell_and_set_connections" :: held 0.000s {{(pid=108177) inner /opt/stack/data/venv/lib/python3.12/site-packages/oslo_concurrency/lockutils.py:543}}
May 20 03:43:50.217026 np0000175255 devstack@n-api-meta.service[108177]: DEBUG oslo_concurrency.lockutils [None req-983b4333-54d0-48be-ac1a-ca227a4c7e07 None None] Acquiring lock "d16178c6-b2be-49d0-b582-bf51d7d66c11" by "nova.context.set_target_cell..get_or_set_cached_cell_and_set_connections" {{(pid=108177) inner /opt/stack/data/venv/lib/python3.12/site-packages/oslo_concurrency/lockutils.py:511}}
May 20 03:43:50.217171 np0000175255 devstack@n-api-meta.service[108177]: DEBUG oslo_concurrency.lockutils [None req-983b4333-54d0-48be-ac1a-ca227a4c7e07 None None] Lock "d16178c6-b2be-49d0-b582-bf51d7d66c11" acquired by "nova.context.set_target_cell..get_or_set_cached_cell_and_set_connections" :: waited 0.000s {{(pid=108177) inner /opt/stack/data/venv/lib/python3.12/site-packages/oslo_concurrency/lockutils.py:524}}
May 20 03:43:50.217983 np0000175255 devstack@n-api-meta.service[108177]: DEBUG oslo_concurrency.lockutils [None req-983b4333-54d0-48be-ac1a-ca227a4c7e07 None None] Lock "d16178c6-b2be-49d0-b582-bf51d7d66c11" "released" by "nova.context.set_target_cell..get_or_set_cached_cell_and_set_connections" :: held 0.001s {{(pid=108177) inner /opt/stack/data/venv/lib/python3.12/site-packages/oslo_concurrency/lockutils.py:543}}
May 20 03:43:50.221661 np0000175255 devstack@n-api-meta.service[108177]: INFO dbcounter [None req-983b4333-54d0-48be-ac1a-ca227a4c7e07 None None] Registered counter for database nova_cell0
May 20 03:43:50.222843 np0000175255 devstack@n-api-meta.service[108175]: DEBUG dbcounter [-] [108175] Writer thread running {{(pid=108175) stat_writer /opt/stack/data/venv/lib/python3.12/site-packages/dbcounter.py:102}}
May 20 03:43:50.225267 np0000175255 devstack@n-api-meta.service[108177]: INFO dbcounter [None req-983b4333-54d0-48be-ac1a-ca227a4c7e07 None None] Registered counter for database nova_cell1
May 20 03:43:50.225347 np0000175255 devstack@n-api-meta.service[108175]: DEBUG nova.context [None req-99cbb386-10ed-49a6-8835-1fb0f1b613ad None None] Found 2 cells: 00000000-0000-0000-0000-000000000000(cell0),d16178c6-b2be-49d0-b582-bf51d7d66c11(cell1) {{(pid=108175) load_cells /opt/stack/nova/nova/context.py:509}}
May 20 03:43:50.225606 np0000175255 devstack@n-api-meta.service[108175]: INFO nova.utils [None req-99cbb386-10ed-49a6-8835-1fb0f1b613ad None None] The cell worker thread pool MainProcess.cell_worker is initialized
May 20 03:43:50.227780 np0000175255 devstack@n-api-meta.service[108175]: DEBUG oslo_concurrency.lockutils [None req-99cbb386-10ed-49a6-8835-1fb0f1b613ad None None] Acquiring lock "00000000-0000-0000-0000-000000000000" by "nova.context.set_target_cell..get_or_set_cached_cell_and_set_connections" {{(pid=108175) inner /opt/stack/data/venv/lib/python3.12/site-packages/oslo_concurrency/lockutils.py:511}}
May 20 03:43:50.227946 np0000175255 devstack@n-api-meta.service[108175]: DEBUG oslo_concurrency.lockutils [None req-99cbb386-10ed-49a6-8835-1fb0f1b613ad None None] Lock "00000000-0000-0000-0000-000000000000" acquired by "nova.context.set_target_cell..get_or_set_cached_cell_and_set_connections" :: waited 0.000s {{(pid=108175) inner /opt/stack/data/venv/lib/python3.12/site-packages/oslo_concurrency/lockutils.py:524}}
May 20 03:43:50.228444 np0000175255 devstack@n-api-meta.service[108175]: DEBUG oslo_concurrency.lockutils [None req-99cbb386-10ed-49a6-8835-1fb0f1b613ad None None] Lock "00000000-0000-0000-0000-000000000000" "released" by "nova.context.set_target_cell..get_or_set_cached_cell_and_set_connections" :: held 0.000s {{(pid=108175) inner /opt/stack/data/venv/lib/python3.12/site-packages/oslo_concurrency/lockutils.py:543}}
May 20 03:43:50.229255 np0000175255 devstack@n-api-meta.service[108175]: DEBUG oslo_concurrency.lockutils [None req-99cbb386-10ed-49a6-8835-1fb0f1b613ad None None] Acquiring lock "d16178c6-b2be-49d0-b582-bf51d7d66c11" by "nova.context.set_target_cell..get_or_set_cached_cell_and_set_connections" {{(pid=108175) inner /opt/stack/data/venv/lib/python3.12/site-packages/oslo_concurrency/lockutils.py:511}}
May 20 03:43:50.229430 np0000175255 devstack@n-api-meta.service[108175]: DEBUG oslo_concurrency.lockutils [None req-99cbb386-10ed-49a6-8835-1fb0f1b613ad None None] Lock "d16178c6-b2be-49d0-b582-bf51d7d66c11" acquired by "nova.context.set_target_cell..get_or_set_cached_cell_and_set_connections" :: waited 0.000s {{(pid=108175) inner /opt/stack/data/venv/lib/python3.12/site-packages/oslo_concurrency/lockutils.py:524}}
May 20 03:43:50.230356 np0000175255 devstack@n-api-meta.service[108175]: DEBUG oslo_concurrency.lockutils [None req-99cbb386-10ed-49a6-8835-1fb0f1b613ad None None] Lock "d16178c6-b2be-49d0-b582-bf51d7d66c11" "released" by "nova.context.set_target_cell..get_or_set_cached_cell_and_set_connections" :: held 0.001s {{(pid=108175) inner /opt/stack/data/venv/lib/python3.12/site-packages/oslo_concurrency/lockutils.py:543}}
May 20 03:43:50.234684 np0000175255 devstack@n-api-meta.service[108177]: DEBUG oslo_db.sqlalchemy.engines [None req-983b4333-54d0-48be-ac1a-ca227a4c7e07 None None] MySQL server mode set to STRICT_TRANS_TABLES,STRICT_ALL_TABLES,NO_ZERO_IN_DATE,NO_ZERO_DATE,ERROR_FOR_DIVISION_BY_ZERO,TRADITIONAL,NO_ENGINE_SUBSTITUTION {{(pid=108177) _check_effective_sql_mode /opt/stack/data/venv/lib/python3.12/site-packages/oslo_db/sqlalchemy/engines.py:325}}
May 20 03:43:50.235113 np0000175255 devstack@n-api-meta.service[108175]: INFO dbcounter [None req-99cbb386-10ed-49a6-8835-1fb0f1b613ad None None] Registered counter for database nova_cell0
May 20 03:43:50.239817 np0000175255 devstack@n-api-meta.service[108177]: DEBUG oslo_db.sqlalchemy.engines [None req-983b4333-54d0-48be-ac1a-ca227a4c7e07 None None] MySQL server mode set to STRICT_TRANS_TABLES,STRICT_ALL_TABLES,NO_ZERO_IN_DATE,NO_ZERO_DATE,ERROR_FOR_DIVISION_BY_ZERO,TRADITIONAL,NO_ENGINE_SUBSTITUTION {{(pid=108177) _check_effective_sql_mode /opt/stack/data/venv/lib/python3.12/site-packages/oslo_db/sqlalchemy/engines.py:325}}
May 20 03:43:50.242115 np0000175255 devstack@n-api-meta.service[108175]: INFO dbcounter [None req-99cbb386-10ed-49a6-8835-1fb0f1b613ad None None] Registered counter for database nova_cell1
May 20 03:43:50.245068 np0000175255 devstack@n-api-meta.service[108176]: INFO dbcounter [None req-278e6ee9-d669-4d40-906a-03565a6b555d None None] Registered counter for database nova_api
May 20 03:43:50.254169 np0000175255 devstack@n-api-meta.service[108175]: DEBUG oslo_db.sqlalchemy.engines [None req-99cbb386-10ed-49a6-8835-1fb0f1b613ad None None] MySQL server mode set to STRICT_TRANS_TABLES,STRICT_ALL_TABLES,NO_ZERO_IN_DATE,NO_ZERO_DATE,ERROR_FOR_DIVISION_BY_ZERO,TRADITIONAL,NO_ENGINE_SUBSTITUTION {{(pid=108175) _check_effective_sql_mode /opt/stack/data/venv/lib/python3.12/site-packages/oslo_db/sqlalchemy/engines.py:325}}
May 20 03:43:50.261187 np0000175255 devstack@n-api-meta.service[108175]: DEBUG oslo_db.sqlalchemy.engines [None req-99cbb386-10ed-49a6-8835-1fb0f1b613ad None None] MySQL server mode set to STRICT_TRANS_TABLES,STRICT_ALL_TABLES,NO_ZERO_IN_DATE,NO_ZERO_DATE,ERROR_FOR_DIVISION_BY_ZERO,TRADITIONAL,NO_ENGINE_SUBSTITUTION {{(pid=108175) _check_effective_sql_mode /opt/stack/data/venv/lib/python3.12/site-packages/oslo_db/sqlalchemy/engines.py:325}}
May 20 03:43:50.266233 np0000175255 devstack@n-api-meta.service[108176]: DEBUG oslo_db.sqlalchemy.engines [None req-278e6ee9-d669-4d40-906a-03565a6b555d None None] MySQL server mode set to STRICT_TRANS_TABLES,STRICT_ALL_TABLES,NO_ZERO_IN_DATE,NO_ZERO_DATE,ERROR_FOR_DIVISION_BY_ZERO,TRADITIONAL,NO_ENGINE_SUBSTITUTION {{(pid=108176) _check_effective_sql_mode /opt/stack/data/venv/lib/python3.12/site-packages/oslo_db/sqlalchemy/engines.py:325}}
May 20 03:43:50.305191 np0000175255 devstack@n-api-meta.service[108176]: DEBUG dbcounter [-] [108176] Writer thread running {{(pid=108176) stat_writer /opt/stack/data/venv/lib/python3.12/site-packages/dbcounter.py:102}}
May 20 03:43:50.307206 np0000175255 devstack@n-api-meta.service[108176]: DEBUG nova.context [None req-278e6ee9-d669-4d40-906a-03565a6b555d None None] Found 2 cells: 00000000-0000-0000-0000-000000000000(cell0),d16178c6-b2be-49d0-b582-bf51d7d66c11(cell1) {{(pid=108176) load_cells /opt/stack/nova/nova/context.py:509}}
May 20 03:43:50.307431 np0000175255 devstack@n-api-meta.service[108176]: INFO nova.utils [None req-278e6ee9-d669-4d40-906a-03565a6b555d None None] The cell worker thread pool MainProcess.cell_worker is initialized
May 20 03:43:50.309312 np0000175255 devstack@n-api-meta.service[108176]: DEBUG oslo_concurrency.lockutils [None req-278e6ee9-d669-4d40-906a-03565a6b555d None None] Acquiring lock "00000000-0000-0000-0000-000000000000" by "nova.context.set_target_cell..get_or_set_cached_cell_and_set_connections" {{(pid=108176) inner /opt/stack/data/venv/lib/python3.12/site-packages/oslo_concurrency/lockutils.py:511}}
May 20 03:43:50.309481 np0000175255 devstack@n-api-meta.service[108176]: DEBUG oslo_concurrency.lockutils [None req-278e6ee9-d669-4d40-906a-03565a6b555d None None] Lock "00000000-0000-0000-0000-000000000000" acquired by "nova.context.set_target_cell..get_or_set_cached_cell_and_set_connections" :: waited 0.000s {{(pid=108176) inner /opt/stack/data/venv/lib/python3.12/site-packages/oslo_concurrency/lockutils.py:524}}
May 20 03:43:50.309877 np0000175255 devstack@n-api-meta.service[108176]: DEBUG oslo_concurrency.lockutils [None req-278e6ee9-d669-4d40-906a-03565a6b555d None None] Lock "00000000-0000-0000-0000-000000000000" "released" by "nova.context.set_target_cell..get_or_set_cached_cell_and_set_connections" :: held 0.000s {{(pid=108176) inner /opt/stack/data/venv/lib/python3.12/site-packages/oslo_concurrency/lockutils.py:543}}
May 20 03:43:50.310405 np0000175255 devstack@n-api-meta.service[108176]: DEBUG oslo_concurrency.lockutils [None req-278e6ee9-d669-4d40-906a-03565a6b555d None None] Acquiring lock "d16178c6-b2be-49d0-b582-bf51d7d66c11" by "nova.context.set_target_cell..get_or_set_cached_cell_and_set_connections" {{(pid=108176) inner /opt/stack/data/venv/lib/python3.12/site-packages/oslo_concurrency/lockutils.py:511}}
May 20 03:43:50.311791 np0000175255 devstack@n-api-meta.service[108176]: INFO dbcounter [None req-278e6ee9-d669-4d40-906a-03565a6b555d None None] Registered counter for database nova_cell0
May 20 03:43:50.312848 np0000175255 devstack@n-api-meta.service[108176]: DEBUG oslo_concurrency.lockutils [None req-278e6ee9-d669-4d40-906a-03565a6b555d None None] Lock "d16178c6-b2be-49d0-b582-bf51d7d66c11" acquired by "nova.context.set_target_cell..get_or_set_cached_cell_and_set_connections" :: waited 0.001s {{(pid=108176) inner /opt/stack/data/venv/lib/python3.12/site-packages/oslo_concurrency/lockutils.py:524}}
May 20 03:43:50.314010 np0000175255 devstack@n-api-meta.service[108176]: DEBUG oslo_concurrency.lockutils [None req-278e6ee9-d669-4d40-906a-03565a6b555d None None] Lock "d16178c6-b2be-49d0-b582-bf51d7d66c11" "released" by "nova.context.set_target_cell..get_or_set_cached_cell_and_set_connections" :: held 0.002s {{(pid=108176) inner /opt/stack/data/venv/lib/python3.12/site-packages/oslo_concurrency/lockutils.py:543}}
May 20 03:43:50.314565 np0000175255 devstack@n-api-meta.service[108174]: INFO dbcounter [None req-f40e67b7-6b56-4de2-9617-bca0ce26ba75 None None] Registered counter for database nova_api
May 20 03:43:50.317684 np0000175255 devstack@n-api-meta.service[108176]: INFO dbcounter [None req-278e6ee9-d669-4d40-906a-03565a6b555d None None] Registered counter for database nova_cell1
May 20 03:43:50.325805 np0000175255 devstack@n-api-meta.service[108176]: DEBUG oslo_db.sqlalchemy.engines [None req-278e6ee9-d669-4d40-906a-03565a6b555d None None] MySQL server mode set to STRICT_TRANS_TABLES,STRICT_ALL_TABLES,NO_ZERO_IN_DATE,NO_ZERO_DATE,ERROR_FOR_DIVISION_BY_ZERO,TRADITIONAL,NO_ENGINE_SUBSTITUTION {{(pid=108176) _check_effective_sql_mode /opt/stack/data/venv/lib/python3.12/site-packages/oslo_db/sqlalchemy/engines.py:325}}
May 20 03:43:50.329085 np0000175255 devstack@n-api-meta.service[108177]: DEBUG dbcounter [-] [108177] Writer thread running {{(pid=108177) stat_writer /opt/stack/data/venv/lib/python3.12/site-packages/dbcounter.py:102}}
May 20 03:43:50.335134 np0000175255 devstack@n-api-meta.service[108177]: DEBUG dbcounter [-] [108177] Writer thread running {{(pid=108177) stat_writer /opt/stack/data/venv/lib/python3.12/site-packages/dbcounter.py:102}}
May 20 03:43:50.339230 np0000175255 devstack@n-api-meta.service[108174]: DEBUG oslo_db.sqlalchemy.engines [None req-f40e67b7-6b56-4de2-9617-bca0ce26ba75 None None] MySQL server mode set to STRICT_TRANS_TABLES,STRICT_ALL_TABLES,NO_ZERO_IN_DATE,NO_ZERO_DATE,ERROR_FOR_DIVISION_BY_ZERO,TRADITIONAL,NO_ENGINE_SUBSTITUTION {{(pid=108174) _check_effective_sql_mode /opt/stack/data/venv/lib/python3.12/site-packages/oslo_db/sqlalchemy/engines.py:325}}
May 20 03:43:50.341302 np0000175255 devstack@n-api-meta.service[108177]: INFO dbcounter [None req-983b4333-54d0-48be-ac1a-ca227a4c7e07 None None] Registered counter for database nova_cell0
May 20 03:43:50.350605 np0000175255 devstack@n-api-meta.service[108176]: DEBUG oslo_db.sqlalchemy.engines [None req-278e6ee9-d669-4d40-906a-03565a6b555d None None] MySQL server mode set to STRICT_TRANS_TABLES,STRICT_ALL_TABLES,NO_ZERO_IN_DATE,NO_ZERO_DATE,ERROR_FOR_DIVISION_BY_ZERO,TRADITIONAL,NO_ENGINE_SUBSTITUTION {{(pid=108176) _check_effective_sql_mode /opt/stack/data/venv/lib/python3.12/site-packages/oslo_db/sqlalchemy/engines.py:325}}
May 20 03:43:50.353720 np0000175255 devstack@n-api-meta.service[108177]: DEBUG oslo_db.sqlalchemy.engines [None req-983b4333-54d0-48be-ac1a-ca227a4c7e07 None None] MySQL server mode set to STRICT_TRANS_TABLES,STRICT_ALL_TABLES,NO_ZERO_IN_DATE,NO_ZERO_DATE,ERROR_FOR_DIVISION_BY_ZERO,TRADITIONAL,NO_ENGINE_SUBSTITUTION {{(pid=108177) _check_effective_sql_mode /opt/stack/data/venv/lib/python3.12/site-packages/oslo_db/sqlalchemy/engines.py:325}}
May 20 03:43:50.364492 np0000175255 devstack@n-api-meta.service[108177]: DEBUG dbcounter [-] [108177] Writer thread running {{(pid=108177) stat_writer /opt/stack/data/venv/lib/python3.12/site-packages/dbcounter.py:102}}
May 20 03:43:50.371873 np0000175255 devstack@n-api-meta.service[108175]: DEBUG dbcounter [-] [108175] Writer thread running {{(pid=108175) stat_writer /opt/stack/data/venv/lib/python3.12/site-packages/dbcounter.py:102}}
May 20 03:43:50.372613 np0000175255 devstack@n-api-meta.service[108175]: DEBUG dbcounter [-] [108175] Writer thread running {{(pid=108175) stat_writer /opt/stack/data/venv/lib/python3.12/site-packages/dbcounter.py:102}}
May 20 03:43:50.376502 np0000175255 devstack@n-api-meta.service[108174]: DEBUG dbcounter [-] [108174] Writer thread running {{(pid=108174) stat_writer /opt/stack/data/venv/lib/python3.12/site-packages/dbcounter.py:102}}
May 20 03:43:50.377235 np0000175255 devstack@n-api-meta.service[108175]: INFO dbcounter [None req-99cbb386-10ed-49a6-8835-1fb0f1b613ad None None] Registered counter for database nova_cell0
May 20 03:43:50.378712 np0000175255 devstack@n-api-meta.service[108174]: DEBUG nova.context [None req-f40e67b7-6b56-4de2-9617-bca0ce26ba75 None None] Found 2 cells: 00000000-0000-0000-0000-000000000000(cell0),d16178c6-b2be-49d0-b582-bf51d7d66c11(cell1) {{(pid=108174) load_cells /opt/stack/nova/nova/context.py:509}}
May 20 03:43:50.379020 np0000175255 devstack@n-api-meta.service[108174]: INFO nova.utils [None req-f40e67b7-6b56-4de2-9617-bca0ce26ba75 None None] The cell worker thread pool MainProcess.cell_worker is initialized
May 20 03:43:50.381007 np0000175255 devstack@n-api-meta.service[108174]: DEBUG oslo_concurrency.lockutils [None req-f40e67b7-6b56-4de2-9617-bca0ce26ba75 None None] Acquiring lock "00000000-0000-0000-0000-000000000000" by "nova.context.set_target_cell..get_or_set_cached_cell_and_set_connections" {{(pid=108174) inner /opt/stack/data/venv/lib/python3.12/site-packages/oslo_concurrency/lockutils.py:511}}
May 20 03:43:50.381180 np0000175255 devstack@n-api-meta.service[108174]: DEBUG oslo_concurrency.lockutils [None req-f40e67b7-6b56-4de2-9617-bca0ce26ba75 None None] Lock "00000000-0000-0000-0000-000000000000" acquired by "nova.context.set_target_cell..get_or_set_cached_cell_and_set_connections" :: waited 0.000s {{(pid=108174) inner /opt/stack/data/venv/lib/python3.12/site-packages/oslo_concurrency/lockutils.py:524}}
May 20 03:43:50.381561 np0000175255 devstack@n-api-meta.service[108174]: DEBUG oslo_concurrency.lockutils [None req-f40e67b7-6b56-4de2-9617-bca0ce26ba75 None None] Lock "00000000-0000-0000-0000-000000000000" "released" by "nova.context.set_target_cell..get_or_set_cached_cell_and_set_connections" :: held 0.000s {{(pid=108174) inner /opt/stack/data/venv/lib/python3.12/site-packages/oslo_concurrency/lockutils.py:543}}
May 20 03:43:50.382369 np0000175255 devstack@n-api-meta.service[108174]: DEBUG oslo_concurrency.lockutils [None req-f40e67b7-6b56-4de2-9617-bca0ce26ba75 None None] Acquiring lock "d16178c6-b2be-49d0-b582-bf51d7d66c11" by "nova.context.set_target_cell..get_or_set_cached_cell_and_set_connections" {{(pid=108174) inner /opt/stack/data/venv/lib/python3.12/site-packages/oslo_concurrency/lockutils.py:511}}
May 20 03:43:50.382549 np0000175255 devstack@n-api-meta.service[108174]: DEBUG oslo_concurrency.lockutils [None req-f40e67b7-6b56-4de2-9617-bca0ce26ba75 None None] Lock "d16178c6-b2be-49d0-b582-bf51d7d66c11" acquired by "nova.context.set_target_cell..get_or_set_cached_cell_and_set_connections" :: waited 0.000s {{(pid=108174) inner /opt/stack/data/venv/lib/python3.12/site-packages/oslo_concurrency/lockutils.py:524}}
May 20 03:43:50.383757 np0000175255 devstack@n-api-meta.service[108174]: DEBUG oslo_concurrency.lockutils [None req-f40e67b7-6b56-4de2-9617-bca0ce26ba75 None None] Lock "d16178c6-b2be-49d0-b582-bf51d7d66c11" "released" by "nova.context.set_target_cell..get_or_set_cached_cell_and_set_connections" :: held 0.001s {{(pid=108174) inner /opt/stack/data/venv/lib/python3.12/site-packages/oslo_concurrency/lockutils.py:543}}
May 20 03:43:50.386552 np0000175255 devstack@n-api-meta.service[108174]: INFO dbcounter [None req-f40e67b7-6b56-4de2-9617-bca0ce26ba75 None None] Registered counter for database nova_cell0
May 20 03:43:50.389019 np0000175255 devstack@n-api-meta.service[108175]: DEBUG oslo_db.sqlalchemy.engines [None req-99cbb386-10ed-49a6-8835-1fb0f1b613ad None None] MySQL server mode set to STRICT_TRANS_TABLES,STRICT_ALL_TABLES,NO_ZERO_IN_DATE,NO_ZERO_DATE,ERROR_FOR_DIVISION_BY_ZERO,TRADITIONAL,NO_ENGINE_SUBSTITUTION {{(pid=108175) _check_effective_sql_mode /opt/stack/data/venv/lib/python3.12/site-packages/oslo_db/sqlalchemy/engines.py:325}}
May 20 03:43:50.393836 np0000175255 devstack@n-api-meta.service[108174]: INFO dbcounter [None req-f40e67b7-6b56-4de2-9617-bca0ce26ba75 None None] Registered counter for database nova_cell1
May 20 03:43:50.399679 np0000175255 devstack@n-api-meta.service[108175]: DEBUG dbcounter [-] [108175] Writer thread running {{(pid=108175) stat_writer /opt/stack/data/venv/lib/python3.12/site-packages/dbcounter.py:102}}
May 20 03:43:50.405204 np0000175255 devstack@n-api-meta.service[108174]: DEBUG oslo_db.sqlalchemy.engines [None req-f40e67b7-6b56-4de2-9617-bca0ce26ba75 None None] MySQL server mode set to STRICT_TRANS_TABLES,STRICT_ALL_TABLES,NO_ZERO_IN_DATE,NO_ZERO_DATE,ERROR_FOR_DIVISION_BY_ZERO,TRADITIONAL,NO_ENGINE_SUBSTITUTION {{(pid=108174) _check_effective_sql_mode /opt/stack/data/venv/lib/python3.12/site-packages/oslo_db/sqlalchemy/engines.py:325}}
May 20 03:43:50.412624 np0000175255 devstack@n-api-meta.service[108174]: DEBUG oslo_db.sqlalchemy.engines [None req-f40e67b7-6b56-4de2-9617-bca0ce26ba75 None None] MySQL server mode set to STRICT_TRANS_TABLES,STRICT_ALL_TABLES,NO_ZERO_IN_DATE,NO_ZERO_DATE,ERROR_FOR_DIVISION_BY_ZERO,TRADITIONAL,NO_ENGINE_SUBSTITUTION {{(pid=108174) _check_effective_sql_mode /opt/stack/data/venv/lib/python3.12/site-packages/oslo_db/sqlalchemy/engines.py:325}}
May 20 03:43:50.416067 np0000175255 devstack@n-api-meta.service[108177]: WARNING nova.api.metadata.handler [None req-983b4333-54d0-48be-ac1a-ca227a4c7e07 None None] metadata_proxy_shared_secret is not configured, the metadata information returned by the proxy cannot be trusted
May 20 03:43:50.418361 np0000175255 devstack@n-api-meta.service[108177]: DEBUG nova.api.openstack.wsgi_app [None req-983b4333-54d0-48be-ac1a-ca227a4c7e07 None None] ******************************************************************************** {{(pid=108177) log_opt_values /opt/stack/data/venv/lib/python3.12/site-packages/oslo_config/cfg.py:3229}}
May 20 03:43:50.418470 np0000175255 devstack@n-api-meta.service[108177]: DEBUG nova.api.openstack.wsgi_app [None req-983b4333-54d0-48be-ac1a-ca227a4c7e07 None None] Configuration options gathered from: {{(pid=108177) log_opt_values /opt/stack/data/venv/lib/python3.12/site-packages/oslo_config/cfg.py:3230}}
May 20 03:43:50.418574 np0000175255 devstack@n-api-meta.service[108177]: DEBUG nova.api.openstack.wsgi_app [None req-983b4333-54d0-48be-ac1a-ca227a4c7e07 None None] command line args: [] {{(pid=108177) log_opt_values /opt/stack/data/venv/lib/python3.12/site-packages/oslo_config/cfg.py:3231}}
May 20 03:43:50.418778 np0000175255 devstack@n-api-meta.service[108177]: DEBUG nova.api.openstack.wsgi_app [None req-983b4333-54d0-48be-ac1a-ca227a4c7e07 None None] config files: ['/etc/nova/api-paste.ini', '/etc/nova/nova.conf'] {{(pid=108177) log_opt_values /opt/stack/data/venv/lib/python3.12/site-packages/oslo_config/cfg.py:3232}}
May 20 03:43:50.418880 np0000175255 devstack@n-api-meta.service[108177]: DEBUG nova.api.openstack.wsgi_app [None req-983b4333-54d0-48be-ac1a-ca227a4c7e07 None None] ================================================================================ {{(pid=108177) log_opt_values /opt/stack/data/venv/lib/python3.12/site-packages/oslo_config/cfg.py:3237}}
May 20 03:43:50.419064 np0000175255 devstack@n-api-meta.service[108177]: DEBUG nova.api.openstack.wsgi_app [None req-983b4333-54d0-48be-ac1a-ca227a4c7e07 None None] allow_resize_to_same_host = True {{(pid=108177) log_opt_values /opt/stack/data/venv/lib/python3.12/site-packages/oslo_config/cfg.py:3245}}
May 20 03:43:50.419203 np0000175255 devstack@n-api-meta.service[108177]: DEBUG nova.api.openstack.wsgi_app [None req-983b4333-54d0-48be-ac1a-ca227a4c7e07 None None] arq_binding_timeout = 300 {{(pid=108177) log_opt_values /opt/stack/data/venv/lib/python3.12/site-packages/oslo_config/cfg.py:3245}}
May 20 03:43:50.419325 np0000175255 devstack@n-api-meta.service[108177]: DEBUG nova.api.openstack.wsgi_app [None req-983b4333-54d0-48be-ac1a-ca227a4c7e07 None None] block_device_allocate_retries = 60 {{(pid=108177) log_opt_values /opt/stack/data/venv/lib/python3.12/site-packages/oslo_config/cfg.py:3245}}
May 20 03:43:50.419454 np0000175255 devstack@n-api-meta.service[108177]: DEBUG nova.api.openstack.wsgi_app [None req-983b4333-54d0-48be-ac1a-ca227a4c7e07 None None] block_device_allocate_retries_interval = 3 {{(pid=108177) log_opt_values /opt/stack/data/venv/lib/python3.12/site-packages/oslo_config/cfg.py:3245}}
May 20 03:43:50.419587 np0000175255 devstack@n-api-meta.service[108177]: DEBUG nova.api.openstack.wsgi_app [None req-983b4333-54d0-48be-ac1a-ca227a4c7e07 None None] cell_worker_thread_pool_size = 5 {{(pid=108177) log_opt_values /opt/stack/data/venv/lib/python3.12/site-packages/oslo_config/cfg.py:3245}}
May 20 03:43:50.419821 np0000175255 devstack@n-api-meta.service[108177]: DEBUG nova.api.openstack.wsgi_app [None req-983b4333-54d0-48be-ac1a-ca227a4c7e07 None None] cert = self.pem {{(pid=108177) log_opt_values /opt/stack/data/venv/lib/python3.12/site-packages/oslo_config/cfg.py:3245}}
May 20 03:43:50.419960 np0000175255 devstack@n-api-meta.service[108177]: DEBUG nova.api.openstack.wsgi_app [None req-983b4333-54d0-48be-ac1a-ca227a4c7e07 None None] compute_driver = libvirt.LibvirtDriver {{(pid=108177) log_opt_values /opt/stack/data/venv/lib/python3.12/site-packages/oslo_config/cfg.py:3245}}
May 20 03:43:50.420093 np0000175255 devstack@n-api-meta.service[108177]: DEBUG nova.api.openstack.wsgi_app [None req-983b4333-54d0-48be-ac1a-ca227a4c7e07 None None] compute_monitors = [] {{(pid=108177) log_opt_values /opt/stack/data/venv/lib/python3.12/site-packages/oslo_config/cfg.py:3245}}
May 20 03:43:50.420227 np0000175255 devstack@n-api-meta.service[108177]: DEBUG nova.api.openstack.wsgi_app [None req-983b4333-54d0-48be-ac1a-ca227a4c7e07 None None] config_dir = [] {{(pid=108177) log_opt_values /opt/stack/data/venv/lib/python3.12/site-packages/oslo_config/cfg.py:3245}}
May 20 03:43:50.420364 np0000175255 devstack@n-api-meta.service[108177]: DEBUG nova.api.openstack.wsgi_app [None req-983b4333-54d0-48be-ac1a-ca227a4c7e07 None None] config_drive_format = iso9660 {{(pid=108177) log_opt_values /opt/stack/data/venv/lib/python3.12/site-packages/oslo_config/cfg.py:3245}}
May 20 03:43:50.420470 np0000175255 devstack@n-api-meta.service[108177]: DEBUG nova.api.openstack.wsgi_app [None req-983b4333-54d0-48be-ac1a-ca227a4c7e07 None None] config_file = ['/etc/nova/api-paste.ini', '/etc/nova/nova.conf'] {{(pid=108177) log_opt_values /opt/stack/data/venv/lib/python3.12/site-packages/oslo_config/cfg.py:3245}}
May 20 03:43:50.420602 np0000175255 devstack@n-api-meta.service[108177]: DEBUG nova.api.openstack.wsgi_app [None req-983b4333-54d0-48be-ac1a-ca227a4c7e07 None None] config_source = [] {{(pid=108177) log_opt_values /opt/stack/data/venv/lib/python3.12/site-packages/oslo_config/cfg.py:3245}}
May 20 03:43:50.420747 np0000175255 devstack@n-api-meta.service[108177]: DEBUG nova.api.openstack.wsgi_app [None req-983b4333-54d0-48be-ac1a-ca227a4c7e07 None None] console_host = np0000175255 {{(pid=108177) log_opt_values /opt/stack/data/venv/lib/python3.12/site-packages/oslo_config/cfg.py:3245}}
May 20 03:43:50.420882 np0000175255 devstack@n-api-meta.service[108177]: DEBUG nova.api.openstack.wsgi_app [None req-983b4333-54d0-48be-ac1a-ca227a4c7e07 None None] control_exchange = nova {{(pid=108177) log_opt_values /opt/stack/data/venv/lib/python3.12/site-packages/oslo_config/cfg.py:3245}}
May 20 03:43:50.421014 np0000175255 devstack@n-api-meta.service[108177]: DEBUG nova.api.openstack.wsgi_app [None req-983b4333-54d0-48be-ac1a-ca227a4c7e07 None None] cpu_allocation_ratio = None {{(pid=108177) log_opt_values /opt/stack/data/venv/lib/python3.12/site-packages/oslo_config/cfg.py:3245}}
May 20 03:43:50.421143 np0000175255 devstack@n-api-meta.service[108177]: DEBUG nova.api.openstack.wsgi_app [None req-983b4333-54d0-48be-ac1a-ca227a4c7e07 None None] daemon = False {{(pid=108177) log_opt_values /opt/stack/data/venv/lib/python3.12/site-packages/oslo_config/cfg.py:3245}}
May 20 03:43:50.421276 np0000175255 devstack@n-api-meta.service[108177]: DEBUG nova.api.openstack.wsgi_app [None req-983b4333-54d0-48be-ac1a-ca227a4c7e07 None None] debug = True {{(pid=108177) log_opt_values /opt/stack/data/venv/lib/python3.12/site-packages/oslo_config/cfg.py:3245}}
May 20 03:43:50.421402 np0000175255 devstack@n-api-meta.service[108177]: DEBUG nova.api.openstack.wsgi_app [None req-983b4333-54d0-48be-ac1a-ca227a4c7e07 None None] default_access_ip_network_name = None {{(pid=108177) log_opt_values /opt/stack/data/venv/lib/python3.12/site-packages/oslo_config/cfg.py:3245}}
May 20 03:43:50.421535 np0000175255 devstack@n-api-meta.service[108177]: DEBUG nova.api.openstack.wsgi_app [None req-983b4333-54d0-48be-ac1a-ca227a4c7e07 None None] default_availability_zone = nova {{(pid=108177) log_opt_values /opt/stack/data/venv/lib/python3.12/site-packages/oslo_config/cfg.py:3245}}
May 20 03:43:50.421691 np0000175255 devstack@n-api-meta.service[108177]: DEBUG nova.api.openstack.wsgi_app [None req-983b4333-54d0-48be-ac1a-ca227a4c7e07 None None] default_ephemeral_format = ext4 {{(pid=108177) log_opt_values /opt/stack/data/venv/lib/python3.12/site-packages/oslo_config/cfg.py:3245}}
May 20 03:43:50.421823 np0000175255 devstack@n-api-meta.service[108177]: DEBUG nova.api.openstack.wsgi_app [None req-983b4333-54d0-48be-ac1a-ca227a4c7e07 None None] default_green_pool_size = 1000 {{(pid=108177) log_opt_values /opt/stack/data/venv/lib/python3.12/site-packages/oslo_config/cfg.py:3245}}
May 20 03:43:50.422050 np0000175255 devstack@n-api-meta.service[108177]: DEBUG nova.api.openstack.wsgi_app [None req-983b4333-54d0-48be-ac1a-ca227a4c7e07 None None] default_log_levels = ['amqp=WARN', 'boto=WARN', 'sqlalchemy=WARN', 'suds=INFO', 'oslo.messaging=INFO', 'oslo_messaging=INFO', 'iso8601=WARN', 'requests.packages.urllib3.connectionpool=WARN', 'urllib3.connectionpool=WARN', 'websocket=WARN', 'requests.packages.urllib3.util.retry=WARN', 'urllib3.util.retry=WARN', 'keystonemiddleware=WARN', 'routes.middleware=WARN', 'stevedore=WARN', 'taskflow=WARN', 'keystoneauth=WARN', 'oslo.cache=INFO', 'oslo_policy=INFO', 'dogpile.core.dogpile=INFO', 'glanceclient=WARN', 'oslo.privsep.daemon=INFO'] {{(pid=108177) log_opt_values /opt/stack/data/venv/lib/python3.12/site-packages/oslo_config/cfg.py:3245}}
May 20 03:43:50.422184 np0000175255 devstack@n-api-meta.service[108177]: DEBUG nova.api.openstack.wsgi_app [None req-983b4333-54d0-48be-ac1a-ca227a4c7e07 None None] default_schedule_zone = None {{(pid=108177) log_opt_values /opt/stack/data/venv/lib/python3.12/site-packages/oslo_config/cfg.py:3245}}
May 20 03:43:50.422291 np0000175255 devstack@n-api-meta.service[108177]: DEBUG nova.api.openstack.wsgi_app [None req-983b4333-54d0-48be-ac1a-ca227a4c7e07 None None] default_thread_pool_size = 10 {{(pid=108177) log_opt_values /opt/stack/data/venv/lib/python3.12/site-packages/oslo_config/cfg.py:3245}}
May 20 03:43:50.422420 np0000175255 devstack@n-api-meta.service[108177]: DEBUG nova.api.openstack.wsgi_app [None req-983b4333-54d0-48be-ac1a-ca227a4c7e07 None None] disk_allocation_ratio = None {{(pid=108177) log_opt_values /opt/stack/data/venv/lib/python3.12/site-packages/oslo_config/cfg.py:3245}}
May 20 03:43:50.422570 np0000175255 devstack@n-api-meta.service[108177]: DEBUG nova.api.openstack.wsgi_app [None req-983b4333-54d0-48be-ac1a-ca227a4c7e07 None None] enable_new_services = True {{(pid=108177) log_opt_values /opt/stack/data/venv/lib/python3.12/site-packages/oslo_config/cfg.py:3245}}
May 20 03:43:50.422734 np0000175255 devstack@n-api-meta.service[108177]: DEBUG nova.api.openstack.wsgi_app [None req-983b4333-54d0-48be-ac1a-ca227a4c7e07 None None] flat_injected = False {{(pid=108177) log_opt_values /opt/stack/data/venv/lib/python3.12/site-packages/oslo_config/cfg.py:3245}}
May 20 03:43:50.422864 np0000175255 devstack@n-api-meta.service[108177]: DEBUG nova.api.openstack.wsgi_app [None req-983b4333-54d0-48be-ac1a-ca227a4c7e07 None None] force_config_drive = False {{(pid=108177) log_opt_values /opt/stack/data/venv/lib/python3.12/site-packages/oslo_config/cfg.py:3245}}
May 20 03:43:50.422990 np0000175255 devstack@n-api-meta.service[108177]: DEBUG nova.api.openstack.wsgi_app [None req-983b4333-54d0-48be-ac1a-ca227a4c7e07 None None] force_raw_images = True {{(pid=108177) log_opt_values /opt/stack/data/venv/lib/python3.12/site-packages/oslo_config/cfg.py:3245}}
May 20 03:43:50.423126 np0000175255 devstack@n-api-meta.service[108177]: DEBUG nova.api.openstack.wsgi_app [None req-983b4333-54d0-48be-ac1a-ca227a4c7e07 None None] graceful_shutdown_timeout = 5 {{(pid=108177) log_opt_values /opt/stack/data/venv/lib/python3.12/site-packages/oslo_config/cfg.py:3245}}
May 20 03:43:50.423256 np0000175255 devstack@n-api-meta.service[108177]: DEBUG nova.api.openstack.wsgi_app [None req-983b4333-54d0-48be-ac1a-ca227a4c7e07 None None] heal_instance_info_cache_interval = -1 {{(pid=108177) log_opt_values /opt/stack/data/venv/lib/python3.12/site-packages/oslo_config/cfg.py:3245}}
May 20 03:43:50.423428 np0000175255 devstack@n-api-meta.service[108177]: DEBUG nova.api.openstack.wsgi_app [None req-983b4333-54d0-48be-ac1a-ca227a4c7e07 None None] host = np0000175255 {{(pid=108177) log_opt_values /opt/stack/data/venv/lib/python3.12/site-packages/oslo_config/cfg.py:3245}}
May 20 03:43:50.423563 np0000175255 devstack@n-api-meta.service[108177]: DEBUG nova.api.openstack.wsgi_app [None req-983b4333-54d0-48be-ac1a-ca227a4c7e07 None None] initial_cpu_allocation_ratio = 4.0 {{(pid=108177) log_opt_values /opt/stack/data/venv/lib/python3.12/site-packages/oslo_config/cfg.py:3245}}
May 20 03:43:50.423717 np0000175255 devstack@n-api-meta.service[108177]: DEBUG nova.api.openstack.wsgi_app [None req-983b4333-54d0-48be-ac1a-ca227a4c7e07 None None] initial_disk_allocation_ratio = 1.0 {{(pid=108177) log_opt_values /opt/stack/data/venv/lib/python3.12/site-packages/oslo_config/cfg.py:3245}}
May 20 03:43:50.423887 np0000175255 devstack@n-api-meta.service[108177]: DEBUG nova.api.openstack.wsgi_app [None req-983b4333-54d0-48be-ac1a-ca227a4c7e07 None None] initial_ram_allocation_ratio = 1.0 {{(pid=108177) log_opt_values /opt/stack/data/venv/lib/python3.12/site-packages/oslo_config/cfg.py:3245}}
May 20 03:43:50.424067 np0000175255 devstack@n-api-meta.service[108177]: DEBUG nova.api.openstack.wsgi_app [None req-983b4333-54d0-48be-ac1a-ca227a4c7e07 None None] injected_network_template = /opt/stack/nova/nova/virt/interfaces.template {{(pid=108177) log_opt_values /opt/stack/data/venv/lib/python3.12/site-packages/oslo_config/cfg.py:3245}}
May 20 03:43:50.424198 np0000175255 devstack@n-api-meta.service[108177]: DEBUG nova.api.openstack.wsgi_app [None req-983b4333-54d0-48be-ac1a-ca227a4c7e07 None None] instance_build_timeout = 0 {{(pid=108177) log_opt_values /opt/stack/data/venv/lib/python3.12/site-packages/oslo_config/cfg.py:3245}}
May 20 03:43:50.424337 np0000175255 devstack@n-api-meta.service[108177]: DEBUG nova.api.openstack.wsgi_app [None req-983b4333-54d0-48be-ac1a-ca227a4c7e07 None None] instance_delete_interval = 300 {{(pid=108177) log_opt_values /opt/stack/data/venv/lib/python3.12/site-packages/oslo_config/cfg.py:3245}}
May 20 03:43:50.424473 np0000175255 devstack@n-api-meta.service[108177]: DEBUG nova.api.openstack.wsgi_app [None req-983b4333-54d0-48be-ac1a-ca227a4c7e07 None None] instance_format = [instance: %(uuid)s] {{(pid=108177) log_opt_values /opt/stack/data/venv/lib/python3.12/site-packages/oslo_config/cfg.py:3245}}
May 20 03:43:50.424606 np0000175255 devstack@n-api-meta.service[108177]: DEBUG nova.api.openstack.wsgi_app [None req-983b4333-54d0-48be-ac1a-ca227a4c7e07 None None] instance_name_template = instance-%08x {{(pid=108177) log_opt_values /opt/stack/data/venv/lib/python3.12/site-packages/oslo_config/cfg.py:3245}}
May 20 03:43:50.424739 np0000175255 devstack@n-api-meta.service[108176]: DEBUG dbcounter [-] [108176] Writer thread running {{(pid=108176) stat_writer /opt/stack/data/venv/lib/python3.12/site-packages/dbcounter.py:102}}
May 20 03:43:50.424784 np0000175255 devstack@n-api-meta.service[108177]: DEBUG nova.api.openstack.wsgi_app [None req-983b4333-54d0-48be-ac1a-ca227a4c7e07 None None] instance_usage_audit = False {{(pid=108177) log_opt_values /opt/stack/data/venv/lib/python3.12/site-packages/oslo_config/cfg.py:3245}}
May 20 03:43:50.424879 np0000175255 devstack@n-api-meta.service[108177]: DEBUG nova.api.openstack.wsgi_app [None req-983b4333-54d0-48be-ac1a-ca227a4c7e07 None None] instance_usage_audit_period = month {{(pid=108177) log_opt_values /opt/stack/data/venv/lib/python3.12/site-packages/oslo_config/cfg.py:3245}}
May 20 03:43:50.425012 np0000175255 devstack@n-api-meta.service[108177]: DEBUG nova.api.openstack.wsgi_app [None req-983b4333-54d0-48be-ac1a-ca227a4c7e07 None None] instance_uuid_format = [instance: %(uuid)s] {{(pid=108177) log_opt_values /opt/stack/data/venv/lib/python3.12/site-packages/oslo_config/cfg.py:3245}}
May 20 03:43:50.425146 np0000175255 devstack@n-api-meta.service[108177]: DEBUG nova.api.openstack.wsgi_app [None req-983b4333-54d0-48be-ac1a-ca227a4c7e07 None None] instances_path = /opt/stack/data/nova/instances {{(pid=108177) log_opt_values /opt/stack/data/venv/lib/python3.12/site-packages/oslo_config/cfg.py:3245}}
May 20 03:43:50.425280 np0000175255 devstack@n-api-meta.service[108177]: DEBUG nova.api.openstack.wsgi_app [None req-983b4333-54d0-48be-ac1a-ca227a4c7e07 None None] internal_service_availability_zone = internal {{(pid=108177) log_opt_values /opt/stack/data/venv/lib/python3.12/site-packages/oslo_config/cfg.py:3245}}
May 20 03:43:50.425407 np0000175255 devstack@n-api-meta.service[108177]: DEBUG nova.api.openstack.wsgi_app [None req-983b4333-54d0-48be-ac1a-ca227a4c7e07 None None] key = None {{(pid=108177) log_opt_values /opt/stack/data/venv/lib/python3.12/site-packages/oslo_config/cfg.py:3245}}
May 20 03:43:50.425535 np0000175255 devstack@n-api-meta.service[108177]: DEBUG nova.api.openstack.wsgi_app [None req-983b4333-54d0-48be-ac1a-ca227a4c7e07 None None] live_migration_retry_count = 30 {{(pid=108177) log_opt_values /opt/stack/data/venv/lib/python3.12/site-packages/oslo_config/cfg.py:3245}}
May 20 03:43:50.425686 np0000175255 devstack@n-api-meta.service[108177]: DEBUG nova.api.openstack.wsgi_app [None req-983b4333-54d0-48be-ac1a-ca227a4c7e07 None None] log_color = False {{(pid=108177) log_opt_values /opt/stack/data/venv/lib/python3.12/site-packages/oslo_config/cfg.py:3245}}
May 20 03:43:50.425822 np0000175255 devstack@n-api-meta.service[108177]: DEBUG nova.api.openstack.wsgi_app [None req-983b4333-54d0-48be-ac1a-ca227a4c7e07 None None] log_config_append = None {{(pid=108177) log_opt_values /opt/stack/data/venv/lib/python3.12/site-packages/oslo_config/cfg.py:3245}}
May 20 03:43:50.425959 np0000175255 devstack@n-api-meta.service[108177]: DEBUG nova.api.openstack.wsgi_app [None req-983b4333-54d0-48be-ac1a-ca227a4c7e07 None None] log_date_format = %Y-%m-%d %H:%M:%S {{(pid=108177) log_opt_values /opt/stack/data/venv/lib/python3.12/site-packages/oslo_config/cfg.py:3245}}
May 20 03:43:50.426088 np0000175255 devstack@n-api-meta.service[108177]: DEBUG nova.api.openstack.wsgi_app [None req-983b4333-54d0-48be-ac1a-ca227a4c7e07 None None] log_dir = None {{(pid=108177) log_opt_values /opt/stack/data/venv/lib/python3.12/site-packages/oslo_config/cfg.py:3245}}
May 20 03:43:50.426223 np0000175255 devstack@n-api-meta.service[108177]: DEBUG nova.api.openstack.wsgi_app [None req-983b4333-54d0-48be-ac1a-ca227a4c7e07 None None] log_file = None {{(pid=108177) log_opt_values /opt/stack/data/venv/lib/python3.12/site-packages/oslo_config/cfg.py:3245}}
May 20 03:43:50.426327 np0000175255 devstack@n-api-meta.service[108177]: DEBUG nova.api.openstack.wsgi_app [None req-983b4333-54d0-48be-ac1a-ca227a4c7e07 None None] log_options = True {{(pid=108177) log_opt_values /opt/stack/data/venv/lib/python3.12/site-packages/oslo_config/cfg.py:3245}}
May 20 03:43:50.426458 np0000175255 devstack@n-api-meta.service[108177]: DEBUG nova.api.openstack.wsgi_app [None req-983b4333-54d0-48be-ac1a-ca227a4c7e07 None None] log_rotate_interval = 1 {{(pid=108177) log_opt_values /opt/stack/data/venv/lib/python3.12/site-packages/oslo_config/cfg.py:3245}}
May 20 03:43:50.426591 np0000175255 devstack@n-api-meta.service[108177]: DEBUG nova.api.openstack.wsgi_app [None req-983b4333-54d0-48be-ac1a-ca227a4c7e07 None None] log_rotate_interval_type = days {{(pid=108177) log_opt_values /opt/stack/data/venv/lib/python3.12/site-packages/oslo_config/cfg.py:3245}}
May 20 03:43:50.426747 np0000175255 devstack@n-api-meta.service[108177]: DEBUG nova.api.openstack.wsgi_app [None req-983b4333-54d0-48be-ac1a-ca227a4c7e07 None None] log_rotation_type = none {{(pid=108177) log_opt_values /opt/stack/data/venv/lib/python3.12/site-packages/oslo_config/cfg.py:3245}}
May 20 03:43:50.426850 np0000175255 devstack@n-api-meta.service[108177]: DEBUG nova.api.openstack.wsgi_app [None req-983b4333-54d0-48be-ac1a-ca227a4c7e07 None None] logging_context_format_string = %(color)s%(levelname)s %(name)s [%(global_request_id)s %(request_id)s %(project_name)s %(user_name)s%(color)s] %(instance)s%(color)s%(message)s {{(pid=108177) log_opt_values /opt/stack/data/venv/lib/python3.12/site-packages/oslo_config/cfg.py:3245}}
May 20 03:43:50.426958 np0000175255 devstack@n-api-meta.service[108177]: DEBUG nova.api.openstack.wsgi_app [None req-983b4333-54d0-48be-ac1a-ca227a4c7e07 None None] logging_debug_format_suffix = {{(pid=%(process)d) %(funcName)s %(pathname)s:%(lineno)d}} {{(pid=108177) log_opt_values /opt/stack/data/venv/lib/python3.12/site-packages/oslo_config/cfg.py:3245}}
May 20 03:43:50.427096 np0000175255 devstack@n-api-meta.service[108177]: DEBUG nova.api.openstack.wsgi_app [None req-983b4333-54d0-48be-ac1a-ca227a4c7e07 None None] logging_default_format_string = %(color)s%(levelname)s %(name)s [-%(color)s] %(instance)s%(color)s%(message)s {{(pid=108177) log_opt_values /opt/stack/data/venv/lib/python3.12/site-packages/oslo_config/cfg.py:3245}}
May 20 03:43:50.427227 np0000175255 devstack@n-api-meta.service[108177]: DEBUG nova.api.openstack.wsgi_app [None req-983b4333-54d0-48be-ac1a-ca227a4c7e07 None None] logging_exception_prefix = ERROR %(name)s %(instance)s {{(pid=108177) log_opt_values /opt/stack/data/venv/lib/python3.12/site-packages/oslo_config/cfg.py:3245}}
May 20 03:43:50.427329 np0000175255 devstack@n-api-meta.service[108177]: DEBUG nova.api.openstack.wsgi_app [None req-983b4333-54d0-48be-ac1a-ca227a4c7e07 None None] logging_user_identity_format = %(user)s %(project)s %(domain)s %(system_scope)s %(user_domain)s %(project_domain)s {{(pid=108177) log_opt_values /opt/stack/data/venv/lib/python3.12/site-packages/oslo_config/cfg.py:3245}}
May 20 03:43:50.427459 np0000175255 devstack@n-api-meta.service[108177]: DEBUG nova.api.openstack.wsgi_app [None req-983b4333-54d0-48be-ac1a-ca227a4c7e07 None None] long_rpc_timeout = 1800 {{(pid=108177) log_opt_values /opt/stack/data/venv/lib/python3.12/site-packages/oslo_config/cfg.py:3245}}
May 20 03:43:50.427587 np0000175255 devstack@n-api-meta.service[108177]: DEBUG nova.api.openstack.wsgi_app [None req-983b4333-54d0-48be-ac1a-ca227a4c7e07 None None] manager_shutdown_timeout = 160 {{(pid=108177) log_opt_values /opt/stack/data/venv/lib/python3.12/site-packages/oslo_config/cfg.py:3245}}
May 20 03:43:50.427732 np0000175255 devstack@n-api-meta.service[108177]: DEBUG nova.api.openstack.wsgi_app [None req-983b4333-54d0-48be-ac1a-ca227a4c7e07 None None] max_concurrent_builds = 10 {{(pid=108177) log_opt_values /opt/stack/data/venv/lib/python3.12/site-packages/oslo_config/cfg.py:3245}}
