May 01 02:44:35.236724 np0000171452 devstack@neutron-api.service[104389]: DEBUG neutron.plugins.ml2.drivers.ovn.mech_driver.mech_driver [None req-781e36cf-d79b-4b80-971f-17ab41d44caf None None] Hash Ring setup using WSGI start time 2026-05-01 02:44:29+00:00 {{(pid=104389) _init_hash_ring /opt/stack/neutron/neutron/plugins/ml2/drivers/ovn/mech_driver/mech_driver.py:402}}
May 01 02:44:35.243646 np0000171452 devstack@neutron-api.service[104389]: INFO neutron.db.ovn_hash_ring_db [None req-781e36cf-d79b-4b80-971f-17ab41d44caf None None] Nodes from host "np0000171452" and group "mechanism_driver" removed from the Hash Ring created at 2026-05-01 02:44:29+00:00
May 01 02:44:35.245950 np0000171452 devstack@neutron-api.service[104389]: INFO neutron.db.ovn_hash_ring_db [None req-781e36cf-d79b-4b80-971f-17ab41d44caf None None] Node de06f2f047215fa99578bc9c59ee7338 from host "np0000171452" and group "mechanism_driver" added to the Hash Ring
May 01 02:44:35.249714 np0000171452 devstack@neutron-api.service[104389]: DEBUG neutron.plugins.ml2.drivers.ovn.mech_driver.mech_driver [None req-781e36cf-d79b-4b80-971f-17ab41d44caf None None] Hash Ring setup, this worker has detected 1 OVN hash ring registers in the database {{(pid=104389) _init_hash_ring /opt/stack/neutron/neutron/plugins/ml2/drivers/ovn/mech_driver/mech_driver.py:412}}
May 01 02:44:35.255827 np0000171452 devstack@neutron-api.service[104389]: DEBUG neutron.plugins.ml2.drivers.ovn.mech_driver.ovsdb.maintenance [None req-781e36cf-d79b-4b80-971f-17ab41d44caf None None] Periodic task found: HashRingHealthCheckPeriodics.touch_hash_ring_node {{(pid=104389) add_periodics /opt/stack/neutron/neutron/plugins/ml2/drivers/ovn/mech_driver/ovsdb/maintenance.py:148}}
May 01 02:44:35.256957 np0000171452 devstack@neutron-api.service[104389]: INFO neutron.plugins.ml2.drivers.ovn.mech_driver.mech_driver [None req-781e36cf-d79b-4b80-971f-17ab41d44caf None None] Hash Ring probing thread for node de06f2f047215fa99578bc9c59ee7338 has started
May 01 02:44:35.257453 np0000171452 devstack@neutron-api.service[104389]: INFO neutron.plugins.ml2.drivers.ovn.mech_driver.ovsdb.impl_idl_ovn [None req-781e36cf-d79b-4b80-971f-17ab41d44caf None None] Getting OvsdbNbOvnIdl for WorkerService with retry
May 01 02:44:35.307150 np0000171452 devstack@neutron-api.service[104389]: DEBUG ovsdbapp.backend.ovs_idl [None req-781e36cf-d79b-4b80-971f-17ab41d44caf None None] Created lookup_table index Logical_Switch.name {{(pid=104389) autocreate_indices /opt/stack/data/venv/lib/python3.12/site-packages/ovsdbapp/backend/ovs_idl/__init__.py:87}}
May 01 02:44:35.307281 np0000171452 devstack@neutron-api.service[104389]: DEBUG ovsdbapp.backend.ovs_idl [None req-781e36cf-d79b-4b80-971f-17ab41d44caf None None] Created lookup_table index Logical_Router.name {{(pid=104389) autocreate_indices /opt/stack/data/venv/lib/python3.12/site-packages/ovsdbapp/backend/ovs_idl/__init__.py:87}}
May 01 02:44:35.307363 np0000171452 devstack@neutron-api.service[104389]: DEBUG ovsdbapp.backend.ovs_idl [None req-781e36cf-d79b-4b80-971f-17ab41d44caf None None] Created lookup_table index Load_Balancer.name {{(pid=104389) autocreate_indices /opt/stack/data/venv/lib/python3.12/site-packages/ovsdbapp/backend/ovs_idl/__init__.py:87}}
May 01 02:44:35.307438 np0000171452 devstack@neutron-api.service[104389]: DEBUG ovsdbapp.backend.ovs_idl [None req-781e36cf-d79b-4b80-971f-17ab41d44caf None None] Created schema index Copp.name {{(pid=104389) autocreate_indices /opt/stack/data/venv/lib/python3.12/site-packages/ovsdbapp/backend/ovs_idl/__init__.py:106}}
May 01 02:44:35.307516 np0000171452 devstack@neutron-api.service[104389]: DEBUG ovsdbapp.backend.ovs_idl [None req-781e36cf-d79b-4b80-971f-17ab41d44caf None None] Created schema index Meter.name {{(pid=104389) autocreate_indices /opt/stack/data/venv/lib/python3.12/site-packages/ovsdbapp/backend/ovs_idl/__init__.py:106}}
May 01 02:44:35.307610 np0000171452 devstack@neutron-api.service[104389]: DEBUG ovsdbapp.backend.ovs_idl [None req-781e36cf-d79b-4b80-971f-17ab41d44caf None None] Created schema index Load_Balancer_Group.name {{(pid=104389) autocreate_indices /opt/stack/data/venv/lib/python3.12/site-packages/ovsdbapp/backend/ovs_idl/__init__.py:106}}
May 01 02:44:35.307694 np0000171452 devstack@neutron-api.service[104389]: DEBUG ovsdbapp.backend.ovs_idl [None req-781e36cf-d79b-4b80-971f-17ab41d44caf None None] Created schema index HA_Chassis_Group.name {{(pid=104389) autocreate_indices /opt/stack/data/venv/lib/python3.12/site-packages/ovsdbapp/backend/ovs_idl/__init__.py:106}}
May 01 02:44:35.307771 np0000171452 devstack@neutron-api.service[104389]: DEBUG ovsdbapp.backend.ovs_idl [None req-781e36cf-d79b-4b80-971f-17ab41d44caf None None] Created schema index Address_Set.name {{(pid=104389) autocreate_indices /opt/stack/data/venv/lib/python3.12/site-packages/ovsdbapp/backend/ovs_idl/__init__.py:106}}
May 01 02:44:35.307890 np0000171452 devstack@neutron-api.service[104389]: DEBUG ovsdbapp.backend.ovs_idl [None req-781e36cf-d79b-4b80-971f-17ab41d44caf None None] Created schema index Connection.target {{(pid=104389) autocreate_indices /opt/stack/data/venv/lib/python3.12/site-packages/ovsdbapp/backend/ovs_idl/__init__.py:106}}
May 01 02:44:35.307976 np0000171452 devstack@neutron-api.service[104389]: DEBUG ovsdbapp.backend.ovs_idl [None req-781e36cf-d79b-4b80-971f-17ab41d44caf None None] Created schema index Gateway_Chassis.name {{(pid=104389) autocreate_indices /opt/stack/data/venv/lib/python3.12/site-packages/ovsdbapp/backend/ovs_idl/__init__.py:106}}
May 01 02:44:35.308064 np0000171452 devstack@neutron-api.service[104389]: DEBUG ovsdbapp.backend.ovs_idl [None req-781e36cf-d79b-4b80-971f-17ab41d44caf None None] Created schema index Mirror.name {{(pid=104389) autocreate_indices /opt/stack/data/venv/lib/python3.12/site-packages/ovsdbapp/backend/ovs_idl/__init__.py:106}}
May 01 02:44:35.308154 np0000171452 devstack@neutron-api.service[104389]: DEBUG ovsdbapp.backend.ovs_idl [None req-781e36cf-d79b-4b80-971f-17ab41d44caf None None] Created schema index Chassis_Template_Var.chassis {{(pid=104389) autocreate_indices /opt/stack/data/venv/lib/python3.12/site-packages/ovsdbapp/backend/ovs_idl/__init__.py:106}}
May 01 02:44:35.308249 np0000171452 devstack@neutron-api.service[104389]: DEBUG ovsdbapp.backend.ovs_idl [None req-781e36cf-d79b-4b80-971f-17ab41d44caf None None] Created schema index Logical_Router_Port.name {{(pid=104389) autocreate_indices /opt/stack/data/venv/lib/python3.12/site-packages/ovsdbapp/backend/ovs_idl/__init__.py:106}}
May 01 02:44:35.308347 np0000171452 devstack@neutron-api.service[104389]: DEBUG ovsdbapp.backend.ovs_idl [None req-781e36cf-d79b-4b80-971f-17ab41d44caf None None] Created schema index Port_Group.name {{(pid=104389) autocreate_indices /opt/stack/data/venv/lib/python3.12/site-packages/ovsdbapp/backend/ovs_idl/__init__.py:106}}
May 01 02:44:35.308414 np0000171452 devstack@neutron-api.service[104389]: DEBUG ovsdbapp.backend.ovs_idl [None req-781e36cf-d79b-4b80-971f-17ab41d44caf None None] Created schema index Logical_Switch_Port.name {{(pid=104389) autocreate_indices /opt/stack/data/venv/lib/python3.12/site-packages/ovsdbapp/backend/ovs_idl/__init__.py:106}}
May 01 02:44:35.310492 np0000171452 devstack@neutron-api.service[104389]: INFO ovsdbapp.backend.ovs_idl.vlog [None req-781e36cf-d79b-4b80-971f-17ab41d44caf None None] ssl:199.19.213.240:6641: connecting...
May 01 02:44:35.315927 np0000171452 devstack@neutron-api.service[104389]: INFO ovsdbapp.backend.ovs_idl.vlog [None req-781e36cf-d79b-4b80-971f-17ab41d44caf None None] ssl:199.19.213.240:6641: connected
May 01 02:44:35.346057 np0000171452 devstack@neutron-api.service[104389]: DEBUG neutron.common.ovn.hash_ring_manager [None req-781e36cf-d79b-4b80-971f-17ab41d44caf None None] Disallow caching, nodes 1<4 {{(pid=104389) _wait_startup_before_caching /opt/stack/neutron/neutron/common/ovn/hash_ring_manager.py:72}}
May 01 02:44:35.349912 np0000171452 devstack@neutron-api.service[104389]: DEBUG neutron.common.ovn.hash_ring_manager [None req-781e36cf-d79b-4b80-971f-17ab41d44caf None None] Hash Ring loaded. 1 active nodes. 0 offline nodes {{(pid=104389) _load_hash_ring /opt/stack/neutron/neutron/common/ovn/hash_ring_manager.py:102}}
May 01 02:44:35.350112 np0000171452 devstack@neutron-api.service[104389]: DEBUG neutron.plugins.ml2.drivers.ovn.mech_driver.ovsdb.ovsdb_monitor [None req-781e36cf-d79b-4b80-971f-17ab41d44caf None None] Hash Ring: Node de06f2f047215fa99578bc9c59ee7338 (host: np0000171452) handling event "create" for row 595bdea4-8ed0-4b0d-88b8-a4e41a5c76e5 (table: ACL) {{(pid=104389) notify /opt/stack/neutron/neutron/plugins/ml2/drivers/ovn/mech_driver/ovsdb/ovsdb_monitor.py:942}}
May 01 02:44:35.354153 np0000171452 devstack@neutron-api.service[104389]: DEBUG neutron.common.ovn.hash_ring_manager [None req-781e36cf-d79b-4b80-971f-17ab41d44caf None None] Hash Ring loaded. 1 active nodes. 0 offline nodes {{(pid=104389) _load_hash_ring /opt/stack/neutron/neutron/common/ovn/hash_ring_manager.py:102}}
May 01 02:44:35.354307 np0000171452 devstack@neutron-api.service[104389]: DEBUG neutron.plugins.ml2.drivers.ovn.mech_driver.ovsdb.ovsdb_monitor [None req-781e36cf-d79b-4b80-971f-17ab41d44caf None None] Hash Ring: Node de06f2f047215fa99578bc9c59ee7338 (host: np0000171452) handling event "create" for row aed255a9-d4b4-48f0-9fe1-5db6f554d3c0 (table: ACL) {{(pid=104389) notify /opt/stack/neutron/neutron/plugins/ml2/drivers/ovn/mech_driver/ovsdb/ovsdb_monitor.py:942}}
May 01 02:44:35.361897 np0000171452 devstack@neutron-api.service[104389]: DEBUG neutron.common.ovn.hash_ring_manager [None req-781e36cf-d79b-4b80-971f-17ab41d44caf None None] Hash Ring loaded. 1 active nodes. 0 offline nodes {{(pid=104389) _load_hash_ring /opt/stack/neutron/neutron/common/ovn/hash_ring_manager.py:102}}
May 01 02:44:35.361993 np0000171452 devstack@neutron-api.service[104389]: DEBUG neutron.plugins.ml2.drivers.ovn.mech_driver.ovsdb.ovsdb_monitor [None req-781e36cf-d79b-4b80-971f-17ab41d44caf None None] Hash Ring: Node de06f2f047215fa99578bc9c59ee7338 (host: np0000171452) handling event "create" for row c9e00ba7-0f1e-4a98-8897-6fd50dca6478 (table: Connection) {{(pid=104389) notify /opt/stack/neutron/neutron/plugins/ml2/drivers/ovn/mech_driver/ovsdb/ovsdb_monitor.py:942}}
May 01 02:44:35.365950 np0000171452 devstack@neutron-api.service[104389]: DEBUG neutron.common.ovn.hash_ring_manager [None req-781e36cf-d79b-4b80-971f-17ab41d44caf None None] Hash Ring loaded. 1 active nodes. 0 offline nodes {{(pid=104389) _load_hash_ring /opt/stack/neutron/neutron/common/ovn/hash_ring_manager.py:102}}
May 01 02:44:35.366105 np0000171452 devstack@neutron-api.service[104389]: DEBUG neutron.plugins.ml2.drivers.ovn.mech_driver.ovsdb.ovsdb_monitor [None req-781e36cf-d79b-4b80-971f-17ab41d44caf None None] Hash Ring: Node de06f2f047215fa99578bc9c59ee7338 (host: np0000171452) handling event "create" for row 8f19684a-dffb-4173-bb58-cf376a8fb5f8 (table: NB_Global) {{(pid=104389) notify /opt/stack/neutron/neutron/plugins/ml2/drivers/ovn/mech_driver/ovsdb/ovsdb_monitor.py:942}}
May 01 02:44:35.370108 np0000171452 devstack@neutron-api.service[104389]: DEBUG neutron.common.ovn.hash_ring_manager [None req-781e36cf-d79b-4b80-971f-17ab41d44caf None None] Hash Ring loaded. 1 active nodes. 0 offline nodes {{(pid=104389) _load_hash_ring /opt/stack/neutron/neutron/common/ovn/hash_ring_manager.py:102}}
May 01 02:44:35.370263 np0000171452 devstack@neutron-api.service[104389]: DEBUG neutron.plugins.ml2.drivers.ovn.mech_driver.ovsdb.ovsdb_monitor [None req-781e36cf-d79b-4b80-971f-17ab41d44caf None None] Hash Ring: Node de06f2f047215fa99578bc9c59ee7338 (host: np0000171452) handling event "create" for row d4332d39-0546-4f09-b5e7-8b91f6204366 (table: Port_Group) {{(pid=104389) notify /opt/stack/neutron/neutron/plugins/ml2/drivers/ovn/mech_driver/ovsdb/ovsdb_monitor.py:942}}
May 01 02:44:35.374237 np0000171452 devstack@neutron-api.service[104389]: DEBUG neutron.common.ovn.hash_ring_manager [None req-781e36cf-d79b-4b80-971f-17ab41d44caf None None] Hash Ring loaded. 1 active nodes. 0 offline nodes {{(pid=104389) _load_hash_ring /opt/stack/neutron/neutron/common/ovn/hash_ring_manager.py:102}}
May 01 02:44:35.374414 np0000171452 devstack@neutron-api.service[104389]: DEBUG neutron.plugins.ml2.drivers.ovn.mech_driver.ovsdb.ovsdb_monitor [None req-781e36cf-d79b-4b80-971f-17ab41d44caf None None] Hash Ring: Node de06f2f047215fa99578bc9c59ee7338 (host: np0000171452) handling event "create" for row 6eaabd56-0dda-4c31-8174-59201f7dacd1 (table: SSL) {{(pid=104389) notify /opt/stack/neutron/neutron/plugins/ml2/drivers/ovn/mech_driver/ovsdb/ovsdb_monitor.py:942}}
May 01 02:44:35.375671 np0000171452 devstack@neutron-api.service[104389]: INFO neutron.plugins.ml2.drivers.ovn.mech_driver.ovsdb.impl_idl_ovn [None req-781e36cf-d79b-4b80-971f-17ab41d44caf None None] Getting OvsdbSbOvnIdl for WorkerService with retry
May 01 02:44:35.408078 np0000171452 devstack@neutron-api.service[104389]: DEBUG neutron.common.ovn.hash_ring_manager [-] Hash Ring loaded. 1 active nodes. 0 offline nodes {{(pid=104389) _load_hash_ring /opt/stack/neutron/neutron/common/ovn/hash_ring_manager.py:102}}
May 01 02:44:35.408332 np0000171452 devstack@neutron-api.service[104389]: DEBUG neutron.plugins.ml2.drivers.ovn.mech_driver.ovsdb.ovsdb_monitor [-] Hash Ring: Node de06f2f047215fa99578bc9c59ee7338 (host: np0000171452) handling event "update" for row c9e00ba7-0f1e-4a98-8897-6fd50dca6478 (table: Connection) {{(pid=104389) notify /opt/stack/neutron/neutron/plugins/ml2/drivers/ovn/mech_driver/ovsdb/ovsdb_monitor.py:942}}
May 01 02:44:35.426653 np0000171452 devstack@neutron-api.service[104389]: DEBUG ovsdbapp.backend.ovs_idl [None req-781e36cf-d79b-4b80-971f-17ab41d44caf None None] Created lookup_table index Chassis.name {{(pid=104389) autocreate_indices /opt/stack/data/venv/lib/python3.12/site-packages/ovsdbapp/backend/ovs_idl/__init__.py:87}}
May 01 02:44:35.426653 np0000171452 devstack@neutron-api.service[104389]: DEBUG ovsdbapp.backend.ovs_idl [None req-781e36cf-d79b-4b80-971f-17ab41d44caf None None] Created lookup_table index Port_Binding.logical_port {{(pid=104389) autocreate_indices /opt/stack/data/venv/lib/python3.12/site-packages/ovsdbapp/backend/ovs_idl/__init__.py:87}}
May 01 02:44:35.426903 np0000171452 devstack@neutron-api.service[104389]: DEBUG ovsdbapp.backend.ovs_idl [None req-781e36cf-d79b-4b80-971f-17ab41d44caf None None] Created schema index Chassis_Private.name {{(pid=104389) autocreate_indices /opt/stack/data/venv/lib/python3.12/site-packages/ovsdbapp/backend/ovs_idl/__init__.py:106}}
May 01 02:44:35.426903 np0000171452 devstack@neutron-api.service[104389]: DEBUG ovsdbapp.backend.ovs_idl [None req-781e36cf-d79b-4b80-971f-17ab41d44caf None None] Created schema index Datapath_Binding.tunnel_key {{(pid=104389) autocreate_indices /opt/stack/data/venv/lib/python3.12/site-packages/ovsdbapp/backend/ovs_idl/__init__.py:106}}
May 01 02:44:35.428603 np0000171452 devstack@neutron-api.service[104389]: INFO ovsdbapp.backend.ovs_idl.vlog [None req-781e36cf-d79b-4b80-971f-17ab41d44caf None None] ssl:199.19.213.240:6642: connecting...
May 01 02:44:35.433813 np0000171452 devstack@neutron-api.service[104389]: INFO ovsdbapp.backend.ovs_idl.vlog [None req-781e36cf-d79b-4b80-971f-17ab41d44caf None None] ssl:199.19.213.240:6642: connected
May 01 02:44:35.460266 np0000171452 devstack@neutron-api.service[104389]: DEBUG neutron.common.ovn.hash_ring_manager [None req-781e36cf-d79b-4b80-971f-17ab41d44caf None None] Disallow caching, nodes 1<4 {{(pid=104389) _wait_startup_before_caching /opt/stack/neutron/neutron/common/ovn/hash_ring_manager.py:72}}
May 01 02:44:35.463061 np0000171452 devstack@neutron-api.service[104389]: DEBUG neutron.common.ovn.hash_ring_manager [None req-781e36cf-d79b-4b80-971f-17ab41d44caf None None] Hash Ring loaded. 1 active nodes. 0 offline nodes {{(pid=104389) _load_hash_ring /opt/stack/neutron/neutron/common/ovn/hash_ring_manager.py:102}}
May 01 02:44:35.463237 np0000171452 devstack@neutron-api.service[104389]: DEBUG neutron.plugins.ml2.drivers.ovn.mech_driver.ovsdb.ovsdb_monitor [None req-781e36cf-d79b-4b80-971f-17ab41d44caf None None] Hash Ring: Node de06f2f047215fa99578bc9c59ee7338 (host: np0000171452) handling event "create" for row 112ec112-4e9d-42b0-9dfa-4b05d8272a86 (table: Chassis) {{(pid=104389) notify /opt/stack/neutron/neutron/plugins/ml2/drivers/ovn/mech_driver/ovsdb/ovsdb_monitor.py:942}}
May 01 02:44:35.463955 np0000171452 devstack@neutron-api.service[104389]: DEBUG ovsdbapp.backend.ovs_idl.event [None req-781e36cf-d79b-4b80-971f-17ab41d44caf None None] Matched CREATE: ChassisBandwidthConfigEvent(events=('create', 'update'), table='Chassis', conditions=None, old_conditions=None), priority=20 to row=Chassis(uuid=112ec112-4e9d-42b0-9dfa-4b05d8272a86, encaps=[7ddc8245-04eb-4161-ac05-8637c5a16d46], external_ids={}, hostname='np0000171452', name='d5f9d3c6-f253-4389-a7eb-0a7292508b1c', nb_cfg=0, other_config={'ct-commit-nat-v2': 'true', 'ct-commit-to-zone': 'true', 'ct-next-zone': 'true', 'ct-no-masked-label': 'true', 'ct-state-save': 'true', 'datapath-type': 'system', 'fdb-timestamp': 'true', 'iface-types': 'afxdp,afxdp-nonpmd,bareudp,erspan,geneve,gre,gtpu,internal,ip6erspan,ip6gre,lisp,patch,srv6,stt,system,tap,vxlan', 'is-interconn': 'false', 'ls-dpg-column': 'true', 'mac-binding-timestamp': 'true', 'ovn-bridge-mappings': 'public:br-ex', 'ovn-chassis-mac-mappings': '', 'ovn-cms-options': 'enable-chassis-as-gw', 'ovn-ct-lb-related': 'true', 'ovn-enable-lflow-cache': 'true', 'ovn-limit-lflow-cache': '', 'ovn-memlimit-lflow-cache-kb': '', 'ovn-monitor-all': 'false', 'ovn-trim-limit-lflow-cache': '', 'ovn-trim-timeout-ms': '', 'ovn-trim-wmark-perc-lflow-cache': '', 'port-up-notif': 'true'}, transport_zones=[], vtep_logical_switches=[]) old= {{(pid=104389) matches /opt/stack/data/venv/lib/python3.12/site-packages/ovsdbapp/backend/ovs_idl/event.py:55}}
May 01 02:44:35.464426 np0000171452 devstack@neutron-api.service[104389]: DEBUG neutron.plugins.ml2.drivers.ovn.mech_driver.ovsdb.ovsdb_monitor [None req-781e36cf-d79b-4b80-971f-17ab41d44caf None None] ChassisAgentWriteEvent : Matched Chassis_Private, create, None None {{(pid=104389) matches /opt/stack/neutron/neutron/plugins/ml2/drivers/ovn/mech_driver/ovsdb/ovsdb_monitor.py:64}}
May 01 02:44:35.464592 np0000171452 devstack@neutron-api.service[104389]: DEBUG neutron.plugins.ml2.drivers.ovn.mech_driver.ovsdb.ovsdb_monitor [None req-781e36cf-d79b-4b80-971f-17ab41d44caf None None] ChassisOVNAgentWriteEvent : Matched Chassis_Private, create, None None {{(pid=104389) matches /opt/stack/neutron/neutron/plugins/ml2/drivers/ovn/mech_driver/ovsdb/ovsdb_monitor.py:64}}
May 01 02:44:35.468900 np0000171452 devstack@neutron-api.service[104389]: DEBUG neutron.common.ovn.hash_ring_manager [None req-781e36cf-d79b-4b80-971f-17ab41d44caf None None] Hash Ring loaded. 1 active nodes. 0 offline nodes {{(pid=104389) _load_hash_ring /opt/stack/neutron/neutron/common/ovn/hash_ring_manager.py:102}}
May 01 02:44:35.469060 np0000171452 devstack@neutron-api.service[104389]: DEBUG neutron.plugins.ml2.drivers.ovn.mech_driver.ovsdb.ovsdb_monitor [None req-781e36cf-d79b-4b80-971f-17ab41d44caf None None] Hash Ring: Node de06f2f047215fa99578bc9c59ee7338 (host: np0000171452) handling event "create" for row ac0036ae-860d-45d9-9413-f142497e5959 (table: Chassis_Private) {{(pid=104389) notify /opt/stack/neutron/neutron/plugins/ml2/drivers/ovn/mech_driver/ovsdb/ovsdb_monitor.py:942}}
May 01 02:44:35.473256 np0000171452 devstack@neutron-api.service[104389]: DEBUG neutron.common.ovn.hash_ring_manager [None req-781e36cf-d79b-4b80-971f-17ab41d44caf None None] Hash Ring loaded. 1 active nodes. 0 offline nodes {{(pid=104389) _load_hash_ring /opt/stack/neutron/neutron/common/ovn/hash_ring_manager.py:102}}
May 01 02:44:35.473256 np0000171452 devstack@neutron-api.service[104389]: DEBUG neutron.plugins.ml2.drivers.ovn.mech_driver.ovsdb.ovsdb_monitor [None req-781e36cf-d79b-4b80-971f-17ab41d44caf None None] Hash Ring: Node de06f2f047215fa99578bc9c59ee7338 (host: np0000171452) handling event "create" for row 7ddc8245-04eb-4161-ac05-8637c5a16d46 (table: Encap) {{(pid=104389) notify /opt/stack/neutron/neutron/plugins/ml2/drivers/ovn/mech_driver/ovsdb/ovsdb_monitor.py:942}}
May 01 02:44:35.474223 np0000171452 devstack@neutron-api.service[104389]: INFO neutron.plugins.ml2.drivers.ovn.mech_driver.mech_driver [None req-781e36cf-d79b-4b80-971f-17ab41d44caf None None] WorkerService process has finished the post initialization
May 01 02:44:35.474798 np0000171452 devstack@neutron-api.service[104389]: INFO neutron.plugins.ml2.drivers.ovn.mech_driver.ovsdb.extensions.qos [-] Starting OVNClientQosExtension
May 01 02:44:35.475066 np0000171452 devstack@neutron-api.service[104389]: INFO neutron.plugins.ml2.drivers.ovn.mech_driver.ovsdb.extensions.placement [-] Starting OVNClientPlacementExtension
May 01 02:44:35.477869 np0000171452 devstack@neutron-api.service[104389]: WSGI app 0 (mountpoint='') ready in 6 seconds on interpreter 0x7939448a3668 pid: 104389 (default app)
May 01 02:44:35.649740 np0000171452 devstack@neutron-api.service[104388]: INFO neutron.plugins.ml2.managers [None req-c2f98c5f-049e-45c3-999f-bbfee3e59e06 None None] Initializing driver for type 'local'
May 01 02:44:35.651945 np0000171452 devstack@neutron-api.service[104388]: INFO neutron.plugins.ml2.managers [None req-c2f98c5f-049e-45c3-999f-bbfee3e59e06 None None] Initializing driver for type 'vlan'
May 01 02:44:35.657688 np0000171452 devstack@neutron-api.service[104391]: INFO neutron.plugins.ml2.managers [None req-b34e24b5-7831-4944-97df-742448d88ee3 None None] Initializing driver for type 'local'
May 01 02:44:35.657979 np0000171452 devstack@neutron-api.service[104391]: INFO neutron.plugins.ml2.managers [None req-b34e24b5-7831-4944-97df-742448d88ee3 None None] Initializing driver for type 'vlan'
May 01 02:44:35.692625 np0000171452 devstack@neutron-api.service[104390]: INFO neutron.plugins.ml2.managers [None req-368e3979-edba-47e4-a0f0-01d11203a07f None None] Initializing driver for type 'local'
May 01 02:44:35.693083 np0000171452 devstack@neutron-api.service[104390]: INFO neutron.plugins.ml2.managers [None req-368e3979-edba-47e4-a0f0-01d11203a07f None None] Initializing driver for type 'vlan'
May 01 02:44:35.744737 np0000171452 devstack@neutron-api.service[104389]: [pid: 104389|app: 0|req: 1/1] 199.19.213.240 () {62 vars in 988 bytes} [Fri May 1 02:44:35 2026] GET /networking => generated 130 bytes in 4 msecs (HTTP/1.1 200) 3 headers in 91 bytes (1 switches on core 0)
May 01 02:44:35.805687 np0000171452 devstack@neutron-api.service[104388]: INFO neutron.plugins.ml2.drivers.type_vlan [None req-c2f98c5f-049e-45c3-999f-bbfee3e59e06 None None] VlanTypeDriver initialization complete
May 01 02:44:35.805820 np0000171452 devstack@neutron-api.service[104388]: INFO neutron.plugins.ml2.managers [None req-c2f98c5f-049e-45c3-999f-bbfee3e59e06 None None] Initializing extension driver 'port_security'
May 01 02:44:35.805944 np0000171452 devstack@neutron-api.service[104388]: INFO neutron.plugins.ml2.extensions.port_security [None req-c2f98c5f-049e-45c3-999f-bbfee3e59e06 None None] PortSecurityExtensionDriver initialization complete
May 01 02:44:35.806033 np0000171452 devstack@neutron-api.service[104388]: INFO neutron.plugins.ml2.managers [None req-c2f98c5f-049e-45c3-999f-bbfee3e59e06 None None] Initializing extension driver 'qos'
May 01 02:44:35.806139 np0000171452 devstack@neutron-api.service[104388]: DEBUG neutron.plugins.ml2.extensions.qos [None req-c2f98c5f-049e-45c3-999f-bbfee3e59e06 None None] QosExtensionDriver initialization complete {{(pid=104388) initialize /opt/stack/neutron/neutron/plugins/ml2/extensions/qos.py:31}}
May 01 02:44:35.806230 np0000171452 devstack@neutron-api.service[104388]: INFO neutron.plugins.ml2.managers [None req-c2f98c5f-049e-45c3-999f-bbfee3e59e06 None None] Initializing mechanism driver 'ovn'
May 01 02:44:35.806325 np0000171452 devstack@neutron-api.service[104388]: INFO neutron.plugins.ml2.drivers.ovn.mech_driver.mech_driver [None req-c2f98c5f-049e-45c3-999f-bbfee3e59e06 None None] Starting OVNMechanismDriver
May 01 02:44:35.807873 np0000171452 devstack@neutron-api.service[104388]: DEBUG neutron_lib.callbacks.manager [None req-c2f98c5f-049e-45c3-999f-bbfee3e59e06 None None] Subscribe: > process before_spawn 55550000, False {{(pid=104388) subscribe /opt/stack/data/venv/lib/python3.12/site-packages/neutron_lib/callbacks/manager.py:52}}
May 01 02:44:35.808026 np0000171452 devstack@neutron-api.service[104388]: DEBUG neutron_lib.callbacks.manager [None req-c2f98c5f-049e-45c3-999f-bbfee3e59e06 None None] Subscribe: > process after_init 55550000, True {{(pid=104388) subscribe /opt/stack/data/venv/lib/python3.12/site-packages/neutron_lib/callbacks/manager.py:52}}
May 01 02:44:35.808129 np0000171452 devstack@neutron-api.service[104388]: DEBUG neutron_lib.callbacks.manager [None req-c2f98c5f-049e-45c3-999f-bbfee3e59e06 None None] Subscribe: > segment after_create 55550000, False {{(pid=104388) subscribe /opt/stack/data/venv/lib/python3.12/site-packages/neutron_lib/callbacks/manager.py:52}}
May 01 02:44:35.808306 np0000171452 devstack@neutron-api.service[104388]: DEBUG neutron_lib.callbacks.manager [None req-c2f98c5f-049e-45c3-999f-bbfee3e59e06 None None] Subscribe: > segment after_create 55550000, False {{(pid=104388) subscribe /opt/stack/data/venv/lib/python3.12/site-packages/neutron_lib/callbacks/manager.py:52}}
May 01 02:44:35.808360 np0000171452 devstack@neutron-api.service[104388]: DEBUG neutron_lib.callbacks.manager [None req-c2f98c5f-049e-45c3-999f-bbfee3e59e06 None None] Subscribe: > segment after_delete 55550000, False {{(pid=104388) subscribe /opt/stack/data/venv/lib/python3.12/site-packages/neutron_lib/callbacks/manager.py:52}}
May 01 02:44:35.808460 np0000171452 devstack@neutron-api.service[104388]: DEBUG neutron_lib.callbacks.manager [None req-c2f98c5f-049e-45c3-999f-bbfee3e59e06 None None] Subscribe: > allowed_address_pair before_create 55550000, False {{(pid=104388) subscribe /opt/stack/data/venv/lib/python3.12/site-packages/neutron_lib/callbacks/manager.py:52}}
May 01 02:44:35.808522 np0000171452 devstack@neutron-api.service[104388]: DEBUG neutron_lib.callbacks.manager [None req-c2f98c5f-049e-45c3-999f-bbfee3e59e06 None None] Subscribe: > security_group precommit_create 55550000, False {{(pid=104388) subscribe /opt/stack/data/venv/lib/python3.12/site-packages/neutron_lib/callbacks/manager.py:52}}
May 01 02:44:35.808723 np0000171452 devstack@neutron-api.service[104388]: DEBUG neutron_lib.callbacks.manager [None req-c2f98c5f-049e-45c3-999f-bbfee3e59e06 None None] Subscribe: > security_group after_update 55550000, False {{(pid=104388) subscribe /opt/stack/data/venv/lib/python3.12/site-packages/neutron_lib/callbacks/manager.py:52}}
May 01 02:44:35.808723 np0000171452 devstack@neutron-api.service[104388]: DEBUG neutron_lib.callbacks.manager [None req-c2f98c5f-049e-45c3-999f-bbfee3e59e06 None None] Subscribe: > security_group after_create 55550000, False {{(pid=104388) subscribe /opt/stack/data/venv/lib/python3.12/site-packages/neutron_lib/callbacks/manager.py:52}}
May 01 02:44:35.808828 np0000171452 devstack@neutron-api.service[104388]: DEBUG neutron_lib.callbacks.manager [None req-c2f98c5f-049e-45c3-999f-bbfee3e59e06 None None] Subscribe: > security_group precommit_delete 55550000, False {{(pid=104388) subscribe /opt/stack/data/venv/lib/python3.12/site-packages/neutron_lib/callbacks/manager.py:52}}
May 01 02:44:35.808968 np0000171452 devstack@neutron-api.service[104388]: DEBUG neutron_lib.callbacks.manager [None req-c2f98c5f-049e-45c3-999f-bbfee3e59e06 None None] Subscribe: > security_group after_delete 55550000, False {{(pid=104388) subscribe /opt/stack/data/venv/lib/python3.12/site-packages/neutron_lib/callbacks/manager.py:52}}
May 01 02:44:35.809172 np0000171452 devstack@neutron-api.service[104388]: DEBUG neutron_lib.callbacks.manager [None req-c2f98c5f-049e-45c3-999f-bbfee3e59e06 None None] Subscribe: > security_group_rule precommit_create 55550000, False {{(pid=104388) subscribe /opt/stack/data/venv/lib/python3.12/site-packages/neutron_lib/callbacks/manager.py:52}}
May 01 02:44:35.809172 np0000171452 devstack@neutron-api.service[104388]: DEBUG neutron_lib.callbacks.manager [None req-c2f98c5f-049e-45c3-999f-bbfee3e59e06 None None] Subscribe: > security_group_rule after_create 55550000, False {{(pid=104388) subscribe /opt/stack/data/venv/lib/python3.12/site-packages/neutron_lib/callbacks/manager.py:52}}
May 01 02:44:35.809283 np0000171452 devstack@neutron-api.service[104388]: DEBUG neutron_lib.callbacks.manager [None req-c2f98c5f-049e-45c3-999f-bbfee3e59e06 None None] Subscribe: > security_group_rule before_delete 55550000, False {{(pid=104388) subscribe /opt/stack/data/venv/lib/python3.12/site-packages/neutron_lib/callbacks/manager.py:52}}
May 01 02:44:35.809545 np0000171452 devstack@neutron-api.service[104388]: DEBUG neutron_lib.callbacks.manager [None req-c2f98c5f-049e-45c3-999f-bbfee3e59e06 None None] Subscribe: > address_group after_create 55550000, False {{(pid=104388) subscribe /opt/stack/data/venv/lib/python3.12/site-packages/neutron_lib/callbacks/manager.py:52}}
May 01 02:44:35.809545 np0000171452 devstack@neutron-api.service[104388]: DEBUG neutron_lib.callbacks.manager [None req-c2f98c5f-049e-45c3-999f-bbfee3e59e06 None None] Subscribe: > address_group after_update 55550000, False {{(pid=104388) subscribe /opt/stack/data/venv/lib/python3.12/site-packages/neutron_lib/callbacks/manager.py:52}}
May 01 02:44:35.809681 np0000171452 devstack@neutron-api.service[104388]: DEBUG neutron_lib.callbacks.manager [None req-c2f98c5f-049e-45c3-999f-bbfee3e59e06 None None] Subscribe: > address_group after_delete 55550000, False {{(pid=104388) subscribe /opt/stack/data/venv/lib/python3.12/site-packages/neutron_lib/callbacks/manager.py:52}}
May 01 02:44:35.809863 np0000171452 devstack@neutron-api.service[104388]: DEBUG neutron_lib.callbacks.manager [None req-c2f98c5f-049e-45c3-999f-bbfee3e59e06 None None] Subscribe: > qos_plugin after_init 55550000, False {{(pid=104388) subscribe /opt/stack/data/venv/lib/python3.12/site-packages/neutron_lib/callbacks/manager.py:52}}
May 01 02:44:35.810279 np0000171452 devstack@neutron-api.service[104388]: DEBUG neutron_lib.callbacks.manager [None req-c2f98c5f-049e-45c3-999f-bbfee3e59e06 None None] Subscribe: > trunk_plugin after_init 55550000, False {{(pid=104388) subscribe /opt/stack/data/venv/lib/python3.12/site-packages/neutron_lib/callbacks/manager.py:52}}
May 01 02:44:35.810279 np0000171452 devstack@neutron-api.service[104388]: DEBUG neutron_lib.callbacks.manager [None req-c2f98c5f-049e-45c3-999f-bbfee3e59e06 None None] Subscribe: > logging-plugin after_init 55550000, False {{(pid=104388) subscribe /opt/stack/data/venv/lib/python3.12/site-packages/neutron_lib/callbacks/manager.py:52}}
May 01 02:44:35.810677 np0000171452 devstack@neutron-api.service[104388]: INFO neutron.services.logapi.drivers.ovn.driver [None req-c2f98c5f-049e-45c3-999f-bbfee3e59e06 None None] OVN logging driver registered
May 01 02:44:35.810975 np0000171452 devstack@neutron-api.service[104391]: INFO neutron.plugins.ml2.drivers.type_vlan [None req-b34e24b5-7831-4944-97df-742448d88ee3 None None] VlanTypeDriver initialization complete
May 01 02:44:35.811096 np0000171452 devstack@neutron-api.service[104391]: INFO neutron.plugins.ml2.managers [None req-b34e24b5-7831-4944-97df-742448d88ee3 None None] Initializing extension driver 'port_security'
May 01 02:44:35.811269 np0000171452 devstack@neutron-api.service[104391]: INFO neutron.plugins.ml2.extensions.port_security [None req-b34e24b5-7831-4944-97df-742448d88ee3 None None] PortSecurityExtensionDriver initialization complete
May 01 02:44:35.811269 np0000171452 devstack@neutron-api.service[104391]: INFO neutron.plugins.ml2.managers [None req-b34e24b5-7831-4944-97df-742448d88ee3 None None] Initializing extension driver 'qos'
May 01 02:44:35.811385 np0000171452 devstack@neutron-api.service[104391]: DEBUG neutron.plugins.ml2.extensions.qos [None req-b34e24b5-7831-4944-97df-742448d88ee3 None None] QosExtensionDriver initialization complete {{(pid=104391) initialize /opt/stack/neutron/neutron/plugins/ml2/extensions/qos.py:31}}
May 01 02:44:35.811484 np0000171452 devstack@neutron-api.service[104391]: INFO neutron.plugins.ml2.managers [None req-b34e24b5-7831-4944-97df-742448d88ee3 None None] Initializing mechanism driver 'ovn'
May 01 02:44:35.811594 np0000171452 devstack@neutron-api.service[104391]: INFO neutron.plugins.ml2.drivers.ovn.mech_driver.mech_driver [None req-b34e24b5-7831-4944-97df-742448d88ee3 None None] Starting OVNMechanismDriver
May 01 02:44:35.812021 np0000171452 devstack@neutron-api.service[104388]: DEBUG neutron.plugins.ml2.plugin [None req-c2f98c5f-049e-45c3-999f-bbfee3e59e06 None None] neutron.plugins.ml2.plugin.Ml2Plugin method _start_rpc_notifiers called with arguments () {} {{(pid=104388) wrapper /opt/stack/data/venv/lib/python3.12/site-packages/oslo_log/helpers.py:77}}
May 01 02:44:35.812278 np0000171452 devstack@neutron-api.service[104388]: DEBUG neutron_lib.callbacks.manager [None req-c2f98c5f-049e-45c3-999f-bbfee3e59e06 None None] Subscribe: > port after_create 55550000, False {{(pid=104388) subscribe /opt/stack/data/venv/lib/python3.12/site-packages/neutron_lib/callbacks/manager.py:52}}
May 01 02:44:35.812429 np0000171452 devstack@neutron-api.service[104388]: DEBUG neutron_lib.callbacks.manager [None req-c2f98c5f-049e-45c3-999f-bbfee3e59e06 None None] Subscribe: > port after_update 55550000, False {{(pid=104388) subscribe /opt/stack/data/venv/lib/python3.12/site-packages/neutron_lib/callbacks/manager.py:52}}
May 01 02:44:35.812484 np0000171452 devstack@neutron-api.service[104388]: DEBUG neutron_lib.callbacks.manager [None req-c2f98c5f-049e-45c3-999f-bbfee3e59e06 None None] Subscribe: > port after_delete 55550000, False {{(pid=104388) subscribe /opt/stack/data/venv/lib/python3.12/site-packages/neutron_lib/callbacks/manager.py:52}}
May 01 02:44:35.812659 np0000171452 devstack@neutron-api.service[104388]: DEBUG neutron_lib.callbacks.manager [None req-c2f98c5f-049e-45c3-999f-bbfee3e59e06 None None] Subscribe: > subnet after_create 55550000, False {{(pid=104388) subscribe /opt/stack/data/venv/lib/python3.12/site-packages/neutron_lib/callbacks/manager.py:52}}
May 01 02:44:35.812714 np0000171452 devstack@neutron-api.service[104388]: DEBUG neutron_lib.callbacks.manager [None req-c2f98c5f-049e-45c3-999f-bbfee3e59e06 None None] Subscribe: > subnet after_update 55550000, False {{(pid=104388) subscribe /opt/stack/data/venv/lib/python3.12/site-packages/neutron_lib/callbacks/manager.py:52}}
May 01 02:44:35.812893 np0000171452 devstack@neutron-api.service[104388]: DEBUG neutron_lib.callbacks.manager [None req-c2f98c5f-049e-45c3-999f-bbfee3e59e06 None None] Subscribe: > subnet after_delete 55550000, False {{(pid=104388) subscribe /opt/stack/data/venv/lib/python3.12/site-packages/neutron_lib/callbacks/manager.py:52}}
May 01 02:44:35.812893 np0000171452 devstack@neutron-api.service[104388]: DEBUG neutron_lib.callbacks.manager [None req-c2f98c5f-049e-45c3-999f-bbfee3e59e06 None None] Subscribe: > network after_create 55550000, False {{(pid=104388) subscribe /opt/stack/data/venv/lib/python3.12/site-packages/neutron_lib/callbacks/manager.py:52}}
May 01 02:44:35.813051 np0000171452 devstack@neutron-api.service[104388]: DEBUG neutron_lib.callbacks.manager [None req-c2f98c5f-049e-45c3-999f-bbfee3e59e06 None None] Subscribe: > network after_update 55550000, False {{(pid=104388) subscribe /opt/stack/data/venv/lib/python3.12/site-packages/neutron_lib/callbacks/manager.py:52}}
May 01 02:44:35.813186 np0000171452 devstack@neutron-api.service[104388]: DEBUG neutron_lib.callbacks.manager [None req-c2f98c5f-049e-45c3-999f-bbfee3e59e06 None None] Subscribe: > network after_delete 55550000, False {{(pid=104388) subscribe /opt/stack/data/venv/lib/python3.12/site-packages/neutron_lib/callbacks/manager.py:52}}
May 01 02:44:35.813238 np0000171452 devstack@neutron-api.service[104391]: DEBUG neutron_lib.callbacks.manager [None req-b34e24b5-7831-4944-97df-742448d88ee3 None None] Subscribe: > process before_spawn 55550000, False {{(pid=104391) subscribe /opt/stack/data/venv/lib/python3.12/site-packages/neutron_lib/callbacks/manager.py:52}}
May 01 02:44:35.813268 np0000171452 devstack@neutron-api.service[104388]: DEBUG neutron_lib.callbacks.manager [None req-c2f98c5f-049e-45c3-999f-bbfee3e59e06 None None] Subscribe: > security_group after_create 55550000, False {{(pid=104388) subscribe /opt/stack/data/venv/lib/python3.12/site-packages/neutron_lib/callbacks/manager.py:52}}
May 01 02:44:35.813322 np0000171452 devstack@neutron-api.service[104391]: DEBUG neutron_lib.callbacks.manager [None req-b34e24b5-7831-4944-97df-742448d88ee3 None None] Subscribe: > process after_init 55550000, True {{(pid=104391) subscribe /opt/stack/data/venv/lib/python3.12/site-packages/neutron_lib/callbacks/manager.py:52}}
May 01 02:44:35.813347 np0000171452 devstack@neutron-api.service[104388]: DEBUG neutron_lib.callbacks.manager [None req-c2f98c5f-049e-45c3-999f-bbfee3e59e06 None None] Subscribe: > security_group after_update 55550000, False {{(pid=104388) subscribe /opt/stack/data/venv/lib/python3.12/site-packages/neutron_lib/callbacks/manager.py:52}}
May 01 02:44:35.813403 np0000171452 devstack@neutron-api.service[104391]: DEBUG neutron_lib.callbacks.manager [None req-b34e24b5-7831-4944-97df-742448d88ee3 None None] Subscribe: > segment after_create 55550000, False {{(pid=104391) subscribe /opt/stack/data/venv/lib/python3.12/site-packages/neutron_lib/callbacks/manager.py:52}}
May 01 02:44:35.813430 np0000171452 devstack@neutron-api.service[104388]: DEBUG neutron_lib.callbacks.manager [None req-c2f98c5f-049e-45c3-999f-bbfee3e59e06 None None] Subscribe: > security_group after_delete 55550000, False {{(pid=104388) subscribe /opt/stack/data/venv/lib/python3.12/site-packages/neutron_lib/callbacks/manager.py:52}}
May 01 02:44:35.813499 np0000171452 devstack@neutron-api.service[104391]: DEBUG neutron_lib.callbacks.manager [None req-b34e24b5-7831-4944-97df-742448d88ee3 None None] Subscribe: > segment after_create 55550000, False {{(pid=104391) subscribe /opt/stack/data/venv/lib/python3.12/site-packages/neutron_lib/callbacks/manager.py:52}}
May 01 02:44:35.813529 np0000171452 devstack@neutron-api.service[104388]: DEBUG neutron_lib.callbacks.manager [None req-c2f98c5f-049e-45c3-999f-bbfee3e59e06 None None] Subscribe: > security_group_rule after_create 55550000, False {{(pid=104388) subscribe /opt/stack/data/venv/lib/python3.12/site-packages/neutron_lib/callbacks/manager.py:52}}
May 01 02:44:35.813570 np0000171452 devstack@neutron-api.service[104388]: DEBUG neutron_lib.callbacks.manager [None req-c2f98c5f-049e-45c3-999f-bbfee3e59e06 None None] Subscribe: > security_group_rule after_update 55550000, False {{(pid=104388) subscribe /opt/stack/data/venv/lib/python3.12/site-packages/neutron_lib/callbacks/manager.py:52}}
May 01 02:44:35.813664 np0000171452 devstack@neutron-api.service[104391]: DEBUG neutron_lib.callbacks.manager [None req-b34e24b5-7831-4944-97df-742448d88ee3 None None] Subscribe: > segment after_delete 55550000, False {{(pid=104391) subscribe /opt/stack/data/venv/lib/python3.12/site-packages/neutron_lib/callbacks/manager.py:52}}
May 01 02:44:35.813691 np0000171452 devstack@neutron-api.service[104388]: DEBUG neutron_lib.callbacks.manager [None req-c2f98c5f-049e-45c3-999f-bbfee3e59e06 None None] Subscribe: > security_group_rule after_delete 55550000, False {{(pid=104388) subscribe /opt/stack/data/venv/lib/python3.12/site-packages/neutron_lib/callbacks/manager.py:52}}
May 01 02:44:35.813717 np0000171452 devstack@neutron-api.service[104391]: DEBUG neutron_lib.callbacks.manager [None req-b34e24b5-7831-4944-97df-742448d88ee3 None None] Subscribe: > allowed_address_pair before_create 55550000, False {{(pid=104391) subscribe /opt/stack/data/venv/lib/python3.12/site-packages/neutron_lib/callbacks/manager.py:52}}
May 01 02:44:35.813805 np0000171452 devstack@neutron-api.service[104388]: DEBUG neutron_lib.callbacks.manager [None req-c2f98c5f-049e-45c3-999f-bbfee3e59e06 None None] Subscribe: > address_group after_create 55550000, False {{(pid=104388) subscribe /opt/stack/data/venv/lib/python3.12/site-packages/neutron_lib/callbacks/manager.py:52}}
May 01 02:44:35.813831 np0000171452 devstack@neutron-api.service[104391]: DEBUG neutron_lib.callbacks.manager [None req-b34e24b5-7831-4944-97df-742448d88ee3 None None] Subscribe: > security_group precommit_create 55550000, False {{(pid=104391) subscribe /opt/stack/data/venv/lib/python3.12/site-packages/neutron_lib/callbacks/manager.py:52}}
May 01 02:44:35.813879 np0000171452 devstack@neutron-api.service[104388]: DEBUG neutron_lib.callbacks.manager [None req-c2f98c5f-049e-45c3-999f-bbfee3e59e06 None None] Subscribe: > address_group after_update 55550000, False {{(pid=104388) subscribe /opt/stack/data/venv/lib/python3.12/site-packages/neutron_lib/callbacks/manager.py:52}}
May 01 02:44:35.813995 np0000171452 devstack@neutron-api.service[104391]: DEBUG neutron_lib.callbacks.manager [None req-b34e24b5-7831-4944-97df-742448d88ee3 None None] Subscribe: > security_group after_update 55550000, False {{(pid=104391) subscribe /opt/stack/data/venv/lib/python3.12/site-packages/neutron_lib/callbacks/manager.py:52}}
May 01 02:44:35.814047 np0000171452 devstack@neutron-api.service[104388]: DEBUG neutron_lib.callbacks.manager [None req-c2f98c5f-049e-45c3-999f-bbfee3e59e06 None None] Subscribe: > address_group after_delete 55550000, False {{(pid=104388) subscribe /opt/stack/data/venv/lib/python3.12/site-packages/neutron_lib/callbacks/manager.py:52}}
May 01 02:44:35.814096 np0000171452 devstack@neutron-api.service[104391]: DEBUG neutron_lib.callbacks.manager [None req-b34e24b5-7831-4944-97df-742448d88ee3 None None] Subscribe: > security_group after_create 55550000, False {{(pid=104391) subscribe /opt/stack/data/venv/lib/python3.12/site-packages/neutron_lib/callbacks/manager.py:52}}
May 01 02:44:35.814123 np0000171452 devstack@neutron-api.service[104388]: DEBUG neutron.plugins.ml2.ovo_rpc [None req-c2f98c5f-049e-45c3-999f-bbfee3e59e06 None None] ML2 OVO RPC backend initialized. {{(pid=104388) __init__ /opt/stack/neutron/neutron/plugins/ml2/ovo_rpc.py:117}}
May 01 02:44:35.814184 np0000171452 devstack@neutron-api.service[104391]: DEBUG neutron_lib.callbacks.manager [None req-b34e24b5-7831-4944-97df-742448d88ee3 None None] Subscribe: > security_group precommit_delete 55550000, False {{(pid=104391) subscribe /opt/stack/data/venv/lib/python3.12/site-packages/neutron_lib/callbacks/manager.py:52}}
May 01 02:44:35.814213 np0000171452 devstack@neutron-api.service[104391]: DEBUG neutron_lib.callbacks.manager [None req-b34e24b5-7831-4944-97df-742448d88ee3 None None] Subscribe: > security_group after_delete 55550000, False {{(pid=104391) subscribe /opt/stack/data/venv/lib/python3.12/site-packages/neutron_lib/callbacks/manager.py:52}}
May 01 02:44:35.814828 np0000171452 devstack@neutron-api.service[104391]: DEBUG neutron_lib.callbacks.manager [None req-b34e24b5-7831-4944-97df-742448d88ee3 None None] Subscribe: > security_group_rule precommit_create 55550000, False {{(pid=104391) subscribe /opt/stack/data/venv/lib/python3.12/site-packages/neutron_lib/callbacks/manager.py:52}}
May 01 02:44:35.814828 np0000171452 devstack@neutron-api.service[104391]: DEBUG neutron_lib.callbacks.manager [None req-b34e24b5-7831-4944-97df-742448d88ee3 None None] Subscribe: > security_group_rule after_create 55550000, False {{(pid=104391) subscribe /opt/stack/data/venv/lib/python3.12/site-packages/neutron_lib/callbacks/manager.py:52}}
May 01 02:44:35.814828 np0000171452 devstack@neutron-api.service[104391]: DEBUG neutron_lib.callbacks.manager [None req-b34e24b5-7831-4944-97df-742448d88ee3 None None] Subscribe: > security_group_rule before_delete 55550000, False {{(pid=104391) subscribe /opt/stack/data/venv/lib/python3.12/site-packages/neutron_lib/callbacks/manager.py:52}}
May 01 02:44:35.814828 np0000171452 devstack@neutron-api.service[104391]: DEBUG neutron_lib.callbacks.manager [None req-b34e24b5-7831-4944-97df-742448d88ee3 None None] Subscribe: > address_group after_create 55550000, False {{(pid=104391) subscribe /opt/stack/data/venv/lib/python3.12/site-packages/neutron_lib/callbacks/manager.py:52}}
May 01 02:44:35.815675 np0000171452 devstack@neutron-api.service[104391]: DEBUG neutron_lib.callbacks.manager [None req-b34e24b5-7831-4944-97df-742448d88ee3 None None] Subscribe: > address_group after_update 55550000, False {{(pid=104391) subscribe /opt/stack/data/venv/lib/python3.12/site-packages/neutron_lib/callbacks/manager.py:52}}
May 01 02:44:35.816071 np0000171452 devstack@neutron-api.service[104388]: INFO neutron.quota [None req-c2f98c5f-049e-45c3-999f-bbfee3e59e06 None None] Loaded quota_driver: .
May 01 02:44:35.816278 np0000171452 devstack@neutron-api.service[104391]: DEBUG neutron_lib.callbacks.manager [None req-b34e24b5-7831-4944-97df-742448d88ee3 None None] Subscribe: > address_group after_delete 55550000, False {{(pid=104391) subscribe /opt/stack/data/venv/lib/python3.12/site-packages/neutron_lib/callbacks/manager.py:52}}
May 01 02:44:35.816431 np0000171452 devstack@neutron-api.service[104388]: INFO neutron.plugins.ml2.plugin [None req-c2f98c5f-049e-45c3-999f-bbfee3e59e06 None None] Modular L2 Plugin initialization complete
May 01 02:44:35.816534 np0000171452 devstack@neutron-api.service[104391]: DEBUG neutron_lib.callbacks.manager [None req-b34e24b5-7831-4944-97df-742448d88ee3 None None] Subscribe: > qos_plugin after_init 55550000, False {{(pid=104391) subscribe /opt/stack/data/venv/lib/python3.12/site-packages/neutron_lib/callbacks/manager.py:52}}
May 01 02:44:35.816653 np0000171452 devstack@neutron-api.service[104388]: DEBUG neutron.manager [None req-c2f98c5f-049e-45c3-999f-bbfee3e59e06 None None] Loading services supported by the core plugin {{(pid=104388) _load_services_from_core_plugin /opt/stack/neutron/neutron/manager.py:170}}
May 01 02:44:35.816653 np0000171452 devstack@neutron-api.service[104388]: INFO neutron.plugins.ml2.managers [None req-c2f98c5f-049e-45c3-999f-bbfee3e59e06 None None] Got port-security extension from driver 'port_security'
May 01 02:44:35.816932 np0000171452 devstack@neutron-api.service[104391]: DEBUG neutron_lib.callbacks.manager [None req-b34e24b5-7831-4944-97df-742448d88ee3 None None] Subscribe: > trunk_plugin after_init 55550000, False {{(pid=104391) subscribe /opt/stack/data/venv/lib/python3.12/site-packages/neutron_lib/callbacks/manager.py:52}}
May 01 02:44:35.816932 np0000171452 devstack@neutron-api.service[104391]: DEBUG neutron_lib.callbacks.manager [None req-b34e24b5-7831-4944-97df-742448d88ee3 None None] Subscribe: > logging-plugin after_init 55550000, False {{(pid=104391) subscribe /opt/stack/data/venv/lib/python3.12/site-packages/neutron_lib/callbacks/manager.py:52}}
May 01 02:44:35.817078 np0000171452 devstack@neutron-api.service[104388]: DEBUG neutron.manager [None req-c2f98c5f-049e-45c3-999f-bbfee3e59e06 None None] Loading service plugins: ['ovn-router', 'auto_allocate', 'tag', 'timestamp', 'network_ip_availability', 'flavors', 'revisions'] {{(pid=104388) _load_service_plugins /opt/stack/neutron/neutron/manager.py:195}}
May 01 02:44:35.817078 np0000171452 devstack@neutron-api.service[104388]: INFO neutron.manager [None req-c2f98c5f-049e-45c3-999f-bbfee3e59e06 None None] Loading Plugin: ovn-router
May 01 02:44:35.817152 np0000171452 devstack@neutron-api.service[104391]: INFO neutron.services.logapi.drivers.ovn.driver [None req-b34e24b5-7831-4944-97df-742448d88ee3 None None] OVN logging driver registered
May 01 02:44:35.817413 np0000171452 devstack@neutron-api.service[104391]: DEBUG neutron.plugins.ml2.plugin [None req-b34e24b5-7831-4944-97df-742448d88ee3 None None] neutron.plugins.ml2.plugin.Ml2Plugin method _start_rpc_notifiers called with arguments () {} {{(pid=104391) wrapper /opt/stack/data/venv/lib/python3.12/site-packages/oslo_log/helpers.py:77}}
May 01 02:44:35.817730 np0000171452 devstack@neutron-api.service[104391]: DEBUG neutron_lib.callbacks.manager [None req-b34e24b5-7831-4944-97df-742448d88ee3 None None] Subscribe: > port after_create 55550000, False {{(pid=104391) subscribe /opt/stack/data/venv/lib/python3.12/site-packages/neutron_lib/callbacks/manager.py:52}}
May 01 02:44:35.818071 np0000171452 devstack@neutron-api.service[104391]: DEBUG neutron_lib.callbacks.manager [None req-b34e24b5-7831-4944-97df-742448d88ee3 None None] Subscribe: > port after_update 55550000, False {{(pid=104391) subscribe /opt/stack/data/venv/lib/python3.12/site-packages/neutron_lib/callbacks/manager.py:52}}
May 01 02:44:35.818071 np0000171452 devstack@neutron-api.service[104391]: DEBUG neutron_lib.callbacks.manager [None req-b34e24b5-7831-4944-97df-742448d88ee3 None None] Subscribe: > port after_delete 55550000, False {{(pid=104391) subscribe /opt/stack/data/venv/lib/python3.12/site-packages/neutron_lib/callbacks/manager.py:52}}
May 01 02:44:35.818071 np0000171452 devstack@neutron-api.service[104391]: DEBUG neutron_lib.callbacks.manager [None req-b34e24b5-7831-4944-97df-742448d88ee3 None None] Subscribe: > subnet after_create 55550000, False {{(pid=104391) subscribe /opt/stack/data/venv/lib/python3.12/site-packages/neutron_lib/callbacks/manager.py:52}}
May 01 02:44:35.818259 np0000171452 devstack@neutron-api.service[104391]: DEBUG neutron_lib.callbacks.manager [None req-b34e24b5-7831-4944-97df-742448d88ee3 None None] Subscribe: > subnet after_update 55550000, False {{(pid=104391) subscribe /opt/stack/data/venv/lib/python3.12/site-packages/neutron_lib/callbacks/manager.py:52}}
