2026-08-02 23:35:02.551 9 INFO neutron.wsgi [req-861b5233-d608-4a70-aad1-523c09235165 req-386f60d5-df27-4275-9135-04d42a56df1f 2905d19d5ac9442c95ab16d46bd4ccb3 ca64d728ff8b455e82593d0e0db35a34 - - default default] 10.0.0.174 "GET /v2.0/ports?device_id=f7351a14-2951-45c8-8ca1-b1abde30b6e4 HTTP/1.1" status: 200 len: 1174 time: 0.1423466
2026-08-02 23:35:02.555 9 INFO neutron.db.ovn_revision_numbers_db [None req-f56c4229-1416-4b1d-a90e-b9b5ede6e7c7 cc297bf278634480a6de0b097c810408 ebaf8e9ea3584eb98eb7eba67e587fff - - default default] Successfully bumped revision number for resource 1b4e8171-3295-4b04-8906-81c467a52c32 (type: ports) to 2
2026-08-02 23:35:02.599 8 INFO neutron.wsgi [None req-8c699cdd-d1b3-44ba-8511-66cc8c777d14 f48d03aa9603428fa9577c248e5fa06b ae828e04e0694ad99634fb5834cc4185 - - default default] 10.0.0.18 "DELETE /v2.0/ports/50aca093-7eb7-437b-9ff0-8d4249614d17 HTTP/1.1" status: 204 len: 168 time: 0.2646854
2026-08-02 23:35:02.603 9 INFO neutron.db.ovn_revision_numbers_db [None req-f56c4229-1416-4b1d-a90e-b9b5ede6e7c7 cc297bf278634480a6de0b097c810408 ebaf8e9ea3584eb98eb7eba67e587fff - - default default] Successfully bumped revision number for resource 8caccddb-0541-48ae-8165-907d61c5918c (type: subnets) to 0
2026-08-02 23:35:02.610 9 INFO neutron.wsgi [req-861b5233-d608-4a70-aad1-523c09235165 req-82b50917-e8c1-44b4-b1f0-375ab59bc4da 2905d19d5ac9442c95ab16d46bd4ccb3 ca64d728ff8b455e82593d0e0db35a34 - - default default] 10.0.0.174 "GET /v2.0/security-groups?id=3967887e-4ebf-40ed-b3a1-7592d89f6d7b&fields=id&fields=name HTTP/1.1" status: 200 len: 311 time: 0.0494657
2026-08-02 23:35:02.620 9 INFO neutron.wsgi [None req-f56c4229-1416-4b1d-a90e-b9b5ede6e7c7 cc297bf278634480a6de0b097c810408 ebaf8e9ea3584eb98eb7eba67e587fff - - default default] 10.0.0.18 "POST /v2.0/subnets HTTP/1.1" status: 201 len: 801 time: 1.1270659
2026-08-02 23:35:02.757 8 INFO neutron.wsgi [req-32c32364-8585-452b-91df-9bf507bacae1 req-b3c0f750-2ed9-42cf-9439-4bc565cdaf42 2905d19d5ac9442c95ab16d46bd4ccb3 ca64d728ff8b455e82593d0e0db35a34 - - default default] 10.0.0.174 "GET /v2.0/ports?device_id=f7351a14-2951-45c8-8ca1-b1abde30b6e4 HTTP/1.1" status: 200 len: 1174 time: 0.0829475
2026-08-02 23:35:02.839 8 INFO neutron.db.ovn_revision_numbers_db [None req-a95d6476-c1fb-4e06-9c66-419b745380dc cc297bf278634480a6de0b097c810408 ebaf8e9ea3584eb98eb7eba67e587fff - - default default] Successfully bumped revision number for resource ff2e4639-4eab-48c0-960d-ad34195fca4d (type: routers) to 1
2026-08-02 23:35:02.862 8 INFO neutron.wsgi [None req-a95d6476-c1fb-4e06-9c66-419b745380dc cc297bf278634480a6de0b097c810408 ebaf8e9ea3584eb98eb7eba67e587fff - - default default] 10.0.0.18 "POST /v2.0/routers HTTP/1.1" status: 201 len: 686 time: 0.2361932
2026-08-02 23:35:02.930 8 INFO neutron.wsgi [None req-f2617292-c4a8-43db-838c-8ec7799e61bf f48d03aa9603428fa9577c248e5fa06b ae828e04e0694ad99634fb5834cc4185 - - default default] 10.0.0.18 "DELETE /v2.0/ports/09e2772a-0522-4baf-af2e-07b29f649613 HTTP/1.1" status: 204 len: 168 time: 0.3249233
2026-08-02 23:35:02.973 8 INFO neutron.wsgi [None req-e0b7a1b9-0b17-4a91-984f-959ba0eb67be f48d03aa9603428fa9577c248e5fa06b ae828e04e0694ad99634fb5834cc4185 - - default default] 10.0.0.18 "GET /v2.0/ports HTTP/1.1" status: 200 len: 1718 time: 0.0371108
2026-08-02 23:35:03.080 9 INFO neutron.db.l3_db [None req-091ede13-0c35-4651-ba00-96be5c003306 2905d19d5ac9442c95ab16d46bd4ccb3 ca64d728ff8b455e82593d0e0db35a34 - - default default] Floating IP aa6729cf-922b-4f82-8956-2c093232b606 associated. External IP: 10.96.250.213, port: ce394556-8594-49c2-8f75-fd007d5fe21f.
2026-08-02 23:35:03.263 8 INFO neutron.db.segments_db [None req-8d49051e-c9a7-4af2-b7ae-b25deaae52dd f48d03aa9603428fa9577c248e5fa06b ae828e04e0694ad99634fb5834cc4185 - - default default] Added segment 7d79efc8-614b-41d5-abf2-266453037360 of type geneve for network 09cfbd56-355b-4341-9eda-7a6c4f54b5a2
2026-08-02 23:35:03.344 9 INFO neutron.db.ovn_revision_numbers_db [None req-091ede13-0c35-4651-ba00-96be5c003306 2905d19d5ac9442c95ab16d46bd4ccb3 ca64d728ff8b455e82593d0e0db35a34 - - default default] Successfully bumped revision number for resource aa6729cf-922b-4f82-8956-2c093232b606 (type: floatingips) to 1
2026-08-02 23:35:03.425 9 WARNING neutron.scheduler.dhcp_agent_scheduler [None req-f8ebf372-919c-4f44-986d-dce273b703c2 cc297bf278634480a6de0b097c810408 ebaf8e9ea3584eb98eb7eba67e587fff - - default default] No more DHCP agents
2026-08-02 23:35:03.434 9 WARNING neutron.api.rpc.agentnotifiers.dhcp_rpc_agent_api [None req-f8ebf372-919c-4f44-986d-dce273b703c2 cc297bf278634480a6de0b097c810408 ebaf8e9ea3584eb98eb7eba67e587fff - - default default] Unable to schedule network 81307aa8-950e-4cc6-8d39-382cb94a25fb: no agents available; will retry on subsequent port and subnet creation events.
2026-08-02 23:35:03.488 8 INFO neutron.db.ovn_revision_numbers_db [None req-8d49051e-c9a7-4af2-b7ae-b25deaae52dd f48d03aa9603428fa9577c248e5fa06b ae828e04e0694ad99634fb5834cc4185 - - default default] Successfully bumped revision number for resource 09cfbd56-355b-4341-9eda-7a6c4f54b5a2 (type: networks) to 1
2026-08-02 23:35:03.535 9 INFO neutron.db.ovn_revision_numbers_db [None req-091ede13-0c35-4651-ba00-96be5c003306 2905d19d5ac9442c95ab16d46bd4ccb3 ca64d728ff8b455e82593d0e0db35a34 - - default default] Successfully bumped revision number for resource aa6729cf-922b-4f82-8956-2c093232b606 (type: floatingips) to 2
2026-08-02 23:35:03.562 9 INFO neutron.wsgi [None req-091ede13-0c35-4651-ba00-96be5c003306 2905d19d5ac9442c95ab16d46bd4ccb3 ca64d728ff8b455e82593d0e0db35a34 - - default default] 10.0.0.18 "PUT /v2.0/floatingips/aa6729cf-922b-4f82-8956-2c093232b606 HTTP/1.1" status: 200 len: 1050 time: 0.7915359
2026-08-02 23:35:03.682 9 INFO neutron.wsgi [req-cc09d8a3-f62d-4773-bbf0-cc7d5a4d95e0 req-dd58e4fc-647d-411a-aa70-0084ac00ef53 2905d19d5ac9442c95ab16d46bd4ccb3 ca64d728ff8b455e82593d0e0db35a34 - - default default] 10.0.0.174 "GET /v2.0/ports?device_id=f7351a14-2951-45c8-8ca1-b1abde30b6e4 HTTP/1.1" status: 200 len: 1174 time: 0.0655596
2026-08-02 23:35:03.703 9 INFO neutron.db.ovn_revision_numbers_db [None req-f8ebf372-919c-4f44-986d-dce273b703c2 cc297bf278634480a6de0b097c810408 ebaf8e9ea3584eb98eb7eba67e587fff - - default default] Successfully bumped revision number for resource 98094d5a-eb3a-40c9-b213-30e83565edca (type: ports) to 1
2026-08-02 23:35:03.730 8 WARNING neutron.scheduler.dhcp_agent_scheduler [None req-8d49051e-c9a7-4af2-b7ae-b25deaae52dd f48d03aa9603428fa9577c248e5fa06b ae828e04e0694ad99634fb5834cc4185 - - default default] No more DHCP agents
2026-08-02 23:35:03.734 8 WARNING neutron.api.rpc.agentnotifiers.dhcp_rpc_agent_api [None req-8d49051e-c9a7-4af2-b7ae-b25deaae52dd f48d03aa9603428fa9577c248e5fa06b ae828e04e0694ad99634fb5834cc4185 - - default default] Unable to schedule network 09cfbd56-355b-4341-9eda-7a6c4f54b5a2: no agents available; will retry on subsequent port and subnet creation events.
2026-08-02 23:35:03.778 9 INFO neutron.wsgi [req-cc09d8a3-f62d-4773-bbf0-cc7d5a4d95e0 req-c5e7f894-fe09-452a-92e1-723c950d54ae 2905d19d5ac9442c95ab16d46bd4ccb3 ca64d728ff8b455e82593d0e0db35a34 - - default default] 10.0.0.174 "GET /v2.0/security-groups?id=3967887e-4ebf-40ed-b3a1-7592d89f6d7b&fields=id&fields=name HTTP/1.1" status: 200 len: 311 time: 0.0831158
2026-08-02 23:35:03.792 9 INFO neutron.wsgi [req-4bf184de-9bea-4e37-8262-4d565383fa72 req-dab90df8-f27e-40f1-b8a6-f7386589e335 adf2cf1c8bdd48c6ab7ce1ff39900ab3 a58fe209165a4fdbbf443341c333fb47 - - c135e7d025ad43808f7e20c2893a0803 c135e7d025ad43808f7e20c2893a0803] 10.0.0.251 "GET /v2.0/ports?device_id=df4293fc-647f-451d-aeba-a5d0de7519c6 HTTP/1.1" status: 200 len: 1413 time: 0.1826506
2026-08-02 23:35:03.832 8 INFO neutron.db.ovn_revision_numbers_db [None req-8d49051e-c9a7-4af2-b7ae-b25deaae52dd f48d03aa9603428fa9577c248e5fa06b ae828e04e0694ad99634fb5834cc4185 - - default default] Successfully bumped revision number for resource b24da073-6c3d-43b2-ba08-8d966fbc7b9b (type: ports) to 1
2026-08-02 23:35:03.892 8 INFO neutron.wsgi [None req-8d49051e-c9a7-4af2-b7ae-b25deaae52dd f48d03aa9603428fa9577c248e5fa06b ae828e04e0694ad99634fb5834cc4185 - - default default] 10.0.0.18 "POST /v2.0/networks HTTP/1.1" status: 201 len: 853 time: 0.9093356 /var/lib/openstack/lib/python3.10/site-packages/pycadf/identifier.py:71: UserWarning: Invalid uuid: neutron. To ensure interoperability, identifiers should be a valid uuid. warnings.warn(('Invalid uuid: %s. To ensure interoperability, '
2026-08-02 23:35:04.000 8 INFO neutron.db.segments_db [None req-3708b257-75a2-43ff-b37e-df1b4677ede7 f48d03aa9603428fa9577c248e5fa06b ae828e04e0694ad99634fb5834cc4185 - - default default] Added segment 4eb91ea1-30b6-42ba-999d-65f4f900369d of type geneve for network 28384c46-8bf0-4cc6-8a2f-0a96908e99c2
2026-08-02 23:35:04.118 9 INFO neutron.wsgi [req-4bf184de-9bea-4e37-8262-4d565383fa72 req-bc75e699-d0d2-496e-a502-33ef93926579 adf2cf1c8bdd48c6ab7ce1ff39900ab3 a58fe209165a4fdbbf443341c333fb47 - - c135e7d025ad43808f7e20c2893a0803 c135e7d025ad43808f7e20c2893a0803] 10.0.0.251 "GET /v2.0/security-groups?id=6a21262f-f831-4fab-b8af-4998151bcb7c&fields=id&fields=name HTTP/1.1" status: 200 len: 313 time: 0.2983401
2026-08-02 23:35:04.154 9 INFO neutron.notifiers.nova [-] Nova event matching ['req-be7b2d76-d91a-401a-85d5-9d5f8bea2da4'] response: {'server_uuid': 'f7351a14-2951-45c8-8ca1-b1abde30b6e4', 'name': 'network-vif-plugged', 'status': 'completed', 'tag': 'ce394556-8594-49c2-8f75-fd007d5fe21f', 'code': 200}
2026-08-02 23:35:04.154 9 INFO neutron.notifiers.nova [-] Nova event matching ['req-be7b2d76-d91a-401a-85d5-9d5f8bea2da4'] response: {'name': 'network-changed', 'server_uuid': 'f7351a14-2951-45c8-8ca1-b1abde30b6e4', 'tag': 'ce394556-8594-49c2-8f75-fd007d5fe21f', 'status': 'completed', 'code': 200}
2026-08-02 23:35:04.173 8 INFO neutron.db.ovn_revision_numbers_db [None req-3708b257-75a2-43ff-b37e-df1b4677ede7 f48d03aa9603428fa9577c248e5fa06b ae828e04e0694ad99634fb5834cc4185 - - default default] Successfully bumped revision number for resource 28384c46-8bf0-4cc6-8a2f-0a96908e99c2 (type: networks) to 1
2026-08-02 23:35:04.244 9 INFO neutron.wsgi [req-07912394-4800-44f0-a927-af9b455d0f52 req-e7f00f37-121b-47f5-b2ce-2f6bcf032bec adf2cf1c8bdd48c6ab7ce1ff39900ab3 a58fe209165a4fdbbf443341c333fb47 - - c135e7d025ad43808f7e20c2893a0803 c135e7d025ad43808f7e20c2893a0803] 199.204.45.23 "GET /v2.0/ports?tenant_id=ca64d728ff8b455e82593d0e0db35a34&device_id=f7351a14-2951-45c8-8ca1-b1abde30b6e4 HTTP/1.1" status: 200 len: 1413 time: 0.0651383
2026-08-02 23:35:04.395 9 INFO neutron.wsgi [req-07912394-4800-44f0-a927-af9b455d0f52 req-ab8374cb-dfb8-4ac3-a162-6dd71ffa1d51 adf2cf1c8bdd48c6ab7ce1ff39900ab3 a58fe209165a4fdbbf443341c333fb47 - - c135e7d025ad43808f7e20c2893a0803 c135e7d025ad43808f7e20c2893a0803] 199.204.45.23 "GET /v2.0/networks?id=f1f3b88c-ffae-4950-9c91-cbe2b29bf4e0 HTTP/1.1" status: 200 len: 981 time: 0.1408236
2026-08-02 23:35:04.437 8 WARNING neutron.scheduler.dhcp_agent_scheduler [None req-3708b257-75a2-43ff-b37e-df1b4677ede7 f48d03aa9603428fa9577c248e5fa06b ae828e04e0694ad99634fb5834cc4185 - - default default] No more DHCP agents
2026-08-02 23:35:04.441 8 WARNING neutron.api.rpc.agentnotifiers.dhcp_rpc_agent_api [None req-3708b257-75a2-43ff-b37e-df1b4677ede7 f48d03aa9603428fa9577c248e5fa06b ae828e04e0694ad99634fb5834cc4185 - - default default] Unable to schedule network 28384c46-8bf0-4cc6-8a2f-0a96908e99c2: no agents available; will retry on subsequent port and subnet creation events.
2026-08-02 23:35:04.512 9 INFO neutron.wsgi [req-07912394-4800-44f0-a927-af9b455d0f52 req-a8b1978c-c6c8-4fc0-9dc9-fdd97f0d1449 adf2cf1c8bdd48c6ab7ce1ff39900ab3 a58fe209165a4fdbbf443341c333fb47 - - c135e7d025ad43808f7e20c2893a0803 c135e7d025ad43808f7e20c2893a0803] 199.204.45.23 "GET /v2.0/floatingips?fixed_ip_address=10.100.0.11&port_id=ce394556-8594-49c2-8f75-fd007d5fe21f HTTP/1.1" status: 200 len: 1060 time: 0.1098719
2026-08-02 23:35:04.556 8 INFO neutron.db.ovn_revision_numbers_db [None req-3708b257-75a2-43ff-b37e-df1b4677ede7 f48d03aa9603428fa9577c248e5fa06b ae828e04e0694ad99634fb5834cc4185 - - default default] Successfully bumped revision number for resource 79ec34ff-f755-4dee-9e7f-064d8fb9e62e (type: ports) to 1
2026-08-02 23:35:04.576 8 INFO neutron.wsgi [None req-3708b257-75a2-43ff-b37e-df1b4677ede7 f48d03aa9603428fa9577c248e5fa06b ae828e04e0694ad99634fb5834cc4185 - - default default] 10.0.0.18 "POST /v2.0/networks HTTP/1.1" status: 201 len: 852 time: 0.6772900
2026-08-02 23:35:04.579 9 INFO neutron.wsgi [req-07912394-4800-44f0-a927-af9b455d0f52 req-8d23c64e-6256-42b8-8733-e250f862f927 adf2cf1c8bdd48c6ab7ce1ff39900ab3 a58fe209165a4fdbbf443341c333fb47 - - c135e7d025ad43808f7e20c2893a0803 c135e7d025ad43808f7e20c2893a0803] 199.204.45.23 "GET /v2.0/subnets?id=22ebcbcb-6f8f-4572-ae51-e4cfff27577b HTTP/1.1" status: 200 len: 876 time: 0.0627568
2026-08-02 23:35:04.623 9 INFO neutron.wsgi [req-07912394-4800-44f0-a927-af9b455d0f52 req-eacd66a6-65bf-4c0e-9c4c-6865a015bf16 adf2cf1c8bdd48c6ab7ce1ff39900ab3 a58fe209165a4fdbbf443341c333fb47 - - c135e7d025ad43808f7e20c2893a0803 c135e7d025ad43808f7e20c2893a0803] 199.204.45.23 "GET /v2.0/ports?network_id=f1f3b88c-ffae-4950-9c91-cbe2b29bf4e0&device_owner=network%3Adhcp HTTP/1.1" status: 200 len: 210 time: 0.0364001
2026-08-02 23:35:04.680 8 INFO neutron.plugins.ml2.drivers.ovn.mech_driver.mech_driver [None req-fcb676ba-0c1b-49a8-bfef-18b915a3fe5a - - - - - -] OVN reports status up for port: 98094d5a-eb3a-40c9-b213-30e83565edca
2026-08-02 23:35:04.687 8 INFO neutron.plugins.ml2.plugin [None req-fcb676ba-0c1b-49a8-bfef-18b915a3fe5a - - - - - -] Attempt 1 to provision port 98094d5a-eb3a-40c9-b213-30e83565edca
2026-08-02 23:35:04.707 9 INFO neutron.wsgi [req-07912394-4800-44f0-a927-af9b455d0f52 req-142e337c-1a1a-420c-85ca-0ce9a354c3e3 adf2cf1c8bdd48c6ab7ce1ff39900ab3 a58fe209165a4fdbbf443341c333fb47 - - c135e7d025ad43808f7e20c2893a0803 c135e7d025ad43808f7e20c2893a0803] 199.204.45.23 "GET /v2.0/networks/f1f3b88c-ffae-4950-9c91-cbe2b29bf4e0?fields=segments HTTP/1.1" status: 200 len: 212 time: 0.0771470
2026-08-02 23:35:04.723 9 INFO neutron.db.ovn_revision_numbers_db [None req-f8ebf372-919c-4f44-986d-dce273b703c2 cc297bf278634480a6de0b097c810408 ebaf8e9ea3584eb98eb7eba67e587fff - - default default] Successfully bumped revision number for resource 98094d5a-eb3a-40c9-b213-30e83565edca (type: router_ports) to 1
2026-08-02 23:35:04.789 9 INFO neutron.wsgi [req-07912394-4800-44f0-a927-af9b455d0f52 req-5fb1f92e-e760-4e7b-9ea4-09d46d5448ad adf2cf1c8bdd48c6ab7ce1ff39900ab3 a58fe209165a4fdbbf443341c333fb47 - - c135e7d025ad43808f7e20c2893a0803 c135e7d025ad43808f7e20c2893a0803] 199.204.45.23 "GET /v2.0/networks/f1f3b88c-ffae-4950-9c91-cbe2b29bf4e0?fields=provider%3Aphysical_network&fields=provider%3Anetwork_type HTTP/1.1" status: 200 len: 277 time: 0.0745366
2026-08-02 23:35:04.897 9 INFO neutron.db.ovn_revision_numbers_db [None req-f8ebf372-919c-4f44-986d-dce273b703c2 cc297bf278634480a6de0b097c810408 ebaf8e9ea3584eb98eb7eba67e587fff - - default default] Successfully bumped revision number for resource 98094d5a-eb3a-40c9-b213-30e83565edca (type: ports) to 1
2026-08-02 23:35:04.940 8 INFO neutron.db.ovn_revision_numbers_db [None req-fcb676ba-0c1b-49a8-bfef-18b915a3fe5a - - - - - -] Successfully bumped revision number for resource 98094d5a-eb3a-40c9-b213-30e83565edca (type: ports) to 2
2026-08-02 23:35:04.965 9 WARNING neutron.scheduler.dhcp_agent_scheduler [None req-f8ebf372-919c-4f44-986d-dce273b703c2 cc297bf278634480a6de0b097c810408 ebaf8e9ea3584eb98eb7eba67e587fff - - default default] No more DHCP agents
2026-08-02 23:35:04.966 9 WARNING neutron.api.rpc.agentnotifiers.dhcp_rpc_agent_api [None req-f8ebf372-919c-4f44-986d-dce273b703c2 cc297bf278634480a6de0b097c810408 ebaf8e9ea3584eb98eb7eba67e587fff - - default default] Unable to schedule network 81307aa8-950e-4cc6-8d39-382cb94a25fb: no agents available; will retry on subsequent port and subnet creation events.
2026-08-02 23:35:05.084 8 INFO neutron.db.ovn_revision_numbers_db [None req-fcb676ba-0c1b-49a8-bfef-18b915a3fe5a - - - - - -] Successfully bumped revision number for resource 98094d5a-eb3a-40c9-b213-30e83565edca (type: router_ports) to 2
2026-08-02 23:35:05.167 9 INFO neutron.db.ovn_revision_numbers_db [None req-f8ebf372-919c-4f44-986d-dce273b703c2 cc297bf278634480a6de0b097c810408 ebaf8e9ea3584eb98eb7eba67e587fff - - default default] Successfully bumped revision number for resource 98094d5a-eb3a-40c9-b213-30e83565edca (type: router_ports) to 2
2026-08-02 23:35:05.171 9 INFO neutron.wsgi [None req-f8ebf372-919c-4f44-986d-dce273b703c2 cc297bf278634480a6de0b097c810408 ebaf8e9ea3584eb98eb7eba67e587fff - - default default] 10.0.0.18 "PUT /v2.0/routers/ff2e4639-4eab-48c0-960d-ad34195fca4d/add_router_interface HTTP/1.1" status: 200 len: 503 time: 2.3016744
2026-08-02 23:35:05.212 9 INFO neutron.wsgi [None req-c341a296-b8f3-4601-a1e9-dc4a63d8edf5 cc297bf278634480a6de0b097c810408 ebaf8e9ea3584eb98eb7eba67e587fff - - default default] 10.0.0.18 "GET /v2.0/ports/98094d5a-eb3a-40c9-b213-30e83565edca HTTP/1.1" status: 200 len: 1137 time: 0.0353372
2026-08-02 23:35:05.571 8 WARNING neutron.scheduler.dhcp_agent_scheduler [None req-2f2c6b64-28d7-4670-b50f-a53f479e2024 f48d03aa9603428fa9577c248e5fa06b ae828e04e0694ad99634fb5834cc4185 - - default default] No more DHCP agents
2026-08-02 23:35:05.579 8 WARNING neutron.api.rpc.agentnotifiers.dhcp_rpc_agent_api [None req-2f2c6b64-28d7-4670-b50f-a53f479e2024 f48d03aa9603428fa9577c248e5fa06b ae828e04e0694ad99634fb5834cc4185 - - default default] Unable to schedule network 09cfbd56-355b-4341-9eda-7a6c4f54b5a2: no agents available; will retry on subsequent port and subnet creation events.
2026-08-02 23:35:05.624 8 INFO neutron.db.ovn_revision_numbers_db [None req-2f2c6b64-28d7-4670-b50f-a53f479e2024 f48d03aa9603428fa9577c248e5fa06b ae828e04e0694ad99634fb5834cc4185 - - default default] Successfully bumped revision number for resource 1d7c4fe3-5465-4413-bdec-f9b622742f90 (type: subnets) to 0
2026-08-02 23:35:05.650 8 WARNING neutron.scheduler.dhcp_agent_scheduler [None req-2f2c6b64-28d7-4670-b50f-a53f479e2024 f48d03aa9603428fa9577c248e5fa06b ae828e04e0694ad99634fb5834cc4185 - - default default] No more DHCP agents
2026-08-02 23:35:05.653 8 WARNING neutron.api.rpc.agentnotifiers.dhcp_rpc_agent_api [None req-2f2c6b64-28d7-4670-b50f-a53f479e2024 f48d03aa9603428fa9577c248e5fa06b ae828e04e0694ad99634fb5834cc4185 - - default default] Unable to schedule network 28384c46-8bf0-4cc6-8a2f-0a96908e99c2: no agents available; will retry on subsequent port and subnet creation events.
2026-08-02 23:35:05.700 8 INFO neutron.db.ovn_revision_numbers_db [None req-2f2c6b64-28d7-4670-b50f-a53f479e2024 f48d03aa9603428fa9577c248e5fa06b ae828e04e0694ad99634fb5834cc4185 - - default default] Successfully bumped revision number for resource d96ec50a-8816-4651-8e85-46c5a9390bad (type: subnets) to 0
2026-08-02 23:35:05.717 8 INFO neutron.wsgi [None req-2f2c6b64-28d7-4670-b50f-a53f479e2024 f48d03aa9603428fa9577c248e5fa06b ae828e04e0694ad99634fb5834cc4185 - - default default] 10.0.0.18 "POST /v2.0/subnets HTTP/1.1" status: 201 len: 1476 time: 0.6914577
2026-08-02 23:35:05.778 9 WARNING neutron.scheduler.dhcp_agent_scheduler [None req-6fe9ffbc-4cfd-4b4d-b194-fb45f09c5e43 cc297bf278634480a6de0b097c810408 ebaf8e9ea3584eb98eb7eba67e587fff - - default default] No more DHCP agents
2026-08-02 23:35:05.780 9 WARNING neutron.api.rpc.agentnotifiers.dhcp_rpc_agent_api [None req-6fe9ffbc-4cfd-4b4d-b194-fb45f09c5e43 cc297bf278634480a6de0b097c810408 ebaf8e9ea3584eb98eb7eba67e587fff - - default default] Unable to schedule network 0e3d1711-875e-4f17-911e-184287788ab6: no agents available; will retry on subsequent port and subnet creation events.
2026-08-02 23:35:05.803 8 INFO neutron.wsgi [None req-193e49c0-67d2-4254-9ce1-a182cc27a416 f48d03aa9603428fa9577c248e5fa06b ae828e04e0694ad99634fb5834cc4185 - - default default] 10.0.0.18 "GET /v2.0/subnets HTTP/1.1" status: 200 len: 2084 time: 0.0822542
2026-08-02 23:35:06.017 9 INFO neutron.db.ovn_revision_numbers_db [None req-6fe9ffbc-4cfd-4b4d-b194-fb45f09c5e43 cc297bf278634480a6de0b097c810408 ebaf8e9ea3584eb98eb7eba67e587fff - - default default] Successfully bumped revision number for resource 794f6a70-a50c-4a4a-9315-002eabe032a6 (type: ports) to 1
2026-08-02 23:35:06.019 8 INFO neutron.wsgi [None req-87b68aef-b495-428a-b93d-8bd5d0c45692 f48d03aa9603428fa9577c248e5fa06b ae828e04e0694ad99634fb5834cc4185 - - default default] 10.0.0.18 "DELETE /v2.0/subnets/1d7c4fe3-5465-4413-bdec-f9b622742f90 HTTP/1.1" status: 204 len: 168 time: 0.2007983
2026-08-02 23:35:06.214 8 INFO neutron.wsgi [None req-bfbf4e54-b9b5-4ebc-b84e-d35e4c9f1441 f48d03aa9603428fa9577c248e5fa06b ae828e04e0694ad99634fb5834cc4185 - - default default] 10.0.0.18 "DELETE /v2.0/subnets/d96ec50a-8816-4651-8e85-46c5a9390bad HTTP/1.1" status: 204 len: 168 time: 0.1902649
2026-08-02 23:35:06.264 8 INFO neutron.wsgi [None req-c140c205-e9e8-4a76-976f-40d1ba3cd908 f48d03aa9603428fa9577c248e5fa06b ae828e04e0694ad99634fb5834cc4185 - - default default] 10.0.0.18 "GET /v2.0/subnets HTTP/1.1" status: 200 len: 820 time: 0.0430100
2026-08-02 23:35:06.698 9 INFO neutron.db.ovn_revision_numbers_db [None req-6fe9ffbc-4cfd-4b4d-b194-fb45f09c5e43 cc297bf278634480a6de0b097c810408 ebaf8e9ea3584eb98eb7eba67e587fff - - default default] Successfully bumped revision number for resource 794f6a70-a50c-4a4a-9315-002eabe032a6 (type: router_ports) to 1
2026-08-02 23:35:06.848 9 INFO neutron.services.segments.plugin [-] Segment 4eb91ea1-30b6-42ba-999d-65f4f900369d resource provider aggregate not found
2026-08-02 23:35:06.865 9 INFO neutron.services.segments.plugin [-] Segment 4eb91ea1-30b6-42ba-999d-65f4f900369d resource provider aggregate not found
2026-08-02 23:35:06.890 9 INFO neutron.services.segments.plugin [-] Segment 4eb91ea1-30b6-42ba-999d-65f4f900369d resource provider not found; error: Placement Client Error (4xx): {"errors": [{"status": 404, "title": "Not Found", "detail": "The resource could not be found.\n\n No resource provider with uuid 4eb91ea1-30b6-42ba-999d-65f4f900369d found for delete ", "request_id": "req-286815ae-2fe4-446d-af4c-cb60b2e1448c"}]}
2026-08-02 23:35:06.891 9 INFO neutron.services.segments.plugin [-] Segment 4eb91ea1-30b6-42ba-999d-65f4f900369d resource provider not found; error: Placement Client Error (4xx): {"errors": [{"status": 404, "title": "Not Found", "detail": "The resource could not be found.\n\n No resource provider with uuid 4eb91ea1-30b6-42ba-999d-65f4f900369d found for delete ", "request_id": "req-ff464c30-480a-4680-993c-45f9238d71a5"}]}
2026-08-02 23:35:06.947 9 INFO neutron.wsgi [None req-df7bc137-0a72-4dde-911f-4c71152f5351 f48d03aa9603428fa9577c248e5fa06b ae828e04e0694ad99634fb5834cc4185 - - default default] 10.0.0.18 "DELETE /v2.0/networks/28384c46-8bf0-4cc6-8a2f-0a96908e99c2 HTTP/1.1" status: 204 len: 168 time: 0.6746516
2026-08-02 23:35:06.962 9 INFO neutron.db.ovn_revision_numbers_db [None req-6fe9ffbc-4cfd-4b4d-b194-fb45f09c5e43 cc297bf278634480a6de0b097c810408 ebaf8e9ea3584eb98eb7eba67e587fff - - default default] Successfully bumped revision number for resource 794f6a70-a50c-4a4a-9315-002eabe032a6 (type: ports) to 1
2026-08-02 23:35:07.050 9 WARNING neutron.scheduler.dhcp_agent_scheduler [None req-6fe9ffbc-4cfd-4b4d-b194-fb45f09c5e43 cc297bf278634480a6de0b097c810408 ebaf8e9ea3584eb98eb7eba67e587fff - - default default] No more DHCP agents
2026-08-02 23:35:07.051 9 WARNING neutron.api.rpc.agentnotifiers.dhcp_rpc_agent_api [None req-6fe9ffbc-4cfd-4b4d-b194-fb45f09c5e43 cc297bf278634480a6de0b097c810408 ebaf8e9ea3584eb98eb7eba67e587fff - - default default] Unable to schedule network 0e3d1711-875e-4f17-911e-184287788ab6: no agents available; will retry on subsequent port and subnet creation events.
2026-08-02 23:35:07.306 9 INFO neutron.db.ovn_revision_numbers_db [None req-6fe9ffbc-4cfd-4b4d-b194-fb45f09c5e43 cc297bf278634480a6de0b097c810408 ebaf8e9ea3584eb98eb7eba67e587fff - - default default] Successfully bumped revision number for resource 794f6a70-a50c-4a4a-9315-002eabe032a6 (type: router_ports) to 1
2026-08-02 23:35:07.310 9 INFO neutron.wsgi [None req-6fe9ffbc-4cfd-4b4d-b194-fb45f09c5e43 cc297bf278634480a6de0b097c810408 ebaf8e9ea3584eb98eb7eba67e587fff - - default default] 10.0.0.18 "PUT /v2.0/routers/ff2e4639-4eab-48c0-960d-ad34195fca4d/add_router_interface HTTP/1.1" status: 200 len: 503 time: 2.0937378
2026-08-02 23:35:07.506 8 INFO neutron.services.segments.plugin [-] Segment 7d79efc8-614b-41d5-abf2-266453037360 resource provider aggregate not found
2026-08-02 23:35:07.511 8 INFO neutron.services.segments.plugin [-] Segment 7d79efc8-614b-41d5-abf2-266453037360 resource provider aggregate not found
2026-08-02 23:35:07.525 8 INFO neutron.services.segments.plugin [-] Segment 7d79efc8-614b-41d5-abf2-266453037360 resource provider not found; error: Placement Client Error (4xx): {"errors": [{"status": 404, "title": "Not Found", "detail": "The resource could not be found.\n\n No resource provider with uuid 7d79efc8-614b-41d5-abf2-266453037360 found for delete ", "request_id": "req-2d57458e-ee1a-47e5-a3d0-a96487c7b7f6"}]}
2026-08-02 23:35:07.528 9 INFO neutron.wsgi [None req-3da7fbf3-7144-4f4a-9e81-4f29afea6c10 cc297bf278634480a6de0b097c810408 ebaf8e9ea3584eb98eb7eba67e587fff - - default default] 10.0.0.18 "GET /v2.0/ports/794f6a70-a50c-4a4a-9315-002eabe032a6 HTTP/1.1" status: 200 len: 1135 time: 0.2110734
2026-08-02 23:35:07.529 8 INFO neutron.services.segments.plugin [-] Segment 7d79efc8-614b-41d5-abf2-266453037360 resource provider not found; error: Placement Client Error (4xx): {"errors": [{"status": 404, "title": "Not Found", "detail": "The resource could not be found.\n\n No resource provider with uuid 7d79efc8-614b-41d5-abf2-266453037360 found for delete ", "request_id": "req-b4903bab-92d0-469d-b168-299395b16fc2"}]}
2026-08-02 23:35:07.567 8 INFO neutron.wsgi [None req-e28383e3-42a9-4393-8077-aa5e23fbf3d7 f48d03aa9603428fa9577c248e5fa06b ae828e04e0694ad99634fb5834cc4185 - - default default] 10.0.0.18 "DELETE /v2.0/networks/09cfbd56-355b-4341-9eda-7a6c4f54b5a2 HTTP/1.1" status: 204 len: 168 time: 0.6136160
2026-08-02 23:35:07.592 9 INFO neutron.wsgi [None req-ad75c577-561d-42de-b57e-d4d794be148d cc297bf278634480a6de0b097c810408 ebaf8e9ea3584eb98eb7eba67e587fff - - default default] 10.0.0.18 "GET /v2.0/ports/794f6a70-a50c-4a4a-9315-002eabe032a6 HTTP/1.1" status: 200 len: 1135 time: 0.0534072
2026-08-02 23:35:08.037 8 INFO neutron.wsgi [None req-4a1acd01-049a-4946-abb3-f8aca94c7e82 f48d03aa9603428fa9577c248e5fa06b ae828e04e0694ad99634fb5834cc4185 - - default default] 10.0.0.18 "DELETE /v2.0/networks/2a9bdeb9-ce31-43b0-bbc0-a4ea4e69e61c HTTP/1.1" status: 204 len: 168 time: 0.4625511
2026-08-02 23:35:08.643 9 INFO neutron.wsgi [None req-036af0fe-2047-4b44-9779-77af0140bd5b f48d03aa9603428fa9577c248e5fa06b ae828e04e0694ad99634fb5834cc4185 - - default default] 10.0.0.18 "DELETE /v2.0/networks/45350ea5-48e6-403d-b464-17a0aa35b5df HTTP/1.1" status: 204 len: 168 time: 0.6003387
2026-08-02 23:35:08.694 8 INFO neutron.wsgi [None req-d6c06163-6f69-4f3e-9ca6-1a263cb4cd6e cc297bf278634480a6de0b097c810408 ebaf8e9ea3584eb98eb7eba67e587fff - - default default] 10.0.0.18 "GET /v2.0/ports/794f6a70-a50c-4a4a-9315-002eabe032a6 HTTP/1.1" status: 200 len: 1135 time: 0.0902734
2026-08-02 23:35:08.917 9 INFO neutron.services.segments.plugin [-] Segment cf9481da-491f-4a9a-8f66-f83f7930aaa5 resource provider aggregate not found
2026-08-02 23:35:08.931 9 INFO neutron.services.segments.plugin [-] Segment cf9481da-491f-4a9a-8f66-f83f7930aaa5 resource provider not found; error: Placement Client Error (4xx): {"errors": [{"status": 404, "title": "Not Found", "detail": "The resource could not be found.\n\n No resource provider with uuid cf9481da-491f-4a9a-8f66-f83f7930aaa5 found for delete ", "request_id": "req-2130a4d9-b40d-4d02-974d-f072067c6120"}]}
2026-08-02 23:35:08.942 9 INFO neutron.services.segments.plugin [-] Segment cf9481da-491f-4a9a-8f66-f83f7930aaa5 resource provider aggregate not found
2026-08-02 23:35:08.959 9 INFO neutron.services.segments.plugin [-] Segment cf9481da-491f-4a9a-8f66-f83f7930aaa5 resource provider not found; error: Placement Client Error (4xx): {"errors": [{"status": 404, "title": "Not Found", "detail": "The resource could not be found.\n\n No resource provider with uuid cf9481da-491f-4a9a-8f66-f83f7930aaa5 found for delete ", "request_id": "req-6b92db76-1287-428a-a838-2bcaa0f7a465"}]}
2026-08-02 23:35:09.241 9 INFO neutron.wsgi [req-fed27a52-c894-48e8-b11c-da9f3b1fb672 req-cbbabaaf-c5e1-4738-b1b9-ccec1ebd4d0f 627042c6be97498dbc0cda8fada930aa 0d843dcdd24146689640e0351fd99804 - - default default] 10.0.0.174 "GET /v2.0/ports?device_id=df4293fc-647f-451d-aeba-a5d0de7519c6 HTTP/1.1" status: 200 len: 1174 time: 0.1027372
2026-08-02 23:35:09.301 9 INFO neutron.wsgi [req-fed27a52-c894-48e8-b11c-da9f3b1fb672 req-9964a34c-fdae-4db8-9cfd-f6c646471f39 627042c6be97498dbc0cda8fada930aa 0d843dcdd24146689640e0351fd99804 - - default default] 10.0.0.174 "GET /v2.0/security-groups?id=6a21262f-f831-4fab-b8af-4998151bcb7c&fields=id&fields=name HTTP/1.1" status: 200 len: 313 time: 0.0546408
2026-08-02 23:35:09.319 9 INFO neutron.wsgi [None req-412dcd15-cd34-443c-9f8b-db4cf0069d1f 923cc6748fa44f688578ed1b8f8cc4ad 0293b968d86b4dcda50ad6911aab7fe4 - - default default] 10.0.0.18 "GET /v2.0/security-groups?tenant_id=ae828e04e0694ad99634fb5834cc4185&name=default HTTP/1.1" status: 200 len: 2996 time: 0.1666951
2026-08-02 23:35:09.493 8 INFO neutron.wsgi [req-df25cf00-6f1e-4341-bb10-837ecd618717 req-9fc1255f-f233-46ad-bfd8-720cf89d864a 627042c6be97498dbc0cda8fada930aa 0d843dcdd24146689640e0351fd99804 - - default default] 10.0.0.174 "GET /v2.0/ports?device_id=df4293fc-647f-451d-aeba-a5d0de7519c6 HTTP/1.1" status: 200 len: 1174 time: 0.1091678
2026-08-02 23:35:09.548 8 INFO neutron.services.segments.plugin [-] Segment 470de32a-994e-4cad-ad74-8ab5c373bd18 resource provider aggregate not found
2026-08-02 23:35:09.555 8 INFO neutron.services.segments.plugin [-] Segment 470de32a-994e-4cad-ad74-8ab5c373bd18 resource provider aggregate not found
2026-08-02 23:35:09.575 8 INFO neutron.services.segments.plugin [-] Segment 470de32a-994e-4cad-ad74-8ab5c373bd18 resource provider not found; error: Placement Client Error (4xx): {"errors": [{"status": 404, "title": "Not Found", "detail": "The resource could not be found.\n\n No resource provider with uuid 470de32a-994e-4cad-ad74-8ab5c373bd18 found for delete ", "request_id": "req-8c113365-904a-4b23-85a4-ce83f8b8e028"}]}
2026-08-02 23:35:09.579 9 INFO neutron.wsgi [None req-0d8a62e6-775a-4d98-b5db-666773105aec 923cc6748fa44f688578ed1b8f8cc4ad 0293b968d86b4dcda50ad6911aab7fe4 - - default default] 10.0.0.18 "DELETE /v2.0/security-groups/eb5b8327-bb24-4e72-a41b-a0312515db7e HTTP/1.1" status: 204 len: 168 time: 0.2547166
2026-08-02 23:35:09.580 8 INFO neutron.wsgi [req-df25cf00-6f1e-4341-bb10-837ecd618717 req-ba97bcb2-a243-4ceb-bf26-4b9d058e4f9d 627042c6be97498dbc0cda8fada930aa 0d843dcdd24146689640e0351fd99804 - - default default] 10.0.0.174 "GET /v2.0/security-groups?id=6a21262f-f831-4fab-b8af-4998151bcb7c&fields=id&fields=name HTTP/1.1" status: 200 len: 313 time: 0.0809777
2026-08-02 23:35:09.581 8 INFO neutron.services.segments.plugin [-] Segment 470de32a-994e-4cad-ad74-8ab5c373bd18 resource provider not found; error: Placement Client Error (4xx): {"errors": [{"status": 404, "title": "Not Found", "detail": "The resource could not be found.\n\n No resource provider with uuid 470de32a-994e-4cad-ad74-8ab5c373bd18 found for delete ", "request_id": "req-dd7f5d7f-1884-456e-9ece-946050be7691"}]}
2026-08-02 23:35:09.734 9 INFO neutron.wsgi [None req-ec13cc95-883b-42ee-8af3-0000a108b583 cc297bf278634480a6de0b097c810408 ebaf8e9ea3584eb98eb7eba67e587fff - - default default] 10.0.0.18 "GET /v2.0/ports/794f6a70-a50c-4a4a-9315-002eabe032a6 HTTP/1.1" status: 200 len: 1135 time: 0.0323026
2026-08-02 23:35:09.933 9 INFO neutron.wsgi [req-d1f8ee57-6f84-4d07-be73-3de0a41cdd1a req-24aa30e1-1087-4124-98cd-d8c978496c72 adf2cf1c8bdd48c6ab7ce1ff39900ab3 a58fe209165a4fdbbf443341c333fb47 - - c135e7d025ad43808f7e20c2893a0803 c135e7d025ad43808f7e20c2893a0803] 199.204.45.23 "GET /v2.0/ports?tenant_id=0d843dcdd24146689640e0351fd99804&device_id=df4293fc-647f-451d-aeba-a5d0de7519c6 HTTP/1.1" status: 200 len: 1413 time: 0.0345891
2026-08-02 23:35:09.960 8 INFO neutron.wsgi [req-47979a6d-f268-4871-bbc6-3683af722c5a req-e0f2cb7b-4771-42cd-9104-1908bec32d49 627042c6be97498dbc0cda8fada930aa 0d843dcdd24146689640e0351fd99804 - - default default] 10.0.0.174 "GET /v2.0/ports?device_id=df4293fc-647f-451d-aeba-a5d0de7519c6 HTTP/1.1" status: 200 len: 1174 time: 0.0670102
2026-08-02 23:35:10.004 8 INFO neutron.wsgi [req-47979a6d-f268-4871-bbc6-3683af722c5a req-4931944f-e4f9-440a-b6f5-dbb610841ef0 627042c6be97498dbc0cda8fada930aa 0d843dcdd24146689640e0351fd99804 - - default default] 10.0.0.174 "GET /v2.0/security-groups?id=6a21262f-f831-4fab-b8af-4998151bcb7c&fields=id&fields=name HTTP/1.1" status: 200 len: 313 time: 0.0363357
2026-08-02 23:35:10.006 9 INFO neutron.wsgi [req-d1f8ee57-6f84-4d07-be73-3de0a41cdd1a req-466c940c-6824-4689-9b04-3f5c6298fe56 adf2cf1c8bdd48c6ab7ce1ff39900ab3 a58fe209165a4fdbbf443341c333fb47 - - c135e7d025ad43808f7e20c2893a0803 c135e7d025ad43808f7e20c2893a0803] 199.204.45.23 "GET /v2.0/networks?id=e79bdb91-2b9a-4e06-a099-ad382efaa0ed HTTP/1.1" status: 200 len: 973 time: 0.0643113
2026-08-02 23:35:10.053 9 INFO neutron.wsgi [req-d1f8ee57-6f84-4d07-be73-3de0a41cdd1a req-539f46fd-906d-44e2-9978-46ab463dcc4c adf2cf1c8bdd48c6ab7ce1ff39900ab3 a58fe209165a4fdbbf443341c333fb47 - - c135e7d025ad43808f7e20c2893a0803 c135e7d025ad43808f7e20c2893a0803] 199.204.45.23 "GET /v2.0/floatingips?fixed_ip_address=10.100.0.11&port_id=eee85318-91b9-48da-9f94-103bff115431 HTTP/1.1" status: 200 len: 1060 time: 0.0392022
2026-08-02 23:35:10.092 9 INFO neutron.wsgi [req-d1f8ee57-6f84-4d07-be73-3de0a41cdd1a req-23e159a4-d2ed-43bd-8747-53ae1a0dea6c adf2cf1c8bdd48c6ab7ce1ff39900ab3 a58fe209165a4fdbbf443341c333fb47 - - c135e7d025ad43808f7e20c2893a0803 c135e7d025ad43808f7e20c2893a0803] 199.204.45.23 "GET /v2.0/subnets?id=3c3621db-967f-4d70-8c39-c078a7ab91ff HTTP/1.1" status: 200 len: 868 time: 0.0317123
2026-08-02 23:35:10.118 9 INFO neutron.wsgi [req-d1f8ee57-6f84-4d07-be73-3de0a41cdd1a req-9ef35700-1967-426e-b3ad-54771dadb4c8 adf2cf1c8bdd48c6ab7ce1ff39900ab3 a58fe209165a4fdbbf443341c333fb47 - - c135e7d025ad43808f7e20c2893a0803 c135e7d025ad43808f7e20c2893a0803] 199.204.45.23 "GET /v2.0/ports?network_id=e79bdb91-2b9a-4e06-a099-ad382efaa0ed&device_owner=network%3Adhcp HTTP/1.1" status: 200 len: 210 time: 0.0178671
2026-08-02 23:35:10.188 9 INFO neutron.wsgi [req-d1f8ee57-6f84-4d07-be73-3de0a41cdd1a req-52d36f82-c911-4806-a420-358ae054081d adf2cf1c8bdd48c6ab7ce1ff39900ab3 a58fe209165a4fdbbf443341c333fb47 - - c135e7d025ad43808f7e20c2893a0803 c135e7d025ad43808f7e20c2893a0803] 199.204.45.23 "GET /v2.0/networks/e79bdb91-2b9a-4e06-a099-ad382efaa0ed?fields=segments HTTP/1.1" status: 200 len: 212 time: 0.0640526
2026-08-02 23:35:10.257 9 INFO neutron.wsgi [req-d1f8ee57-6f84-4d07-be73-3de0a41cdd1a req-4a967e13-0cf2-4f6c-9c50-35a1c447de6e adf2cf1c8bdd48c6ab7ce1ff39900ab3 a58fe209165a4fdbbf443341c333fb47 - - c135e7d025ad43808f7e20c2893a0803 c135e7d025ad43808f7e20c2893a0803] 199.204.45.23 "GET /v2.0/networks/e79bdb91-2b9a-4e06-a099-ad382efaa0ed?fields=provider%3Aphysical_network&fields=provider%3Anetwork_type HTTP/1.1" status: 200 len: 277 time: 0.0607491
2026-08-02 23:35:10.529 8 WARNING neutron.plugins.ml2.drivers.ovn.mech_driver.ovsdb.ovn_client [None req-fcb676ba-0c1b-49a8-bfef-18b915a3fe5a - - - - - -] No hosting information found for port 98094d5a-eb3a-40c9-b213-30e83565edca: RuntimeError: No hosting information found for port 98094d5a-eb3a-40c9-b213-30e83565edca
2026-08-02 23:35:10.530 8 INFO neutron.plugins.ml2.drivers.ovn.mech_driver.mech_driver [None req-fcb676ba-0c1b-49a8-bfef-18b915a3fe5a - - - - - -] OVN reports status up for port: 794f6a70-a50c-4a4a-9315-002eabe032a6
2026-08-02 23:35:10.535 8 INFO neutron.plugins.ml2.plugin [None req-fcb676ba-0c1b-49a8-bfef-18b915a3fe5a - - - - - -] Attempt 1 to provision port 794f6a70-a50c-4a4a-9315-002eabe032a6
2026-08-02 23:35:10.788 9 INFO neutron.wsgi [None req-089622c8-e9c4-40be-894f-f84be8f90931 cc297bf278634480a6de0b097c810408 ebaf8e9ea3584eb98eb7eba67e587fff - - default default] 10.0.0.18 "GET /v2.0/ports/794f6a70-a50c-4a4a-9315-002eabe032a6 HTTP/1.1" status: 200 len: 1137 time: 0.0399444
2026-08-02 23:35:10.870 8 INFO neutron.db.ovn_revision_numbers_db [None req-fcb676ba-0c1b-49a8-bfef-18b915a3fe5a - - - - - -] Successfully bumped revision number for resource 794f6a70-a50c-4a4a-9315-002eabe032a6 (type: ports) to 2
2026-08-02 23:35:10.983 8 INFO neutron.db.ovn_revision_numbers_db [None req-fcb676ba-0c1b-49a8-bfef-18b915a3fe5a - - - - - -] Successfully bumped revision number for resource 794f6a70-a50c-4a4a-9315-002eabe032a6 (type: router_ports) to 2
2026-08-02 23:35:11.138 9 INFO neutron.wsgi [req-68c57adf-3a0a-4672-83a9-bb497ce0a8cc req-04650351-7eb4-4c62-9321-12a859b65ad8 627042c6be97498dbc0cda8fada930aa 0d843dcdd24146689640e0351fd99804 - - default default] 10.0.0.174 "GET /v2.0/ports?device_id=df4293fc-647f-451d-aeba-a5d0de7519c6 HTTP/1.1" status: 200 len: 1174 time: 0.0495985
2026-08-02 23:35:11.219 9 INFO neutron.wsgi [req-68c57adf-3a0a-4672-83a9-bb497ce0a8cc req-6ca4b3d1-daf7-4356-9995-f8d721f42a49 627042c6be97498dbc0cda8fada930aa 0d843dcdd24146689640e0351fd99804 - - default default] 10.0.0.174 "GET /v2.0/security-groups?id=6a21262f-f831-4fab-b8af-4998151bcb7c&fields=id&fields=name HTTP/1.1" status: 200 len: 313 time: 0.0716100
2026-08-02 23:35:11.532 9 INFO neutron.wsgi [None req-b31705b1-3474-4fad-a438-0d4ffd113325 cc297bf278634480a6de0b097c810408 ebaf8e9ea3584eb98eb7eba67e587fff - - default default] 10.0.0.18 "PUT /v2.0/routers/ff2e4639-4eab-48c0-960d-ad34195fca4d/remove_router_interface HTTP/1.1" status: 200 len: 503 time: 0.7386200 /var/lib/openstack/lib/python3.10/site-packages/pycadf/identifier.py:71: UserWarning: Invalid uuid: neutron. To ensure interoperability, identifiers should be a valid uuid. warnings.warn(('Invalid uuid: %s. To ensure interoperability, '
2026-08-02 23:35:11.624 8 INFO neutron.wsgi [None req-3639e57d-e16b-4123-af4e-70f7fb8e7dbc cc297bf278634480a6de0b097c810408 ebaf8e9ea3584eb98eb7eba67e587fff - - default default] 10.0.0.18 "GET /v2.0/ports/98094d5a-eb3a-40c9-b213-30e83565edca HTTP/1.1" status: 200 len: 1137 time: 0.0840383
2026-08-02 23:35:11.705 9 INFO neutron.db.ovn_revision_numbers_db [None req-fd019a74-b8b8-4054-b168-0a8d5ef8553d 76d3d5ce721f470997557d16373c7b94 dc671b7e31134124a7d563b3348a66e1 - - default default] Successfully bumped revision number for resource 438b47ff-72f7-4901-8c97-0da517481503 (type: security_groups) to 1
2026-08-02 23:35:11.722 9 INFO neutron.db.ovn_revision_numbers_db [None req-fd019a74-b8b8-4054-b168-0a8d5ef8553d 76d3d5ce721f470997557d16373c7b94 dc671b7e31134124a7d563b3348a66e1 - - default default] Successfully bumped revision number for resource 0971f11a-8d77-4d9e-96de-1cba1f8337a9 (type: security_group_rules) to 0
2026-08-02 23:35:11.735 9 INFO neutron.db.ovn_revision_numbers_db [None req-fd019a74-b8b8-4054-b168-0a8d5ef8553d 76d3d5ce721f470997557d16373c7b94 dc671b7e31134124a7d563b3348a66e1 - - default default] Successfully bumped revision number for resource 2e08e0fa-c3b9-475f-9fde-00e8ae76f846 (type: security_group_rules) to 0
2026-08-02 23:35:11.749 9 INFO neutron.db.ovn_revision_numbers_db [None req-fd019a74-b8b8-4054-b168-0a8d5ef8553d 76d3d5ce721f470997557d16373c7b94 dc671b7e31134124a7d563b3348a66e1 - - default default] Successfully bumped revision number for resource 5d035223-c852-4563-a329-2e374d32bdab (type: security_group_rules) to 0
2026-08-02 23:35:11.782 9 INFO neutron.db.ovn_revision_numbers_db [None req-fd019a74-b8b8-4054-b168-0a8d5ef8553d 76d3d5ce721f470997557d16373c7b94 dc671b7e31134124a7d563b3348a66e1 - - default default] Successfully bumped revision number for resource e2888a31-f157-4345-9cfa-b166f04bd630 (type: security_group_rules) to 0
2026-08-02 23:35:11.838 9 INFO neutron.db.segments_db [None req-fd019a74-b8b8-4054-b168-0a8d5ef8553d 76d3d5ce721f470997557d16373c7b94 dc671b7e31134124a7d563b3348a66e1 - - default default] Added segment d2c5e62e-6755-4442-98d8-691417322e58 of type geneve for network 3711456f-39d5-46ea-9dfc-da68980b7f05
2026-08-02 23:35:11.986 9 INFO neutron.db.ovn_revision_numbers_db [None req-fd019a74-b8b8-4054-b168-0a8d5ef8553d 76d3d5ce721f470997557d16373c7b94 dc671b7e31134124a7d563b3348a66e1 - - default default] Successfully bumped revision number for resource 3711456f-39d5-46ea-9dfc-da68980b7f05 (type: networks) to 1
2026-08-02 23:35:12.164 9 WARNING neutron.scheduler.dhcp_agent_scheduler [None req-fd019a74-b8b8-4054-b168-0a8d5ef8553d 76d3d5ce721f470997557d16373c7b94 dc671b7e31134124a7d563b3348a66e1 - - default default] No more DHCP agents
2026-08-02 23:35:12.166 9 WARNING neutron.api.rpc.agentnotifiers.dhcp_rpc_agent_api [None req-fd019a74-b8b8-4054-b168-0a8d5ef8553d 76d3d5ce721f470997557d16373c7b94 dc671b7e31134124a7d563b3348a66e1 - - default default] Unable to schedule network 3711456f-39d5-46ea-9dfc-da68980b7f05: no agents available; will retry on subsequent port and subnet creation events.
2026-08-02 23:35:12.259 8 INFO neutron.wsgi [None req-78dfd46c-d206-494c-ae17-744e812e5d60 cc297bf278634480a6de0b097c810408 ebaf8e9ea3584eb98eb7eba67e587fff - - default default] 10.0.0.18 "PUT /v2.0/routers/ff2e4639-4eab-48c0-960d-ad34195fca4d/remove_router_interface HTTP/1.1" status: 200 len: 503 time: 0.6316309 /var/lib/openstack/lib/python3.10/site-packages/pycadf/identifier.py:71: UserWarning: Invalid uuid: neutron. To ensure interoperability, identifiers should be a valid uuid. warnings.warn(('Invalid uuid: %s. To ensure interoperability, '
2026-08-02 23:35:12.276 9 INFO neutron.db.ovn_revision_numbers_db [None req-fd019a74-b8b8-4054-b168-0a8d5ef8553d 76d3d5ce721f470997557d16373c7b94 dc671b7e31134124a7d563b3348a66e1 - - default default] Successfully bumped revision number for resource 9f2c3c70-128e-47fa-8d9d-b02309177d69 (type: ports) to 1
2026-08-02 23:35:12.289 8 INFO neutron.wsgi [None req-ae3fd468-e7e9-4573-a155-575889d25312 cc297bf278634480a6de0b097c810408 ebaf8e9ea3584eb98eb7eba67e587fff - - default default] 10.0.0.18 "GET /v2.0/ports?device_id=ff2e4639-4eab-48c0-960d-ad34195fca4d HTTP/1.1" status: 200 len: 205 time: 0.0257275
2026-08-02 23:35:12.329 8 INFO neutron.wsgi [req-0fc3aefa-876d-4e69-aec6-9fe11add517d req-07f199e9-fb5e-4e20-ab28-69fa689ac7eb 627042c6be97498dbc0cda8fada930aa 0d843dcdd24146689640e0351fd99804 - - default default] 10.0.0.174 "GET /v2.0/ports?device_id=df4293fc-647f-451d-aeba-a5d0de7519c6 HTTP/1.1" status: 200 len: 1174 time: 0.0373931
2026-08-02 23:35:12.353 9 INFO neutron.wsgi [None req-fd019a74-b8b8-4054-b168-0a8d5ef8553d 76d3d5ce721f470997557d16373c7b94 dc671b7e31134124a7d563b3348a66e1 - - default default] 10.0.0.18 "POST /v2.0/networks HTTP/1.1" status: 201 len: 847 time: 0.9885843
2026-08-02 23:35:12.388 8 INFO neutron.wsgi [req-0fc3aefa-876d-4e69-aec6-9fe11add517d req-15977b83-8144-4fe3-ad0e-e6ec70427903 627042c6be97498dbc0cda8fada930aa 0d843dcdd24146689640e0351fd99804 - - default default] 10.0.0.174 "GET /v2.0/security-groups?id=6a21262f-f831-4fab-b8af-4998151bcb7c&fields=id&fields=name HTTP/1.1" status: 200 len: 313 time: 0.0538504
2026-08-02 23:35:12.543 9 INFO neutron.wsgi [None req-80eb5f3b-d60d-4e3d-9ceb-fb0f68191bd7 cc297bf278634480a6de0b097c810408 ebaf8e9ea3584eb98eb7eba67e587fff - - default default] 10.0.0.18 "DELETE /v2.0/routers/ff2e4639-4eab-48c0-960d-ad34195fca4d HTTP/1.1" status: 204 len: 168 time: 0.2486122
2026-08-02 23:35:12.764 9 INFO neutron.wsgi [None req-f92136c6-5707-4c35-b374-b4c5ef5595e8 cc297bf278634480a6de0b097c810408 ebaf8e9ea3584eb98eb7eba67e587fff - - default default] 10.0.0.18 "DELETE /v2.0/subnets/8caccddb-0541-48ae-8165-907d61c5918c HTTP/1.1" status: 204 len: 168 time: 0.2155955
2026-08-02 23:35:13.003 9 INFO neutron.wsgi [None req-55903ace-94d9-41e8-b611-726117097dc9 cc297bf278634480a6de0b097c810408 ebaf8e9ea3584eb98eb7eba67e587fff - - default default] 10.0.0.18 "DELETE /v2.0/subnets/993aea55-1dd0-48fa-9423-3b74cb450fcb HTTP/1.1" status: 204 len: 168 time: 0.2340999
2026-08-02 23:35:13.096 8 WARNING neutron.scheduler.dhcp_agent_scheduler [None req-5eb25625-b7ca-438b-b970-3582f767f8d6 76d3d5ce721f470997557d16373c7b94 dc671b7e31134124a7d563b3348a66e1 - - default default] No more DHCP agents
2026-08-02 23:35:13.099 8 WARNING neutron.api.rpc.agentnotifiers.dhcp_rpc_agent_api [None req-5eb25625-b7ca-438b-b970-3582f767f8d6 76d3d5ce721f470997557d16373c7b94 dc671b7e31134124a7d563b3348a66e1 - - default default] Unable to schedule network 3711456f-39d5-46ea-9dfc-da68980b7f05: no agents available; will retry on subsequent port and subnet creation events.
2026-08-02 23:35:13.131 8 INFO neutron.db.ovn_revision_numbers_db [None req-5eb25625-b7ca-438b-b970-3582f767f8d6 76d3d5ce721f470997557d16373c7b94 dc671b7e31134124a7d563b3348a66e1 - - default default] Successfully bumped revision number for resource 01c62768-317f-4996-b8ac-e9a17cd6d75c (type: subnets) to 0
2026-08-02 23:35:13.155 8 INFO neutron.wsgi [None req-5eb25625-b7ca-438b-b970-3582f767f8d6 76d3d5ce721f470997557d16373c7b94 dc671b7e31134124a7d563b3348a66e1 - - default default] 10.0.0.18 "POST /v2.0/subnets HTTP/1.1" status: 201 len: 848 time: 0.3453290
2026-08-02 23:35:13.271 8 INFO neutron.db.segments_db [None req-a8beee89-769b-4a5e-ade5-302827e87642 76d3d5ce721f470997557d16373c7b94 dc671b7e31134124a7d563b3348a66e1 - - default default] Added segment 69d05e8b-6f74-42a7-bfb7-c14d423d18c4 of type geneve for network f2032a1c-c6d5-4c02-902b-7cfcd3514ffd
2026-08-02 23:35:13.398 9 INFO neutron.services.segments.plugin [-] Segment 19aeafd1-f58d-490d-b43a-e34d67c6a61b resource provider aggregate not found
2026-08-02 23:35:13.418 9 INFO neutron.services.segments.plugin [-] Segment 19aeafd1-f58d-490d-b43a-e34d67c6a61b resource provider aggregate not found
2026-08-02 23:35:13.445 9 INFO neutron.services.segments.plugin [-] Segment 19aeafd1-f58d-490d-b43a-e34d67c6a61b resource provider not found; error: Placement Client Error (4xx): {"errors": [{"status": 404, "title": "Not Found", "detail": "The resource could not be found.\n\n No resource provider with uuid 19aeafd1-f58d-490d-b43a-e34d67c6a61b found for delete ", "request_id": "req-c4462857-67a2-460b-ba9d-aff705ce8c82"}]}
2026-08-02 23:35:13.449 9 INFO neutron.services.segments.plugin [-] Segment 19aeafd1-f58d-490d-b43a-e34d67c6a61b resource provider not found; error: Placement Client Error (4xx): {"errors": [{"status": 404, "title": "Not Found", "detail": "The resource could not be found.\n\n No resource provider with uuid 19aeafd1-f58d-490d-b43a-e34d67c6a61b found for delete ", "request_id": "req-9951194b-f0aa-4f5f-b697-a7df0645ccb1"}]}
2026-08-02 23:35:13.473 8 INFO neutron.db.ovn_revision_numbers_db [None req-a8beee89-769b-4a5e-ade5-302827e87642 76d3d5ce721f470997557d16373c7b94 dc671b7e31134124a7d563b3348a66e1 - - default default] Successfully bumped revision number for resource f2032a1c-c6d5-4c02-902b-7cfcd3514ffd (type: networks) to 1
2026-08-02 23:35:13.497 9 INFO neutron.wsgi [None req-458b6fd2-d20f-41bb-9f6b-4fa80b338bf3 cc297bf278634480a6de0b097c810408 ebaf8e9ea3584eb98eb7eba67e587fff - - default default] 10.0.0.18 "DELETE /v2.0/networks/0e3d1711-875e-4f17-911e-184287788ab6 HTTP/1.1" status: 204 len: 168 time: 0.4883459
2026-08-02 23:35:13.894 8 WARNING neutron.scheduler.dhcp_agent_scheduler [None req-a8beee89-769b-4a5e-ade5-302827e87642 76d3d5ce721f470997557d16373c7b94 dc671b7e31134124a7d563b3348a66e1 - - default default] No more DHCP agents
2026-08-02 23:35:13.898 8 WARNING neutron.api.rpc.agentnotifiers.dhcp_rpc_agent_api [None req-a8beee89-769b-4a5e-ade5-302827e87642 76d3d5ce721f470997557d16373c7b94 dc671b7e31134124a7d563b3348a66e1 - - default default] Unable to schedule network f2032a1c-c6d5-4c02-902b-7cfcd3514ffd: no agents available; will retry on subsequent port and subnet creation events.
2026-08-02 23:35:14.007 8 INFO neutron.db.ovn_revision_numbers_db [None req-a8beee89-769b-4a5e-ade5-302827e87642 76d3d5ce721f470997557d16373c7b94 dc671b7e31134124a7d563b3348a66e1 - - default default] Successfully bumped revision number for resource beb4f540-4ee2-408a-adc1-4afc066f9cca (type: ports) to 1
2026-08-02 23:35:14.030 8 INFO neutron.wsgi [None req-a8beee89-769b-4a5e-ade5-302827e87642 76d3d5ce721f470997557d16373c7b94 dc671b7e31134124a7d563b3348a66e1 - - default default] 10.0.0.18 "POST /v2.0/networks HTTP/1.1" status: 201 len: 847 time: 0.8667819
2026-08-02 23:35:14.159 8 INFO neutron.services.segments.plugin [-] Segment 6320c03f-8f47-4a95-bb0a-7628a676ad1c resource provider aggregate not found
2026-08-02 23:35:14.163 8 INFO neutron.services.segments.plugin [-] Segment 6320c03f-8f47-4a95-bb0a-7628a676ad1c resource provider aggregate not found
2026-08-02 23:35:14.179 8 INFO neutron.services.segments.plugin [-] Segment 6320c03f-8f47-4a95-bb0a-7628a676ad1c resource provider not found; error: Placement Client Error (4xx): {"errors": [{"status": 404, "title": "Not Found", "detail": "The resource could not be found.\n\n No resource provider with uuid 6320c03f-8f47-4a95-bb0a-7628a676ad1c found for delete ", "request_id": "req-b02eb3ee-3649-4ebd-ab0c-abcd8c16df4b"}]}
2026-08-02 23:35:14.182 8 INFO neutron.services.segments.plugin [-] Segment 6320c03f-8f47-4a95-bb0a-7628a676ad1c resource provider not found; error: Placement Client Error (4xx): {"errors": [{"status": 404, "title": "Not Found", "detail": "The resource could not be found.\n\n No resource provider with uuid 6320c03f-8f47-4a95-bb0a-7628a676ad1c found for delete ", "request_id": "req-d3648545-f12b-4872-bb6d-d7bc3afa2ab2"}]}
