2026-08-02 23:36:20.823 9 INFO neutron.db.ovn_revision_numbers_db [None req-bf9bff8a-3d16-4dfa-9d12-c8fa844a4f4d - - - - - -] Successfully bumped revision number for resource 56432c52-1ab8-480f-beb6-ab55927b53f0 (type: ports) to 2
2026-08-02 23:36:20.937 9 INFO neutron.db.ovn_revision_numbers_db [None req-bf9bff8a-3d16-4dfa-9d12-c8fa844a4f4d - - - - - -] Successfully bumped revision number for resource 56432c52-1ab8-480f-beb6-ab55927b53f0 (type: router_ports) to 2
2026-08-02 23:36:21.027 8 INFO neutron.wsgi [None req-8550d44e-1278-4ebb-a5ef-66ec6633292d 0d314b2baaab4e44a4289dc13ad92035 17ba6ec525e243749a51166c728d7a47 - - default default] 10.0.0.18 "GET /v2.0/ports?device_id=b47b6750-07e9-4de4-9e29-7e0e43c66785 HTTP/1.1" status: 200 len: 205 time: 0.2572355
2026-08-02 23:36:21.079 8 INFO neutron.db.ovn_revision_numbers_db [None req-7e1a95b9-308c-4bd8-b84f-466f68143254 f363637628944201bf015f297ee8793e 31d1d3735c444d3e9ca812aeebb498c4 - - default default] Successfully bumped revision number for resource 56432c52-1ab8-480f-beb6-ab55927b53f0 (type: router_ports) to 2
2026-08-02 23:36:21.083 8 INFO neutron.wsgi [None req-7e1a95b9-308c-4bd8-b84f-466f68143254 f363637628944201bf015f297ee8793e 31d1d3735c444d3e9ca812aeebb498c4 - - default default] 10.0.0.18 "PUT /v2.0/routers/21c8fc89-56a0-4b64-82c5-46046948cc6e/add_router_interface HTTP/1.1" status: 200 len: 503 time: 3.0884838
2026-08-02 23:36:21.214 9 INFO neutron.db.ovn_revision_numbers_db [None req-f7668422-2d63-4684-bccf-29fa95b70a4a 972e98e415584404b57e23fd7222f353 08530d81a43445c3bbf7cca792c9dad3 - - default default] Successfully bumped revision number for resource facdc4e5-8b93-4e92-8a62-52f21cf1813d (type: security_groups) to 1
2026-08-02 23:36:21.226 9 INFO neutron.db.ovn_revision_numbers_db [None req-f7668422-2d63-4684-bccf-29fa95b70a4a 972e98e415584404b57e23fd7222f353 08530d81a43445c3bbf7cca792c9dad3 - - default default] Successfully bumped revision number for resource 86505390-16cb-4749-9708-e5962c6c59f9 (type: security_group_rules) to 0
2026-08-02 23:36:21.238 9 INFO neutron.wsgi [None req-1960c315-02d4-48f5-9627-6af09c4e66fd 0d314b2baaab4e44a4289dc13ad92035 17ba6ec525e243749a51166c728d7a47 - - default default] 10.0.0.18 "DELETE /v2.0/routers/b47b6750-07e9-4de4-9e29-7e0e43c66785 HTTP/1.1" status: 204 len: 168 time: 0.2059495
2026-08-02 23:36:21.239 9 INFO neutron.db.ovn_revision_numbers_db [None req-f7668422-2d63-4684-bccf-29fa95b70a4a 972e98e415584404b57e23fd7222f353 08530d81a43445c3bbf7cca792c9dad3 - - default default] Successfully bumped revision number for resource fd2ce581-714d-4310-8d5c-ba7f434162fd (type: security_group_rules) to 0
2026-08-02 23:36:21.274 9 INFO neutron.wsgi [None req-f7668422-2d63-4684-bccf-29fa95b70a4a 972e98e415584404b57e23fd7222f353 08530d81a43445c3bbf7cca792c9dad3 - - default default] 10.0.0.18 "POST /v2.0/security-groups HTTP/1.1" status: 201 len: 1809 time: 0.2816281
2026-08-02 23:36:21.290 9 INFO neutron.wsgi [None req-15129081-9615-4069-af8d-d67a0244244a 0d314b2baaab4e44a4289dc13ad92035 17ba6ec525e243749a51166c728d7a47 - - default default] 10.0.0.18 "GET /v2.0/routers/a0f39024-9b13-4e32-927c-36e5ee39547c HTTP/1.1" status: 200 len: 677 time: 0.0471094
2026-08-02 23:36:21.464 8 WARNING neutron.scheduler.dhcp_agent_scheduler [None req-e6caf3c6-59e6-440b-ac8c-45acc0844078 f363637628944201bf015f297ee8793e 31d1d3735c444d3e9ca812aeebb498c4 - - default default] No more DHCP agents
2026-08-02 23:36:21.468 8 WARNING neutron.api.rpc.agentnotifiers.dhcp_rpc_agent_api [None req-e6caf3c6-59e6-440b-ac8c-45acc0844078 f363637628944201bf015f297ee8793e 31d1d3735c444d3e9ca812aeebb498c4 - - default default] Unable to schedule network 9aeb0150-cf73-461b-8d7a-607f5f488447: no agents available; will retry on subsequent port and subnet creation events.
2026-08-02 23:36:21.480 8 INFO neutron.db.ovn_revision_numbers_db [None req-3da62c5b-9c88-48f8-8c6c-e2da347d5c0d 972e98e415584404b57e23fd7222f353 08530d81a43445c3bbf7cca792c9dad3 - - default default] Successfully bumped revision number for resource 57013e3a-18b8-4486-b1cb-51b68aac2faf (type: security_group_rules) to 0
2026-08-02 23:36:21.510 8 INFO neutron.wsgi [None req-3da62c5b-9c88-48f8-8c6c-e2da347d5c0d 972e98e415584404b57e23fd7222f353 08530d81a43445c3bbf7cca792c9dad3 - - default default] 10.0.0.18 "POST /v2.0/security-group-rules HTTP/1.1" status: 201 len: 764 time: 0.2286842 /var/lib/openstack/lib/python3.10/site-packages/pycadf/identifier.py:71: UserWarning: Invalid uuid: neutron. To ensure interoperability, identifiers should be a valid uuid. warnings.warn(('Invalid uuid: %s. To ensure interoperability, '
2026-08-02 23:36:21.660 8 INFO neutron.db.ovn_revision_numbers_db [None req-e6caf3c6-59e6-440b-ac8c-45acc0844078 f363637628944201bf015f297ee8793e 31d1d3735c444d3e9ca812aeebb498c4 - - default default] Successfully bumped revision number for resource 96357614-195f-4c47-882f-c9cb34b32272 (type: ports) to 1
2026-08-02 23:36:21.678 8 INFO neutron.db.ovn_revision_numbers_db [None req-512be29c-0966-447f-91a1-ef2581905553 972e98e415584404b57e23fd7222f353 08530d81a43445c3bbf7cca792c9dad3 - - default default] Successfully bumped revision number for resource c3cb0f5e-4299-4d54-88ac-9e90351d063e (type: security_group_rules) to 0
2026-08-02 23:36:21.685 8 INFO neutron.wsgi [None req-e6caf3c6-59e6-440b-ac8c-45acc0844078 f363637628944201bf015f297ee8793e 31d1d3735c444d3e9ca812aeebb498c4 - - default default] 10.0.0.18 "POST /v2.0/ports HTTP/1.1" status: 201 len: 1157 time: 0.5975490
2026-08-02 23:36:21.706 8 INFO neutron.wsgi [None req-512be29c-0966-447f-91a1-ef2581905553 972e98e415584404b57e23fd7222f353 08530d81a43445c3bbf7cca792c9dad3 - - default default] 10.0.0.18 "POST /v2.0/security-group-rules HTTP/1.1" status: 201 len: 763 time: 0.1855545
2026-08-02 23:36:21.777 9 INFO neutron.db.ovn_revision_numbers_db [None req-f2dff311-b28a-483b-8ba6-a7ff1b7295ec 0d314b2baaab4e44a4289dc13ad92035 17ba6ec525e243749a51166c728d7a47 - - default default] Successfully bumped revision number for resource a0f39024-9b13-4e32-927c-36e5ee39547c (type: routers) to 2
2026-08-02 23:36:21.780 9 INFO neutron.wsgi [None req-f2dff311-b28a-483b-8ba6-a7ff1b7295ec 0d314b2baaab4e44a4289dc13ad92035 17ba6ec525e243749a51166c728d7a47 - - default default] 10.0.0.18 "PUT /v2.0/routers/a0f39024-9b13-4e32-927c-36e5ee39547c HTTP/1.1" status: 200 len: 677 time: 0.4851687
2026-08-02 23:36:21.807 8 INFO neutron.wsgi [None req-fe1d5102-2972-4a36-881a-818e4d4387fd 0d314b2baaab4e44a4289dc13ad92035 17ba6ec525e243749a51166c728d7a47 - - default default] 10.0.0.18 "GET /v2.0/ports?device_id=a0f39024-9b13-4e32-927c-36e5ee39547c HTTP/1.1" status: 200 len: 205 time: 0.0221543
2026-08-02 23:36:21.897 8 INFO neutron.db.ovn_revision_numbers_db [None req-2f6bc63e-45e6-41fc-b23c-87b90766de5a 972e98e415584404b57e23fd7222f353 08530d81a43445c3bbf7cca792c9dad3 - - default default] Successfully bumped revision number for resource 2b22662c-0b0f-4086-8c9a-c615b7ad0189 (type: security_group_rules) to 0
2026-08-02 23:36:21.942 8 INFO neutron.wsgi [None req-2f6bc63e-45e6-41fc-b23c-87b90766de5a 972e98e415584404b57e23fd7222f353 08530d81a43445c3bbf7cca792c9dad3 - - default default] 10.0.0.18 "POST /v2.0/security-group-rules HTTP/1.1" status: 201 len: 769 time: 0.2305593
2026-08-02 23:36:22.029 8 INFO neutron.wsgi [None req-d84fbeb2-fe48-4f5b-940f-57dd7379a6c3 0d314b2baaab4e44a4289dc13ad92035 17ba6ec525e243749a51166c728d7a47 - - default default] 10.0.0.18 "DELETE /v2.0/routers/a0f39024-9b13-4e32-927c-36e5ee39547c HTTP/1.1" status: 204 len: 168 time: 0.2161832
2026-08-02 23:36:22.108 8 INFO neutron.wsgi [None req-00da17d1-e484-4790-b032-0f3c445bcea4 0d314b2baaab4e44a4289dc13ad92035 17ba6ec525e243749a51166c728d7a47 - - default default] 10.0.0.18 "GET /v2.0/routers/d1e628d2-b03b-454f-aaa8-b234642cbf95 HTTP/1.1" status: 200 len: 662 time: 0.0728316
2026-08-02 23:36:22.112 9 WARNING neutron.scheduler.dhcp_agent_scheduler [None req-bc81b23c-6cb4-4b80-9e6c-438dee358ac0 f363637628944201bf015f297ee8793e 31d1d3735c444d3e9ca812aeebb498c4 - - default default] No more DHCP agents
2026-08-02 23:36:22.118 9 WARNING neutron.api.rpc.agentnotifiers.dhcp_rpc_agent_api [None req-bc81b23c-6cb4-4b80-9e6c-438dee358ac0 f363637628944201bf015f297ee8793e 31d1d3735c444d3e9ca812aeebb498c4 - - default default] Unable to schedule network 9aeb0150-cf73-461b-8d7a-607f5f488447: no agents available; will retry on subsequent port and subnet creation events.
2026-08-02 23:36:22.155 9 INFO neutron.db.ovn_revision_numbers_db [None req-66a81b58-dbf0-4d6f-93c7-7ea57b08204b 972e98e415584404b57e23fd7222f353 08530d81a43445c3bbf7cca792c9dad3 - - default default] Successfully bumped revision number for resource f3020f9c-29e2-409c-bc92-08b2ddd3f11c (type: security_group_rules) to 0
2026-08-02 23:36:22.204 9 INFO neutron.wsgi [None req-66a81b58-dbf0-4d6f-93c7-7ea57b08204b 972e98e415584404b57e23fd7222f353 08530d81a43445c3bbf7cca792c9dad3 - - default default] 10.0.0.18 "POST /v2.0/security-group-rules HTTP/1.1" status: 201 len: 768 time: 0.2516863 /var/lib/openstack/lib/python3.10/site-packages/pycadf/identifier.py:71: UserWarning: Invalid uuid: neutron. To ensure interoperability, identifiers should be a valid uuid. warnings.warn(('Invalid uuid: %s. To ensure interoperability, '
2026-08-02 23:36:22.241 9 INFO neutron.db.securitygroups_db [None req-415527ee-cc81-46d2-8cf7-e76d1e43bb58 972e98e415584404b57e23fd7222f353 08530d81a43445c3bbf7cca792c9dad3 - - default default] Project 08530d81a43445c3bbf7cca792c9dad3 added a security group rule with legacy IPv6 ICMP protocol name icmp, ipv6-icmp should be used instead. It was automatically converted.
2026-08-02 23:36:22.340 9 INFO neutron.db.ovn_revision_numbers_db [None req-bc81b23c-6cb4-4b80-9e6c-438dee358ac0 f363637628944201bf015f297ee8793e 31d1d3735c444d3e9ca812aeebb498c4 - - default default] Successfully bumped revision number for resource 9a07d613-1e2e-4b0d-a5cf-9333375335aa (type: ports) to 1
2026-08-02 23:36:22.378 9 INFO neutron.wsgi [None req-bc81b23c-6cb4-4b80-9e6c-438dee358ac0 f363637628944201bf015f297ee8793e 31d1d3735c444d3e9ca812aeebb498c4 - - default default] 10.0.0.18 "POST /v2.0/ports HTTP/1.1" status: 201 len: 1158 time: 0.6889882
2026-08-02 23:36:22.399 9 INFO neutron.db.ovn_revision_numbers_db [None req-415527ee-cc81-46d2-8cf7-e76d1e43bb58 972e98e415584404b57e23fd7222f353 08530d81a43445c3bbf7cca792c9dad3 - - default default] Successfully bumped revision number for resource abd67fb3-609e-4f6a-a756-80ae7eb8e47f (type: security_group_rules) to 0
2026-08-02 23:36:22.432 9 INFO neutron.wsgi [None req-415527ee-cc81-46d2-8cf7-e76d1e43bb58 972e98e415584404b57e23fd7222f353 08530d81a43445c3bbf7cca792c9dad3 - - default default] 10.0.0.18 "POST /v2.0/security-group-rules HTTP/1.1" status: 201 len: 774 time: 0.2233613
2026-08-02 23:36:22.475 9 INFO neutron.db.securitygroups_db [None req-61584112-2b51-4ec6-9529-44b93a8b3d3e 972e98e415584404b57e23fd7222f353 08530d81a43445c3bbf7cca792c9dad3 - - default default] Project 08530d81a43445c3bbf7cca792c9dad3 added a security group rule with legacy IPv6 ICMP protocol name icmp, ipv6-icmp should be used instead. It was automatically converted.
2026-08-02 23:36:22.622 9 INFO neutron.db.ovn_revision_numbers_db [None req-61584112-2b51-4ec6-9529-44b93a8b3d3e 972e98e415584404b57e23fd7222f353 08530d81a43445c3bbf7cca792c9dad3 - - default default] Successfully bumped revision number for resource 84bcb353-5fcf-4193-a7fb-1f9b6f4e16cd (type: security_group_rules) to 0
2026-08-02 23:36:22.647 9 INFO neutron.wsgi [None req-61584112-2b51-4ec6-9529-44b93a8b3d3e 972e98e415584404b57e23fd7222f353 08530d81a43445c3bbf7cca792c9dad3 - - default default] 10.0.0.18 "POST /v2.0/security-group-rules HTTP/1.1" status: 201 len: 773 time: 0.2072103
2026-08-02 23:36:22.675 8 INFO neutron.db.ovn_revision_numbers_db [None req-8c0adc0f-b9e6-4ca8-bb78-d615dbd6a9be 0d314b2baaab4e44a4289dc13ad92035 17ba6ec525e243749a51166c728d7a47 - - default default] Successfully bumped revision number for resource d1e628d2-b03b-454f-aaa8-b234642cbf95 (type: routers) to 2
2026-08-02 23:36:22.677 8 INFO neutron.wsgi [None req-8c0adc0f-b9e6-4ca8-bb78-d615dbd6a9be 0d314b2baaab4e44a4289dc13ad92035 17ba6ec525e243749a51166c728d7a47 - - default default] 10.0.0.18 "PUT /v2.0/routers/d1e628d2-b03b-454f-aaa8-b234642cbf95 HTTP/1.1" status: 200 len: 662 time: 0.5614288
2026-08-02 23:36:22.702 8 INFO neutron.wsgi [None req-ea8a9885-d5ba-451f-a702-a0fc26d8c141 0d314b2baaab4e44a4289dc13ad92035 17ba6ec525e243749a51166c728d7a47 - - default default] 10.0.0.18 "GET /v2.0/ports?device_id=d1e628d2-b03b-454f-aaa8-b234642cbf95 HTTP/1.1" status: 200 len: 205 time: 0.0208862
2026-08-02 23:36:22.842 8 WARNING neutron.scheduler.dhcp_agent_scheduler [None req-36742a77-7849-42e0-aa28-5b0b4469cc71 f363637628944201bf015f297ee8793e 31d1d3735c444d3e9ca812aeebb498c4 - - default default] No more DHCP agents
2026-08-02 23:36:22.847 8 WARNING neutron.api.rpc.agentnotifiers.dhcp_rpc_agent_api [None req-36742a77-7849-42e0-aa28-5b0b4469cc71 f363637628944201bf015f297ee8793e 31d1d3735c444d3e9ca812aeebb498c4 - - default default] Unable to schedule network bc1478aa-9c23-44fe-b1b0-e955580e29bb: no agents available; will retry on subsequent port and subnet creation events.
2026-08-02 23:36:22.998 9 INFO neutron.wsgi [None req-5c3b3202-c99b-46ff-9e4b-b66309aee2d2 0d314b2baaab4e44a4289dc13ad92035 17ba6ec525e243749a51166c728d7a47 - - default default] 10.0.0.18 "DELETE /v2.0/routers/d1e628d2-b03b-454f-aaa8-b234642cbf95 HTTP/1.1" status: 204 len: 168 time: 0.2885778
2026-08-02 23:36:23.082 9 INFO neutron.wsgi [None req-05b68522-0853-4e83-b639-187f9d5377e1 0d314b2baaab4e44a4289dc13ad92035 17ba6ec525e243749a51166c728d7a47 - - default default] 10.0.0.18 "GET /v2.0/routers/9e91e484-c87c-44e2-9cab-72402ba17f20 HTTP/1.1" status: 200 len: 655 time: 0.0609343
2026-08-02 23:36:23.389 8 INFO neutron.wsgi [None req-4e6858f4-6874-4525-aea4-335c587d84ba 972e98e415584404b57e23fd7222f353 08530d81a43445c3bbf7cca792c9dad3 - - default default] 10.0.0.18 "GET /v2.0/networks HTTP/1.1" status: 200 len: 1492 time: 0.3253028
2026-08-02 23:36:23.436 8 WARNING neutron.plugins.ml2.drivers.ovn.mech_driver.ovsdb.ovn_client [None req-fcb676ba-0c1b-49a8-bfef-18b915a3fe5a - - - - - -] No hosting information found for port 6ec31b3e-3577-401b-9f38-01cf353fb6f6: RuntimeError: No hosting information found for port 6ec31b3e-3577-401b-9f38-01cf353fb6f6
2026-08-02 23:36:23.546 8 INFO neutron.db.l3_db [None req-36742a77-7849-42e0-aa28-5b0b4469cc71 f363637628944201bf015f297ee8793e 31d1d3735c444d3e9ca812aeebb498c4 - - default default] Floating IP 4b020c04-223a-4f03-8fab-ea6da18f47d3 associated. External IP: 10.96.250.212, port: 9a07d613-1e2e-4b0d-a5cf-9333375335aa.
2026-08-02 23:36:23.553 9 INFO neutron.wsgi [req-a00f27f6-aa49-40b1-9c81-b60c57293c64 req-f39af3a2-06f3-4cb3-b4a3-6efb706bb74e 972e98e415584404b57e23fd7222f353 08530d81a43445c3bbf7cca792c9dad3 - - default default] 10.0.0.174 "GET /v2.0/security-groups?name=tempest-secgroup-smoke-315501339&fields=id&tenant_id=08530d81a43445c3bbf7cca792c9dad3 HTTP/1.1" status: 200 len: 267 time: 0.0713310
2026-08-02 23:36:23.684 9 INFO neutron.wsgi [req-a00f27f6-aa49-40b1-9c81-b60c57293c64 req-316a6431-b6c6-4613-a79e-e6aaff129c0f 972e98e415584404b57e23fd7222f353 08530d81a43445c3bbf7cca792c9dad3 - - default default] 10.0.0.174 "GET /v2.0/networks?id=1fb6ae73-f43e-48e6-b4d1-21855afff875 HTTP/1.1" status: 200 len: 859 time: 0.1216292
2026-08-02 23:36:23.708 9 INFO neutron.wsgi [req-a00f27f6-aa49-40b1-9c81-b60c57293c64 req-01233288-fd10-4426-98db-3bc3dcfd9e17 972e98e415584404b57e23fd7222f353 08530d81a43445c3bbf7cca792c9dad3 - - default default] 10.0.0.174 "GET /v2.0/quotas/08530d81a43445c3bbf7cca792c9dad3 HTTP/1.1" status: 200 len: 386 time: 0.0140903
2026-08-02 23:36:23.806 8 INFO neutron.db.ovn_revision_numbers_db [None req-36742a77-7849-42e0-aa28-5b0b4469cc71 f363637628944201bf015f297ee8793e 31d1d3735c444d3e9ca812aeebb498c4 - - default default] Successfully bumped revision number for resource 4b020c04-223a-4f03-8fab-ea6da18f47d3 (type: floatingips) to 0
2026-08-02 23:36:23.840 9 INFO neutron.wsgi [None req-9ea605cb-16c5-40e3-8c94-1280ac69abbc 0d314b2baaab4e44a4289dc13ad92035 17ba6ec525e243749a51166c728d7a47 - - default default] 10.0.0.18 "PUT /v2.0/routers/9e91e484-c87c-44e2-9cab-72402ba17f20 HTTP/1.1" status: 200 len: 655 time: 0.7518640
2026-08-02 23:36:23.858 9 INFO neutron.wsgi [req-a00f27f6-aa49-40b1-9c81-b60c57293c64 req-07bd89db-c822-4c8e-b90b-141e03f0e45d 972e98e415584404b57e23fd7222f353 08530d81a43445c3bbf7cca792c9dad3 - - default default] 10.0.0.174 "GET /v2.0/ports?tenant_id=08530d81a43445c3bbf7cca792c9dad3&fields=id HTTP/1.1" status: 200 len: 348 time: 0.1382163
2026-08-02 23:36:23.880 9 INFO neutron.wsgi [None req-ecd9ba79-f6f1-4f62-bca7-031a64ef5a43 0d314b2baaab4e44a4289dc13ad92035 17ba6ec525e243749a51166c728d7a47 - - default default] 10.0.0.18 "GET /v2.0/ports?device_id=9e91e484-c87c-44e2-9cab-72402ba17f20 HTTP/1.1" status: 200 len: 205 time: 0.0316501
2026-08-02 23:36:23.983 9 INFO neutron.wsgi [req-a00f27f6-aa49-40b1-9c81-b60c57293c64 req-e15cd0bf-7e3a-4872-8fff-f3c6278bbfe9 adf2cf1c8bdd48c6ab7ce1ff39900ab3 a58fe209165a4fdbbf443341c333fb47 - - c135e7d025ad43808f7e20c2893a0803 c135e7d025ad43808f7e20c2893a0803] 10.0.0.174 "GET /v2.0/networks/1fb6ae73-f43e-48e6-b4d1-21855afff875?fields=segments HTTP/1.1" status: 200 len: 212 time: 0.1123776
2026-08-02 23:36:24.106 9 INFO neutron.wsgi [req-a00f27f6-aa49-40b1-9c81-b60c57293c64 req-d6fc1775-e823-4b4b-9847-3b61b995369b adf2cf1c8bdd48c6ab7ce1ff39900ab3 a58fe209165a4fdbbf443341c333fb47 - - c135e7d025ad43808f7e20c2893a0803 c135e7d025ad43808f7e20c2893a0803] 10.0.0.174 "GET /v2.0/networks/1fb6ae73-f43e-48e6-b4d1-21855afff875?fields=provider%3Aphysical_network&fields=provider%3Anetwork_type HTTP/1.1" status: 200 len: 277 time: 0.1138604
2026-08-02 23:36:24.133 9 INFO neutron.wsgi [None req-3d09fe02-e6fe-489e-9fa2-778cf422e432 0d314b2baaab4e44a4289dc13ad92035 17ba6ec525e243749a51166c728d7a47 - - default default] 10.0.0.18 "DELETE /v2.0/routers/9e91e484-c87c-44e2-9cab-72402ba17f20 HTTP/1.1" status: 204 len: 168 time: 0.2444704
2026-08-02 23:36:24.258 8 INFO neutron.db.ovn_revision_numbers_db [None req-36742a77-7849-42e0-aa28-5b0b4469cc71 f363637628944201bf015f297ee8793e 31d1d3735c444d3e9ca812aeebb498c4 - - default default] Successfully bumped revision number for resource 4b020c04-223a-4f03-8fab-ea6da18f47d3 (type: floatingips) to 1 /var/lib/openstack/lib/python3.10/site-packages/pycadf/identifier.py:71: UserWarning: Invalid uuid: neutron. To ensure interoperability, identifiers should be a valid uuid. warnings.warn(('Invalid uuid: %s. To ensure interoperability, '
2026-08-02 23:36:24.311 8 INFO neutron.wsgi [req-f97727ae-4709-4ef3-9efa-80eae553cfb9 req-03d33567-9eb9-46f6-8e28-3e548777a69a 972e98e415584404b57e23fd7222f353 08530d81a43445c3bbf7cca792c9dad3 - - default default] 10.0.0.174 "GET /v2.0/ports?device_id=dd45dcf3-a5f8-4d5b-abfc-e67f598aae5a HTTP/1.1" status: 200 len: 210 time: 0.0235496
2026-08-02 23:36:24.313 8 INFO neutron.wsgi [None req-36742a77-7849-42e0-aa28-5b0b4469cc71 f363637628944201bf015f297ee8793e 31d1d3735c444d3e9ca812aeebb498c4 - - default default] 10.0.0.18 "POST /v2.0/floatingips HTTP/1.1" status: 201 len: 1042 time: 1.9279215
2026-08-02 23:36:24.516 8 INFO neutron.db.l3_db [None req-c1621365-fd36-4e96-abbc-09b495c5c7d1 f363637628944201bf015f297ee8793e 31d1d3735c444d3e9ca812aeebb498c4 - - default default] Floating IP 4b020c04-223a-4f03-8fab-ea6da18f47d3 disassociated. External IP: 10.96.250.212, port: 9a07d613-1e2e-4b0d-a5cf-9333375335aa.
2026-08-02 23:36:24.581 8 INFO neutron.db.ovn_revision_numbers_db [None req-c1621365-fd36-4e96-abbc-09b495c5c7d1 f363637628944201bf015f297ee8793e 31d1d3735c444d3e9ca812aeebb498c4 - - default default] Successfully bumped revision number for resource 4b020c04-223a-4f03-8fab-ea6da18f47d3 (type: floatingips) to 2
2026-08-02 23:36:24.665 8 INFO neutron.wsgi [None req-c1621365-fd36-4e96-abbc-09b495c5c7d1 f363637628944201bf015f297ee8793e 31d1d3735c444d3e9ca812aeebb498c4 - - default default] 10.0.0.18 "PUT /v2.0/floatingips/4b020c04-223a-4f03-8fab-ea6da18f47d3 HTTP/1.1" status: 200 len: 748 time: 0.3435965 /var/lib/openstack/lib/python3.10/site-packages/pycadf/identifier.py:71: UserWarning: Invalid uuid: neutron. To ensure interoperability, identifiers should be a valid uuid. warnings.warn(('Invalid uuid: %s. To ensure interoperability, '
2026-08-02 23:36:25.008 8 INFO neutron.wsgi [req-a00f27f6-aa49-40b1-9c81-b60c57293c64 req-f1e5f9df-8652-4ad8-a892-3ff0c869cab5 972e98e415584404b57e23fd7222f353 08530d81a43445c3bbf7cca792c9dad3 - - default default] 199.204.45.23 "GET /v2.0/networks?id=1fb6ae73-f43e-48e6-b4d1-21855afff875 HTTP/1.1" status: 200 len: 859 time: 0.0750706
2026-08-02 23:36:25.035 9 INFO neutron.wsgi [None req-4dfc6c3b-73d1-414d-9ace-52529d26d42d f363637628944201bf015f297ee8793e 31d1d3735c444d3e9ca812aeebb498c4 - - default default] 10.0.0.18 "DELETE /v2.0/floatingips/4b020c04-223a-4f03-8fab-ea6da18f47d3 HTTP/1.1" status: 204 len: 168 time: 0.3637269
2026-08-02 23:36:25.071 8 INFO neutron.wsgi [req-a00f27f6-aa49-40b1-9c81-b60c57293c64 req-4ef0aa8d-316f-45cb-8578-98ec7eb46942 972e98e415584404b57e23fd7222f353 08530d81a43445c3bbf7cca792c9dad3 - - default default] 199.204.45.23 "GET /v2.0/security-groups?fields=id&fields=name&tenant_id=08530d81a43445c3bbf7cca792c9dad3 HTTP/1.1" status: 200 len: 471 time: 0.0555909
2026-08-02 23:36:25.364 9 WARNING neutron.scheduler.dhcp_agent_scheduler [None req-03dbfaae-1af6-4f38-8126-3e6d6903ffa4 f363637628944201bf015f297ee8793e 31d1d3735c444d3e9ca812aeebb498c4 - - default default] No more DHCP agents
2026-08-02 23:36:25.368 9 WARNING neutron.api.rpc.agentnotifiers.dhcp_rpc_agent_api [None req-03dbfaae-1af6-4f38-8126-3e6d6903ffa4 f363637628944201bf015f297ee8793e 31d1d3735c444d3e9ca812aeebb498c4 - - default default] Unable to schedule network bc1478aa-9c23-44fe-b1b0-e955580e29bb: no agents available; will retry on subsequent port and subnet creation events.
2026-08-02 23:36:25.412 9 INFO neutron.wsgi [req-0b518881-3be5-4e9a-9593-7f23fd8537a7 req-9c6d1d42-f6ce-49c0-90b9-3464899097cb 972e98e415584404b57e23fd7222f353 08530d81a43445c3bbf7cca792c9dad3 - - default default] 10.0.0.174 "GET /v2.0/ports?device_id=dd45dcf3-a5f8-4d5b-abfc-e67f598aae5a HTTP/1.1" status: 200 len: 210 time: 0.0283101
2026-08-02 23:36:25.472 8 WARNING neutron.scheduler.dhcp_agent_scheduler [req-a00f27f6-aa49-40b1-9c81-b60c57293c64 req-882e7117-e261-4ce4-8a03-c5b5b699fcf2 972e98e415584404b57e23fd7222f353 08530d81a43445c3bbf7cca792c9dad3 - - default default] No more DHCP agents
2026-08-02 23:36:25.474 8 WARNING neutron.api.rpc.agentnotifiers.dhcp_rpc_agent_api [req-a00f27f6-aa49-40b1-9c81-b60c57293c64 req-882e7117-e261-4ce4-8a03-c5b5b699fcf2 972e98e415584404b57e23fd7222f353 08530d81a43445c3bbf7cca792c9dad3 - - default default] Unable to schedule network 1fb6ae73-f43e-48e6-b4d1-21855afff875: no agents available; will retry on subsequent port and subnet creation events.
2026-08-02 23:36:25.531 9 INFO neutron.db.ovn_revision_numbers_db [None req-891cf872-c1d3-4b83-923b-5fcae379e028 923cc6748fa44f688578ed1b8f8cc4ad 0293b968d86b4dcda50ad6911aab7fe4 - - default default] Successfully bumped revision number for resource 004c12b6-9164-44a5-92a9-ea2347cf0309 (type: security_groups) to 1
2026-08-02 23:36:25.575 9 INFO neutron.db.ovn_revision_numbers_db [None req-891cf872-c1d3-4b83-923b-5fcae379e028 923cc6748fa44f688578ed1b8f8cc4ad 0293b968d86b4dcda50ad6911aab7fe4 - - default default] Successfully bumped revision number for resource 40ba17b3-785a-4f51-a77b-90603efafc85 (type: security_group_rules) to 0
2026-08-02 23:36:25.601 9 INFO neutron.db.ovn_revision_numbers_db [None req-891cf872-c1d3-4b83-923b-5fcae379e028 923cc6748fa44f688578ed1b8f8cc4ad 0293b968d86b4dcda50ad6911aab7fe4 - - default default] Successfully bumped revision number for resource 69c72a6b-666e-420b-a33a-3706657a7560 (type: security_group_rules) to 0
2026-08-02 23:36:25.659 8 INFO neutron.db.ovn_revision_numbers_db [req-a00f27f6-aa49-40b1-9c81-b60c57293c64 req-882e7117-e261-4ce4-8a03-c5b5b699fcf2 972e98e415584404b57e23fd7222f353 08530d81a43445c3bbf7cca792c9dad3 - - default default] Successfully bumped revision number for resource a74a2403-9b71-4a38-929f-22b149f7754f (type: ports) to 1
2026-08-02 23:36:25.688 8 INFO neutron.wsgi [req-a00f27f6-aa49-40b1-9c81-b60c57293c64 req-882e7117-e261-4ce4-8a03-c5b5b699fcf2 972e98e415584404b57e23fd7222f353 08530d81a43445c3bbf7cca792c9dad3 - - default default] 199.204.45.23 "POST /v2.0/ports HTTP/1.1" status: 201 len: 1158 time: 0.6130297 /var/lib/openstack/lib/python3.10/site-packages/pycadf/identifier.py:71: UserWarning: Invalid uuid: neutron. To ensure interoperability, identifiers should be a valid uuid. warnings.warn(('Invalid uuid: %s. To ensure interoperability, '
2026-08-02 23:36:25.854 9 INFO neutron.db.ovn_revision_numbers_db [None req-891cf872-c1d3-4b83-923b-5fcae379e028 923cc6748fa44f688578ed1b8f8cc4ad 0293b968d86b4dcda50ad6911aab7fe4 - - default default] Successfully bumped revision number for resource 74754218-8a89-44cf-a04b-00cd99d4f4cc (type: security_group_rules) to 0
2026-08-02 23:36:25.885 9 INFO neutron.db.ovn_revision_numbers_db [None req-891cf872-c1d3-4b83-923b-5fcae379e028 923cc6748fa44f688578ed1b8f8cc4ad 0293b968d86b4dcda50ad6911aab7fe4 - - default default] Successfully bumped revision number for resource b3ffaa0b-23d4-4d2e-b93f-83f10ad4ab42 (type: security_group_rules) to 0
2026-08-02 23:36:25.919 9 INFO neutron.wsgi [None req-891cf872-c1d3-4b83-923b-5fcae379e028 923cc6748fa44f688578ed1b8f8cc4ad 0293b968d86b4dcda50ad6911aab7fe4 - - default default] 10.0.0.18 "GET /v2.0/security-groups?tenant_id=885458a325ac4a7e83637988b8b3ebe8&name=default HTTP/1.1" status: 200 len: 2996 time: 0.8325107
2026-08-02 23:36:26.128 9 INFO neutron.db.l3_db [None req-03dbfaae-1af6-4f38-8126-3e6d6903ffa4 f363637628944201bf015f297ee8793e 31d1d3735c444d3e9ca812aeebb498c4 - - default default] Floating IP 841b3c0b-99c9-42a9-ba9e-b17d11941b39 associated. External IP: 10.96.250.215, port: 96357614-195f-4c47-882f-c9cb34b32272.
2026-08-02 23:36:26.130 8 INFO neutron.db.ovn_revision_numbers_db [req-a00f27f6-aa49-40b1-9c81-b60c57293c64 req-e9f67297-d0b9-4fa3-870c-c63f747c32c4 adf2cf1c8bdd48c6ab7ce1ff39900ab3 a58fe209165a4fdbbf443341c333fb47 - - c135e7d025ad43808f7e20c2893a0803 c135e7d025ad43808f7e20c2893a0803] Successfully bumped revision number for resource a74a2403-9b71-4a38-929f-22b149f7754f (type: ports) to 2
2026-08-02 23:36:26.190 8 INFO neutron.wsgi [None req-49ada573-0c79-4000-a453-f91deec04d0b 923cc6748fa44f688578ed1b8f8cc4ad 0293b968d86b4dcda50ad6911aab7fe4 - - default default] 10.0.0.18 "DELETE /v2.0/security-groups/004c12b6-9164-44a5-92a9-ea2347cf0309 HTTP/1.1" status: 204 len: 168 time: 0.2633767
2026-08-02 23:36:26.335 8 INFO neutron.db.ovn_revision_numbers_db [req-a00f27f6-aa49-40b1-9c81-b60c57293c64 req-e9f67297-d0b9-4fa3-870c-c63f747c32c4 adf2cf1c8bdd48c6ab7ce1ff39900ab3 a58fe209165a4fdbbf443341c333fb47 - - c135e7d025ad43808f7e20c2893a0803 c135e7d025ad43808f7e20c2893a0803] Successfully bumped revision number for resource a74a2403-9b71-4a38-929f-22b149f7754f (type: ports) to 2
2026-08-02 23:36:26.352 8 INFO neutron.wsgi [req-a00f27f6-aa49-40b1-9c81-b60c57293c64 req-e9f67297-d0b9-4fa3-870c-c63f747c32c4 adf2cf1c8bdd48c6ab7ce1ff39900ab3 a58fe209165a4fdbbf443341c333fb47 - - c135e7d025ad43808f7e20c2893a0803 c135e7d025ad43808f7e20c2893a0803] 199.204.45.23 "PUT /v2.0/ports/a74a2403-9b71-4a38-929f-22b149f7754f HTTP/1.1" status: 200 len: 1376 time: 0.6569717
2026-08-02 23:36:26.366 9 INFO neutron.db.ovn_revision_numbers_db [None req-03dbfaae-1af6-4f38-8126-3e6d6903ffa4 f363637628944201bf015f297ee8793e 31d1d3735c444d3e9ca812aeebb498c4 - - default default] Successfully bumped revision number for resource 841b3c0b-99c9-42a9-ba9e-b17d11941b39 (type: floatingips) to 0
2026-08-02 23:36:26.388 9 WARNING neutron.plugins.ml2.drivers.ovn.mech_driver.ovsdb.ovn_client [None req-bf9bff8a-3d16-4dfa-9d12-c8fa844a4f4d - - - - - -] No hosting information found for port 56432c52-1ab8-480f-beb6-ab55927b53f0: RuntimeError: No hosting information found for port 56432c52-1ab8-480f-beb6-ab55927b53f0 /var/lib/openstack/lib/python3.10/site-packages/pycadf/identifier.py:71: UserWarning: Invalid uuid: neutron. To ensure interoperability, identifiers should be a valid uuid. warnings.warn(('Invalid uuid: %s. To ensure interoperability, '
2026-08-02 23:36:26.413 8 INFO neutron.notifiers.nova [-] Nova event matching ['req-f7b7f805-e9f5-4e62-948c-872db408c442'] response: {'name': 'network-changed', 'server_uuid': 'dd45dcf3-a5f8-4d5b-abfc-e67f598aae5a', 'tag': 'a74a2403-9b71-4a38-929f-22b149f7754f', 'status': 'completed', 'code': 200}
2026-08-02 23:36:26.447 8 INFO neutron.wsgi [req-a00f27f6-aa49-40b1-9c81-b60c57293c64 req-c33274a5-fe4c-4b50-8c14-e8953f4a7d74 adf2cf1c8bdd48c6ab7ce1ff39900ab3 a58fe209165a4fdbbf443341c333fb47 - - c135e7d025ad43808f7e20c2893a0803 c135e7d025ad43808f7e20c2893a0803] 199.204.45.23 "GET /v2.0/ports?tenant_id=08530d81a43445c3bbf7cca792c9dad3&device_id=dd45dcf3-a5f8-4d5b-abfc-e67f598aae5a HTTP/1.1" status: 200 len: 1407 time: 0.0457537
2026-08-02 23:36:26.474 8 INFO neutron.wsgi [req-a00f27f6-aa49-40b1-9c81-b60c57293c64 req-b126a907-ecef-4858-bc53-41185516c8d0 adf2cf1c8bdd48c6ab7ce1ff39900ab3 a58fe209165a4fdbbf443341c333fb47 - - c135e7d025ad43808f7e20c2893a0803 c135e7d025ad43808f7e20c2893a0803] 199.204.45.23 "GET /v2.0/floatingips?fixed_ip_address=10.100.0.8&port_id=a74a2403-9b71-4a38-929f-22b149f7754f HTTP/1.1" status: 200 len: 217 time: 0.0208023 /var/lib/openstack/lib/python3.10/site-packages/pycadf/identifier.py:71: UserWarning: Invalid uuid: neutron. To ensure interoperability, identifiers should be a valid uuid. warnings.warn(('Invalid uuid: %s. To ensure interoperability, '
2026-08-02 23:36:26.527 8 INFO neutron.wsgi [req-a00f27f6-aa49-40b1-9c81-b60c57293c64 req-52b1d6a9-36ca-4ee1-ae9f-a47278b4f34d adf2cf1c8bdd48c6ab7ce1ff39900ab3 a58fe209165a4fdbbf443341c333fb47 - - c135e7d025ad43808f7e20c2893a0803 c135e7d025ad43808f7e20c2893a0803] 199.204.45.23 "GET /v2.0/subnets?id=098dcb10-bdf3-4a5b-a4e9-939114cd1e5b HTTP/1.1" status: 200 len: 852 time: 0.0447180
2026-08-02 23:36:26.535 9 INFO neutron.wsgi [req-0c43bf85-d28f-4904-b67b-effd62030818 req-9db40fd4-56a4-42ad-9284-b82193e35c3f 972e98e415584404b57e23fd7222f353 08530d81a43445c3bbf7cca792c9dad3 - - default default] 10.0.0.174 "GET /v2.0/ports?device_id=dd45dcf3-a5f8-4d5b-abfc-e67f598aae5a HTTP/1.1" status: 200 len: 1168 time: 0.0511370
2026-08-02 23:36:26.555 8 INFO neutron.wsgi [req-a00f27f6-aa49-40b1-9c81-b60c57293c64 req-3279815d-8a11-43a3-88b2-e56f08c62d21 adf2cf1c8bdd48c6ab7ce1ff39900ab3 a58fe209165a4fdbbf443341c333fb47 - - c135e7d025ad43808f7e20c2893a0803 c135e7d025ad43808f7e20c2893a0803] 199.204.45.23 "GET /v2.0/ports?network_id=1fb6ae73-f43e-48e6-b4d1-21855afff875&device_owner=network%3Adhcp HTTP/1.1" status: 200 len: 210 time: 0.0220642
2026-08-02 23:36:26.581 9 INFO neutron.db.ovn_revision_numbers_db [None req-03dbfaae-1af6-4f38-8126-3e6d6903ffa4 f363637628944201bf015f297ee8793e 31d1d3735c444d3e9ca812aeebb498c4 - - default default] Successfully bumped revision number for resource 841b3c0b-99c9-42a9-ba9e-b17d11941b39 (type: floatingips) to 1
2026-08-02 23:36:26.589 9 INFO neutron.wsgi [req-0c43bf85-d28f-4904-b67b-effd62030818 req-014140ec-9ff8-459d-ab99-90e48598fdba 972e98e415584404b57e23fd7222f353 08530d81a43445c3bbf7cca792c9dad3 - - default default] 10.0.0.174 "GET /v2.0/security-groups?id=facdc4e5-8b93-4e92-8a62-52f21cf1813d&fields=id&fields=name HTTP/1.1" status: 200 len: 312 time: 0.0439522
2026-08-02 23:36:26.604 8 INFO neutron.db.ovn_revision_numbers_db [None req-e8be6d88-d6bc-4033-ac88-a1520c262b3a 923cc6748fa44f688578ed1b8f8cc4ad 0293b968d86b4dcda50ad6911aab7fe4 - - default default] Successfully bumped revision number for resource 62d77f86-4c24-46db-ad8f-0b5c1c582c95 (type: security_groups) to 1
2026-08-02 23:36:26.622 8 INFO neutron.db.ovn_revision_numbers_db [None req-e8be6d88-d6bc-4033-ac88-a1520c262b3a 923cc6748fa44f688578ed1b8f8cc4ad 0293b968d86b4dcda50ad6911aab7fe4 - - default default] Successfully bumped revision number for resource 4a20f8b1-a440-410b-bbd5-64060c34a42c (type: security_group_rules) to 0
2026-08-02 23:36:26.624 9 INFO neutron.wsgi [None req-03dbfaae-1af6-4f38-8126-3e6d6903ffa4 f363637628944201bf015f297ee8793e 31d1d3735c444d3e9ca812aeebb498c4 - - default default] 10.0.0.18 "POST /v2.0/floatingips HTTP/1.1" status: 201 len: 1041 time: 1.5815239
2026-08-02 23:36:26.631 8 INFO neutron.wsgi [req-a00f27f6-aa49-40b1-9c81-b60c57293c64 req-fc16cd91-ea1f-4709-9c34-71157167d714 adf2cf1c8bdd48c6ab7ce1ff39900ab3 a58fe209165a4fdbbf443341c333fb47 - - c135e7d025ad43808f7e20c2893a0803 c135e7d025ad43808f7e20c2893a0803] 199.204.45.23 "GET /v2.0/networks/1fb6ae73-f43e-48e6-b4d1-21855afff875?fields=segments HTTP/1.1" status: 200 len: 212 time: 0.0691104
2026-08-02 23:36:26.639 8 INFO neutron.db.ovn_revision_numbers_db [None req-e8be6d88-d6bc-4033-ac88-a1520c262b3a 923cc6748fa44f688578ed1b8f8cc4ad 0293b968d86b4dcda50ad6911aab7fe4 - - default default] Successfully bumped revision number for resource b987a075-a7cd-4b86-ba21-a65b91bdacb8 (type: security_group_rules) to 0
2026-08-02 23:36:26.670 8 INFO neutron.db.ovn_revision_numbers_db [None req-e8be6d88-d6bc-4033-ac88-a1520c262b3a 923cc6748fa44f688578ed1b8f8cc4ad 0293b968d86b4dcda50ad6911aab7fe4 - - default default] Successfully bumped revision number for resource eefb8728-330c-4bb5-bff1-863703078666 (type: security_group_rules) to 0
2026-08-02 23:36:26.674 9 INFO neutron.wsgi [None req-a45a3b8b-9acd-4d2f-af74-2fb97d8f4287 f363637628944201bf015f297ee8793e 31d1d3735c444d3e9ca812aeebb498c4 - - default default] 10.0.0.18 "GET /v2.0/floatingips/841b3c0b-99c9-42a9-ba9e-b17d11941b39 HTTP/1.1" status: 200 len: 1038 time: 0.0433333
2026-08-02 23:36:26.691 8 INFO neutron.db.ovn_revision_numbers_db [None req-e8be6d88-d6bc-4033-ac88-a1520c262b3a 923cc6748fa44f688578ed1b8f8cc4ad 0293b968d86b4dcda50ad6911aab7fe4 - - default default] Successfully bumped revision number for resource f8b14fd4-2e23-4f7d-9111-e149334b2d67 (type: security_group_rules) to 0
2026-08-02 23:36:26.708 8 INFO neutron.wsgi [req-a00f27f6-aa49-40b1-9c81-b60c57293c64 req-e05b7ead-ec07-4fa3-b787-e4a5d9257b57 adf2cf1c8bdd48c6ab7ce1ff39900ab3 a58fe209165a4fdbbf443341c333fb47 - - c135e7d025ad43808f7e20c2893a0803 c135e7d025ad43808f7e20c2893a0803] 199.204.45.23 "GET /v2.0/networks/1fb6ae73-f43e-48e6-b4d1-21855afff875?fields=provider%3Aphysical_network&fields=provider%3Anetwork_type HTTP/1.1" status: 200 len: 277 time: 0.0693963
2026-08-02 23:36:26.720 8 INFO neutron.wsgi [None req-e8be6d88-d6bc-4033-ac88-a1520c262b3a 923cc6748fa44f688578ed1b8f8cc4ad 0293b968d86b4dcda50ad6911aab7fe4 - - default default] 10.0.0.18 "GET /v2.0/security-groups?tenant_id=a58299f8a9524e3ab8f29b3a2b1a6d4b&name=default HTTP/1.1" status: 200 len: 2996 time: 0.2876415
2026-08-02 23:36:26.755 9 INFO neutron.wsgi [None req-434e42c2-e321-487c-9a77-5585aca3fa44 f363637628944201bf015f297ee8793e 31d1d3735c444d3e9ca812aeebb498c4 - - default default] 10.0.0.18 "GET /v2.0/floatingips HTTP/1.1" status: 200 len: 1041 time: 0.0760827
2026-08-02 23:36:26.805 8 INFO neutron.wsgi [req-fef109c9-43fd-4799-b56b-8c1cc9db6e4c req-9aeb5d7e-9612-4404-ac4f-62d67212c7e3 adf2cf1c8bdd48c6ab7ce1ff39900ab3 a58fe209165a4fdbbf443341c333fb47 - - c135e7d025ad43808f7e20c2893a0803 c135e7d025ad43808f7e20c2893a0803] 199.204.45.23 "GET /v2.0/ports?tenant_id=08530d81a43445c3bbf7cca792c9dad3&device_id=dd45dcf3-a5f8-4d5b-abfc-e67f598aae5a HTTP/1.1" status: 200 len: 1407 time: 0.0394051
2026-08-02 23:36:26.920 8 INFO neutron.wsgi [req-fef109c9-43fd-4799-b56b-8c1cc9db6e4c req-49e8d94f-dd59-4966-a113-a86b021a1590 adf2cf1c8bdd48c6ab7ce1ff39900ab3 a58fe209165a4fdbbf443341c333fb47 - - c135e7d025ad43808f7e20c2893a0803 c135e7d025ad43808f7e20c2893a0803] 199.204.45.23 "GET /v2.0/networks?id=1fb6ae73-f43e-48e6-b4d1-21855afff875 HTTP/1.1" status: 200 len: 958 time: 0.1021214
2026-08-02 23:36:26.943 9 INFO neutron.plugins.ml2.drivers.ovn.mech_driver.mech_driver [None req-bf9bff8a-3d16-4dfa-9d12-c8fa844a4f4d - - - - - -] OVN reports status up for port: a74a2403-9b71-4a38-929f-22b149f7754f
2026-08-02 23:36:26.960 8 INFO neutron.wsgi [req-fef109c9-43fd-4799-b56b-8c1cc9db6e4c req-e31450d9-de9f-4377-b96c-3f53f8f8eeb5 adf2cf1c8bdd48c6ab7ce1ff39900ab3 a58fe209165a4fdbbf443341c333fb47 - - c135e7d025ad43808f7e20c2893a0803 c135e7d025ad43808f7e20c2893a0803] 199.204.45.23 "GET /v2.0/floatingips?fixed_ip_address=10.100.0.8&port_id=a74a2403-9b71-4a38-929f-22b149f7754f HTTP/1.1" status: 200 len: 217 time: 0.0300534
2026-08-02 23:36:26.968 9 INFO neutron.plugins.ml2.plugin [None req-bf9bff8a-3d16-4dfa-9d12-c8fa844a4f4d - - - - - -] Attempt 1 to provision port a74a2403-9b71-4a38-929f-22b149f7754f
2026-08-02 23:36:26.997 8 INFO neutron.wsgi [req-fef109c9-43fd-4799-b56b-8c1cc9db6e4c req-b6791d14-2035-450c-8f3f-e695f9636ef6 adf2cf1c8bdd48c6ab7ce1ff39900ab3 a58fe209165a4fdbbf443341c333fb47 - - c135e7d025ad43808f7e20c2893a0803 c135e7d025ad43808f7e20c2893a0803] 199.204.45.23 "GET /v2.0/subnets?id=098dcb10-bdf3-4a5b-a4e9-939114cd1e5b HTTP/1.1" status: 200 len: 852 time: 0.0319867
2026-08-02 23:36:27.021 8 INFO neutron.wsgi [req-fef109c9-43fd-4799-b56b-8c1cc9db6e4c req-0737ada5-516d-4420-b9bc-874a3e4e5eac adf2cf1c8bdd48c6ab7ce1ff39900ab3 a58fe209165a4fdbbf443341c333fb47 - - c135e7d025ad43808f7e20c2893a0803 c135e7d025ad43808f7e20c2893a0803] 199.204.45.23 "GET /v2.0/ports?network_id=1fb6ae73-f43e-48e6-b4d1-21855afff875&device_owner=network%3Adhcp HTTP/1.1" status: 200 len: 210 time: 0.0190170
2026-08-02 23:36:27.051 9 INFO neutron.db.l3_db [None req-31dc8f65-dc9f-4311-92d9-ed9a1a728152 f363637628944201bf015f297ee8793e 31d1d3735c444d3e9ca812aeebb498c4 - - default default] Floating IP 841b3c0b-99c9-42a9-ba9e-b17d11941b39 associated. External IP: 10.96.250.215, port: 96357614-195f-4c47-882f-c9cb34b32272.
2026-08-02 23:36:27.078 8 INFO neutron.wsgi [None req-537eb1aa-3d45-4a0d-85e0-3f2bd1f16827 923cc6748fa44f688578ed1b8f8cc4ad 0293b968d86b4dcda50ad6911aab7fe4 - - default default] 10.0.0.18 "DELETE /v2.0/security-groups/62d77f86-4c24-46db-ad8f-0b5c1c582c95 HTTP/1.1" status: 204 len: 168 time: 0.3474624
2026-08-02 23:36:27.101 8 INFO neutron.wsgi [req-fef109c9-43fd-4799-b56b-8c1cc9db6e4c req-c29a7b46-53ec-4c93-88b4-e3b880cb9dc2 adf2cf1c8bdd48c6ab7ce1ff39900ab3 a58fe209165a4fdbbf443341c333fb47 - - c135e7d025ad43808f7e20c2893a0803 c135e7d025ad43808f7e20c2893a0803] 199.204.45.23 "GET /v2.0/networks/1fb6ae73-f43e-48e6-b4d1-21855afff875?fields=segments HTTP/1.1" status: 200 len: 212 time: 0.0753453
2026-08-02 23:36:27.125 9 INFO neutron.notifiers.nova [-] Nova event matching ['req-909e4212-a667-4ebb-a9c8-a4482572937a'] response: {'server_uuid': 'dd45dcf3-a5f8-4d5b-abfc-e67f598aae5a', 'name': 'network-vif-plugged', 'status': 'completed', 'tag': 'a74a2403-9b71-4a38-929f-22b149f7754f', 'code': 200}
2026-08-02 23:36:27.185 8 INFO neutron.wsgi [req-fef109c9-43fd-4799-b56b-8c1cc9db6e4c req-916f828f-b9f2-474e-91e0-3ba6b28d0fff adf2cf1c8bdd48c6ab7ce1ff39900ab3 a58fe209165a4fdbbf443341c333fb47 - - c135e7d025ad43808f7e20c2893a0803 c135e7d025ad43808f7e20c2893a0803] 199.204.45.23 "GET /v2.0/networks/1fb6ae73-f43e-48e6-b4d1-21855afff875?fields=provider%3Aphysical_network&fields=provider%3Anetwork_type HTTP/1.1" status: 200 len: 277 time: 0.0775707
2026-08-02 23:36:27.319 8 INFO neutron.db.ovn_revision_numbers_db [None req-ef0f66a2-1f50-4575-ad39-bd370ce8cf84 923cc6748fa44f688578ed1b8f8cc4ad 0293b968d86b4dcda50ad6911aab7fe4 - - default default] Successfully bumped revision number for resource 5d0e48bb-246b-4166-83a9-b884bbb25ba4 (type: security_groups) to 1
2026-08-02 23:36:27.340 8 INFO neutron.db.ovn_revision_numbers_db [None req-ef0f66a2-1f50-4575-ad39-bd370ce8cf84 923cc6748fa44f688578ed1b8f8cc4ad 0293b968d86b4dcda50ad6911aab7fe4 - - default default] Successfully bumped revision number for resource 12d113a8-6bc2-4d0b-99b9-f636ed6f82f2 (type: security_group_rules) to 0
2026-08-02 23:36:27.355 8 INFO neutron.db.ovn_revision_numbers_db [None req-ef0f66a2-1f50-4575-ad39-bd370ce8cf84 923cc6748fa44f688578ed1b8f8cc4ad 0293b968d86b4dcda50ad6911aab7fe4 - - default default] Successfully bumped revision number for resource 2011b682-c6e0-4702-a3ab-e3cd533fb2aa (type: security_group_rules) to 0
2026-08-02 23:36:27.372 8 INFO neutron.db.ovn_revision_numbers_db [None req-ef0f66a2-1f50-4575-ad39-bd370ce8cf84 923cc6748fa44f688578ed1b8f8cc4ad 0293b968d86b4dcda50ad6911aab7fe4 - - default default] Successfully bumped revision number for resource 4bbfcd55-f875-4701-b163-390bbc76e095 (type: security_group_rules) to 0
2026-08-02 23:36:27.386 9 INFO neutron.db.ovn_revision_numbers_db [None req-31dc8f65-dc9f-4311-92d9-ed9a1a728152 f363637628944201bf015f297ee8793e 31d1d3735c444d3e9ca812aeebb498c4 - - default default] Successfully bumped revision number for resource 841b3c0b-99c9-42a9-ba9e-b17d11941b39 (type: floatingips) to 2
2026-08-02 23:36:27.400 8 INFO neutron.db.ovn_revision_numbers_db [None req-ef0f66a2-1f50-4575-ad39-bd370ce8cf84 923cc6748fa44f688578ed1b8f8cc4ad 0293b968d86b4dcda50ad6911aab7fe4 - - default default] Successfully bumped revision number for resource ce497969-1cab-4c53-a4a8-fdd3f71afe2c (type: security_group_rules) to 0
2026-08-02 23:36:27.422 8 INFO neutron.wsgi [None req-ef0f66a2-1f50-4575-ad39-bd370ce8cf84 923cc6748fa44f688578ed1b8f8cc4ad 0293b968d86b4dcda50ad6911aab7fe4 - - default default] 10.0.0.18 "GET /v2.0/security-groups?tenant_id=17ba6ec525e243749a51166c728d7a47&name=default HTTP/1.1" status: 200 len: 2996 time: 0.2147434
2026-08-02 23:36:27.432 9 INFO neutron.db.ovn_revision_numbers_db [None req-bf9bff8a-3d16-4dfa-9d12-c8fa844a4f4d - - - - - -] Successfully bumped revision number for resource a74a2403-9b71-4a38-929f-22b149f7754f (type: ports) to 4
2026-08-02 23:36:27.454 8 INFO neutron.db.ovn_revision_numbers_db [None req-6aa95f16-4eec-4920-9269-1a077cb370a8 923cc6748fa44f688578ed1b8f8cc4ad 0293b968d86b4dcda50ad6911aab7fe4 - - default default] Successfully bumped revision number for resource 874794a3-7b99-4e6e-a1da-69be02c3b592 (type: security_groups) to 1
2026-08-02 23:36:27.493 8 INFO neutron.db.ovn_revision_numbers_db [None req-6aa95f16-4eec-4920-9269-1a077cb370a8 923cc6748fa44f688578ed1b8f8cc4ad 0293b968d86b4dcda50ad6911aab7fe4 - - default default] Successfully bumped revision number for resource 658bab5e-3792-4d46-b535-22727a35c286 (type: security_group_rules) to 0
2026-08-02 23:36:27.512 8 INFO neutron.db.ovn_revision_numbers_db [None req-6aa95f16-4eec-4920-9269-1a077cb370a8 923cc6748fa44f688578ed1b8f8cc4ad 0293b968d86b4dcda50ad6911aab7fe4 - - default default] Successfully bumped revision number for resource 9059a443-0084-4ccd-96e4-5e42b9ade2d2 (type: security_group_rules) to 0
2026-08-02 23:36:27.535 8 INFO neutron.db.ovn_revision_numbers_db [None req-6aa95f16-4eec-4920-9269-1a077cb370a8 923cc6748fa44f688578ed1b8f8cc4ad 0293b968d86b4dcda50ad6911aab7fe4 - - default default] Successfully bumped revision number for resource b5a6919c-a996-424b-a538-e24c69a9ea54 (type: security_group_rules) to 0
2026-08-02 23:36:27.552 8 INFO neutron.db.ovn_revision_numbers_db [None req-6aa95f16-4eec-4920-9269-1a077cb370a8 923cc6748fa44f688578ed1b8f8cc4ad 0293b968d86b4dcda50ad6911aab7fe4 - - default default] Successfully bumped revision number for resource c36fd054-1a46-4cb2-bcd8-0a6aa7957d20 (type: security_group_rules) to 0
2026-08-02 23:36:27.574 8 INFO neutron.wsgi [None req-6aa95f16-4eec-4920-9269-1a077cb370a8 923cc6748fa44f688578ed1b8f8cc4ad 0293b968d86b4dcda50ad6911aab7fe4 - - default default] 10.0.0.18 "GET /v2.0/security-groups?tenant_id=22c373afda03417489cf83e0f03becc7&name=default HTTP/1.1" status: 200 len: 2996 time: 0.4692454
2026-08-02 23:36:27.623 9 INFO neutron.db.ovn_revision_numbers_db [None req-31dc8f65-dc9f-4311-92d9-ed9a1a728152 f363637628944201bf015f297ee8793e 31d1d3735c444d3e9ca812aeebb498c4 - - default default] Successfully bumped revision number for resource 841b3c0b-99c9-42a9-ba9e-b17d11941b39 (type: floatingips) to 2 /var/lib/openstack/lib/python3.10/site-packages/pycadf/identifier.py:71: UserWarning: Invalid uuid: neutron. To ensure interoperability, identifiers should be a valid uuid. warnings.warn(('Invalid uuid: %s. To ensure interoperability, '
2026-08-02 23:36:27.692 8 INFO neutron.wsgi [None req-32fa42c0-f0f3-4a22-9e3b-43e9e4651bdf 923cc6748fa44f688578ed1b8f8cc4ad 0293b968d86b4dcda50ad6911aab7fe4 - - default default] 10.0.0.18 "DELETE /v2.0/security-groups/5d0e48bb-246b-4166-83a9-b884bbb25ba4 HTTP/1.1" status: 204 len: 168 time: 0.2595048
2026-08-02 23:36:27.699 9 INFO neutron.wsgi [None req-31dc8f65-dc9f-4311-92d9-ed9a1a728152 f363637628944201bf015f297ee8793e 31d1d3735c444d3e9ca812aeebb498c4 - - default default] 10.0.0.18 "PUT /v2.0/floatingips/841b3c0b-99c9-42a9-ba9e-b17d11941b39 HTTP/1.1" status: 200 len: 1039 time: 0.9378378
2026-08-02 23:36:27.716 9 INFO neutron.wsgi [req-e9f47f2e-43a0-44f8-acd0-c3484aef6bd4 req-704edd9f-eeb3-489f-a832-2c29d29a0f02 972e98e415584404b57e23fd7222f353 08530d81a43445c3bbf7cca792c9dad3 - - default default] 10.0.0.174 "GET /v2.0/ports?device_id=dd45dcf3-a5f8-4d5b-abfc-e67f598aae5a HTTP/1.1" status: 200 len: 1170 time: 0.0592942
2026-08-02 23:36:27.778 9 INFO neutron.wsgi [req-e9f47f2e-43a0-44f8-acd0-c3484aef6bd4 req-1cb01976-095f-47fd-8cbe-120401248790 972e98e415584404b57e23fd7222f353 08530d81a43445c3bbf7cca792c9dad3 - - default default] 10.0.0.174 "GET /v2.0/security-groups?id=facdc4e5-8b93-4e92-8a62-52f21cf1813d&fields=id&fields=name HTTP/1.1" status: 200 len: 312 time: 0.0512638
2026-08-02 23:36:27.845 8 INFO neutron.db.l3_db [None req-68cdbdce-ce11-4d36-9432-a22493a9dce1 f363637628944201bf015f297ee8793e 31d1d3735c444d3e9ca812aeebb498c4 - - default default] Floating IP 841b3c0b-99c9-42a9-ba9e-b17d11941b39 disassociated. External IP: 10.96.250.215, port: 9a07d613-1e2e-4b0d-a5cf-9333375335aa.
2026-08-02 23:36:27.877 8 INFO neutron.db.ovn_revision_numbers_db [None req-68cdbdce-ce11-4d36-9432-a22493a9dce1 f363637628944201bf015f297ee8793e 31d1d3735c444d3e9ca812aeebb498c4 - - default default] Successfully bumped revision number for resource 841b3c0b-99c9-42a9-ba9e-b17d11941b39 (type: floatingips) to 3
2026-08-02 23:36:27.885 8 INFO neutron.wsgi [None req-15d56b15-773c-4df9-8e8d-fd78cf3997ff 923cc6748fa44f688578ed1b8f8cc4ad 0293b968d86b4dcda50ad6911aab7fe4 - - default default] 10.0.0.18 "DELETE /v2.0/security-groups/874794a3-7b99-4e6e-a1da-69be02c3b592 HTTP/1.1" status: 204 len: 168 time: 0.3059299
2026-08-02 23:36:27.948 8 INFO neutron.wsgi [None req-68cdbdce-ce11-4d36-9432-a22493a9dce1 f363637628944201bf015f297ee8793e 31d1d3735c444d3e9ca812aeebb498c4 - - default default] 10.0.0.18 "PUT /v2.0/floatingips/841b3c0b-99c9-42a9-ba9e-b17d11941b39 HTTP/1.1" status: 200 len: 748 time: 0.2384865 /var/lib/openstack/lib/python3.10/site-packages/pycadf/identifier.py:71: UserWarning: Invalid uuid: neutron. To ensure interoperability, identifiers should be a valid uuid. warnings.warn(('Invalid uuid: %s. To ensure interoperability, '
2026-08-02 23:36:28.182 9 INFO neutron.db.ovn_revision_numbers_db [None req-81c65eea-a335-4d31-92ea-87c0f71084f1 923cc6748fa44f688578ed1b8f8cc4ad 0293b968d86b4dcda50ad6911aab7fe4 - - default default] Successfully bumped revision number for resource 8a15b052-94b9-4219-87cb-8df008155e53 (type: security_groups) to 1
2026-08-02 23:36:28.204 9 INFO neutron.db.ovn_revision_numbers_db [None req-81c65eea-a335-4d31-92ea-87c0f71084f1 923cc6748fa44f688578ed1b8f8cc4ad 0293b968d86b4dcda50ad6911aab7fe4 - - default default] Successfully bumped revision number for resource 701fa84b-5fdf-4029-b03c-4a6fc9e69429 (type: security_group_rules) to 0
2026-08-02 23:36:28.224 9 INFO neutron.db.ovn_revision_numbers_db [None req-81c65eea-a335-4d31-92ea-87c0f71084f1 923cc6748fa44f688578ed1b8f8cc4ad 0293b968d86b4dcda50ad6911aab7fe4 - - default default] Successfully bumped revision number for resource 9da47812-bae2-492e-9394-8979590f7ac9 (type: security_group_rules) to 0
2026-08-02 23:36:28.244 9 INFO neutron.db.ovn_revision_numbers_db [None req-81c65eea-a335-4d31-92ea-87c0f71084f1 923cc6748fa44f688578ed1b8f8cc4ad 0293b968d86b4dcda50ad6911aab7fe4 - - default default] Successfully bumped revision number for resource 9e3fe785-6805-4390-a0bc-7b742ca16b56 (type: security_group_rules) to 0
2026-08-02 23:36:28.260 9 INFO neutron.db.ovn_revision_numbers_db [None req-81c65eea-a335-4d31-92ea-87c0f71084f1 923cc6748fa44f688578ed1b8f8cc4ad 0293b968d86b4dcda50ad6911aab7fe4 - - default default] Successfully bumped revision number for resource b79ab86f-3a52-4d0c-bcd3-eda59bcf0331 (type: security_group_rules) to 0
2026-08-02 23:36:28.288 9 INFO neutron.wsgi [None req-81c65eea-a335-4d31-92ea-87c0f71084f1 923cc6748fa44f688578ed1b8f8cc4ad 0293b968d86b4dcda50ad6911aab7fe4 - - default default] 10.0.0.18 "GET /v2.0/security-groups?tenant_id=bf66ea5b278246c7a6a5ae35351e1dbc&name=default HTTP/1.1" status: 200 len: 2996 time: 0.2184873
2026-08-02 23:36:28.306 8 INFO neutron.wsgi [None req-fca7bf88-7cf6-4095-83e0-80571195a4a7 f363637628944201bf015f297ee8793e 31d1d3735c444d3e9ca812aeebb498c4 - - default default] 10.0.0.18 "DELETE /v2.0/floatingips/841b3c0b-99c9-42a9-ba9e-b17d11941b39 HTTP/1.1" status: 204 len: 168 time: 0.3512692
2026-08-02 23:36:28.329 8 INFO neutron.api.v2.resource [None req-00111a5f-0e87-404f-aef3-07212f7337fb f363637628944201bf015f297ee8793e 31d1d3735c444d3e9ca812aeebb498c4 - - default default] delete failed (client error): The resource could not be found.
2026-08-02 23:36:28.330 8 INFO neutron.wsgi [None req-00111a5f-0e87-404f-aef3-07212f7337fb f363637628944201bf015f297ee8793e 31d1d3735c444d3e9ca812aeebb498c4 - - default default] 10.0.0.18 "DELETE /v2.0/floatingips/841b3c0b-99c9-42a9-ba9e-b17d11941b39 HTTP/1.1" status: 404 len: 345 time: 0.0198772
