2026-08-02 23:36:52.517 8 INFO neutron.db.ovn_revision_numbers_db [None req-7b1f19c4-2c78-46e6-83fa-1d8d1daa6c9f 923cc6748fa44f688578ed1b8f8cc4ad 0293b968d86b4dcda50ad6911aab7fe4 - - default default] Successfully bumped revision number for resource 14f651f9-bd98-48f4-8282-264f38467f68 (type: security_group_rules) to 0
2026-08-02 23:36:52.520 9 INFO neutron.wsgi [None req-fec5f8d7-3e8e-4b63-8bb7-24168c616818 8e0dbaa99b234b6fabd9bc8ad5ff7d0b 08a93f6a4e4c41b18edb8e3a8d5483f4 - - default default] 10.0.0.18 "GET /v2.0/routers/9850cb1d-aa4e-47a7-b93d-7138b2acaa69/tags HTTP/1.1" status: 200 len: 227 time: 0.0452251
2026-08-02 23:36:52.543 8 INFO neutron.wsgi [None req-86eedfaf-ae0c-4aa2-9c71-12e1574198f4 d66b7fc722824364ab1c45d22969aff5 50506fbba20c45aba84010f89a255927 - - default default] 10.0.0.18 "POST /v2.0/networks HTTP/1.1" status: 201 len: 842 time: 0.8643405
2026-08-02 23:36:52.545 8 INFO neutron.db.ovn_revision_numbers_db [None req-7b1f19c4-2c78-46e6-83fa-1d8d1daa6c9f 923cc6748fa44f688578ed1b8f8cc4ad 0293b968d86b4dcda50ad6911aab7fe4 - - default default] Successfully bumped revision number for resource 202c49c0-500b-41f1-830d-f22cc29e9166 (type: security_group_rules) to 0
2026-08-02 23:36:52.559 8 INFO neutron.db.ovn_revision_numbers_db [None req-7b1f19c4-2c78-46e6-83fa-1d8d1daa6c9f 923cc6748fa44f688578ed1b8f8cc4ad 0293b968d86b4dcda50ad6911aab7fe4 - - default default] Successfully bumped revision number for resource c9e85818-6a40-489d-b4cc-5cb78426b9eb (type: security_group_rules) to 0
2026-08-02 23:36:52.584 8 INFO neutron.wsgi [None req-7b1f19c4-2c78-46e6-83fa-1d8d1daa6c9f 923cc6748fa44f688578ed1b8f8cc4ad 0293b968d86b4dcda50ad6911aab7fe4 - - default default] 10.0.0.18 "GET /v2.0/security-groups?tenant_id=58766e727a8d4f889b42ec171bc47bda&name=default HTTP/1.1" status: 200 len: 2996 time: 0.3000448
2026-08-02 23:36:52.601 9 INFO neutron.wsgi [None req-08fd362c-e91f-44cd-8d0c-963f0240553d 8e0dbaa99b234b6fabd9bc8ad5ff7d0b 08a93f6a4e4c41b18edb8e3a8d5483f4 - - default default] 10.0.0.18 "PUT /v2.0/routers/9850cb1d-aa4e-47a7-b93d-7138b2acaa69/tags/black.or.white HTTP/1.1" status: 201 len: 201 time: 0.0754435
2026-08-02 23:36:52.652 8 INFO neutron.wsgi [None req-84f9a67d-b3b0-4d03-99e8-a540571a1863 8e0dbaa99b234b6fabd9bc8ad5ff7d0b 08a93f6a4e4c41b18edb8e3a8d5483f4 - - default default] 10.0.0.18 "GET /v2.0/routers/9850cb1d-aa4e-47a7-b93d-7138b2acaa69/tags HTTP/1.1" status: 200 len: 245 time: 0.0440781
2026-08-02 23:36:52.728 8 INFO neutron.wsgi [None req-8a0f5b3c-933b-4fe9-8702-b842e2e72a8c 8e0dbaa99b234b6fabd9bc8ad5ff7d0b 08a93f6a4e4c41b18edb8e3a8d5483f4 - - default default] 10.0.0.18 "PUT /v2.0/routers/9850cb1d-aa4e-47a7-b93d-7138b2acaa69/tags HTTP/1.1" status: 200 len: 230 time: 0.0703576
2026-08-02 23:36:52.793 9 INFO neutron.wsgi [None req-f778887a-1694-4ac5-8f33-257df284dc7a 8e0dbaa99b234b6fabd9bc8ad5ff7d0b 08a93f6a4e4c41b18edb8e3a8d5483f4 - - default default] 10.0.0.18 "GET /v2.0/routers/9850cb1d-aa4e-47a7-b93d-7138b2acaa69/tags HTTP/1.1" status: 200 len: 230 time: 0.0588181
2026-08-02 23:36:52.847 8 INFO neutron.wsgi [None req-aa5817f4-6ae1-4fc0-a953-e6bc6fce3477 8e0dbaa99b234b6fabd9bc8ad5ff7d0b 08a93f6a4e4c41b18edb8e3a8d5483f4 - - default default] 10.0.0.18 "GET /v2.0/routers/9850cb1d-aa4e-47a7-b93d-7138b2acaa69/tags/red HTTP/1.1" status: 204 len: 168 time: 0.0486157
2026-08-02 23:36:52.853 9 WARNING neutron.scheduler.dhcp_agent_scheduler [None req-fa9bb070-88cf-48bd-96b1-fcb122783ea5 d66b7fc722824364ab1c45d22969aff5 50506fbba20c45aba84010f89a255927 - - default default] No more DHCP agents
2026-08-02 23:36:52.855 9 WARNING neutron.api.rpc.agentnotifiers.dhcp_rpc_agent_api [None req-fa9bb070-88cf-48bd-96b1-fcb122783ea5 d66b7fc722824364ab1c45d22969aff5 50506fbba20c45aba84010f89a255927 - - default default] Unable to schedule network 20748acc-0142-4f5f-9fb8-ca9e868ffefc: no agents available; will retry on subsequent port and subnet creation events.
2026-08-02 23:36:52.908 8 INFO neutron.api.v2.resource [None req-deed0eef-e967-4f8d-890e-5a581791f6d9 8e0dbaa99b234b6fabd9bc8ad5ff7d0b 08a93f6a4e4c41b18edb8e3a8d5483f4 - - default default] show failed (client error): The resource could not be found.
2026-08-02 23:36:52.910 8 INFO neutron.wsgi [None req-deed0eef-e967-4f8d-890e-5a581791f6d9 8e0dbaa99b234b6fabd9bc8ad5ff7d0b 08a93f6a4e4c41b18edb8e3a8d5483f4 - - default default] 10.0.0.18 "GET /v2.0/routers/9850cb1d-aa4e-47a7-b93d-7138b2acaa69/tags/green HTTP/1.1" status: 404 len: 299 time: 0.0567138
2026-08-02 23:36:52.913 8 INFO neutron.wsgi [None req-0160849b-620d-4546-9284-00bac026cd56 923cc6748fa44f688578ed1b8f8cc4ad 0293b968d86b4dcda50ad6911aab7fe4 - - default default] 10.0.0.18 "DELETE /v2.0/security-groups/2b2997b8-cac9-49d7-8883-c809308bffbe HTTP/1.1" status: 204 len: 168 time: 0.3247283
2026-08-02 23:36:52.967 8 INFO neutron.wsgi [None req-dcdb5d5d-9ae6-4b58-ab29-21cac5360a09 8e0dbaa99b234b6fabd9bc8ad5ff7d0b 08a93f6a4e4c41b18edb8e3a8d5483f4 - - default default] 10.0.0.18 "DELETE /v2.0/routers/9850cb1d-aa4e-47a7-b93d-7138b2acaa69/tags/red HTTP/1.1" status: 204 len: 168 time: 0.0531347
2026-08-02 23:36:53.025 9 INFO neutron.wsgi [None req-93c4e255-040a-4f69-b52e-3a19065f448e 8e0dbaa99b234b6fabd9bc8ad5ff7d0b 08a93f6a4e4c41b18edb8e3a8d5483f4 - - default default] 10.0.0.18 "GET /v2.0/routers/9850cb1d-aa4e-47a7-b93d-7138b2acaa69/tags HTTP/1.1" status: 200 len: 223 time: 0.0533631
2026-08-02 23:36:53.078 8 INFO neutron.api.v2.resource [None req-f6dc151e-9723-42b6-b2e6-d7b825e028d1 8e0dbaa99b234b6fabd9bc8ad5ff7d0b 08a93f6a4e4c41b18edb8e3a8d5483f4 - - default default] delete failed (client error): The resource could not be found.
2026-08-02 23:36:53.079 8 INFO neutron.wsgi [None req-f6dc151e-9723-42b6-b2e6-d7b825e028d1 8e0dbaa99b234b6fabd9bc8ad5ff7d0b 08a93f6a4e4c41b18edb8e3a8d5483f4 - - default default] 10.0.0.18 "DELETE /v2.0/routers/9850cb1d-aa4e-47a7-b93d-7138b2acaa69/tags/green HTTP/1.1" status: 404 len: 299 time: 0.0488837
2026-08-02 23:36:53.130 8 INFO neutron.wsgi [None req-4e8fb3f2-5203-4ff6-b941-876241708139 8e0dbaa99b234b6fabd9bc8ad5ff7d0b 08a93f6a4e4c41b18edb8e3a8d5483f4 - - default default] 10.0.0.18 "DELETE /v2.0/routers/9850cb1d-aa4e-47a7-b93d-7138b2acaa69/tags HTTP/1.1" status: 204 len: 168 time: 0.0455825
2026-08-02 23:36:53.205 9 INFO neutron.wsgi [None req-aef619cf-b993-4b5f-b4c7-c48534b086bb 8e0dbaa99b234b6fabd9bc8ad5ff7d0b 08a93f6a4e4c41b18edb8e3a8d5483f4 - - default default] 10.0.0.18 "GET /v2.0/routers/9850cb1d-aa4e-47a7-b93d-7138b2acaa69/tags HTTP/1.1" status: 200 len: 205 time: 0.0555758
2026-08-02 23:36:53.280 8 INFO neutron.wsgi [None req-6fb4b611-f9d6-4dc2-9364-ffab0c9e87f5 8e0dbaa99b234b6fabd9bc8ad5ff7d0b 08a93f6a4e4c41b18edb8e3a8d5483f4 - - default default] 10.0.0.18 "GET /v2.0/routers/9850cb1d-aa4e-47a7-b93d-7138b2acaa69 HTTP/1.1" status: 200 len: 655 time: 0.0649529
2026-08-02 23:36:53.426 9 INFO neutron.db.ovn_revision_numbers_db [None req-fa9bb070-88cf-48bd-96b1-fcb122783ea5 d66b7fc722824364ab1c45d22969aff5 50506fbba20c45aba84010f89a255927 - - default default] Successfully bumped revision number for resource 585a214a-42a5-4372-9a72-e04cfb293dbf (type: ports) to 2
2026-08-02 23:36:53.492 9 INFO neutron.db.ovn_revision_numbers_db [None req-fa9bb070-88cf-48bd-96b1-fcb122783ea5 d66b7fc722824364ab1c45d22969aff5 50506fbba20c45aba84010f89a255927 - - default default] Successfully bumped revision number for resource 1c2ac0fb-59b7-4871-8ea4-f96be8411edb (type: subnets) to 0
2026-08-02 23:36:53.509 9 INFO neutron.wsgi [None req-fa9bb070-88cf-48bd-96b1-fcb122783ea5 d66b7fc722824364ab1c45d22969aff5 50506fbba20c45aba84010f89a255927 - - default default] 10.0.0.18 "POST /v2.0/subnets HTTP/1.1" status: 201 len: 816 time: 0.9328992
2026-08-02 23:36:53.607 9 INFO neutron.db.segments_db [None req-4513d0f5-4d71-4671-b03d-9e6cb70a6b9d d66b7fc722824364ab1c45d22969aff5 50506fbba20c45aba84010f89a255927 - - default default] Added segment 757973be-e9c7-4586-beab-c7bd357e5bc4 of type geneve for network 68bae9e8-0907-4e42-a163-998a85eb62ad
2026-08-02 23:36:53.760 8 INFO neutron.db.ovn_revision_numbers_db [None req-1ff9e103-6468-4aeb-a749-63ef44dba772 8e0dbaa99b234b6fabd9bc8ad5ff7d0b 08a93f6a4e4c41b18edb8e3a8d5483f4 - - default default] Successfully bumped revision number for resource 9850cb1d-aa4e-47a7-b93d-7138b2acaa69 (type: routers) to 7
2026-08-02 23:36:53.763 8 INFO neutron.wsgi [None req-1ff9e103-6468-4aeb-a749-63ef44dba772 8e0dbaa99b234b6fabd9bc8ad5ff7d0b 08a93f6a4e4c41b18edb8e3a8d5483f4 - - default default] 10.0.0.18 "PUT /v2.0/routers/9850cb1d-aa4e-47a7-b93d-7138b2acaa69 HTTP/1.1" status: 200 len: 655 time: 0.4764581
2026-08-02 23:36:53.774 9 INFO neutron.db.ovn_revision_numbers_db [None req-4513d0f5-4d71-4671-b03d-9e6cb70a6b9d d66b7fc722824364ab1c45d22969aff5 50506fbba20c45aba84010f89a255927 - - default default] Successfully bumped revision number for resource 68bae9e8-0907-4e42-a163-998a85eb62ad (type: networks) to 1
2026-08-02 23:36:53.793 9 INFO neutron.wsgi [None req-f0ecb59f-70c0-493e-9156-302347c364d6 8e0dbaa99b234b6fabd9bc8ad5ff7d0b 08a93f6a4e4c41b18edb8e3a8d5483f4 - - default default] 10.0.0.18 "GET /v2.0/ports?device_id=9850cb1d-aa4e-47a7-b93d-7138b2acaa69 HTTP/1.1" status: 200 len: 205 time: 0.0245442
2026-08-02 23:36:54.000 9 WARNING neutron.scheduler.dhcp_agent_scheduler [None req-4513d0f5-4d71-4671-b03d-9e6cb70a6b9d d66b7fc722824364ab1c45d22969aff5 50506fbba20c45aba84010f89a255927 - - default default] No more DHCP agents
2026-08-02 23:36:54.006 9 WARNING neutron.api.rpc.agentnotifiers.dhcp_rpc_agent_api [None req-4513d0f5-4d71-4671-b03d-9e6cb70a6b9d d66b7fc722824364ab1c45d22969aff5 50506fbba20c45aba84010f89a255927 - - default default] Unable to schedule network 68bae9e8-0907-4e42-a163-998a85eb62ad: no agents available; will retry on subsequent port and subnet creation events.
2026-08-02 23:36:54.012 8 INFO neutron.wsgi [None req-00431de6-7a7d-481e-bc22-ce0a801855c8 8e0dbaa99b234b6fabd9bc8ad5ff7d0b 08a93f6a4e4c41b18edb8e3a8d5483f4 - - default default] 10.0.0.18 "DELETE /v2.0/routers/9850cb1d-aa4e-47a7-b93d-7138b2acaa69 HTTP/1.1" status: 204 len: 168 time: 0.2144241
2026-08-02 23:36:54.114 9 INFO neutron.db.ovn_revision_numbers_db [None req-4513d0f5-4d71-4671-b03d-9e6cb70a6b9d d66b7fc722824364ab1c45d22969aff5 50506fbba20c45aba84010f89a255927 - - default default] Successfully bumped revision number for resource afe187d8-3204-4685-8853-95fe7fa80404 (type: ports) to 1
2026-08-02 23:36:54.138 9 INFO neutron.wsgi [None req-4513d0f5-4d71-4671-b03d-9e6cb70a6b9d d66b7fc722824364ab1c45d22969aff5 50506fbba20c45aba84010f89a255927 - - default default] 10.0.0.18 "POST /v2.0/networks HTTP/1.1" status: 201 len: 842 time: 0.6246841
2026-08-02 23:36:54.336 9 INFO neutron.db.ovn_revision_numbers_db [None req-3611f4b7-148b-492a-8e17-657ac25bcb07 d66b7fc722824364ab1c45d22969aff5 50506fbba20c45aba84010f89a255927 - - default default] Successfully bumped revision number for resource 68bae9e8-0907-4e42-a163-998a85eb62ad (type: networks) to 2
2026-08-02 23:36:54.340 9 INFO neutron.wsgi [None req-3611f4b7-148b-492a-8e17-657ac25bcb07 d66b7fc722824364ab1c45d22969aff5 50506fbba20c45aba84010f89a255927 - - default default] 10.0.0.18 "PUT /v2.0/networks/68bae9e8-0907-4e42-a163-998a85eb62ad HTTP/1.1" status: 200 len: 792 time: 0.1966286
2026-08-02 23:36:54.612 9 WARNING neutron.scheduler.dhcp_agent_scheduler [None req-b1dfafa1-dcc3-43f4-9958-35633a9da76f d66b7fc722824364ab1c45d22969aff5 50506fbba20c45aba84010f89a255927 - - default default] No more DHCP agents
2026-08-02 23:36:54.615 9 WARNING neutron.api.rpc.agentnotifiers.dhcp_rpc_agent_api [None req-b1dfafa1-dcc3-43f4-9958-35633a9da76f d66b7fc722824364ab1c45d22969aff5 50506fbba20c45aba84010f89a255927 - - default default] Unable to schedule network 68bae9e8-0907-4e42-a163-998a85eb62ad: no agents available; will retry on subsequent port and subnet creation events.
2026-08-02 23:36:55.086 8 INFO neutron.db.ovn_revision_numbers_db [None req-3537e9ca-c152-476a-a06a-5b359b1a4220 923cc6748fa44f688578ed1b8f8cc4ad 0293b968d86b4dcda50ad6911aab7fe4 - - default default] Successfully bumped revision number for resource 076c3541-113f-4f7e-acfb-5cb398c93202 (type: security_groups) to 1
2026-08-02 23:36:55.102 8 INFO neutron.db.ovn_revision_numbers_db [None req-3537e9ca-c152-476a-a06a-5b359b1a4220 923cc6748fa44f688578ed1b8f8cc4ad 0293b968d86b4dcda50ad6911aab7fe4 - - default default] Successfully bumped revision number for resource 7ede896f-b967-41d3-bfab-7d2e78d0fae4 (type: security_group_rules) to 0
2026-08-02 23:36:55.115 8 INFO neutron.db.ovn_revision_numbers_db [None req-3537e9ca-c152-476a-a06a-5b359b1a4220 923cc6748fa44f688578ed1b8f8cc4ad 0293b968d86b4dcda50ad6911aab7fe4 - - default default] Successfully bumped revision number for resource 9a6f2006-ac44-4f35-82f8-abc5bb817fcf (type: security_group_rules) to 0
2026-08-02 23:36:55.120 9 INFO neutron.db.ovn_revision_numbers_db [None req-b1dfafa1-dcc3-43f4-9958-35633a9da76f d66b7fc722824364ab1c45d22969aff5 50506fbba20c45aba84010f89a255927 - - default default] Successfully bumped revision number for resource afe187d8-3204-4685-8853-95fe7fa80404 (type: ports) to 2
2026-08-02 23:36:55.133 8 INFO neutron.db.ovn_revision_numbers_db [None req-3537e9ca-c152-476a-a06a-5b359b1a4220 923cc6748fa44f688578ed1b8f8cc4ad 0293b968d86b4dcda50ad6911aab7fe4 - - default default] Successfully bumped revision number for resource aec97324-e346-46b3-aeec-3141572b5ebc (type: security_group_rules) to 0
2026-08-02 23:36:55.149 8 INFO neutron.db.ovn_revision_numbers_db [None req-3537e9ca-c152-476a-a06a-5b359b1a4220 923cc6748fa44f688578ed1b8f8cc4ad 0293b968d86b4dcda50ad6911aab7fe4 - - default default] Successfully bumped revision number for resource ce53e7f6-c9cd-4cad-a1e0-e158a036a30f (type: security_group_rules) to 0
2026-08-02 23:36:55.163 9 INFO neutron.db.ovn_revision_numbers_db [None req-b1dfafa1-dcc3-43f4-9958-35633a9da76f d66b7fc722824364ab1c45d22969aff5 50506fbba20c45aba84010f89a255927 - - default default] Successfully bumped revision number for resource e141e6b2-0f2a-4a84-ae5d-9abdb72f18e0 (type: subnets) to 0
2026-08-02 23:36:55.174 8 INFO neutron.wsgi [None req-3537e9ca-c152-476a-a06a-5b359b1a4220 923cc6748fa44f688578ed1b8f8cc4ad 0293b968d86b4dcda50ad6911aab7fe4 - - default default] 10.0.0.18 "GET /v2.0/security-groups?tenant_id=517bde9f07a440ff9550d53bc9b1b41d&name=default HTTP/1.1" status: 200 len: 2996 time: 0.3662825
2026-08-02 23:36:55.189 9 INFO neutron.wsgi [None req-b1dfafa1-dcc3-43f4-9958-35633a9da76f d66b7fc722824364ab1c45d22969aff5 50506fbba20c45aba84010f89a255927 - - default default] 10.0.0.18 "POST /v2.0/subnets HTTP/1.1" status: 201 len: 801 time: 0.8432806
2026-08-02 23:36:55.316 9 WARNING neutron.scheduler.dhcp_agent_scheduler [None req-c0764e12-bf00-4ae3-8069-37760ac95909 3f9f659ac8b24d8fa221ac0394a1b390 b1cd28d2e21340fcb39c71c452ed5c2c - - default default] No more DHCP agents
2026-08-02 23:36:55.318 9 WARNING neutron.api.rpc.agentnotifiers.dhcp_rpc_agent_api [None req-c0764e12-bf00-4ae3-8069-37760ac95909 3f9f659ac8b24d8fa221ac0394a1b390 b1cd28d2e21340fcb39c71c452ed5c2c - - default default] Unable to schedule network bc1478aa-9c23-44fe-b1b0-e955580e29bb: no agents available; will retry on subsequent port and subnet creation events.
2026-08-02 23:36:55.496 8 INFO neutron.wsgi [None req-b5095276-29b2-4763-85bb-1d474a50fcd4 923cc6748fa44f688578ed1b8f8cc4ad 0293b968d86b4dcda50ad6911aab7fe4 - - default default] 10.0.0.18 "DELETE /v2.0/security-groups/076c3541-113f-4f7e-acfb-5cb398c93202 HTTP/1.1" status: 204 len: 168 time: 0.3147767
2026-08-02 23:36:55.576 8 INFO neutron.db.ovn_revision_numbers_db [None req-3f85878c-b0aa-44e2-9af3-b5e6fa24d053 d66b7fc722824364ab1c45d22969aff5 50506fbba20c45aba84010f89a255927 - - default default] Successfully bumped revision number for resource e141e6b2-0f2a-4a84-ae5d-9abdb72f18e0 (type: subnets) to 1
2026-08-02 23:36:55.580 8 INFO neutron.wsgi [None req-3f85878c-b0aa-44e2-9af3-b5e6fa24d053 d66b7fc722824364ab1c45d22969aff5 50506fbba20c45aba84010f89a255927 - - default default] 10.0.0.18 "PUT /v2.0/subnets/e141e6b2-0f2a-4a84-ae5d-9abdb72f18e0 HTTP/1.1" status: 200 len: 806 time: 0.3858654
2026-08-02 23:36:55.714 9 INFO neutron.db.ovn_revision_numbers_db [None req-c0764e12-bf00-4ae3-8069-37760ac95909 3f9f659ac8b24d8fa221ac0394a1b390 b1cd28d2e21340fcb39c71c452ed5c2c - - default default] Successfully bumped revision number for resource b05da5fa-91c3-4bf2-bc59-340f9f3888ee (type: floatingips) to 0
2026-08-02 23:36:55.733 9 INFO neutron.wsgi [None req-c0764e12-bf00-4ae3-8069-37760ac95909 3f9f659ac8b24d8fa221ac0394a1b390 b1cd28d2e21340fcb39c71c452ed5c2c - - default default] 10.0.0.18 "POST /v2.0/floatingips HTTP/1.1" status: 201 len: 751 time: 0.8207195
2026-08-02 23:36:55.805 8 INFO neutron.db.ovn_revision_numbers_db [None req-644c274a-93f1-4315-8b54-33f84047e274 923cc6748fa44f688578ed1b8f8cc4ad 0293b968d86b4dcda50ad6911aab7fe4 - - default default] Successfully bumped revision number for resource dd286003-f6a1-496a-aa4b-818ff202cc56 (type: security_groups) to 1
2026-08-02 23:36:55.828 8 INFO neutron.db.ovn_revision_numbers_db [None req-644c274a-93f1-4315-8b54-33f84047e274 923cc6748fa44f688578ed1b8f8cc4ad 0293b968d86b4dcda50ad6911aab7fe4 - - default default] Successfully bumped revision number for resource 1f261d04-f209-4709-9a28-6bd76e4c2c15 (type: security_group_rules) to 0
2026-08-02 23:36:55.856 8 INFO neutron.db.ovn_revision_numbers_db [None req-644c274a-93f1-4315-8b54-33f84047e274 923cc6748fa44f688578ed1b8f8cc4ad 0293b968d86b4dcda50ad6911aab7fe4 - - default default] Successfully bumped revision number for resource 41d1ee11-35fa-44bd-a7f1-1d3f2c04988c (type: security_group_rules) to 0
2026-08-02 23:36:55.885 8 INFO neutron.db.ovn_revision_numbers_db [None req-644c274a-93f1-4315-8b54-33f84047e274 923cc6748fa44f688578ed1b8f8cc4ad 0293b968d86b4dcda50ad6911aab7fe4 - - default default] Successfully bumped revision number for resource 49fcfc2c-f632-4070-9691-5a5e8026dc1a (type: security_group_rules) to 0
2026-08-02 23:36:55.905 8 INFO neutron.db.ovn_revision_numbers_db [None req-644c274a-93f1-4315-8b54-33f84047e274 923cc6748fa44f688578ed1b8f8cc4ad 0293b968d86b4dcda50ad6911aab7fe4 - - default default] Successfully bumped revision number for resource d6a3eba9-66e4-496e-b9dd-d8e4ac87dabf (type: security_group_rules) to 0
2026-08-02 23:36:55.940 8 INFO neutron.wsgi [None req-644c274a-93f1-4315-8b54-33f84047e274 923cc6748fa44f688578ed1b8f8cc4ad 0293b968d86b4dcda50ad6911aab7fe4 - - default default] 10.0.0.18 "GET /v2.0/security-groups?tenant_id=08a93f6a4e4c41b18edb8e3a8d5483f4&name=default HTTP/1.1" status: 200 len: 2996 time: 0.3265088
2026-08-02 23:36:56.035 9 WARNING neutron.scheduler.dhcp_agent_scheduler [None req-68683a62-c896-4474-8486-521eda461f34 3f9f659ac8b24d8fa221ac0394a1b390 b1cd28d2e21340fcb39c71c452ed5c2c - - default default] No more DHCP agents
2026-08-02 23:36:56.048 9 WARNING neutron.api.rpc.agentnotifiers.dhcp_rpc_agent_api [None req-68683a62-c896-4474-8486-521eda461f34 3f9f659ac8b24d8fa221ac0394a1b390 b1cd28d2e21340fcb39c71c452ed5c2c - - default default] Unable to schedule network bc1478aa-9c23-44fe-b1b0-e955580e29bb: no agents available; will retry on subsequent port and subnet creation events.
2026-08-02 23:36:56.228 8 INFO neutron.wsgi [None req-59116c14-4a96-46d5-aac5-64e7472bfdc6 923cc6748fa44f688578ed1b8f8cc4ad 0293b968d86b4dcda50ad6911aab7fe4 - - default default] 10.0.0.18 "DELETE /v2.0/security-groups/dd286003-f6a1-496a-aa4b-818ff202cc56 HTTP/1.1" status: 204 len: 168 time: 0.2805858
2026-08-02 23:36:56.299 8 INFO neutron.services.segments.plugin [-] Segment 757973be-e9c7-4586-beab-c7bd357e5bc4 resource provider aggregate not found
2026-08-02 23:36:56.306 8 INFO neutron.services.segments.plugin [-] Segment 757973be-e9c7-4586-beab-c7bd357e5bc4 resource provider aggregate not found
2026-08-02 23:36:56.327 8 INFO neutron.services.segments.plugin [-] Segment 757973be-e9c7-4586-beab-c7bd357e5bc4 resource provider not found; error: Placement Client Error (4xx): {"errors": [{"status": 404, "title": "Not Found", "detail": "The resource could not be found.\n\n No resource provider with uuid 757973be-e9c7-4586-beab-c7bd357e5bc4 found for delete ", "request_id": "req-1f46c3e5-6686-453e-baaa-88b74f010c4d"}]}
2026-08-02 23:36:56.328 8 INFO neutron.services.segments.plugin [-] Segment 757973be-e9c7-4586-beab-c7bd357e5bc4 resource provider not found; error: Placement Client Error (4xx): {"errors": [{"status": 404, "title": "Not Found", "detail": "The resource could not be found.\n\n No resource provider with uuid 757973be-e9c7-4586-beab-c7bd357e5bc4 found for delete ", "request_id": "req-3bad0bbd-2179-49b6-a421-db25904d6141"}]}
2026-08-02 23:36:56.346 8 INFO neutron.wsgi [None req-d7316c4c-82aa-42db-8d47-c273b541eef9 d66b7fc722824364ab1c45d22969aff5 50506fbba20c45aba84010f89a255927 - - default default] 10.0.0.18 "DELETE /v2.0/networks/68bae9e8-0907-4e42-a163-998a85eb62ad HTTP/1.1" status: 204 len: 168 time: 0.7600789
2026-08-02 23:36:56.378 9 INFO neutron.pecan_wsgi.hooks.translation [None req-4b03dfc0-b0ac-4a84-a7cb-66c3ed4945de d66b7fc722824364ab1c45d22969aff5 50506fbba20c45aba84010f89a255927 - - default default] DELETE failed (client error): The resource could not be found.
2026-08-02 23:36:56.381 9 INFO neutron.wsgi [None req-4b03dfc0-b0ac-4a84-a7cb-66c3ed4945de d66b7fc722824364ab1c45d22969aff5 50506fbba20c45aba84010f89a255927 - - default default] 10.0.0.18 "DELETE /v2.0/networks/68bae9e8-0907-4e42-a163-998a85eb62ad HTTP/1.1" status: 404 len: 339 time: 0.0272245
2026-08-02 23:36:56.431 9 INFO neutron.db.ovn_revision_numbers_db [None req-68683a62-c896-4474-8486-521eda461f34 3f9f659ac8b24d8fa221ac0394a1b390 b1cd28d2e21340fcb39c71c452ed5c2c - - default default] Successfully bumped revision number for resource 573c796b-60bb-4983-a4cd-595ef7eca747 (type: floatingips) to 0
2026-08-02 23:36:56.450 9 INFO neutron.wsgi [None req-68683a62-c896-4474-8486-521eda461f34 3f9f659ac8b24d8fa221ac0394a1b390 b1cd28d2e21340fcb39c71c452ed5c2c - - default default] 10.0.0.18 "POST /v2.0/floatingips HTTP/1.1" status: 201 len: 751 time: 0.7078187
2026-08-02 23:36:56.511 8 INFO neutron.wsgi [None req-f8094724-fb27-45ef-865d-a0b2e3bfa516 d66b7fc722824364ab1c45d22969aff5 50506fbba20c45aba84010f89a255927 - - default default] 10.0.0.18 "GET /v2.0/networks?router%3Aexternal=True HTTP/1.1" status: 200 len: 845 time: 0.1199780
2026-08-02 23:36:56.747 9 WARNING neutron.scheduler.dhcp_agent_scheduler [None req-818b14eb-6814-4823-ab1e-67875d26040b 3f9f659ac8b24d8fa221ac0394a1b390 b1cd28d2e21340fcb39c71c452ed5c2c - - default default] No more DHCP agents
2026-08-02 23:36:56.752 9 WARNING neutron.api.rpc.agentnotifiers.dhcp_rpc_agent_api [None req-818b14eb-6814-4823-ab1e-67875d26040b 3f9f659ac8b24d8fa221ac0394a1b390 b1cd28d2e21340fcb39c71c452ed5c2c - - default default] Unable to schedule network bc1478aa-9c23-44fe-b1b0-e955580e29bb: no agents available; will retry on subsequent port and subnet creation events.
2026-08-02 23:36:56.817 8 INFO neutron.wsgi [None req-c2517296-97b5-40a2-bcc7-c7d4ce43ecf6 d66b7fc722824364ab1c45d22969aff5 50506fbba20c45aba84010f89a255927 - - default default] 10.0.0.18 "GET /v2.0/subnets?network_id=bc1478aa-9c23-44fe-b1b0-e955580e29bb HTTP/1.1" status: 200 len: 820 time: 0.3016834
2026-08-02 23:36:56.826 8 INFO neutron.wsgi [None req-27883229-045b-4b00-b1ff-47a53a202094 d66b7fc722824364ab1c45d22969aff5 50506fbba20c45aba84010f89a255927 - - default default] 10.0.0.18 "GET /v2.0/extensions HTTP/1.1" status: 200 len: 16520 time: 0.0050435
2026-08-02 23:36:57.179 9 INFO neutron.wsgi [None req-bf03af72-7ec3-4cc4-8eb1-d8ac8b65178e d66b7fc722824364ab1c45d22969aff5 50506fbba20c45aba84010f89a255927 - - default default] 10.0.0.18 "GET /v2.0/networks HTTP/1.1" status: 200 len: 1503 time: 0.3467314
2026-08-02 23:36:57.227 8 INFO neutron.wsgi [None req-62cb4648-6e2e-4616-b9c4-69575f5b431a d66b7fc722824364ab1c45d22969aff5 50506fbba20c45aba84010f89a255927 - - default default] 10.0.0.18 "GET /v2.0/subnets HTTP/1.1" status: 200 len: 1428 time: 0.0404928
2026-08-02 23:36:57.259 9 INFO neutron.db.ovn_revision_numbers_db [None req-eaaa439b-0ab0-4283-a2ea-fc835b287908 923cc6748fa44f688578ed1b8f8cc4ad 0293b968d86b4dcda50ad6911aab7fe4 - - default default] Successfully bumped revision number for resource f1ac94d6-63af-4d95-b019-a561646a9d57 (type: security_groups) to 1
2026-08-02 23:36:57.294 9 INFO neutron.db.ovn_revision_numbers_db [None req-eaaa439b-0ab0-4283-a2ea-fc835b287908 923cc6748fa44f688578ed1b8f8cc4ad 0293b968d86b4dcda50ad6911aab7fe4 - - default default] Successfully bumped revision number for resource a50e9034-a69c-4ad1-9f68-9667d62a7407 (type: security_group_rules) to 0
2026-08-02 23:36:57.301 8 INFO neutron.wsgi [None req-d1613353-a306-4a44-be19-8bffac246b16 d66b7fc722824364ab1c45d22969aff5 50506fbba20c45aba84010f89a255927 - - default default] 10.0.0.18 "GET /v2.0/networks/20748acc-0142-4f5f-9fb8-ca9e868ffefc HTTP/1.1" status: 200 len: 862 time: 0.0626957
2026-08-02 23:36:57.336 9 INFO neutron.db.ovn_revision_numbers_db [None req-eaaa439b-0ab0-4283-a2ea-fc835b287908 923cc6748fa44f688578ed1b8f8cc4ad 0293b968d86b4dcda50ad6911aab7fe4 - - default default] Successfully bumped revision number for resource aae37f46-2e27-49fd-8290-335830ae1294 (type: security_group_rules) to 0
2026-08-02 23:36:57.344 8 INFO neutron.wsgi [None req-c05db87e-d73f-4deb-b950-9ed267d1a9c6 d66b7fc722824364ab1c45d22969aff5 50506fbba20c45aba84010f89a255927 - - default default] 10.0.0.18 "GET /v2.0/subnets/1c2ac0fb-59b7-4871-8ea4-f96be8411edb HTTP/1.1" status: 200 len: 811 time: 0.0341454
2026-08-02 23:36:57.370 9 INFO neutron.db.ovn_revision_numbers_db [None req-eaaa439b-0ab0-4283-a2ea-fc835b287908 923cc6748fa44f688578ed1b8f8cc4ad 0293b968d86b4dcda50ad6911aab7fe4 - - default default] Successfully bumped revision number for resource d37c7329-484d-4fa2-9e48-644ea706dd1c (type: security_group_rules) to 0
2026-08-02 23:36:57.372 8 INFO neutron.pecan_wsgi.hooks.translation [None req-d183f784-1fae-4b99-914a-e56939302269 d66b7fc722824364ab1c45d22969aff5 50506fbba20c45aba84010f89a255927 - - default default] DELETE failed (client error): The resource could not be found.
2026-08-02 23:36:57.374 8 INFO neutron.wsgi [None req-d183f784-1fae-4b99-914a-e56939302269 d66b7fc722824364ab1c45d22969aff5 50506fbba20c45aba84010f89a255927 - - default default] 10.0.0.18 "DELETE /v2.0/subnets/e141e6b2-0f2a-4a84-ae5d-9abdb72f18e0 HTTP/1.1" status: 404 len: 337 time: 0.0215795
2026-08-02 23:36:57.388 9 INFO neutron.db.ovn_revision_numbers_db [None req-eaaa439b-0ab0-4283-a2ea-fc835b287908 923cc6748fa44f688578ed1b8f8cc4ad 0293b968d86b4dcda50ad6911aab7fe4 - - default default] Successfully bumped revision number for resource d772e054-c9a7-4fc4-ac50-016b54dba372 (type: security_group_rules) to 0
2026-08-02 23:36:57.392 8 INFO neutron.pecan_wsgi.hooks.translation [None req-05d23793-7d3b-4eb2-82f2-6ccf236425a6 d66b7fc722824364ab1c45d22969aff5 50506fbba20c45aba84010f89a255927 - - default default] DELETE failed (client error): The resource could not be found.
2026-08-02 23:36:57.395 8 INFO neutron.wsgi [None req-05d23793-7d3b-4eb2-82f2-6ccf236425a6 d66b7fc722824364ab1c45d22969aff5 50506fbba20c45aba84010f89a255927 - - default default] 10.0.0.18 "DELETE /v2.0/networks/68bae9e8-0907-4e42-a163-998a85eb62ad HTTP/1.1" status: 404 len: 339 time: 0.0155749
2026-08-02 23:36:57.414 9 INFO neutron.wsgi [None req-eaaa439b-0ab0-4283-a2ea-fc835b287908 923cc6748fa44f688578ed1b8f8cc4ad 0293b968d86b4dcda50ad6911aab7fe4 - - default default] 10.0.0.18 "GET /v2.0/security-groups?tenant_id=79e9e06bacd44e4c843f14467ec236b6&name=default HTTP/1.1" status: 200 len: 2996 time: 0.7339990
2026-08-02 23:36:57.451 9 INFO neutron.db.ovn_revision_numbers_db [None req-818b14eb-6814-4823-ab1e-67875d26040b 3f9f659ac8b24d8fa221ac0394a1b390 b1cd28d2e21340fcb39c71c452ed5c2c - - default default] Successfully bumped revision number for resource 5485bf48-b119-48b9-9b38-1e52eac15324 (type: floatingips) to 0
2026-08-02 23:36:57.472 9 INFO neutron.wsgi [None req-818b14eb-6814-4823-ab1e-67875d26040b 3f9f659ac8b24d8fa221ac0394a1b390 b1cd28d2e21340fcb39c71c452ed5c2c - - default default] 10.0.0.18 "POST /v2.0/floatingips HTTP/1.1" status: 201 len: 751 time: 1.0129378
2026-08-02 23:36:57.665 8 INFO neutron.wsgi [None req-b54027b9-ee71-4549-b1ff-18e26a407768 d66b7fc722824364ab1c45d22969aff5 50506fbba20c45aba84010f89a255927 - - default default] 10.0.0.18 "DELETE /v2.0/subnets/1c2ac0fb-59b7-4871-8ea4-f96be8411edb HTTP/1.1" status: 204 len: 168 time: 0.2637501
2026-08-02 23:36:57.736 8 INFO neutron.wsgi [None req-8d8df743-ccdd-4ccc-9515-acda9425669e 923cc6748fa44f688578ed1b8f8cc4ad 0293b968d86b4dcda50ad6911aab7fe4 - - default default] 10.0.0.18 "DELETE /v2.0/security-groups/f1ac94d6-63af-4d95-b019-a561646a9d57 HTTP/1.1" status: 204 len: 168 time: 0.3153617
2026-08-02 23:36:57.753 9 WARNING neutron.scheduler.dhcp_agent_scheduler [None req-a23fffdf-7f7a-4572-9c07-55540826d44d 3f9f659ac8b24d8fa221ac0394a1b390 b1cd28d2e21340fcb39c71c452ed5c2c - - default default] No more DHCP agents
2026-08-02 23:36:57.755 9 WARNING neutron.api.rpc.agentnotifiers.dhcp_rpc_agent_api [None req-a23fffdf-7f7a-4572-9c07-55540826d44d 3f9f659ac8b24d8fa221ac0394a1b390 b1cd28d2e21340fcb39c71c452ed5c2c - - default default] Unable to schedule network bc1478aa-9c23-44fe-b1b0-e955580e29bb: no agents available; will retry on subsequent port and subnet creation events.
2026-08-02 23:36:58.134 8 INFO neutron.wsgi [None req-b1789a6f-9154-40c4-a93e-62f447f88b4c d66b7fc722824364ab1c45d22969aff5 50506fbba20c45aba84010f89a255927 - - default default] 10.0.0.18 "DELETE /v2.0/networks/20748acc-0142-4f5f-9fb8-ca9e868ffefc HTTP/1.1" status: 204 len: 168 time: 0.4616070
2026-08-02 23:36:58.149 9 INFO neutron.db.ovn_revision_numbers_db [None req-a23fffdf-7f7a-4572-9c07-55540826d44d 3f9f659ac8b24d8fa221ac0394a1b390 b1cd28d2e21340fcb39c71c452ed5c2c - - default default] Successfully bumped revision number for resource e5fc69d1-6825-4e83-b9db-25b7bb1e64a3 (type: floatingips) to 0
2026-08-02 23:36:58.169 9 INFO neutron.wsgi [None req-a23fffdf-7f7a-4572-9c07-55540826d44d 3f9f659ac8b24d8fa221ac0394a1b390 b1cd28d2e21340fcb39c71c452ed5c2c - - default default] 10.0.0.18 "POST /v2.0/floatingips HTTP/1.1" status: 201 len: 751 time: 0.6921101
2026-08-02 23:36:58.357 8 INFO neutron.services.segments.plugin [-] Segment b79455bf-44f5-40b6-ae5e-da62f26cb795 resource provider aggregate not found
2026-08-02 23:36:58.363 8 INFO neutron.services.segments.plugin [-] Segment b79455bf-44f5-40b6-ae5e-da62f26cb795 resource provider aggregate not found
2026-08-02 23:36:58.387 8 INFO neutron.services.segments.plugin [-] Segment b79455bf-44f5-40b6-ae5e-da62f26cb795 resource provider not found; error: Placement Client Error (4xx): {"errors": [{"status": 404, "title": "Not Found", "detail": "The resource could not be found.\n\n No resource provider with uuid b79455bf-44f5-40b6-ae5e-da62f26cb795 found for delete ", "request_id": "req-9bd11230-2c39-433a-9a14-d0449a11949b"}]}
2026-08-02 23:36:58.390 8 INFO neutron.services.segments.plugin [-] Segment b79455bf-44f5-40b6-ae5e-da62f26cb795 resource provider not found; error: Placement Client Error (4xx): {"errors": [{"status": 404, "title": "Not Found", "detail": "The resource could not be found.\n\n No resource provider with uuid b79455bf-44f5-40b6-ae5e-da62f26cb795 found for delete ", "request_id": "req-c26cf6cd-1649-4834-a6d3-31aa485930f3"}]}
2026-08-02 23:36:58.498 9 WARNING neutron.scheduler.dhcp_agent_scheduler [None req-161f1bb3-3f64-482c-b984-f52dc3fee06d 3f9f659ac8b24d8fa221ac0394a1b390 b1cd28d2e21340fcb39c71c452ed5c2c - - default default] No more DHCP agents
2026-08-02 23:36:58.500 9 WARNING neutron.api.rpc.agentnotifiers.dhcp_rpc_agent_api [None req-161f1bb3-3f64-482c-b984-f52dc3fee06d 3f9f659ac8b24d8fa221ac0394a1b390 b1cd28d2e21340fcb39c71c452ed5c2c - - default default] Unable to schedule network bc1478aa-9c23-44fe-b1b0-e955580e29bb: no agents available; will retry on subsequent port and subnet creation events.
2026-08-02 23:36:58.773 8 INFO neutron.wsgi [None req-7ce43bdd-6f68-40b7-aa68-9267731b2d3f 923cc6748fa44f688578ed1b8f8cc4ad 0293b968d86b4dcda50ad6911aab7fe4 - - default default] 10.0.0.18 "GET /v2.0/security-groups?tenant_id=50506fbba20c45aba84010f89a255927&name=default HTTP/1.1" status: 200 len: 2996 time: 0.1785724
2026-08-02 23:36:58.828 9 INFO neutron.db.ovn_revision_numbers_db [None req-161f1bb3-3f64-482c-b984-f52dc3fee06d 3f9f659ac8b24d8fa221ac0394a1b390 b1cd28d2e21340fcb39c71c452ed5c2c - - default default] Successfully bumped revision number for resource 060a4994-ca14-48b0-8480-65bf831bb519 (type: floatingips) to 0
2026-08-02 23:36:58.842 9 INFO neutron.wsgi [None req-161f1bb3-3f64-482c-b984-f52dc3fee06d 3f9f659ac8b24d8fa221ac0394a1b390 b1cd28d2e21340fcb39c71c452ed5c2c - - default default] 10.0.0.18 "POST /v2.0/floatingips HTTP/1.1" status: 201 len: 751 time: 0.6678095
2026-08-02 23:36:58.897 9 INFO neutron.wsgi [None req-814d0c36-0d1a-4fda-9fb8-9fe29c3fd1f1 3f9f659ac8b24d8fa221ac0394a1b390 b1cd28d2e21340fcb39c71c452ed5c2c - - default default] 10.0.0.18 "PUT /v2.0/floatingips/b05da5fa-91c3-4bf2-bc59-340f9f3888ee/tags HTTP/1.1" status: 200 len: 210 time: 0.0475426
2026-08-02 23:36:58.961 8 INFO neutron.wsgi [None req-262a7133-ea5a-42e4-b1d2-9848121436fa 3f9f659ac8b24d8fa221ac0394a1b390 b1cd28d2e21340fcb39c71c452ed5c2c - - default default] 10.0.0.18 "PUT /v2.0/floatingips/573c796b-60bb-4983-a4cd-595ef7eca747/tags HTTP/1.1" status: 200 len: 218 time: 0.0585413
2026-08-02 23:36:59.016 9 INFO neutron.wsgi [None req-e56aab12-6af7-43ec-aa79-796ec2544f09 3f9f659ac8b24d8fa221ac0394a1b390 b1cd28d2e21340fcb39c71c452ed5c2c - - default default] 10.0.0.18 "PUT /v2.0/floatingips/5485bf48-b119-48b9-9b38-1e52eac15324/tags HTTP/1.1" status: 200 len: 227 time: 0.0482538
2026-08-02 23:36:59.059 9 INFO neutron.wsgi [None req-46d8ad26-3b06-4ce1-8a58-9fa4743d3751 3f9f659ac8b24d8fa221ac0394a1b390 b1cd28d2e21340fcb39c71c452ed5c2c - - default default] 10.0.0.18 "PUT /v2.0/floatingips/e5fc69d1-6825-4e83-b9db-25b7bb1e64a3/tags HTTP/1.1" status: 200 len: 212 time: 0.0394971
2026-08-02 23:36:59.067 8 INFO neutron.wsgi [None req-6049fb71-4692-4d4b-84a3-cfa6556cbf45 923cc6748fa44f688578ed1b8f8cc4ad 0293b968d86b4dcda50ad6911aab7fe4 - - default default] 10.0.0.18 "DELETE /v2.0/security-groups/bf0a11ef-79ad-4b38-8f5b-3e8bb5cf6c34 HTTP/1.1" status: 204 len: 168 time: 0.2901607
2026-08-02 23:36:59.110 9 INFO neutron.wsgi [None req-a4000ca1-3e62-4bac-90e4-a2a94da8a427 3f9f659ac8b24d8fa221ac0394a1b390 b1cd28d2e21340fcb39c71c452ed5c2c - - default default] 10.0.0.18 "GET /v2.0/floatingips?tags=red HTTP/1.1" status: 200 len: 1866 time: 0.0444257
2026-08-02 23:36:59.157 9 INFO neutron.wsgi [None req-b8d587f3-c732-435d-af1b-3af1e059f02f 3f9f659ac8b24d8fa221ac0394a1b390 b1cd28d2e21340fcb39c71c452ed5c2c - - default default] 10.0.0.18 "GET /v2.0/floatingips?tags=red%2Cblue HTTP/1.1" status: 200 len: 1323 time: 0.0409048
2026-08-02 23:36:59.215 9 INFO neutron.wsgi [None req-ced702e0-0d28-4aae-b985-6d51decc5914 3f9f659ac8b24d8fa221ac0394a1b390 b1cd28d2e21340fcb39c71c452ed5c2c - - default default] 10.0.0.18 "GET /v2.0/floatingips?tags-any=blue HTTP/1.1" status: 200 len: 1323 time: 0.0524044
2026-08-02 23:36:59.260 9 INFO neutron.wsgi [None req-e2845794-bb58-4b38-8cdd-cbe9fcc75248 3f9f659ac8b24d8fa221ac0394a1b390 b1cd28d2e21340fcb39c71c452ed5c2c - - default default] 10.0.0.18 "GET /v2.0/floatingips?tags-any=red%2Cblue HTTP/1.1" status: 200 len: 1866 time: 0.0398791
2026-08-02 23:36:59.324 9 INFO neutron.wsgi [None req-57fb00e1-0402-4d93-8402-e8a098777a62 3f9f659ac8b24d8fa221ac0394a1b390 b1cd28d2e21340fcb39c71c452ed5c2c - - default default] 10.0.0.18 "GET /v2.0/floatingips?not-tags=red HTTP/1.1" status: 200 len: 1295 time: 0.0565574
2026-08-02 23:36:59.380 9 INFO neutron.wsgi [None req-51f31bdf-e412-45da-b312-275b11ba1b6c 3f9f659ac8b24d8fa221ac0394a1b390 b1cd28d2e21340fcb39c71c452ed5c2c - - default default] 10.0.0.18 "GET /v2.0/floatingips?not-tags=red%2Cblue HTTP/1.1" status: 200 len: 1838 time: 0.0486302
2026-08-02 23:36:59.432 9 INFO neutron.wsgi [None req-338e921f-851d-49eb-875b-8a2eb2e96d1e 3f9f659ac8b24d8fa221ac0394a1b390 b1cd28d2e21340fcb39c71c452ed5c2c - - default default] 10.0.0.18 "GET /v2.0/floatingips?not-tags-any=blue HTTP/1.1" status: 200 len: 1838 time: 0.0437195
2026-08-02 23:36:59.473 9 INFO neutron.wsgi [None req-7903f52b-ba53-4277-9bb7-d9d4ab77e615 3f9f659ac8b24d8fa221ac0394a1b390 b1cd28d2e21340fcb39c71c452ed5c2c - - default default] 10.0.0.18 "GET /v2.0/floatingips?not-tags-any=red%2Cblue HTTP/1.1" status: 200 len: 1295 time: 0.0330410
2026-08-02 23:36:59.836 9 INFO neutron.wsgi [None req-23375492-dcba-4c27-91dd-cc7ab2fe1ee4 3f9f659ac8b24d8fa221ac0394a1b390 b1cd28d2e21340fcb39c71c452ed5c2c - - default default] 10.0.0.18 "DELETE /v2.0/floatingips/b05da5fa-91c3-4bf2-bc59-340f9f3888ee HTTP/1.1" status: 204 len: 168 time: 0.3570216
2026-08-02 23:36:59.906 8 INFO neutron.db.ovn_revision_numbers_db [None req-73b2f2e4-45a5-44b0-b98b-078f1c7288a3 444a9a03fbd44869b56fcf34cf367489 267d33bc2a6e48e4b46df5041eedfaad - - default default] Successfully bumped revision number for resource 74ccf920-6baa-4242-9ad6-228d0a1d6171 (type: security_groups) to 1
2026-08-02 23:36:59.922 8 INFO neutron.db.ovn_revision_numbers_db [None req-73b2f2e4-45a5-44b0-b98b-078f1c7288a3 444a9a03fbd44869b56fcf34cf367489 267d33bc2a6e48e4b46df5041eedfaad - - default default] Successfully bumped revision number for resource 08eb6083-56fa-4157-9cbd-e4bf067c97dc (type: security_group_rules) to 0
2026-08-02 23:36:59.942 8 INFO neutron.db.ovn_revision_numbers_db [None req-73b2f2e4-45a5-44b0-b98b-078f1c7288a3 444a9a03fbd44869b56fcf34cf367489 267d33bc2a6e48e4b46df5041eedfaad - - default default] Successfully bumped revision number for resource 4c6e4aba-c73a-4831-aec9-3782ebf9188d (type: security_group_rules) to 0
2026-08-02 23:36:59.958 8 INFO neutron.db.ovn_revision_numbers_db [None req-73b2f2e4-45a5-44b0-b98b-078f1c7288a3 444a9a03fbd44869b56fcf34cf367489 267d33bc2a6e48e4b46df5041eedfaad - - default default] Successfully bumped revision number for resource d82db140-a86f-4b33-89c3-a3d13e2afa7c (type: security_group_rules) to 0
2026-08-02 23:36:59.976 8 INFO neutron.db.ovn_revision_numbers_db [None req-73b2f2e4-45a5-44b0-b98b-078f1c7288a3 444a9a03fbd44869b56fcf34cf367489 267d33bc2a6e48e4b46df5041eedfaad - - default default] Successfully bumped revision number for resource f854daa8-2a74-450a-acc5-17553ed17125 (type: security_group_rules) to 0
2026-08-02 23:37:00.049 8 INFO neutron.db.ovn_revision_numbers_db [None req-73b2f2e4-45a5-44b0-b98b-078f1c7288a3 444a9a03fbd44869b56fcf34cf367489 267d33bc2a6e48e4b46df5041eedfaad - - default default] Successfully bumped revision number for resource 62fce6fb-28bb-41b5-bcfc-6790e9fa2f01 (type: security_groups) to 1
2026-08-02 23:37:00.062 8 INFO neutron.db.ovn_revision_numbers_db [None req-73b2f2e4-45a5-44b0-b98b-078f1c7288a3 444a9a03fbd44869b56fcf34cf367489 267d33bc2a6e48e4b46df5041eedfaad - - default default] Successfully bumped revision number for resource 3a43917e-34a6-4a7b-aa0f-e6aec59fd612 (type: security_group_rules) to 0
2026-08-02 23:37:00.078 8 INFO neutron.db.ovn_revision_numbers_db [None req-73b2f2e4-45a5-44b0-b98b-078f1c7288a3 444a9a03fbd44869b56fcf34cf367489 267d33bc2a6e48e4b46df5041eedfaad - - default default] Successfully bumped revision number for resource 7b2f74d9-ac60-4a1a-ad43-d03d39b0f6ec (type: security_group_rules) to 0
2026-08-02 23:37:00.097 8 INFO neutron.wsgi [None req-73b2f2e4-45a5-44b0-b98b-078f1c7288a3 444a9a03fbd44869b56fcf34cf367489 267d33bc2a6e48e4b46df5041eedfaad - - default default] 10.0.0.18 "POST /v2.0/security-groups HTTP/1.1" status: 201 len: 1737 time: 0.5693469
2026-08-02 23:37:00.132 8 INFO neutron.wsgi [None req-e39f8514-a8da-4558-bd54-f52895714ea6 444a9a03fbd44869b56fcf34cf367489 267d33bc2a6e48e4b46df5041eedfaad - - default default] 10.0.0.18 "PUT /v2.0/security-groups/62fce6fb-28bb-41b5-bcfc-6790e9fa2f01/tags HTTP/1.1" status: 200 len: 218 time: 0.0289533
2026-08-02 23:37:00.153 8 INFO neutron.wsgi [None req-7c8c5b9f-6b9e-45cb-b1ed-e628d1904ba2 444a9a03fbd44869b56fcf34cf367489 267d33bc2a6e48e4b46df5041eedfaad - - default default] 10.0.0.18 "GET /v2.0/security-groups/62fce6fb-28bb-41b5-bcfc-6790e9fa2f01/tags HTTP/1.1" status: 200 len: 218 time: 0.0168314
2026-08-02 23:37:00.160 9 INFO neutron.wsgi [None req-79b20d5c-c668-4531-adf7-52cc4e480791 3f9f659ac8b24d8fa221ac0394a1b390 b1cd28d2e21340fcb39c71c452ed5c2c - - default default] 10.0.0.18 "DELETE /v2.0/floatingips/573c796b-60bb-4983-a4cd-595ef7eca747 HTTP/1.1" status: 204 len: 168 time: 0.3187566
2026-08-02 23:37:00.191 8 INFO neutron.wsgi [None req-4d04c493-0072-440c-a303-2170d1968b9e 444a9a03fbd44869b56fcf34cf367489 267d33bc2a6e48e4b46df5041eedfaad - - default default] 10.0.0.18 "PUT /v2.0/security-groups/62fce6fb-28bb-41b5-bcfc-6790e9fa2f01/tags/green HTTP/1.1" status: 201 len: 201 time: 0.0313885
2026-08-02 23:37:00.214 8 INFO neutron.wsgi [None req-8c3d35b3-89ae-402d-a6d0-31c039287700 444a9a03fbd44869b56fcf34cf367489 267d33bc2a6e48e4b46df5041eedfaad - - default default] 10.0.0.18 "GET /v2.0/security-groups/62fce6fb-28bb-41b5-bcfc-6790e9fa2f01/tags HTTP/1.1" status: 200 len: 227 time: 0.0175507
2026-08-02 23:37:00.237 8 INFO neutron.wsgi [None req-228d49d9-19ac-4229-8f18-f429c840ab56 444a9a03fbd44869b56fcf34cf367489 267d33bc2a6e48e4b46df5041eedfaad - - default default] 10.0.0.18 "PUT /v2.0/security-groups/62fce6fb-28bb-41b5-bcfc-6790e9fa2f01/tags/red HTTP/1.1" status: 201 len: 201 time: 0.0176773
2026-08-02 23:37:00.266 8 INFO neutron.wsgi [None req-ceea7044-d5d4-47b9-89e2-c27fdd072d09 444a9a03fbd44869b56fcf34cf367489 267d33bc2a6e48e4b46df5041eedfaad - - default default] 10.0.0.18 "GET /v2.0/security-groups/62fce6fb-28bb-41b5-bcfc-6790e9fa2f01/tags HTTP/1.1" status: 200 len: 227 time: 0.0250220
2026-08-02 23:37:00.301 8 INFO neutron.wsgi [None req-167fa74d-7977-4f6f-b011-f40d853a2546 444a9a03fbd44869b56fcf34cf367489 267d33bc2a6e48e4b46df5041eedfaad - - default default] 10.0.0.18 "PUT /v2.0/security-groups/62fce6fb-28bb-41b5-bcfc-6790e9fa2f01/tags/black.or.white HTTP/1.1" status: 201 len: 201 time: 0.0308080
2026-08-02 23:37:00.334 8 INFO neutron.wsgi [None req-9b10238a-4924-47bc-8a4e-ce92c4258167 444a9a03fbd44869b56fcf34cf367489 267d33bc2a6e48e4b46df5041eedfaad - - default default] 10.0.0.18 "GET /v2.0/security-groups/62fce6fb-28bb-41b5-bcfc-6790e9fa2f01/tags HTTP/1.1" status: 200 len: 245 time: 0.0271049
2026-08-02 23:37:00.385 8 INFO neutron.wsgi [None req-0fc79346-a76b-4833-910b-7bb8903f24cd 444a9a03fbd44869b56fcf34cf367489 267d33bc2a6e48e4b46df5041eedfaad - - default default] 10.0.0.18 "PUT /v2.0/security-groups/62fce6fb-28bb-41b5-bcfc-6790e9fa2f01/tags HTTP/1.1" status: 200 len: 230 time: 0.0457318
2026-08-02 23:37:00.424 8 INFO neutron.wsgi [None req-674f6ef1-48f1-4001-9b36-21b705f4a4c8 444a9a03fbd44869b56fcf34cf367489 267d33bc2a6e48e4b46df5041eedfaad - - default default] 10.0.0.18 "GET /v2.0/security-groups/62fce6fb-28bb-41b5-bcfc-6790e9fa2f01/tags HTTP/1.1" status: 200 len: 230 time: 0.0347095
2026-08-02 23:37:00.471 9 INFO neutron.wsgi [None req-8c26f29c-d1b8-4f8a-894f-13638b48ec2b 444a9a03fbd44869b56fcf34cf367489 267d33bc2a6e48e4b46df5041eedfaad - - default default] 10.0.0.18 "GET /v2.0/security-groups/62fce6fb-28bb-41b5-bcfc-6790e9fa2f01/tags/red HTTP/1.1" status: 204 len: 168 time: 0.0405195
2026-08-02 23:37:00.501 8 INFO neutron.api.v2.resource [None req-48b4c1a1-aab1-492b-bc31-643f875d7f02 444a9a03fbd44869b56fcf34cf367489 267d33bc2a6e48e4b46df5041eedfaad - - default default] show failed (client error): The resource could not be found.
2026-08-02 23:37:00.503 8 INFO neutron.wsgi [None req-48b4c1a1-aab1-492b-bc31-643f875d7f02 444a9a03fbd44869b56fcf34cf367489 267d33bc2a6e48e4b46df5041eedfaad - - default default] 10.0.0.18 "GET /v2.0/security-groups/62fce6fb-28bb-41b5-bcfc-6790e9fa2f01/tags/green HTTP/1.1" status: 404 len: 299 time: 0.0268776
2026-08-02 23:37:00.548 9 INFO neutron.wsgi [None req-f6146130-ef51-4414-acad-19509aa3e875 3f9f659ac8b24d8fa221ac0394a1b390 b1cd28d2e21340fcb39c71c452ed5c2c - - default default] 10.0.0.18 "DELETE /v2.0/floatingips/5485bf48-b119-48b9-9b38-1e52eac15324 HTTP/1.1" status: 204 len: 168 time: 0.3815985
2026-08-02 23:37:00.552 8 INFO neutron.wsgi [None req-5e51a5e7-51d4-4583-8cbd-742a9de70108 444a9a03fbd44869b56fcf34cf367489 267d33bc2a6e48e4b46df5041eedfaad - - default default] 10.0.0.18 "DELETE /v2.0/security-groups/62fce6fb-28bb-41b5-bcfc-6790e9fa2f01/tags/red HTTP/1.1" status: 204 len: 168 time: 0.0400910
2026-08-02 23:37:00.586 8 INFO neutron.wsgi [None req-d30b9238-8794-4dfc-9819-3c6490f6ad98 444a9a03fbd44869b56fcf34cf367489 267d33bc2a6e48e4b46df5041eedfaad - - default default] 10.0.0.18 "GET /v2.0/security-groups/62fce6fb-28bb-41b5-bcfc-6790e9fa2f01/tags HTTP/1.1" status: 200 len: 223 time: 0.0306194
2026-08-02 23:37:00.614 8 INFO neutron.api.v2.resource [None req-d2c449c7-56a6-45a1-a300-6236027f9c8c 444a9a03fbd44869b56fcf34cf367489 267d33bc2a6e48e4b46df5041eedfaad - - default default] delete failed (client error): The resource could not be found.
2026-08-02 23:37:00.615 8 INFO neutron.wsgi [None req-d2c449c7-56a6-45a1-a300-6236027f9c8c 444a9a03fbd44869b56fcf34cf367489 267d33bc2a6e48e4b46df5041eedfaad - - default default] 10.0.0.18 "DELETE /v2.0/security-groups/62fce6fb-28bb-41b5-bcfc-6790e9fa2f01/tags/green HTTP/1.1" status: 404 len: 299 time: 0.0235615
2026-08-02 23:37:00.661 8 INFO neutron.wsgi [None req-7157f05a-428b-471b-a45f-7cea2b234376 444a9a03fbd44869b56fcf34cf367489 267d33bc2a6e48e4b46df5041eedfaad - - default default] 10.0.0.18 "DELETE /v2.0/security-groups/62fce6fb-28bb-41b5-bcfc-6790e9fa2f01/tags HTTP/1.1" status: 204 len: 168 time: 0.0403070
2026-08-02 23:37:00.696 8 INFO neutron.wsgi [None req-d34ae969-fc91-4f6c-9c91-6edc091330de 444a9a03fbd44869b56fcf34cf367489 267d33bc2a6e48e4b46df5041eedfaad - - default default] 10.0.0.18 "GET /v2.0/security-groups/62fce6fb-28bb-41b5-bcfc-6790e9fa2f01/tags HTTP/1.1" status: 200 len: 205 time: 0.0307438
2026-08-02 23:37:00.732 8 INFO neutron.db.ovn_revision_numbers_db [None req-0fa67661-f131-4b82-b333-3c562035ff0e 923cc6748fa44f688578ed1b8f8cc4ad 0293b968d86b4dcda50ad6911aab7fe4 - - default default] Successfully bumped revision number for resource 28982675-a543-4dfc-ba67-d97aa8c445ad (type: security_groups) to 1
2026-08-02 23:37:00.745 8 INFO neutron.db.ovn_revision_numbers_db [None req-0fa67661-f131-4b82-b333-3c562035ff0e 923cc6748fa44f688578ed1b8f8cc4ad 0293b968d86b4dcda50ad6911aab7fe4 - - default default] Successfully bumped revision number for resource 707a7678-a9b7-45a7-a041-3aca9b91d20c (type: security_group_rules) to 0
2026-08-02 23:37:00.765 8 INFO neutron.db.ovn_revision_numbers_db [None req-0fa67661-f131-4b82-b333-3c562035ff0e 923cc6748fa44f688578ed1b8f8cc4ad 0293b968d86b4dcda50ad6911aab7fe4 - - default default] Successfully bumped revision number for resource 8f3c5e03-78c7-4dd1-9746-4a229758750d (type: security_group_rules) to 0
2026-08-02 23:37:00.796 8 INFO neutron.db.ovn_revision_numbers_db [None req-0fa67661-f131-4b82-b333-3c562035ff0e 923cc6748fa44f688578ed1b8f8cc4ad 0293b968d86b4dcda50ad6911aab7fe4 - - default default] Successfully bumped revision number for resource d63378dd-c636-4051-82e0-6f35ba62781e (type: security_group_rules) to 0
2026-08-02 23:37:00.813 8 INFO neutron.db.ovn_revision_numbers_db [None req-0fa67661-f131-4b82-b333-3c562035ff0e 923cc6748fa44f688578ed1b8f8cc4ad 0293b968d86b4dcda50ad6911aab7fe4 - - default default] Successfully bumped revision number for resource f3035cff-bbb2-452e-aeba-33beb1aa0c61 (type: security_group_rules) to 0
2026-08-02 23:37:00.844 8 INFO neutron.wsgi [None req-0fa67661-f131-4b82-b333-3c562035ff0e 923cc6748fa44f688578ed1b8f8cc4ad 0293b968d86b4dcda50ad6911aab7fe4 - - default default] 10.0.0.18 "GET /v2.0/security-groups?tenant_id=ef52ed75fa484237abdd57a21932f495&name=default HTTP/1.1" status: 200 len: 2996 time: 0.5246108
2026-08-02 23:37:00.865 8 INFO neutron.wsgi [None req-33fec279-11b3-473f-9c0a-76f21c0ec2a0 444a9a03fbd44869b56fcf34cf367489 267d33bc2a6e48e4b46df5041eedfaad - - default default] 10.0.0.18 "DELETE /v2.0/security-groups/62fce6fb-28bb-41b5-bcfc-6790e9fa2f01 HTTP/1.1" status: 204 len: 168 time: 0.1624467
2026-08-02 23:37:00.901 9 INFO neutron.wsgi [None req-e24eff95-42e3-4b8c-ae6b-350ee723226e 3f9f659ac8b24d8fa221ac0394a1b390 b1cd28d2e21340fcb39c71c452ed5c2c - - default default] 10.0.0.18 "DELETE /v2.0/floatingips/e5fc69d1-6825-4e83-b9db-25b7bb1e64a3 HTTP/1.1" status: 204 len: 168 time: 0.3275545
2026-08-02 23:37:01.086 8 INFO neutron.wsgi [None req-a7285c6d-b83d-43a9-a996-cde13172106f 923cc6748fa44f688578ed1b8f8cc4ad 0293b968d86b4dcda50ad6911aab7fe4 - - default default] 10.0.0.18 "DELETE /v2.0/security-groups/28982675-a543-4dfc-ba67-d97aa8c445ad HTTP/1.1" status: 204 len: 168 time: 0.2340965
2026-08-02 23:37:01.260 9 INFO neutron.wsgi [None req-b377a656-dea7-41a2-ac03-321d95b6d0b6 3f9f659ac8b24d8fa221ac0394a1b390 b1cd28d2e21340fcb39c71c452ed5c2c - - default default] 10.0.0.18 "DELETE /v2.0/floatingips/060a4994-ca14-48b0-8480-65bf831bb519 HTTP/1.1" status: 204 len: 168 time: 0.3550184
2026-08-02 23:37:01.340 8 INFO neutron.db.ovn_revision_numbers_db [None req-505121c5-51d4-44cf-b28a-4affb1fb0d4c 2c3835f89a2c48238105ddfa9e4f73f7 9c2fdb434ad345ebabc302c390b27884 - - default default] Successfully bumped revision number for resource f8f38201-3424-44ab-af13-65706d7db26f (type: security_groups) to 1
2026-08-02 23:37:01.356 8 INFO neutron.db.ovn_revision_numbers_db [None req-505121c5-51d4-44cf-b28a-4affb1fb0d4c 2c3835f89a2c48238105ddfa9e4f73f7 9c2fdb434ad345ebabc302c390b27884 - - default default] Successfully bumped revision number for resource 167252e9-e691-4e14-8ead-5abc6ac2a171 (type: security_group_rules) to 0
