2026-08-02 23:35:58.623 8 INFO neutron.db.ovn_revision_numbers_db [None req-d5831f79-3fd2-470b-9888-083d472e6a4e 923cc6748fa44f688578ed1b8f8cc4ad 0293b968d86b4dcda50ad6911aab7fe4 - - default default] Successfully bumped revision number for resource 02773860-47e3-4a21-abaa-d71c35b99dc1 (type: security_group_rules) to 0
2026-08-02 23:35:58.650 8 INFO neutron.db.ovn_revision_numbers_db [None req-d5831f79-3fd2-470b-9888-083d472e6a4e 923cc6748fa44f688578ed1b8f8cc4ad 0293b968d86b4dcda50ad6911aab7fe4 - - default default] Successfully bumped revision number for resource 381af5ab-7a37-4450-9cb9-7a73157f68e1 (type: security_group_rules) to 0
2026-08-02 23:35:58.663 8 INFO neutron.db.ovn_revision_numbers_db [None req-d5831f79-3fd2-470b-9888-083d472e6a4e 923cc6748fa44f688578ed1b8f8cc4ad 0293b968d86b4dcda50ad6911aab7fe4 - - default default] Successfully bumped revision number for resource 4d8b4cb4-7e7c-4012-a63b-a52c7c7a2ce0 (type: security_group_rules) to 0
2026-08-02 23:35:58.682 8 INFO neutron.db.ovn_revision_numbers_db [None req-d5831f79-3fd2-470b-9888-083d472e6a4e 923cc6748fa44f688578ed1b8f8cc4ad 0293b968d86b4dcda50ad6911aab7fe4 - - default default] Successfully bumped revision number for resource 8aa00a68-dd23-4e3e-9ae9-b071a556a8b5 (type: security_group_rules) to 0
2026-08-02 23:35:58.712 8 INFO neutron.wsgi [None req-d5831f79-3fd2-470b-9888-083d472e6a4e 923cc6748fa44f688578ed1b8f8cc4ad 0293b968d86b4dcda50ad6911aab7fe4 - - default default] 10.0.0.18 "GET /v2.0/security-groups?tenant_id=3d8a958b3cf44c738e976c5c1cade0c3&name=default HTTP/1.1" status: 200 len: 2996 time: 0.2524383
2026-08-02 23:35:58.728 8 INFO neutron.db.ovn_revision_numbers_db [None req-fcb676ba-0c1b-49a8-bfef-18b915a3fe5a - - - - - -] Successfully bumped revision number for resource 7393c20e-4d95-4c09-aafb-f63e961e7085 (type: router_ports) to 2
2026-08-02 23:35:58.856 9 INFO neutron.wsgi [None req-e2eb97b4-4d70-4f12-9e21-5da412978c2d b0615d28ead14c75b46789f152a932dd 766cdc2d0a974734affd151ca7af7c4c - - default default] 10.0.0.18 "DELETE /v2.0/networks/54e0a423-24c1-449a-a9ab-5193c0e4af8a HTTP/1.1" status: 204 len: 168 time: 0.4854467
2026-08-02 23:35:58.958 9 INFO neutron.db.ovn_revision_numbers_db [None req-b91ceab3-b515-4af2-8358-3d89919eb5eb 972e98e415584404b57e23fd7222f353 08530d81a43445c3bbf7cca792c9dad3 - - default default] Successfully bumped revision number for resource 7393c20e-4d95-4c09-aafb-f63e961e7085 (type: router_ports) to 2
2026-08-02 23:35:58.960 9 INFO neutron.wsgi [None req-b91ceab3-b515-4af2-8358-3d89919eb5eb 972e98e415584404b57e23fd7222f353 08530d81a43445c3bbf7cca792c9dad3 - - default default] 10.0.0.18 "PUT /v2.0/routers/30d56a44-4b55-45b8-8d7c-31cd8b7cfb5f/add_router_interface HTTP/1.1" status: 200 len: 503 time: 2.4720571
2026-08-02 23:35:58.977 8 INFO neutron.wsgi [None req-bad880c6-126b-4b5a-bd60-f8324d96f870 923cc6748fa44f688578ed1b8f8cc4ad 0293b968d86b4dcda50ad6911aab7fe4 - - default default] 10.0.0.18 "DELETE /v2.0/security-groups/0b452fdc-6af9-4ea1-b86c-a8f699da3799 HTTP/1.1" status: 204 len: 168 time: 0.2605553
2026-08-02 23:35:59.020 9 INFO neutron.wsgi [None req-cfe3a540-4b8c-4d2c-a805-2f0ef88e6211 974f7aebe4934f9ab6f5640e396cef1b d3b8b8b4767542c9855ed27755681a77 - - default default] 10.0.0.18 "GET /v2.0/networks HTTP/1.1" status: 200 len: 3820 time: 0.0553951
2026-08-02 23:35:59.060 9 INFO neutron.wsgi [None req-d5ed5230-5086-46f6-b886-e3f585415c33 974f7aebe4934f9ab6f5640e396cef1b d3b8b8b4767542c9855ed27755681a77 - - default default] 10.0.0.18 "GET /v2.0/subnets HTTP/1.1" status: 200 len: 2096 time: 0.0317500
2026-08-02 23:35:59.266 8 INFO neutron.wsgi [None req-071ac9c2-9056-4aed-8527-38a464a42ce3 b0615d28ead14c75b46789f152a932dd 766cdc2d0a974734affd151ca7af7c4c - - default default] 10.0.0.18 "DELETE /v2.0/networks/6245cf9f-eb4e-45ee-b044-ca9757e2d5ec HTTP/1.1" status: 204 len: 168 time: 0.4055815
2026-08-02 23:35:59.268 8 INFO neutron.services.segments.plugin [-] Segment 55a6fb59-0d78-46bd-89b2-80da6e9d0e49 resource provider aggregate not found
2026-08-02 23:35:59.275 8 INFO neutron.services.segments.plugin [-] Segment 55a6fb59-0d78-46bd-89b2-80da6e9d0e49 resource provider aggregate not found
2026-08-02 23:35:59.284 8 INFO neutron.services.segments.plugin [-] Segment 55a6fb59-0d78-46bd-89b2-80da6e9d0e49 resource provider not found; error: Placement Client Error (4xx): {"errors": [{"status": 404, "title": "Not Found", "detail": "The resource could not be found.\n\n No resource provider with uuid 55a6fb59-0d78-46bd-89b2-80da6e9d0e49 found for delete ", "request_id": "req-7b034dfa-c79b-4c0b-8257-c7cf6564319b"}]}
2026-08-02 23:35:59.290 8 INFO neutron.services.segments.plugin [-] Segment 55a6fb59-0d78-46bd-89b2-80da6e9d0e49 resource provider not found; error: Placement Client Error (4xx): {"errors": [{"status": 404, "title": "Not Found", "detail": "The resource could not be found.\n\n No resource provider with uuid 55a6fb59-0d78-46bd-89b2-80da6e9d0e49 found for delete ", "request_id": "req-4aeba42f-5b42-476d-b61c-0dc8f8704ba7"}]}
2026-08-02 23:35:59.298 8 INFO neutron.services.segments.plugin [-] Segment 10c0e921-a844-449b-a5b7-0cd23735567b resource provider aggregate not found
2026-08-02 23:35:59.306 8 INFO neutron.services.segments.plugin [-] Segment 10c0e921-a844-449b-a5b7-0cd23735567b resource provider aggregate not found
2026-08-02 23:35:59.312 8 INFO neutron.services.segments.plugin [-] Segment 10c0e921-a844-449b-a5b7-0cd23735567b resource provider not found; error: Placement Client Error (4xx): {"errors": [{"status": 404, "title": "Not Found", "detail": "The resource could not be found.\n\n No resource provider with uuid 10c0e921-a844-449b-a5b7-0cd23735567b found for delete ", "request_id": "req-b8c76198-29b6-499c-abd0-99d9194199a3"}]}
2026-08-02 23:35:59.322 8 INFO neutron.services.segments.plugin [-] Segment 10c0e921-a844-449b-a5b7-0cd23735567b resource provider not found; error: Placement Client Error (4xx): {"errors": [{"status": 404, "title": "Not Found", "detail": "The resource could not be found.\n\n No resource provider with uuid 10c0e921-a844-449b-a5b7-0cd23735567b found for delete ", "request_id": "req-72231284-dc94-4eb7-9904-cee34d594edb"}]}
2026-08-02 23:35:59.331 8 INFO neutron.services.segments.plugin [-] Segment 1fffc12a-2e1d-4eec-baea-4b449fd92d1b resource provider aggregate not found
2026-08-02 23:35:59.338 8 INFO neutron.services.segments.plugin [-] Segment 1fffc12a-2e1d-4eec-baea-4b449fd92d1b resource provider aggregate not found
2026-08-02 23:35:59.344 9 INFO neutron.wsgi [None req-2444c70a-2941-4ce6-899a-d73b205d5a11 974f7aebe4934f9ab6f5640e396cef1b d3b8b8b4767542c9855ed27755681a77 - - default default] 10.0.0.18 "GET /v2.0/routers HTTP/1.1" status: 200 len: 878 time: 0.2788141
2026-08-02 23:35:59.344 8 INFO neutron.services.segments.plugin [-] Segment 1fffc12a-2e1d-4eec-baea-4b449fd92d1b resource provider not found; error: Placement Client Error (4xx): {"errors": [{"status": 404, "title": "Not Found", "detail": "The resource could not be found.\n\n No resource provider with uuid 1fffc12a-2e1d-4eec-baea-4b449fd92d1b found for delete ", "request_id": "req-e7ecb8f1-cb8e-46be-b6e7-758f9f311ef8"}]}
2026-08-02 23:35:59.361 8 INFO neutron.services.segments.plugin [-] Segment 1fffc12a-2e1d-4eec-baea-4b449fd92d1b resource provider not found; error: Placement Client Error (4xx): {"errors": [{"status": 404, "title": "Not Found", "detail": "The resource could not be found.\n\n No resource provider with uuid 1fffc12a-2e1d-4eec-baea-4b449fd92d1b found for delete ", "request_id": "req-85989d99-274a-4777-9e7c-6507de6477ea"}]}
2026-08-02 23:35:59.524 8 INFO neutron.db.ovn_revision_numbers_db [None req-0b2620dc-2a97-4495-879c-98bfcdba9f54 972e98e415584404b57e23fd7222f353 08530d81a43445c3bbf7cca792c9dad3 - - default default] Successfully bumped revision number for resource d9a5bb43-f18d-4e9c-ab49-745c5f2354a3 (type: security_groups) to 1
2026-08-02 23:35:59.537 8 INFO neutron.db.ovn_revision_numbers_db [None req-0b2620dc-2a97-4495-879c-98bfcdba9f54 972e98e415584404b57e23fd7222f353 08530d81a43445c3bbf7cca792c9dad3 - - default default] Successfully bumped revision number for resource 2bf6f664-3e7e-4345-b978-8d88df5ae508 (type: security_group_rules) to 0
2026-08-02 23:35:59.551 8 INFO neutron.db.ovn_revision_numbers_db [None req-0b2620dc-2a97-4495-879c-98bfcdba9f54 972e98e415584404b57e23fd7222f353 08530d81a43445c3bbf7cca792c9dad3 - - default default] Successfully bumped revision number for resource 45b0af8b-acae-47aa-b688-fe2584ad5317 (type: security_group_rules) to 0
2026-08-02 23:35:59.568 8 INFO neutron.wsgi [None req-0b2620dc-2a97-4495-879c-98bfcdba9f54 972e98e415584404b57e23fd7222f353 08530d81a43445c3bbf7cca792c9dad3 - - default default] 10.0.0.18 "POST /v2.0/security-groups HTTP/1.1" status: 201 len: 1809 time: 0.1586704
2026-08-02 23:35:59.697 8 INFO neutron.db.ovn_revision_numbers_db [None req-b03f6c54-7054-4d0d-845d-2797cd7d7638 972e98e415584404b57e23fd7222f353 08530d81a43445c3bbf7cca792c9dad3 - - default default] Successfully bumped revision number for resource 77273468-20a0-4b79-b3e1-0ff9760df02a (type: security_group_rules) to 0
2026-08-02 23:35:59.721 8 INFO neutron.wsgi [None req-b03f6c54-7054-4d0d-845d-2797cd7d7638 972e98e415584404b57e23fd7222f353 08530d81a43445c3bbf7cca792c9dad3 - - default default] 10.0.0.18 "POST /v2.0/security-group-rules HTTP/1.1" status: 201 len: 764 time: 0.1368692
2026-08-02 23:35:59.846 8 INFO neutron.db.ovn_revision_numbers_db [None req-c4c7b546-b837-4408-ad68-10acaad54740 972e98e415584404b57e23fd7222f353 08530d81a43445c3bbf7cca792c9dad3 - - default default] Successfully bumped revision number for resource f57148ea-02a8-4310-baf9-6bfd8eba7597 (type: security_group_rules) to 0
2026-08-02 23:35:59.869 9 INFO neutron.services.segments.plugin [-] Segment 56265a53-b382-4114-aca6-c8211ccfd575 resource provider aggregate not found
2026-08-02 23:35:59.869 8 INFO neutron.wsgi [None req-c4c7b546-b837-4408-ad68-10acaad54740 972e98e415584404b57e23fd7222f353 08530d81a43445c3bbf7cca792c9dad3 - - default default] 10.0.0.18 "POST /v2.0/security-group-rules HTTP/1.1" status: 201 len: 763 time: 0.1436722
2026-08-02 23:35:59.883 9 INFO neutron.services.segments.plugin [-] Segment 56265a53-b382-4114-aca6-c8211ccfd575 resource provider aggregate not found
2026-08-02 23:35:59.891 9 INFO neutron.services.segments.plugin [-] Segment 56265a53-b382-4114-aca6-c8211ccfd575 resource provider not found; error: Placement Client Error (4xx): {"errors": [{"status": 404, "title": "Not Found", "detail": "The resource could not be found.\n\n No resource provider with uuid 56265a53-b382-4114-aca6-c8211ccfd575 found for delete ", "request_id": "req-a2431375-8957-462c-acfe-139ad4988356"}]}
2026-08-02 23:35:59.896 9 INFO neutron.services.segments.plugin [-] Segment 56265a53-b382-4114-aca6-c8211ccfd575 resource provider not found; error: Placement Client Error (4xx): {"errors": [{"status": 404, "title": "Not Found", "detail": "The resource could not be found.\n\n No resource provider with uuid 56265a53-b382-4114-aca6-c8211ccfd575 found for delete ", "request_id": "req-8c3cd512-bf1f-404d-acd9-3779980cf889"}]}
2026-08-02 23:35:59.995 8 INFO neutron.db.ovn_revision_numbers_db [None req-9705ab61-b27b-4941-ba79-c6a9a5f60785 972e98e415584404b57e23fd7222f353 08530d81a43445c3bbf7cca792c9dad3 - - default default] Successfully bumped revision number for resource 232d229d-e714-48c8-a57e-f9309578be49 (type: security_group_rules) to 0
2026-08-02 23:36:00.021 8 INFO neutron.wsgi [None req-9705ab61-b27b-4941-ba79-c6a9a5f60785 972e98e415584404b57e23fd7222f353 08530d81a43445c3bbf7cca792c9dad3 - - default default] 10.0.0.18 "POST /v2.0/security-group-rules HTTP/1.1" status: 201 len: 769 time: 0.1460063
2026-08-02 23:36:00.132 8 INFO neutron.db.ovn_revision_numbers_db [None req-3994ccb0-bb59-460f-9fc7-c6c413b5d0f3 972e98e415584404b57e23fd7222f353 08530d81a43445c3bbf7cca792c9dad3 - - default default] Successfully bumped revision number for resource 5fed8b3a-4c08-4a5a-8e86-02ef25342a41 (type: security_group_rules) to 0
2026-08-02 23:36:00.154 8 INFO neutron.wsgi [None req-3994ccb0-bb59-460f-9fc7-c6c413b5d0f3 972e98e415584404b57e23fd7222f353 08530d81a43445c3bbf7cca792c9dad3 - - default default] 10.0.0.18 "POST /v2.0/security-group-rules HTTP/1.1" status: 201 len: 768 time: 0.1265888
2026-08-02 23:36:00.181 8 INFO neutron.db.securitygroups_db [None req-46dd6101-313b-4be0-9467-cc7e39087c82 972e98e415584404b57e23fd7222f353 08530d81a43445c3bbf7cca792c9dad3 - - default default] Project 08530d81a43445c3bbf7cca792c9dad3 added a security group rule with legacy IPv6 ICMP protocol name icmp, ipv6-icmp should be used instead. It was automatically converted.
2026-08-02 23:36:00.293 8 INFO neutron.db.ovn_revision_numbers_db [None req-46dd6101-313b-4be0-9467-cc7e39087c82 972e98e415584404b57e23fd7222f353 08530d81a43445c3bbf7cca792c9dad3 - - default default] Successfully bumped revision number for resource 071c06f4-4c68-4fe1-9940-47709d97595d (type: security_group_rules) to 0
2026-08-02 23:36:00.322 8 INFO neutron.wsgi [None req-46dd6101-313b-4be0-9467-cc7e39087c82 972e98e415584404b57e23fd7222f353 08530d81a43445c3bbf7cca792c9dad3 - - default default] 10.0.0.18 "POST /v2.0/security-group-rules HTTP/1.1" status: 201 len: 774 time: 0.1623228
2026-08-02 23:36:00.334 9 INFO neutron.wsgi [None req-2a9ae255-5f5c-470d-a875-2d0bb2942cd1 923cc6748fa44f688578ed1b8f8cc4ad 0293b968d86b4dcda50ad6911aab7fe4 - - default default] 10.0.0.18 "GET /v2.0/security-groups?tenant_id=766cdc2d0a974734affd151ca7af7c4c&name=default HTTP/1.1" status: 200 len: 2996 time: 0.1470206
2026-08-02 23:36:00.353 8 INFO neutron.db.securitygroups_db [None req-1264a9f3-544a-49a0-bd14-043986830d07 972e98e415584404b57e23fd7222f353 08530d81a43445c3bbf7cca792c9dad3 - - default default] Project 08530d81a43445c3bbf7cca792c9dad3 added a security group rule with legacy IPv6 ICMP protocol name icmp, ipv6-icmp should be used instead. It was automatically converted.
2026-08-02 23:36:00.495 8 INFO neutron.db.ovn_revision_numbers_db [None req-1264a9f3-544a-49a0-bd14-043986830d07 972e98e415584404b57e23fd7222f353 08530d81a43445c3bbf7cca792c9dad3 - - default default] Successfully bumped revision number for resource 4d9b9bb9-3848-4272-adb9-f780c63edfea (type: security_group_rules) to 0
2026-08-02 23:36:00.524 8 INFO neutron.wsgi [None req-1264a9f3-544a-49a0-bd14-043986830d07 972e98e415584404b57e23fd7222f353 08530d81a43445c3bbf7cca792c9dad3 - - default default] 10.0.0.18 "POST /v2.0/security-group-rules HTTP/1.1" status: 201 len: 773 time: 0.1985109
2026-08-02 23:36:00.600 8 INFO neutron.wsgi [None req-1adce840-2802-4eb0-b077-4958d6d7b0a5 923cc6748fa44f688578ed1b8f8cc4ad 0293b968d86b4dcda50ad6911aab7fe4 - - default default] 10.0.0.18 "DELETE /v2.0/security-groups/57bee7d1-70e0-4f89-9a0a-719dade070cb HTTP/1.1" status: 204 len: 168 time: 0.2610478
2026-08-02 23:36:00.927 9 INFO neutron.db.ovn_revision_numbers_db [None req-195108ab-c56e-4315-8ac3-2e7a9aeeafa2 923cc6748fa44f688578ed1b8f8cc4ad 0293b968d86b4dcda50ad6911aab7fe4 - - default default] Successfully bumped revision number for resource 0cd3d7f2-d360-4a1c-9819-6c9cb042f7eb (type: security_groups) to 1
2026-08-02 23:36:00.940 9 INFO neutron.db.ovn_revision_numbers_db [None req-195108ab-c56e-4315-8ac3-2e7a9aeeafa2 923cc6748fa44f688578ed1b8f8cc4ad 0293b968d86b4dcda50ad6911aab7fe4 - - default default] Successfully bumped revision number for resource 3170d6b5-4388-4a07-a916-80ebc014ad8b (type: security_group_rules) to 0
2026-08-02 23:36:00.955 9 INFO neutron.db.ovn_revision_numbers_db [None req-195108ab-c56e-4315-8ac3-2e7a9aeeafa2 923cc6748fa44f688578ed1b8f8cc4ad 0293b968d86b4dcda50ad6911aab7fe4 - - default default] Successfully bumped revision number for resource a35e129c-fa83-495f-a97c-8669a898ebd9 (type: security_group_rules) to 0
2026-08-02 23:36:00.970 9 INFO neutron.db.ovn_revision_numbers_db [None req-195108ab-c56e-4315-8ac3-2e7a9aeeafa2 923cc6748fa44f688578ed1b8f8cc4ad 0293b968d86b4dcda50ad6911aab7fe4 - - default default] Successfully bumped revision number for resource c772c966-0339-4781-9449-a859b8a35045 (type: security_group_rules) to 0
2026-08-02 23:36:00.983 9 INFO neutron.db.ovn_revision_numbers_db [None req-195108ab-c56e-4315-8ac3-2e7a9aeeafa2 923cc6748fa44f688578ed1b8f8cc4ad 0293b968d86b4dcda50ad6911aab7fe4 - - default default] Successfully bumped revision number for resource e61536d1-880e-4b74-ae85-085f64fae49c (type: security_group_rules) to 0
2026-08-02 23:36:01.005 9 INFO neutron.wsgi [None req-195108ab-c56e-4315-8ac3-2e7a9aeeafa2 923cc6748fa44f688578ed1b8f8cc4ad 0293b968d86b4dcda50ad6911aab7fe4 - - default default] 10.0.0.18 "GET /v2.0/security-groups?tenant_id=88dfc57a67ec45dcabf5b4cdfd6ce510&name=default HTTP/1.1" status: 200 len: 2996 time: 0.2042868
2026-08-02 23:36:01.093 9 INFO neutron.wsgi [None req-ca172791-5931-42e0-9c5d-2bc3b3c39742 972e98e415584404b57e23fd7222f353 08530d81a43445c3bbf7cca792c9dad3 - - default default] 10.0.0.18 "GET /v2.0/networks HTTP/1.1" status: 200 len: 1492 time: 0.2060325
2026-08-02 23:36:01.202 8 INFO neutron.wsgi [req-58a05c49-8ef8-48a0-9fb9-8133a944fae4 req-24e4f2dc-9c76-4889-a780-d5a11e622810 972e98e415584404b57e23fd7222f353 08530d81a43445c3bbf7cca792c9dad3 - - default default] 10.0.0.174 "GET /v2.0/security-groups?name=tempest-secgroup-smoke-702545936&fields=id&tenant_id=08530d81a43445c3bbf7cca792c9dad3 HTTP/1.1" status: 200 len: 267 time: 0.0402899
2026-08-02 23:36:01.268 8 INFO neutron.wsgi [req-58a05c49-8ef8-48a0-9fb9-8133a944fae4 req-8ca661fd-b1e5-4e2a-a39c-9274f2f6476f 972e98e415584404b57e23fd7222f353 08530d81a43445c3bbf7cca792c9dad3 - - default default] 10.0.0.174 "GET /v2.0/networks?id=1fb6ae73-f43e-48e6-b4d1-21855afff875 HTTP/1.1" status: 200 len: 859 time: 0.0599926
2026-08-02 23:36:01.282 8 INFO neutron.wsgi [None req-e525be5a-1acf-4b5e-814d-9e84e7eb883a 923cc6748fa44f688578ed1b8f8cc4ad 0293b968d86b4dcda50ad6911aab7fe4 - - default default] 10.0.0.18 "DELETE /v2.0/security-groups/0cd3d7f2-d360-4a1c-9819-6c9cb042f7eb HTTP/1.1" status: 204 len: 168 time: 0.2704167
2026-08-02 23:36:01.293 8 INFO neutron.wsgi [req-58a05c49-8ef8-48a0-9fb9-8133a944fae4 req-76244378-11ea-48ab-bdf6-17bf498df378 972e98e415584404b57e23fd7222f353 08530d81a43445c3bbf7cca792c9dad3 - - default default] 10.0.0.174 "GET /v2.0/quotas/08530d81a43445c3bbf7cca792c9dad3 HTTP/1.1" status: 200 len: 386 time: 0.0141852
2026-08-02 23:36:01.459 8 INFO neutron.wsgi [req-58a05c49-8ef8-48a0-9fb9-8133a944fae4 req-5feefdb4-566e-4b7b-b85e-0e3967108ea2 972e98e415584404b57e23fd7222f353 08530d81a43445c3bbf7cca792c9dad3 - - default default] 10.0.0.174 "GET /v2.0/ports?tenant_id=08530d81a43445c3bbf7cca792c9dad3&fields=id HTTP/1.1" status: 200 len: 302 time: 0.1593490
2026-08-02 23:36:01.523 9 INFO neutron.db.ovn_revision_numbers_db [None req-85577508-95d5-4fef-b331-5e37dad8164d 923cc6748fa44f688578ed1b8f8cc4ad 0293b968d86b4dcda50ad6911aab7fe4 - - default default] Successfully bumped revision number for resource f48c8049-9364-4941-8877-4d1339181915 (type: security_groups) to 1
2026-08-02 23:36:01.539 8 INFO neutron.wsgi [req-58a05c49-8ef8-48a0-9fb9-8133a944fae4 req-550728b4-1381-4aa8-8159-0f899f9eaa54 adf2cf1c8bdd48c6ab7ce1ff39900ab3 a58fe209165a4fdbbf443341c333fb47 - - c135e7d025ad43808f7e20c2893a0803 c135e7d025ad43808f7e20c2893a0803] 10.0.0.174 "GET /v2.0/networks/1fb6ae73-f43e-48e6-b4d1-21855afff875?fields=segments HTTP/1.1" status: 200 len: 212 time: 0.0686922
2026-08-02 23:36:01.542 9 INFO neutron.db.ovn_revision_numbers_db [None req-85577508-95d5-4fef-b331-5e37dad8164d 923cc6748fa44f688578ed1b8f8cc4ad 0293b968d86b4dcda50ad6911aab7fe4 - - default default] Successfully bumped revision number for resource 649c6c34-4fa1-454e-97cd-002fc77e58e8 (type: security_group_rules) to 0
2026-08-02 23:36:01.558 9 INFO neutron.db.ovn_revision_numbers_db [None req-85577508-95d5-4fef-b331-5e37dad8164d 923cc6748fa44f688578ed1b8f8cc4ad 0293b968d86b4dcda50ad6911aab7fe4 - - default default] Successfully bumped revision number for resource a542178f-d9a0-4cb2-8543-f3cbf685b3a2 (type: security_group_rules) to 0
2026-08-02 23:36:01.574 9 INFO neutron.db.ovn_revision_numbers_db [None req-85577508-95d5-4fef-b331-5e37dad8164d 923cc6748fa44f688578ed1b8f8cc4ad 0293b968d86b4dcda50ad6911aab7fe4 - - default default] Successfully bumped revision number for resource e5cf8a18-b49e-4d9f-a81a-1b9ad8df9e6e (type: security_group_rules) to 0
2026-08-02 23:36:01.591 9 INFO neutron.db.ovn_revision_numbers_db [None req-85577508-95d5-4fef-b331-5e37dad8164d 923cc6748fa44f688578ed1b8f8cc4ad 0293b968d86b4dcda50ad6911aab7fe4 - - default default] Successfully bumped revision number for resource f66f2d14-efff-4546-92c0-c24510162b30 (type: security_group_rules) to 0
2026-08-02 23:36:01.600 8 INFO neutron.wsgi [req-58a05c49-8ef8-48a0-9fb9-8133a944fae4 req-400163b9-d617-44fa-b0a8-10d860e61df7 adf2cf1c8bdd48c6ab7ce1ff39900ab3 a58fe209165a4fdbbf443341c333fb47 - - c135e7d025ad43808f7e20c2893a0803 c135e7d025ad43808f7e20c2893a0803] 10.0.0.174 "GET /v2.0/networks/1fb6ae73-f43e-48e6-b4d1-21855afff875?fields=provider%3Aphysical_network&fields=provider%3Anetwork_type HTTP/1.1" status: 200 len: 277 time: 0.0525742
2026-08-02 23:36:01.613 9 INFO neutron.wsgi [None req-85577508-95d5-4fef-b331-5e37dad8164d 923cc6748fa44f688578ed1b8f8cc4ad 0293b968d86b4dcda50ad6911aab7fe4 - - default default] 10.0.0.18 "GET /v2.0/security-groups?tenant_id=caa349435cb84842aa81e52ae30ec095&name=default HTTP/1.1" status: 200 len: 2996 time: 0.2269351
2026-08-02 23:36:01.742 9 INFO neutron.wsgi [req-4008feb5-dbb0-491b-a4e2-33dbf28cb908 req-aa99d5bf-22ed-4f7e-84ff-daf5f371f76c 972e98e415584404b57e23fd7222f353 08530d81a43445c3bbf7cca792c9dad3 - - default default] 10.0.0.174 "GET /v2.0/ports?device_id=f095e59a-993b-4c6e-a660-d38e80ba8f31 HTTP/1.1" status: 200 len: 210 time: 0.0214894
2026-08-02 23:36:01.816 9 INFO neutron.wsgi [None req-f59ebee5-ad46-49ee-a051-74d79f064f2e 923cc6748fa44f688578ed1b8f8cc4ad 0293b968d86b4dcda50ad6911aab7fe4 - - default default] 10.0.0.18 "DELETE /v2.0/security-groups/f48c8049-9364-4941-8877-4d1339181915 HTTP/1.1" status: 204 len: 168 time: 0.1976025
2026-08-02 23:36:02.404 8 INFO neutron.wsgi [req-58a05c49-8ef8-48a0-9fb9-8133a944fae4 req-9b27f632-5c8b-41b6-b853-cb416b802a9a 972e98e415584404b57e23fd7222f353 08530d81a43445c3bbf7cca792c9dad3 - - default default] 199.204.45.23 "GET /v2.0/networks?id=1fb6ae73-f43e-48e6-b4d1-21855afff875 HTTP/1.1" status: 200 len: 859 time: 0.0814703
2026-08-02 23:36:02.456 8 INFO neutron.wsgi [req-58a05c49-8ef8-48a0-9fb9-8133a944fae4 req-ee37fc2a-9138-49b3-bf5f-a85c6d3f4c58 972e98e415584404b57e23fd7222f353 08530d81a43445c3bbf7cca792c9dad3 - - default default] 199.204.45.23 "GET /v2.0/security-groups?fields=id&fields=name&tenant_id=08530d81a43445c3bbf7cca792c9dad3 HTTP/1.1" status: 200 len: 379 time: 0.0469141
2026-08-02 23:36:02.484 8 INFO neutron.wsgi [-] 10.0.0.87 "GET / HTTP/1.1" status: 200 len: 247 time: 0.0020869
2026-08-02 23:36:02.486 8 INFO neutron.wsgi [-] 10.0.0.87 "GET / HTTP/1.1" status: 200 len: 247 time: 0.0013757
2026-08-02 23:36:02.675 9 INFO neutron.db.ovn_revision_numbers_db [None req-a092d024-c9d8-45f6-b93c-e93e82de1253 923cc6748fa44f688578ed1b8f8cc4ad 0293b968d86b4dcda50ad6911aab7fe4 - - default default] Successfully bumped revision number for resource 3cf3af71-464e-4be9-8609-cf7d2e9b1c34 (type: security_groups) to 1
2026-08-02 23:36:02.690 9 INFO neutron.db.ovn_revision_numbers_db [None req-a092d024-c9d8-45f6-b93c-e93e82de1253 923cc6748fa44f688578ed1b8f8cc4ad 0293b968d86b4dcda50ad6911aab7fe4 - - default default] Successfully bumped revision number for resource 1db84344-fbed-4f70-8bc4-aeaf39f549f7 (type: security_group_rules) to 0
2026-08-02 23:36:02.713 9 INFO neutron.db.ovn_revision_numbers_db [None req-a092d024-c9d8-45f6-b93c-e93e82de1253 923cc6748fa44f688578ed1b8f8cc4ad 0293b968d86b4dcda50ad6911aab7fe4 - - default default] Successfully bumped revision number for resource 3c607b51-5c42-40e5-9940-59a6b419ec15 (type: security_group_rules) to 0
2026-08-02 23:36:02.737 9 INFO neutron.db.ovn_revision_numbers_db [None req-a092d024-c9d8-45f6-b93c-e93e82de1253 923cc6748fa44f688578ed1b8f8cc4ad 0293b968d86b4dcda50ad6911aab7fe4 - - default default] Successfully bumped revision number for resource 4af918b2-e035-452b-a22d-eab2e9846e05 (type: security_group_rules) to 0
2026-08-02 23:36:02.755 9 INFO neutron.db.ovn_revision_numbers_db [None req-a092d024-c9d8-45f6-b93c-e93e82de1253 923cc6748fa44f688578ed1b8f8cc4ad 0293b968d86b4dcda50ad6911aab7fe4 - - default default] Successfully bumped revision number for resource d4fb6dd5-2a5b-4f87-9888-26d71602ff3f (type: security_group_rules) to 0
2026-08-02 23:36:02.788 9 INFO neutron.wsgi [None req-a092d024-c9d8-45f6-b93c-e93e82de1253 923cc6748fa44f688578ed1b8f8cc4ad 0293b968d86b4dcda50ad6911aab7fe4 - - default default] 10.0.0.18 "GET /v2.0/security-groups?tenant_id=b48e03d0949043a88e42055b75aef993&name=default HTTP/1.1" status: 200 len: 2996 time: 0.4226725 /var/lib/openstack/lib/python3.10/site-packages/pycadf/identifier.py:71: UserWarning: Invalid uuid: neutron. To ensure interoperability, identifiers should be a valid uuid. warnings.warn(('Invalid uuid: %s. To ensure interoperability, '
2026-08-02 23:36:02.824 8 WARNING neutron.scheduler.dhcp_agent_scheduler [req-58a05c49-8ef8-48a0-9fb9-8133a944fae4 req-37f762da-3a0c-47e0-bd96-7fc16be9e888 972e98e415584404b57e23fd7222f353 08530d81a43445c3bbf7cca792c9dad3 - - default default] No more DHCP agents
2026-08-02 23:36:02.828 8 WARNING neutron.api.rpc.agentnotifiers.dhcp_rpc_agent_api [req-58a05c49-8ef8-48a0-9fb9-8133a944fae4 req-37f762da-3a0c-47e0-bd96-7fc16be9e888 972e98e415584404b57e23fd7222f353 08530d81a43445c3bbf7cca792c9dad3 - - default default] Unable to schedule network 1fb6ae73-f43e-48e6-b4d1-21855afff875: no agents available; will retry on subsequent port and subnet creation events.
2026-08-02 23:36:02.857 8 INFO neutron.wsgi [req-f93a6eb0-86e2-4313-9617-aad80ec4ad39 req-5204ff7e-63c1-45c6-89c5-3e0200c53670 972e98e415584404b57e23fd7222f353 08530d81a43445c3bbf7cca792c9dad3 - - default default] 10.0.0.174 "GET /v2.0/ports?device_id=f095e59a-993b-4c6e-a660-d38e80ba8f31 HTTP/1.1" status: 200 len: 1160 time: 0.0544367 /var/lib/openstack/lib/python3.10/site-packages/pycadf/identifier.py:71: UserWarning: Invalid uuid: neutron. To ensure interoperability, identifiers should be a valid uuid. warnings.warn(('Invalid uuid: %s. To ensure interoperability, '
2026-08-02 23:36:02.918 8 INFO neutron.wsgi [req-f93a6eb0-86e2-4313-9617-aad80ec4ad39 req-96fa901d-49e3-4365-8083-e8443a5d0a35 972e98e415584404b57e23fd7222f353 08530d81a43445c3bbf7cca792c9dad3 - - default default] 10.0.0.174 "GET /v2.0/security-groups?id=d9a5bb43-f18d-4e9c-ab49-745c5f2354a3&fields=id&fields=name HTTP/1.1" status: 200 len: 312 time: 0.0539880
2026-08-02 23:36:03.012 9 INFO neutron.wsgi [None req-302bc8c4-2dfe-4a96-a25c-de40511b3009 923cc6748fa44f688578ed1b8f8cc4ad 0293b968d86b4dcda50ad6911aab7fe4 - - default default] 10.0.0.18 "DELETE /v2.0/security-groups/3cf3af71-464e-4be9-8609-cf7d2e9b1c34 HTTP/1.1" status: 204 len: 168 time: 0.2192166
2026-08-02 23:36:03.025 8 INFO neutron.db.ovn_revision_numbers_db [req-58a05c49-8ef8-48a0-9fb9-8133a944fae4 req-37f762da-3a0c-47e0-bd96-7fc16be9e888 972e98e415584404b57e23fd7222f353 08530d81a43445c3bbf7cca792c9dad3 - - default default] Successfully bumped revision number for resource e0e22399-e705-4d7e-acac-226b09cea06b (type: ports) to 1
2026-08-02 23:36:03.047 8 INFO neutron.wsgi [req-58a05c49-8ef8-48a0-9fb9-8133a944fae4 req-37f762da-3a0c-47e0-bd96-7fc16be9e888 972e98e415584404b57e23fd7222f353 08530d81a43445c3bbf7cca792c9dad3 - - default default] 199.204.45.23 "POST /v2.0/ports HTTP/1.1" status: 201 len: 1162 time: 0.5853331
2026-08-02 23:36:03.288 9 INFO neutron.db.ovn_revision_numbers_db [None req-6e2c8d25-4fb9-44b3-a034-bc383a491fed 923cc6748fa44f688578ed1b8f8cc4ad 0293b968d86b4dcda50ad6911aab7fe4 - - default default] Successfully bumped revision number for resource 57e20edc-1b07-4e75-b06a-28e368785c64 (type: security_groups) to 1
2026-08-02 23:36:03.303 9 INFO neutron.db.ovn_revision_numbers_db [None req-6e2c8d25-4fb9-44b3-a034-bc383a491fed 923cc6748fa44f688578ed1b8f8cc4ad 0293b968d86b4dcda50ad6911aab7fe4 - - default default] Successfully bumped revision number for resource 1e416538-67dd-4dcc-8545-f025a722dc53 (type: security_group_rules) to 0
2026-08-02 23:36:03.316 9 INFO neutron.db.ovn_revision_numbers_db [None req-6e2c8d25-4fb9-44b3-a034-bc383a491fed 923cc6748fa44f688578ed1b8f8cc4ad 0293b968d86b4dcda50ad6911aab7fe4 - - default default] Successfully bumped revision number for resource 69204b5c-48d8-473f-a3e3-e5c83fa950d0 (type: security_group_rules) to 0
2026-08-02 23:36:03.334 9 INFO neutron.db.ovn_revision_numbers_db [None req-6e2c8d25-4fb9-44b3-a034-bc383a491fed 923cc6748fa44f688578ed1b8f8cc4ad 0293b968d86b4dcda50ad6911aab7fe4 - - default default] Successfully bumped revision number for resource b94ffa9a-e64b-4e63-9763-98c46f66fdce (type: security_group_rules) to 0
2026-08-02 23:36:03.349 9 INFO neutron.db.ovn_revision_numbers_db [None req-6e2c8d25-4fb9-44b3-a034-bc383a491fed 923cc6748fa44f688578ed1b8f8cc4ad 0293b968d86b4dcda50ad6911aab7fe4 - - default default] Successfully bumped revision number for resource c512d13b-3d5b-486a-b540-9278a4dacd60 (type: security_group_rules) to 0
2026-08-02 23:36:03.372 9 INFO neutron.wsgi [None req-6e2c8d25-4fb9-44b3-a034-bc383a491fed 923cc6748fa44f688578ed1b8f8cc4ad 0293b968d86b4dcda50ad6911aab7fe4 - - default default] 10.0.0.18 "GET /v2.0/security-groups?tenant_id=5f4137a1822149be8c089439b6b61413&name=default HTTP/1.1" status: 200 len: 2996 time: 0.1885831
2026-08-02 23:36:03.569 9 INFO neutron.wsgi [None req-80ab5ea6-10b2-4c74-8770-946059dc826a 923cc6748fa44f688578ed1b8f8cc4ad 0293b968d86b4dcda50ad6911aab7fe4 - - default default] 10.0.0.18 "DELETE /v2.0/security-groups/57e20edc-1b07-4e75-b06a-28e368785c64 HTTP/1.1" status: 204 len: 168 time: 0.1930902
2026-08-02 23:36:03.656 8 INFO neutron.db.ovn_revision_numbers_db [req-58a05c49-8ef8-48a0-9fb9-8133a944fae4 req-2110dbd5-8b99-4a79-ad69-caa6e76b9ef9 adf2cf1c8bdd48c6ab7ce1ff39900ab3 a58fe209165a4fdbbf443341c333fb47 - - c135e7d025ad43808f7e20c2893a0803 c135e7d025ad43808f7e20c2893a0803] Successfully bumped revision number for resource e0e22399-e705-4d7e-acac-226b09cea06b (type: ports) to 2
2026-08-02 23:36:03.867 8 INFO neutron.db.ovn_revision_numbers_db [req-58a05c49-8ef8-48a0-9fb9-8133a944fae4 req-2110dbd5-8b99-4a79-ad69-caa6e76b9ef9 adf2cf1c8bdd48c6ab7ce1ff39900ab3 a58fe209165a4fdbbf443341c333fb47 - - c135e7d025ad43808f7e20c2893a0803 c135e7d025ad43808f7e20c2893a0803] Successfully bumped revision number for resource e0e22399-e705-4d7e-acac-226b09cea06b (type: ports) to 2
2026-08-02 23:36:03.884 8 INFO neutron.wsgi [req-58a05c49-8ef8-48a0-9fb9-8133a944fae4 req-2110dbd5-8b99-4a79-ad69-caa6e76b9ef9 adf2cf1c8bdd48c6ab7ce1ff39900ab3 a58fe209165a4fdbbf443341c333fb47 - - c135e7d025ad43808f7e20c2893a0803 c135e7d025ad43808f7e20c2893a0803] 199.204.45.23 "PUT /v2.0/ports/e0e22399-e705-4d7e-acac-226b09cea06b HTTP/1.1" status: 200 len: 1380 time: 0.8301613 /var/lib/openstack/lib/python3.10/site-packages/pycadf/identifier.py:71: UserWarning: Invalid uuid: neutron. To ensure interoperability, identifiers should be a valid uuid. warnings.warn(('Invalid uuid: %s. To ensure interoperability, '
2026-08-02 23:36:03.930 8 INFO neutron.notifiers.nova [-] Nova event matching ['req-5b8b670a-83f3-4cfe-87d0-78733475988e'] response: {'name': 'network-changed', 'server_uuid': 'f095e59a-993b-4c6e-a660-d38e80ba8f31', 'tag': 'e0e22399-e705-4d7e-acac-226b09cea06b', 'status': 'completed', 'code': 200}
2026-08-02 23:36:03.948 8 INFO neutron.wsgi [req-58a05c49-8ef8-48a0-9fb9-8133a944fae4 req-677cfaec-f903-4d91-ae79-2f030429ecf7 adf2cf1c8bdd48c6ab7ce1ff39900ab3 a58fe209165a4fdbbf443341c333fb47 - - c135e7d025ad43808f7e20c2893a0803 c135e7d025ad43808f7e20c2893a0803] 199.204.45.23 "GET /v2.0/ports?tenant_id=08530d81a43445c3bbf7cca792c9dad3&device_id=f095e59a-993b-4c6e-a660-d38e80ba8f31 HTTP/1.1" status: 200 len: 1411 time: 0.0302627
2026-08-02 23:36:03.978 8 INFO neutron.wsgi [req-58a05c49-8ef8-48a0-9fb9-8133a944fae4 req-8ad2c8c5-e353-4a44-9d74-46280ec3c83a adf2cf1c8bdd48c6ab7ce1ff39900ab3 a58fe209165a4fdbbf443341c333fb47 - - c135e7d025ad43808f7e20c2893a0803 c135e7d025ad43808f7e20c2893a0803] 199.204.45.23 "GET /v2.0/floatingips?fixed_ip_address=10.100.0.12&port_id=e0e22399-e705-4d7e-acac-226b09cea06b HTTP/1.1" status: 200 len: 217 time: 0.0224166
2026-08-02 23:36:04.024 8 INFO neutron.wsgi [req-d5f226e4-95a1-474b-8b64-710fdeaa26e9 req-98a10cb3-a1a3-4a40-84c4-acb88bbc0553 972e98e415584404b57e23fd7222f353 08530d81a43445c3bbf7cca792c9dad3 - - default default] 10.0.0.174 "GET /v2.0/ports?device_id=f095e59a-993b-4c6e-a660-d38e80ba8f31 HTTP/1.1" status: 200 len: 1172 time: 0.0432215
2026-08-02 23:36:04.027 8 INFO neutron.wsgi [req-58a05c49-8ef8-48a0-9fb9-8133a944fae4 req-1b3f8c8a-ba59-403d-9e75-4b880ebcd4e6 adf2cf1c8bdd48c6ab7ce1ff39900ab3 a58fe209165a4fdbbf443341c333fb47 - - c135e7d025ad43808f7e20c2893a0803 c135e7d025ad43808f7e20c2893a0803] 199.204.45.23 "GET /v2.0/subnets?id=098dcb10-bdf3-4a5b-a4e9-939114cd1e5b HTTP/1.1" status: 200 len: 852 time: 0.0403645
2026-08-02 23:36:04.053 8 INFO neutron.wsgi [req-58a05c49-8ef8-48a0-9fb9-8133a944fae4 req-f50f72bd-323a-4d54-8a4b-142830ddfecd adf2cf1c8bdd48c6ab7ce1ff39900ab3 a58fe209165a4fdbbf443341c333fb47 - - c135e7d025ad43808f7e20c2893a0803 c135e7d025ad43808f7e20c2893a0803] 199.204.45.23 "GET /v2.0/ports?network_id=1fb6ae73-f43e-48e6-b4d1-21855afff875&device_owner=network%3Adhcp HTTP/1.1" status: 200 len: 210 time: 0.0179267
2026-08-02 23:36:04.085 8 INFO neutron.wsgi [req-d5f226e4-95a1-474b-8b64-710fdeaa26e9 req-11a83092-85ea-4091-a442-8f6628cf2f1d 972e98e415584404b57e23fd7222f353 08530d81a43445c3bbf7cca792c9dad3 - - default default] 10.0.0.174 "GET /v2.0/security-groups?id=d9a5bb43-f18d-4e9c-ab49-745c5f2354a3&fields=id&fields=name HTTP/1.1" status: 200 len: 312 time: 0.0559072
2026-08-02 23:36:04.121 8 INFO neutron.wsgi [req-58a05c49-8ef8-48a0-9fb9-8133a944fae4 req-8d65382b-2ea6-4ffe-924f-596a2c2e9ed7 adf2cf1c8bdd48c6ab7ce1ff39900ab3 a58fe209165a4fdbbf443341c333fb47 - - c135e7d025ad43808f7e20c2893a0803 c135e7d025ad43808f7e20c2893a0803] 199.204.45.23 "GET /v2.0/networks/1fb6ae73-f43e-48e6-b4d1-21855afff875?fields=segments HTTP/1.1" status: 200 len: 212 time: 0.0585840
2026-08-02 23:36:04.185 8 INFO neutron.wsgi [req-58a05c49-8ef8-48a0-9fb9-8133a944fae4 req-86d0d217-5383-49f3-a588-43da0bee9a52 adf2cf1c8bdd48c6ab7ce1ff39900ab3 a58fe209165a4fdbbf443341c333fb47 - - c135e7d025ad43808f7e20c2893a0803 c135e7d025ad43808f7e20c2893a0803] 199.204.45.23 "GET /v2.0/networks/1fb6ae73-f43e-48e6-b4d1-21855afff875?fields=provider%3Aphysical_network&fields=provider%3Anetwork_type HTTP/1.1" status: 200 len: 277 time: 0.0558393
2026-08-02 23:36:04.257 8 WARNING neutron.plugins.ml2.drivers.ovn.mech_driver.ovsdb.ovn_client [None req-fcb676ba-0c1b-49a8-bfef-18b915a3fe5a - - - - - -] No hosting information found for port 7393c20e-4d95-4c09-aafb-f63e961e7085: RuntimeError: No hosting information found for port 7393c20e-4d95-4c09-aafb-f63e961e7085
2026-08-02 23:36:04.270 8 INFO neutron.wsgi [req-3d3da74c-a4c4-42fa-9097-d1fb46e54f79 req-4449813c-d673-45e6-94d0-e9fdcf1982b7 adf2cf1c8bdd48c6ab7ce1ff39900ab3 a58fe209165a4fdbbf443341c333fb47 - - c135e7d025ad43808f7e20c2893a0803 c135e7d025ad43808f7e20c2893a0803] 199.204.45.23 "GET /v2.0/ports?tenant_id=08530d81a43445c3bbf7cca792c9dad3&device_id=f095e59a-993b-4c6e-a660-d38e80ba8f31 HTTP/1.1" status: 200 len: 1411 time: 0.0406051
2026-08-02 23:36:04.336 8 INFO neutron.wsgi [req-3d3da74c-a4c4-42fa-9097-d1fb46e54f79 req-f0890e43-bc53-46a0-944b-1455336f70c0 adf2cf1c8bdd48c6ab7ce1ff39900ab3 a58fe209165a4fdbbf443341c333fb47 - - c135e7d025ad43808f7e20c2893a0803 c135e7d025ad43808f7e20c2893a0803] 199.204.45.23 "GET /v2.0/networks?id=1fb6ae73-f43e-48e6-b4d1-21855afff875 HTTP/1.1" status: 200 len: 958 time: 0.0575242
2026-08-02 23:36:04.375 8 INFO neutron.wsgi [req-3d3da74c-a4c4-42fa-9097-d1fb46e54f79 req-3c38fc71-78d8-4643-a108-3cb99ee1f4a8 adf2cf1c8bdd48c6ab7ce1ff39900ab3 a58fe209165a4fdbbf443341c333fb47 - - c135e7d025ad43808f7e20c2893a0803 c135e7d025ad43808f7e20c2893a0803] 199.204.45.23 "GET /v2.0/floatingips?fixed_ip_address=10.100.0.12&port_id=e0e22399-e705-4d7e-acac-226b09cea06b HTTP/1.1" status: 200 len: 217 time: 0.0305192
2026-08-02 23:36:04.398 9 INFO neutron.plugins.ml2.drivers.ovn.mech_driver.mech_driver [None req-bf9bff8a-3d16-4dfa-9d12-c8fa844a4f4d - - - - - -] OVN reports status up for port: e0e22399-e705-4d7e-acac-226b09cea06b
2026-08-02 23:36:04.410 9 INFO neutron.plugins.ml2.plugin [None req-bf9bff8a-3d16-4dfa-9d12-c8fa844a4f4d - - - - - -] Attempt 1 to provision port e0e22399-e705-4d7e-acac-226b09cea06b
2026-08-02 23:36:04.424 8 INFO neutron.wsgi [req-3d3da74c-a4c4-42fa-9097-d1fb46e54f79 req-9bc11564-53fc-4a25-859c-d01daed94969 adf2cf1c8bdd48c6ab7ce1ff39900ab3 a58fe209165a4fdbbf443341c333fb47 - - c135e7d025ad43808f7e20c2893a0803 c135e7d025ad43808f7e20c2893a0803] 199.204.45.23 "GET /v2.0/subnets?id=098dcb10-bdf3-4a5b-a4e9-939114cd1e5b HTTP/1.1" status: 200 len: 852 time: 0.0426862
2026-08-02 23:36:04.446 8 INFO neutron.wsgi [req-3d3da74c-a4c4-42fa-9097-d1fb46e54f79 req-863fb6fa-482d-44aa-8e9f-6ed1f83d4ea8 adf2cf1c8bdd48c6ab7ce1ff39900ab3 a58fe209165a4fdbbf443341c333fb47 - - c135e7d025ad43808f7e20c2893a0803 c135e7d025ad43808f7e20c2893a0803] 199.204.45.23 "GET /v2.0/ports?network_id=1fb6ae73-f43e-48e6-b4d1-21855afff875&device_owner=network%3Adhcp HTTP/1.1" status: 200 len: 210 time: 0.0173070
2026-08-02 23:36:04.521 8 INFO neutron.wsgi [req-3d3da74c-a4c4-42fa-9097-d1fb46e54f79 req-e550409f-d8e0-471b-a67a-5a3f76fe2e00 adf2cf1c8bdd48c6ab7ce1ff39900ab3 a58fe209165a4fdbbf443341c333fb47 - - c135e7d025ad43808f7e20c2893a0803 c135e7d025ad43808f7e20c2893a0803] 199.204.45.23 "GET /v2.0/networks/1fb6ae73-f43e-48e6-b4d1-21855afff875?fields=segments HTTP/1.1" status: 200 len: 212 time: 0.0697730
2026-08-02 23:36:04.565 9 INFO neutron.notifiers.nova [-] Nova event matching ['req-331cfdc3-977e-47f9-9375-433dd431035c'] response: {'server_uuid': 'f095e59a-993b-4c6e-a660-d38e80ba8f31', 'name': 'network-vif-plugged', 'status': 'completed', 'tag': 'e0e22399-e705-4d7e-acac-226b09cea06b', 'code': 200}
2026-08-02 23:36:04.608 8 INFO neutron.wsgi [req-3d3da74c-a4c4-42fa-9097-d1fb46e54f79 req-5cd67dfa-0238-4138-b59a-b71b0e53efd3 adf2cf1c8bdd48c6ab7ce1ff39900ab3 a58fe209165a4fdbbf443341c333fb47 - - c135e7d025ad43808f7e20c2893a0803 c135e7d025ad43808f7e20c2893a0803] 199.204.45.23 "GET /v2.0/networks/1fb6ae73-f43e-48e6-b4d1-21855afff875?fields=provider%3Aphysical_network&fields=provider%3Anetwork_type HTTP/1.1" status: 200 len: 277 time: 0.0816362
2026-08-02 23:36:04.772 9 INFO neutron.db.ovn_revision_numbers_db [None req-bf9bff8a-3d16-4dfa-9d12-c8fa844a4f4d - - - - - -] Successfully bumped revision number for resource e0e22399-e705-4d7e-acac-226b09cea06b (type: ports) to 4
2026-08-02 23:36:05.197 8 INFO neutron.wsgi [req-57205ad5-7959-4b3e-bd54-9ac0de14a9ac req-b5b192a8-40d2-4c95-862c-5a6636e1c5da 972e98e415584404b57e23fd7222f353 08530d81a43445c3bbf7cca792c9dad3 - - default default] 10.0.0.174 "GET /v2.0/ports?device_id=f095e59a-993b-4c6e-a660-d38e80ba8f31 HTTP/1.1" status: 200 len: 1174 time: 0.0446374
2026-08-02 23:36:05.253 8 INFO neutron.wsgi [req-57205ad5-7959-4b3e-bd54-9ac0de14a9ac req-ce7a7585-df81-434a-b28d-9860f698be1a 972e98e415584404b57e23fd7222f353 08530d81a43445c3bbf7cca792c9dad3 - - default default] 10.0.0.174 "GET /v2.0/security-groups?id=d9a5bb43-f18d-4e9c-ab49-745c5f2354a3&fields=id&fields=name HTTP/1.1" status: 200 len: 312 time: 0.0498564
2026-08-02 23:36:05.929 8 INFO neutron.db.ovn_revision_numbers_db [None req-0461f285-9b05-4710-9bd8-2b1a6468fdb4 923cc6748fa44f688578ed1b8f8cc4ad 0293b968d86b4dcda50ad6911aab7fe4 - - default default] Successfully bumped revision number for resource f32f668b-d75a-4003-9737-a1d7de56af8b (type: security_groups) to 1
2026-08-02 23:36:05.949 8 INFO neutron.db.ovn_revision_numbers_db [None req-0461f285-9b05-4710-9bd8-2b1a6468fdb4 923cc6748fa44f688578ed1b8f8cc4ad 0293b968d86b4dcda50ad6911aab7fe4 - - default default] Successfully bumped revision number for resource 085fe304-538f-4a53-b6be-66c800b0a708 (type: security_group_rules) to 0
2026-08-02 23:36:05.963 8 INFO neutron.db.ovn_revision_numbers_db [None req-0461f285-9b05-4710-9bd8-2b1a6468fdb4 923cc6748fa44f688578ed1b8f8cc4ad 0293b968d86b4dcda50ad6911aab7fe4 - - default default] Successfully bumped revision number for resource b73ac1c0-4d91-4eda-9a88-3c43373c29ee (type: security_group_rules) to 0
2026-08-02 23:36:05.980 8 INFO neutron.db.ovn_revision_numbers_db [None req-0461f285-9b05-4710-9bd8-2b1a6468fdb4 923cc6748fa44f688578ed1b8f8cc4ad 0293b968d86b4dcda50ad6911aab7fe4 - - default default] Successfully bumped revision number for resource b73bf8ad-e185-4857-9baf-9b383e33a67c (type: security_group_rules) to 0
2026-08-02 23:36:05.994 8 INFO neutron.db.ovn_revision_numbers_db [None req-0461f285-9b05-4710-9bd8-2b1a6468fdb4 923cc6748fa44f688578ed1b8f8cc4ad 0293b968d86b4dcda50ad6911aab7fe4 - - default default] Successfully bumped revision number for resource b87f3271-d77c-41ec-a6c6-88d9c56fabfd (type: security_group_rules) to 0
2026-08-02 23:36:06.022 8 INFO neutron.wsgi [None req-0461f285-9b05-4710-9bd8-2b1a6468fdb4 923cc6748fa44f688578ed1b8f8cc4ad 0293b968d86b4dcda50ad6911aab7fe4 - - default default] 10.0.0.18 "GET /v2.0/security-groups?tenant_id=51db8faa1b6d47debf50a15d0f9533e3&name=default HTTP/1.1" status: 200 len: 2996 time: 0.3224580 /var/lib/openstack/lib/python3.10/site-packages/pycadf/identifier.py:71: UserWarning: Invalid uuid: neutron. To ensure interoperability, identifiers should be a valid uuid. warnings.warn(('Invalid uuid: %s. To ensure interoperability, '
2026-08-02 23:36:06.219 9 INFO neutron.wsgi [None req-edfb3844-b8c2-44b9-96d8-c29b430814f4 923cc6748fa44f688578ed1b8f8cc4ad 0293b968d86b4dcda50ad6911aab7fe4 - - default default] 10.0.0.18 "DELETE /v2.0/security-groups/f32f668b-d75a-4003-9737-a1d7de56af8b HTTP/1.1" status: 204 len: 168 time: 0.1916800
2026-08-02 23:36:06.412 9 INFO neutron.wsgi [req-e3a434b1-c05f-403d-b9ee-ac197dbc1f1a req-98f009c6-3277-4ebd-b81a-af36249cb63c 972e98e415584404b57e23fd7222f353 08530d81a43445c3bbf7cca792c9dad3 - - default default] 10.0.0.174 "GET /v2.0/ports?device_id=f095e59a-993b-4c6e-a660-d38e80ba8f31 HTTP/1.1" status: 200 len: 1174 time: 0.1055954
2026-08-02 23:36:06.457 9 INFO neutron.wsgi [req-e3a434b1-c05f-403d-b9ee-ac197dbc1f1a req-0309a1ac-2731-4e34-a0b7-26e893fef1a2 972e98e415584404b57e23fd7222f353 08530d81a43445c3bbf7cca792c9dad3 - - default default] 10.0.0.174 "GET /v2.0/security-groups?id=d9a5bb43-f18d-4e9c-ab49-745c5f2354a3&fields=id&fields=name HTTP/1.1" status: 200 len: 312 time: 0.0366824
2026-08-02 23:36:06.507 8 INFO neutron.db.ovn_revision_numbers_db [None req-d2c8b21d-86e8-4af6-9d2a-31edea16e315 923cc6748fa44f688578ed1b8f8cc4ad 0293b968d86b4dcda50ad6911aab7fe4 - - default default] Successfully bumped revision number for resource ae46129e-7b80-43f3-82c3-3eb09bb0affe (type: security_groups) to 1
2026-08-02 23:36:06.522 8 INFO neutron.db.ovn_revision_numbers_db [None req-d2c8b21d-86e8-4af6-9d2a-31edea16e315 923cc6748fa44f688578ed1b8f8cc4ad 0293b968d86b4dcda50ad6911aab7fe4 - - default default] Successfully bumped revision number for resource 00d278c2-e071-467a-9177-ce1e04fec25c (type: security_group_rules) to 0
2026-08-02 23:36:06.559 8 INFO neutron.db.ovn_revision_numbers_db [None req-d2c8b21d-86e8-4af6-9d2a-31edea16e315 923cc6748fa44f688578ed1b8f8cc4ad 0293b968d86b4dcda50ad6911aab7fe4 - - default default] Successfully bumped revision number for resource 0f7c810f-4e8f-4577-84b9-6d6e1dafb474 (type: security_group_rules) to 0
2026-08-02 23:36:06.602 9 INFO neutron.notifiers.nova [-] Nova event matching ['req-87efb394-6976-4b1a-856d-8d89dc68b81e'] response: {'server_uuid': 'f095e59a-993b-4c6e-a660-d38e80ba8f31', 'name': 'network-vif-plugged', 'status': 'completed', 'tag': 'e0e22399-e705-4d7e-acac-226b09cea06b', 'code': 200}
2026-08-02 23:36:06.604 8 INFO neutron.db.ovn_revision_numbers_db [None req-d2c8b21d-86e8-4af6-9d2a-31edea16e315 923cc6748fa44f688578ed1b8f8cc4ad 0293b968d86b4dcda50ad6911aab7fe4 - - default default] Successfully bumped revision number for resource d8763734-1fd5-418f-8e1d-cf370691f33a (type: security_group_rules) to 0
2026-08-02 23:36:06.638 8 INFO neutron.db.ovn_revision_numbers_db [None req-d2c8b21d-86e8-4af6-9d2a-31edea16e315 923cc6748fa44f688578ed1b8f8cc4ad 0293b968d86b4dcda50ad6911aab7fe4 - - default default] Successfully bumped revision number for resource d9e9fdb6-e6bc-4300-9cfe-14600d194ab8 (type: security_group_rules) to 0
2026-08-02 23:36:06.651 8 INFO neutron.wsgi [None req-e36d2dad-1655-4bf8-879b-4b84f7572508 4bbb0571a88a48e0bd4ebce22d64d51e 633bf39b75414a2bb12cf2d524f9434e - - default default] 10.0.0.18 "POST /v2.0/qos/policies HTTP/1.1" status: 201 len: 558 time: 0.3798244
2026-08-02 23:36:06.666 8 INFO neutron.wsgi [req-f4490d00-ffd0-4fa6-973c-b732cc955bd1 req-778a0010-da3e-4335-955f-2b6a7a0b71a3 972e98e415584404b57e23fd7222f353 08530d81a43445c3bbf7cca792c9dad3 - - default default] 10.0.0.174 "GET /v2.0/ports?device_id=f095e59a-993b-4c6e-a660-d38e80ba8f31 HTTP/1.1" status: 200 len: 1174 time: 0.1423416
2026-08-02 23:36:06.672 8 INFO neutron.wsgi [None req-d2c8b21d-86e8-4af6-9d2a-31edea16e315 923cc6748fa44f688578ed1b8f8cc4ad 0293b968d86b4dcda50ad6911aab7fe4 - - default default] 10.0.0.18 "GET /v2.0/security-groups?tenant_id=cb547c114892464e9f9311e31e040782&name=default HTTP/1.1" status: 200 len: 2996 time: 0.2965474
2026-08-02 23:36:06.712 8 INFO neutron.wsgi [req-f4490d00-ffd0-4fa6-973c-b732cc955bd1 req-a81f9fd9-1a7c-42f7-a183-e8e171f41688 972e98e415584404b57e23fd7222f353 08530d81a43445c3bbf7cca792c9dad3 - - default default] 10.0.0.174 "GET /v2.0/security-groups?id=d9a5bb43-f18d-4e9c-ab49-745c5f2354a3&fields=id&fields=name HTTP/1.1" status: 200 len: 312 time: 0.0379171
2026-08-02 23:36:06.752 9 INFO neutron.wsgi [None req-46679e5e-9b42-44af-b4b0-db9d9999385a 4bbb0571a88a48e0bd4ebce22d64d51e 633bf39b75414a2bb12cf2d524f9434e - - default default] 10.0.0.18 "POST /v2.0/qos/policies HTTP/1.1" status: 201 len: 558 time: 0.0964046
2026-08-02 23:36:06.801 8 INFO neutron.wsgi [None req-d35ce2ba-f2ce-4708-b359-4e4fc45dd1b7 974f7aebe4934f9ab6f5640e396cef1b d3b8b8b4767542c9855ed27755681a77 - - default default] 10.0.0.18 "GET /v2.0/ports?device_id=f095e59a-993b-4c6e-a660-d38e80ba8f31 HTTP/1.1" status: 200 len: 1408 time: 0.0621247
2026-08-02 23:36:06.824 9 INFO neutron.wsgi [None req-61765171-5a8d-4eae-a0f1-61b7d6e823a8 4bbb0571a88a48e0bd4ebce22d64d51e 633bf39b75414a2bb12cf2d524f9434e - - default default] 10.0.0.18 "POST /v2.0/qos/policies HTTP/1.1" status: 201 len: 558 time: 0.0663221
2026-08-02 23:36:06.878 9 INFO neutron.wsgi [None req-5e80ac54-a000-4b42-acb7-cd2ba2ba4e97 4bbb0571a88a48e0bd4ebce22d64d51e 633bf39b75414a2bb12cf2d524f9434e - - default default] 10.0.0.18 "POST /v2.0/qos/policies HTTP/1.1" status: 201 len: 558 time: 0.0485806
2026-08-02 23:36:06.934 9 INFO neutron.wsgi [None req-f1082af4-8ec4-4f6e-b9a3-95f1d7507d83 4bbb0571a88a48e0bd4ebce22d64d51e 633bf39b75414a2bb12cf2d524f9434e - - default default] 10.0.0.18 "POST /v2.0/qos/policies HTTP/1.1" status: 201 len: 558 time: 0.0491509
2026-08-02 23:36:06.943 9 INFO neutron.wsgi [None req-ed623c10-e97b-4794-a1ff-a387c2fe24f8 923cc6748fa44f688578ed1b8f8cc4ad 0293b968d86b4dcda50ad6911aab7fe4 - - default default] 10.0.0.18 "DELETE /v2.0/security-groups/ae46129e-7b80-43f3-82c3-3eb09bb0affe HTTP/1.1" status: 204 len: 168 time: 0.2584395
2026-08-02 23:36:06.974 8 INFO neutron.wsgi [None req-b5302f5a-e989-41f4-96cc-5187c7f6dd13 4bbb0571a88a48e0bd4ebce22d64d51e 633bf39b75414a2bb12cf2d524f9434e - - default default] 10.0.0.18 "PUT /v2.0/policies/de10ec11-9989-46f3-9888-e2d7b6415f06/tags HTTP/1.1" status: 200 len: 210 time: 0.0361671
2026-08-02 23:36:07.013 9 INFO neutron.wsgi [None req-0eee5fa7-6d8d-48bd-a0eb-3230a9a1a2f9 4bbb0571a88a48e0bd4ebce22d64d51e 633bf39b75414a2bb12cf2d524f9434e - - default default] 10.0.0.18 "PUT /v2.0/policies/a00835b0-f378-40d4-b9a6-316fc15687a9/tags HTTP/1.1" status: 200 len: 218 time: 0.0310218
2026-08-02 23:36:07.051 9 INFO neutron.wsgi [None req-f30cb0a3-3f00-450e-a5a3-4fa744d3aa04 4bbb0571a88a48e0bd4ebce22d64d51e 633bf39b75414a2bb12cf2d524f9434e - - default default] 10.0.0.18 "PUT /v2.0/policies/c1b7f53d-9f2d-42c1-b033-8161b9cd157f/tags HTTP/1.1" status: 200 len: 227 time: 0.0334001
2026-08-02 23:36:07.086 9 INFO neutron.wsgi [None req-b2c3c11f-e53a-4757-bf3f-cc6cf2e01ae0 4bbb0571a88a48e0bd4ebce22d64d51e 633bf39b75414a2bb12cf2d524f9434e - - default default] 10.0.0.18 "PUT /v2.0/policies/924bb130-a2da-47fa-8f84-af25ba03d4f1/tags HTTP/1.1" status: 200 len: 212 time: 0.0271862
2026-08-02 23:36:07.103 8 WARNING neutron.scheduler.dhcp_agent_scheduler [None req-fb2a5086-02f6-4b49-8317-30c60ba30b4a 972e98e415584404b57e23fd7222f353 08530d81a43445c3bbf7cca792c9dad3 - - default default] No more DHCP agents
2026-08-02 23:36:07.106 8 WARNING neutron.api.rpc.agentnotifiers.dhcp_rpc_agent_api [None req-fb2a5086-02f6-4b49-8317-30c60ba30b4a 972e98e415584404b57e23fd7222f353 08530d81a43445c3bbf7cca792c9dad3 - - default default] Unable to schedule network bc1478aa-9c23-44fe-b1b0-e955580e29bb: no agents available; will retry on subsequent port and subnet creation events.
2026-08-02 23:36:07.556 8 INFO neutron.db.l3_db [None req-fb2a5086-02f6-4b49-8317-30c60ba30b4a 972e98e415584404b57e23fd7222f353 08530d81a43445c3bbf7cca792c9dad3 - - default default] Floating IP e6588cab-fbb8-4584-8297-8353b5b347cc associated. External IP: 10.96.250.205, port: e0e22399-e705-4d7e-acac-226b09cea06b.
