2026-08-02 23:34:19.681 9 INFO neutron.services.segments.plugin [-] Segment eac4bb28-a990-482d-9d05-7f884dcb2880 resource provider not found; error: Placement Client Error (4xx): {"errors": [{"status": 404, "title": "Not Found", "detail": "The resource could not be found.\n\n No resource provider with uuid eac4bb28-a990-482d-9d05-7f884dcb2880 found for delete ", "request_id": "req-6507cedc-5d06-434e-b6bb-315c7cd71fd5"}]}
2026-08-02 23:34:19.684 9 INFO neutron.services.segments.plugin [-] Segment eac4bb28-a990-482d-9d05-7f884dcb2880 resource provider not found; error: Placement Client Error (4xx): {"errors": [{"status": 404, "title": "Not Found", "detail": "The resource could not be found.\n\n No resource provider with uuid eac4bb28-a990-482d-9d05-7f884dcb2880 found for delete ", "request_id": "req-b81c8144-c402-4694-abd1-336423ee25b2"}]}
2026-08-02 23:34:19.725 8 INFO neutron.wsgi [None req-57e8123d-3677-4c1d-a3ff-738c0d89245a 923cc6748fa44f688578ed1b8f8cc4ad 0293b968d86b4dcda50ad6911aab7fe4 - - default default] 10.0.0.18 "DELETE /v2.0/security-groups/91a61b15-4eff-48e5-ab18-7558b10e4b39 HTTP/1.1" status: 204 len: 168 time: 0.3288324
2026-08-02 23:34:19.789 8 INFO neutron.notifiers.nova [-] Nova event matching ['req-1e4070b3-a8d8-4330-b909-967648684015'] response: {'name': 'network-changed', 'server_uuid': '6464aafe-0168-4a4c-aa7e-a99b046c65c0', 'tag': '1ca69144-5ec6-4c05-b572-b260a5806050', 'status': 'completed', 'code': 200}
2026-08-02 23:34:19.860 8 INFO neutron.wsgi [req-5ce0bc5c-055b-4d53-a038-207899a0063a req-5af8fe66-4935-4a24-86f0-ece46a992dc4 adf2cf1c8bdd48c6ab7ce1ff39900ab3 a58fe209165a4fdbbf443341c333fb47 - - c135e7d025ad43808f7e20c2893a0803 c135e7d025ad43808f7e20c2893a0803] 199.204.45.23 "GET /v2.0/ports?tenant_id=8b6a73b532274d4a8ecc04e110346d73&device_id=6464aafe-0168-4a4c-aa7e-a99b046c65c0 HTTP/1.1" status: 200 len: 1407 time: 0.0340834
2026-08-02 23:34:19.947 8 INFO neutron.wsgi [req-5ce0bc5c-055b-4d53-a038-207899a0063a req-2eb05ec5-2bb3-4552-803b-98f0f20f6b2f adf2cf1c8bdd48c6ab7ce1ff39900ab3 a58fe209165a4fdbbf443341c333fb47 - - c135e7d025ad43808f7e20c2893a0803 c135e7d025ad43808f7e20c2893a0803] 199.204.45.23 "GET /v2.0/networks?id=252714e1-7f99-428d-b951-0371c158fef3 HTTP/1.1" status: 200 len: 973 time: 0.0761139
2026-08-02 23:34:19.988 8 INFO neutron.wsgi [req-5ce0bc5c-055b-4d53-a038-207899a0063a req-1fee7135-e2cd-4b20-aa54-dfa51cab4543 adf2cf1c8bdd48c6ab7ce1ff39900ab3 a58fe209165a4fdbbf443341c333fb47 - - c135e7d025ad43808f7e20c2893a0803 c135e7d025ad43808f7e20c2893a0803] 199.204.45.23 "GET /v2.0/floatingips?fixed_ip_address=10.100.0.8&port_id=1ca69144-5ec6-4c05-b572-b260a5806050 HTTP/1.1" status: 200 len: 217 time: 0.0307956
2026-08-02 23:34:20.049 8 INFO neutron.wsgi [req-5ce0bc5c-055b-4d53-a038-207899a0063a req-eb734b18-c53c-4a08-9229-9514b00b2833 adf2cf1c8bdd48c6ab7ce1ff39900ab3 a58fe209165a4fdbbf443341c333fb47 - - c135e7d025ad43808f7e20c2893a0803 c135e7d025ad43808f7e20c2893a0803] 199.204.45.23 "GET /v2.0/subnets?id=9684d084-fc0b-437a-b814-4bccdec710a1 HTTP/1.1" status: 200 len: 868 time: 0.0306773
2026-08-02 23:34:20.089 8 INFO neutron.wsgi [req-5ce0bc5c-055b-4d53-a038-207899a0063a req-200be87d-ba25-4f2f-9386-c77cf97ba86a adf2cf1c8bdd48c6ab7ce1ff39900ab3 a58fe209165a4fdbbf443341c333fb47 - - c135e7d025ad43808f7e20c2893a0803 c135e7d025ad43808f7e20c2893a0803] 199.204.45.23 "GET /v2.0/ports?network_id=252714e1-7f99-428d-b951-0371c158fef3&device_owner=network%3Adhcp HTTP/1.1" status: 200 len: 210 time: 0.0210547
2026-08-02 23:34:20.156 8 INFO neutron.wsgi [req-5ce0bc5c-055b-4d53-a038-207899a0063a req-aa71e4e8-5fd7-4f38-96fd-5389543cd18a adf2cf1c8bdd48c6ab7ce1ff39900ab3 a58fe209165a4fdbbf443341c333fb47 - - c135e7d025ad43808f7e20c2893a0803 c135e7d025ad43808f7e20c2893a0803] 199.204.45.23 "GET /v2.0/networks/252714e1-7f99-428d-b951-0371c158fef3?fields=segments HTTP/1.1" status: 200 len: 212 time: 0.0579545
2026-08-02 23:34:20.221 8 INFO neutron.wsgi [req-5ce0bc5c-055b-4d53-a038-207899a0063a req-df3b78e8-8cd2-46fc-a8a8-6522e028faa4 adf2cf1c8bdd48c6ab7ce1ff39900ab3 a58fe209165a4fdbbf443341c333fb47 - - c135e7d025ad43808f7e20c2893a0803 c135e7d025ad43808f7e20c2893a0803] 199.204.45.23 "GET /v2.0/networks/252714e1-7f99-428d-b951-0371c158fef3?fields=provider%3Aphysical_network&fields=provider%3Anetwork_type HTTP/1.1" status: 200 len: 277 time: 0.0581501
2026-08-02 23:34:20.547 9 INFO neutron.wsgi [req-434332fc-8060-4e1e-b305-05a6442ec4b6 req-5cf7d5a9-1ca4-41b0-ba46-7683c0262807 2d19c0b8c23348bf88fc5ff0b9e2f7dd 8b6a73b532274d4a8ecc04e110346d73 - - default default] 10.0.0.174 "GET /v2.0/ports?device_id=6464aafe-0168-4a4c-aa7e-a99b046c65c0 HTTP/1.1" status: 200 len: 1168 time: 0.0366933
2026-08-02 23:34:20.596 9 INFO neutron.wsgi [req-434332fc-8060-4e1e-b305-05a6442ec4b6 req-0f14cd5f-4baa-45ec-a3c6-45e7423653d8 2d19c0b8c23348bf88fc5ff0b9e2f7dd 8b6a73b532274d4a8ecc04e110346d73 - - default default] 10.0.0.174 "GET /v2.0/security-groups?id=0a400013-77ce-4f9e-8a97-f572f64152f8&fields=id&fields=name HTTP/1.1" status: 200 len: 313 time: 0.0388651
2026-08-02 23:34:21.186 8 INFO neutron.wsgi [req-aa31fbe1-36c0-4e49-bb3c-37eb432fa131 req-2a8272aa-da21-417d-94b4-be2ec910fccc 7d72eb1669334b33bd4584531aa7e143 15753d9249624dd08f7b805ec4572599 - - default default] 10.0.0.174 "GET /v2.0/security-groups?name=tempest-securitygroup--849336061&fields=id&tenant_id=15753d9249624dd08f7b805ec4572599 HTTP/1.1" status: 200 len: 267 time: 0.0321198
2026-08-02 23:34:21.269 8 INFO neutron.wsgi [req-aa31fbe1-36c0-4e49-bb3c-37eb432fa131 req-31b1d5cd-ca93-4245-92b3-2d9a801e0f3a 7d72eb1669334b33bd4584531aa7e143 15753d9249624dd08f7b805ec4572599 - - default default] 10.0.0.174 "GET /v2.0/networks?id=f059bff3-e647-45f4-87b2-539374d6cc80 HTTP/1.1" status: 200 len: 879 time: 0.0749750
2026-08-02 23:34:21.290 8 INFO neutron.wsgi [req-aa31fbe1-36c0-4e49-bb3c-37eb432fa131 req-717c3c9d-a6af-4ecf-98ec-0dc78916fa6b 7d72eb1669334b33bd4584531aa7e143 15753d9249624dd08f7b805ec4572599 - - default default] 10.0.0.174 "GET /v2.0/quotas/15753d9249624dd08f7b805ec4572599 HTTP/1.1" status: 200 len: 386 time: 0.0165999
2026-08-02 23:34:21.404 8 INFO neutron.wsgi [req-aa31fbe1-36c0-4e49-bb3c-37eb432fa131 req-48f32d75-e7b1-4bbf-b2e2-409b8e10d123 7d72eb1669334b33bd4584531aa7e143 15753d9249624dd08f7b805ec4572599 - - default default] 10.0.0.174 "GET /v2.0/ports?tenant_id=15753d9249624dd08f7b805ec4572599&fields=id HTTP/1.1" status: 200 len: 302 time: 0.1086683
2026-08-02 23:34:21.467 9 INFO neutron.db.ovn_revision_numbers_db [None req-e40763cc-236b-45cb-816f-9ab7050a5912 6fd7eb0f14b54cbe902786170379359c fbbf67704a5348fc83ae06a75ae2d9be - - default default] Successfully bumped revision number for resource 53dfcb58-7177-4533-aacd-e0ca88306a4a (type: security_groups) to 1
2026-08-02 23:34:21.482 9 INFO neutron.db.ovn_revision_numbers_db [None req-e40763cc-236b-45cb-816f-9ab7050a5912 6fd7eb0f14b54cbe902786170379359c fbbf67704a5348fc83ae06a75ae2d9be - - default default] Successfully bumped revision number for resource 0edafdf9-3dc4-437c-8142-a5889602145b (type: security_group_rules) to 0
2026-08-02 23:34:21.483 8 INFO neutron.wsgi [req-aa31fbe1-36c0-4e49-bb3c-37eb432fa131 req-196fd1bf-cc9b-41af-803e-430133d21dd3 adf2cf1c8bdd48c6ab7ce1ff39900ab3 a58fe209165a4fdbbf443341c333fb47 - - c135e7d025ad43808f7e20c2893a0803 c135e7d025ad43808f7e20c2893a0803] 10.0.0.174 "GET /v2.0/networks/f059bff3-e647-45f4-87b2-539374d6cc80?fields=segments HTTP/1.1" status: 200 len: 212 time: 0.0637240
2026-08-02 23:34:21.499 9 INFO neutron.db.ovn_revision_numbers_db [None req-e40763cc-236b-45cb-816f-9ab7050a5912 6fd7eb0f14b54cbe902786170379359c fbbf67704a5348fc83ae06a75ae2d9be - - default default] Successfully bumped revision number for resource 112bc3b4-6dcf-40c9-81c1-f05fc4c4ac64 (type: security_group_rules) to 0
2026-08-02 23:34:21.518 9 INFO neutron.db.ovn_revision_numbers_db [None req-e40763cc-236b-45cb-816f-9ab7050a5912 6fd7eb0f14b54cbe902786170379359c fbbf67704a5348fc83ae06a75ae2d9be - - default default] Successfully bumped revision number for resource 96db0b3a-0787-4df9-85f6-fcf1bce52c9d (type: security_group_rules) to 0
2026-08-02 23:34:21.536 9 INFO neutron.db.ovn_revision_numbers_db [None req-e40763cc-236b-45cb-816f-9ab7050a5912 6fd7eb0f14b54cbe902786170379359c fbbf67704a5348fc83ae06a75ae2d9be - - default default] Successfully bumped revision number for resource f8aee90b-13da-4fd6-a9f0-e6b100e743b1 (type: security_group_rules) to 0
2026-08-02 23:34:21.559 8 INFO neutron.wsgi [req-aa31fbe1-36c0-4e49-bb3c-37eb432fa131 req-cdf9ba93-0daf-4854-9bf8-a0112a4c887b adf2cf1c8bdd48c6ab7ce1ff39900ab3 a58fe209165a4fdbbf443341c333fb47 - - c135e7d025ad43808f7e20c2893a0803 c135e7d025ad43808f7e20c2893a0803] 10.0.0.174 "GET /v2.0/networks/f059bff3-e647-45f4-87b2-539374d6cc80?fields=provider%3Aphysical_network&fields=provider%3Anetwork_type HTTP/1.1" status: 200 len: 277 time: 0.0664062
2026-08-02 23:34:21.603 9 INFO neutron.db.segments_db [None req-e40763cc-236b-45cb-816f-9ab7050a5912 6fd7eb0f14b54cbe902786170379359c fbbf67704a5348fc83ae06a75ae2d9be - - default default] Added segment a9d0a77d-dee5-4d12-b7fe-a128b01a00ac of type geneve for network 672c06d8-5468-44c7-8088-b4590e64fd99
2026-08-02 23:34:21.721 9 INFO neutron.wsgi [req-90f75ea5-ae01-42a7-9bd8-1120cf5936d3 req-51efced7-598c-4fc3-9869-ec3a1d6b6e13 2d19c0b8c23348bf88fc5ff0b9e2f7dd 8b6a73b532274d4a8ecc04e110346d73 - - default default] 10.0.0.174 "GET /v2.0/ports?device_id=6464aafe-0168-4a4c-aa7e-a99b046c65c0 HTTP/1.1" status: 200 len: 1168 time: 0.0511055
2026-08-02 23:34:21.735 8 INFO neutron.db.ovn_revision_numbers_db [None req-9b0dc3a6-473d-4c24-8b55-6435d077c29a 923cc6748fa44f688578ed1b8f8cc4ad 0293b968d86b4dcda50ad6911aab7fe4 - - default default] Successfully bumped revision number for resource bc9dd4bf-2d29-404f-90cd-ff5f8b895ced (type: security_groups) to 1
2026-08-02 23:34:21.758 8 INFO neutron.db.ovn_revision_numbers_db [None req-9b0dc3a6-473d-4c24-8b55-6435d077c29a 923cc6748fa44f688578ed1b8f8cc4ad 0293b968d86b4dcda50ad6911aab7fe4 - - default default] Successfully bumped revision number for resource 14c25668-b4ba-4e46-8dbb-df4f8f526794 (type: security_group_rules) to 0
2026-08-02 23:34:21.779 8 INFO neutron.db.ovn_revision_numbers_db [None req-9b0dc3a6-473d-4c24-8b55-6435d077c29a 923cc6748fa44f688578ed1b8f8cc4ad 0293b968d86b4dcda50ad6911aab7fe4 - - default default] Successfully bumped revision number for resource 2b8b0fce-da57-40c9-afc0-bd9c25f5a125 (type: security_group_rules) to 0
2026-08-02 23:34:21.799 8 INFO neutron.db.ovn_revision_numbers_db [None req-9b0dc3a6-473d-4c24-8b55-6435d077c29a 923cc6748fa44f688578ed1b8f8cc4ad 0293b968d86b4dcda50ad6911aab7fe4 - - default default] Successfully bumped revision number for resource 52493a66-d784-4de8-a7b6-2c3d13a201cd (type: security_group_rules) to 0
2026-08-02 23:34:21.816 8 INFO neutron.db.ovn_revision_numbers_db [None req-9b0dc3a6-473d-4c24-8b55-6435d077c29a 923cc6748fa44f688578ed1b8f8cc4ad 0293b968d86b4dcda50ad6911aab7fe4 - - default default] Successfully bumped revision number for resource d03c65a2-578d-4215-afdf-dc2fecd3bf94 (type: security_group_rules) to 0
2026-08-02 23:34:21.825 9 INFO neutron.wsgi [req-90f75ea5-ae01-42a7-9bd8-1120cf5936d3 req-a3a10b5b-fad7-42d9-9256-eaf4bf2a324b 2d19c0b8c23348bf88fc5ff0b9e2f7dd 8b6a73b532274d4a8ecc04e110346d73 - - default default] 10.0.0.174 "GET /v2.0/security-groups?id=0a400013-77ce-4f9e-8a97-f572f64152f8&fields=id&fields=name HTTP/1.1" status: 200 len: 313 time: 0.0920236
2026-08-02 23:34:21.837 9 INFO neutron.db.ovn_revision_numbers_db [None req-e40763cc-236b-45cb-816f-9ab7050a5912 6fd7eb0f14b54cbe902786170379359c fbbf67704a5348fc83ae06a75ae2d9be - - default default] Successfully bumped revision number for resource 672c06d8-5468-44c7-8088-b4590e64fd99 (type: networks) to 1
2026-08-02 23:34:21.870 8 INFO neutron.db.segments_db [None req-9b0dc3a6-473d-4c24-8b55-6435d077c29a 923cc6748fa44f688578ed1b8f8cc4ad 0293b968d86b4dcda50ad6911aab7fe4 - - default default] Added segment dfc521aa-58f5-4109-8e28-7228f7c093f1 of type geneve for network c17f6e8a-cd05-4a83-8a58-52943122c51f
2026-08-02 23:34:22.020 9 INFO neutron.wsgi [req-f50a656a-a464-424b-bba0-cd7d53b4852f req-bd8217ac-61c5-49ff-ac31-c16dbc560c81 7d72eb1669334b33bd4584531aa7e143 15753d9249624dd08f7b805ec4572599 - - default default] 10.0.0.174 "GET /v2.0/ports?device_id=499119a1-8ee4-44c9-ad07-dbd57335f035 HTTP/1.1" status: 200 len: 210 time: 0.0658662
2026-08-02 23:34:22.027 8 INFO neutron.db.ovn_revision_numbers_db [None req-9b0dc3a6-473d-4c24-8b55-6435d077c29a 923cc6748fa44f688578ed1b8f8cc4ad 0293b968d86b4dcda50ad6911aab7fe4 - - default default] Successfully bumped revision number for resource c17f6e8a-cd05-4a83-8a58-52943122c51f (type: networks) to 1
2026-08-02 23:34:22.155 9 WARNING neutron.scheduler.dhcp_agent_scheduler [None req-e40763cc-236b-45cb-816f-9ab7050a5912 6fd7eb0f14b54cbe902786170379359c fbbf67704a5348fc83ae06a75ae2d9be - - default default] No more DHCP agents
2026-08-02 23:34:22.159 9 WARNING neutron.api.rpc.agentnotifiers.dhcp_rpc_agent_api [None req-e40763cc-236b-45cb-816f-9ab7050a5912 6fd7eb0f14b54cbe902786170379359c fbbf67704a5348fc83ae06a75ae2d9be - - default default] Unable to schedule network 672c06d8-5468-44c7-8088-b4590e64fd99: no agents available; will retry on subsequent port and subnet creation events.
2026-08-02 23:34:22.322 9 INFO neutron.db.ovn_revision_numbers_db [None req-e40763cc-236b-45cb-816f-9ab7050a5912 6fd7eb0f14b54cbe902786170379359c fbbf67704a5348fc83ae06a75ae2d9be - - default default] Successfully bumped revision number for resource 3d696ff6-6b48-486d-a745-f96c5c364b55 (type: ports) to 1
2026-08-02 23:34:22.351 9 INFO neutron.wsgi [None req-e40763cc-236b-45cb-816f-9ab7050a5912 6fd7eb0f14b54cbe902786170379359c fbbf67704a5348fc83ae06a75ae2d9be - - default default] 10.0.0.18 "POST /v2.0/networks HTTP/1.1" status: 201 len: 833 time: 1.2389059
2026-08-02 23:34:22.375 8 WARNING neutron.scheduler.dhcp_agent_scheduler [None req-9b0dc3a6-473d-4c24-8b55-6435d077c29a 923cc6748fa44f688578ed1b8f8cc4ad 0293b968d86b4dcda50ad6911aab7fe4 - - default default] No more DHCP agents
2026-08-02 23:34:22.379 8 WARNING neutron.api.rpc.agentnotifiers.dhcp_rpc_agent_api [None req-9b0dc3a6-473d-4c24-8b55-6435d077c29a 923cc6748fa44f688578ed1b8f8cc4ad 0293b968d86b4dcda50ad6911aab7fe4 - - default default] Unable to schedule network c17f6e8a-cd05-4a83-8a58-52943122c51f: no agents available; will retry on subsequent port and subnet creation events.
2026-08-02 23:34:22.451 9 INFO neutron.db.segments_db [None req-80f27c62-bef0-489b-974c-0d343d7d933b 6fd7eb0f14b54cbe902786170379359c fbbf67704a5348fc83ae06a75ae2d9be - - default default] Added segment 4e37f5bd-5681-4e1e-9b65-dbd6f360dffc of type geneve for network c159638f-e700-4aff-95a1-217690b01df4
2026-08-02 23:34:22.455 8 INFO neutron.db.ovn_revision_numbers_db [None req-9b0dc3a6-473d-4c24-8b55-6435d077c29a 923cc6748fa44f688578ed1b8f8cc4ad 0293b968d86b4dcda50ad6911aab7fe4 - - default default] Successfully bumped revision number for resource f4ecfd42-7b3b-48c1-8f1e-65a8c674dafd (type: ports) to 1
2026-08-02 23:34:22.474 8 INFO neutron.wsgi [None req-9b0dc3a6-473d-4c24-8b55-6435d077c29a 923cc6748fa44f688578ed1b8f8cc4ad 0293b968d86b4dcda50ad6911aab7fe4 - - default default] 10.0.0.18 "POST /v2.0/networks HTTP/1.1" status: 201 len: 946 time: 0.9358573
2026-08-02 23:34:22.624 9 INFO neutron.db.ovn_revision_numbers_db [None req-80f27c62-bef0-489b-974c-0d343d7d933b 6fd7eb0f14b54cbe902786170379359c fbbf67704a5348fc83ae06a75ae2d9be - - default default] Successfully bumped revision number for resource c159638f-e700-4aff-95a1-217690b01df4 (type: networks) to 1
2026-08-02 23:34:22.633 8 WARNING neutron.scheduler.dhcp_agent_scheduler [None req-f432cc66-5101-475a-8607-14ece1b14404 923cc6748fa44f688578ed1b8f8cc4ad 0293b968d86b4dcda50ad6911aab7fe4 - - default default] No more DHCP agents
2026-08-02 23:34:22.636 8 WARNING neutron.api.rpc.agentnotifiers.dhcp_rpc_agent_api [None req-f432cc66-5101-475a-8607-14ece1b14404 923cc6748fa44f688578ed1b8f8cc4ad 0293b968d86b4dcda50ad6911aab7fe4 - - default default] Unable to schedule network c17f6e8a-cd05-4a83-8a58-52943122c51f: no agents available; will retry on subsequent port and subnet creation events.
2026-08-02 23:34:22.794 9 WARNING neutron.scheduler.dhcp_agent_scheduler [None req-80f27c62-bef0-489b-974c-0d343d7d933b 6fd7eb0f14b54cbe902786170379359c fbbf67704a5348fc83ae06a75ae2d9be - - default default] No more DHCP agents
2026-08-02 23:34:22.796 9 WARNING neutron.api.rpc.agentnotifiers.dhcp_rpc_agent_api [None req-80f27c62-bef0-489b-974c-0d343d7d933b 6fd7eb0f14b54cbe902786170379359c fbbf67704a5348fc83ae06a75ae2d9be - - default default] Unable to schedule network c159638f-e700-4aff-95a1-217690b01df4: no agents available; will retry on subsequent port and subnet creation events.
2026-08-02 23:34:22.894 9 INFO neutron.db.ovn_revision_numbers_db [None req-80f27c62-bef0-489b-974c-0d343d7d933b 6fd7eb0f14b54cbe902786170379359c fbbf67704a5348fc83ae06a75ae2d9be - - default default] Successfully bumped revision number for resource 5484c9a1-52ee-49b4-b81b-50eccf6e755e (type: ports) to 1
2026-08-02 23:34:22.933 9 INFO neutron.wsgi [None req-80f27c62-bef0-489b-974c-0d343d7d933b 6fd7eb0f14b54cbe902786170379359c fbbf67704a5348fc83ae06a75ae2d9be - - default default] 10.0.0.18 "POST /v2.0/networks HTTP/1.1" status: 201 len: 833 time: 0.5763538
2026-08-02 23:34:23.139 9 INFO neutron.wsgi [req-eb82bb7b-bc1c-4835-9ce1-1026003fcd5b req-62a2fc88-2435-4066-a924-f1b04745829b 7d72eb1669334b33bd4584531aa7e143 15753d9249624dd08f7b805ec4572599 - - default default] 10.0.0.174 "GET /v2.0/ports?device_id=499119a1-8ee4-44c9-ad07-dbd57335f035 HTTP/1.1" status: 200 len: 210 time: 0.0329723
2026-08-02 23:34:23.171 8 INFO neutron.wsgi [req-aa31fbe1-36c0-4e49-bb3c-37eb432fa131 req-fc05f525-978d-4eba-ad69-99e1fc853f8b 7d72eb1669334b33bd4584531aa7e143 15753d9249624dd08f7b805ec4572599 - - default default] 199.204.45.23 "GET /v2.0/networks?id=f059bff3-e647-45f4-87b2-539374d6cc80 HTTP/1.1" status: 200 len: 879 time: 0.2559726
2026-08-02 23:34:23.190 8 INFO neutron.wsgi [req-fd98724c-9719-4f99-8282-a9d0edbef469 req-1972eb1f-b8cc-47f2-bba5-e0b25aeea417 2d19c0b8c23348bf88fc5ff0b9e2f7dd 8b6a73b532274d4a8ecc04e110346d73 - - default default] 10.0.0.174 "GET /v2.0/ports?device_id=6464aafe-0168-4a4c-aa7e-a99b046c65c0 HTTP/1.1" status: 200 len: 1168 time: 0.3015463
2026-08-02 23:34:23.206 9 WARNING neutron.scheduler.dhcp_agent_scheduler [None req-85278f44-81c5-4d21-876b-0c52ebab2835 6fd7eb0f14b54cbe902786170379359c fbbf67704a5348fc83ae06a75ae2d9be - - default default] No more DHCP agents
2026-08-02 23:34:23.209 9 WARNING neutron.api.rpc.agentnotifiers.dhcp_rpc_agent_api [None req-85278f44-81c5-4d21-876b-0c52ebab2835 6fd7eb0f14b54cbe902786170379359c fbbf67704a5348fc83ae06a75ae2d9be - - default default] Unable to schedule network 672c06d8-5468-44c7-8088-b4590e64fd99: no agents available; will retry on subsequent port and subnet creation events.
2026-08-02 23:34:23.240 9 INFO neutron.db.ovn_revision_numbers_db [None req-85278f44-81c5-4d21-876b-0c52ebab2835 6fd7eb0f14b54cbe902786170379359c fbbf67704a5348fc83ae06a75ae2d9be - - default default] Successfully bumped revision number for resource cfd97302-2b3b-4ae6-b21e-fb6ac1ba3909 (type: subnets) to 0
2026-08-02 23:34:23.247 8 INFO neutron.wsgi [req-aa31fbe1-36c0-4e49-bb3c-37eb432fa131 req-183fce43-bd68-4783-aefc-b4cb58ddff74 7d72eb1669334b33bd4584531aa7e143 15753d9249624dd08f7b805ec4572599 - - default default] 199.204.45.23 "GET /v2.0/security-groups?fields=id&fields=name&tenant_id=15753d9249624dd08f7b805ec4572599 HTTP/1.1" status: 200 len: 379 time: 0.0692399
2026-08-02 23:34:23.256 9 INFO neutron.wsgi [None req-85278f44-81c5-4d21-876b-0c52ebab2835 6fd7eb0f14b54cbe902786170379359c fbbf67704a5348fc83ae06a75ae2d9be - - default default] 10.0.0.18 "POST /v2.0/subnets HTTP/1.1" status: 201 len: 821 time: 0.3048260
2026-08-02 23:34:23.272 8 INFO neutron.wsgi [req-fd98724c-9719-4f99-8282-a9d0edbef469 req-18c846bb-3929-49a5-babd-5577b1dde6ba 2d19c0b8c23348bf88fc5ff0b9e2f7dd 8b6a73b532274d4a8ecc04e110346d73 - - default default] 10.0.0.174 "GET /v2.0/security-groups?id=0a400013-77ce-4f9e-8a97-f572f64152f8&fields=id&fields=name HTTP/1.1" status: 200 len: 313 time: 0.0735281
2026-08-02 23:34:23.382 8 INFO neutron.db.ovn_revision_numbers_db [None req-f432cc66-5101-475a-8607-14ece1b14404 923cc6748fa44f688578ed1b8f8cc4ad 0293b968d86b4dcda50ad6911aab7fe4 - - default default] Successfully bumped revision number for resource f4ecfd42-7b3b-48c1-8f1e-65a8c674dafd (type: ports) to 2
2026-08-02 23:34:23.434 8 INFO neutron.db.ovn_revision_numbers_db [None req-f432cc66-5101-475a-8607-14ece1b14404 923cc6748fa44f688578ed1b8f8cc4ad 0293b968d86b4dcda50ad6911aab7fe4 - - default default] Successfully bumped revision number for resource d0c274ff-e9a4-4009-92e4-606ffddb8697 (type: subnets) to 0
2026-08-02 23:34:23.469 8 INFO neutron.wsgi [None req-f432cc66-5101-475a-8607-14ece1b14404 923cc6748fa44f688578ed1b8f8cc4ad 0293b968d86b4dcda50ad6911aab7fe4 - - default default] 10.0.0.18 "POST /v2.0/subnets HTTP/1.1" status: 201 len: 866 time: 0.9874914
2026-08-02 23:34:23.594 8 WARNING neutron.scheduler.dhcp_agent_scheduler [req-aa31fbe1-36c0-4e49-bb3c-37eb432fa131 req-0e786bed-ddbc-4f51-b0fe-dd5936b86685 7d72eb1669334b33bd4584531aa7e143 15753d9249624dd08f7b805ec4572599 - - default default] No more DHCP agents
2026-08-02 23:34:23.597 8 WARNING neutron.api.rpc.agentnotifiers.dhcp_rpc_agent_api [req-aa31fbe1-36c0-4e49-bb3c-37eb432fa131 req-0e786bed-ddbc-4f51-b0fe-dd5936b86685 7d72eb1669334b33bd4584531aa7e143 15753d9249624dd08f7b805ec4572599 - - default default] Unable to schedule network f059bff3-e647-45f4-87b2-539374d6cc80: no agents available; will retry on subsequent port and subnet creation events.
2026-08-02 23:34:23.760 8 INFO neutron.db.ovn_revision_numbers_db [req-aa31fbe1-36c0-4e49-bb3c-37eb432fa131 req-0e786bed-ddbc-4f51-b0fe-dd5936b86685 7d72eb1669334b33bd4584531aa7e143 15753d9249624dd08f7b805ec4572599 - - default default] Successfully bumped revision number for resource be7fa8c4-2fb9-41db-824e-3c53a7927d44 (type: ports) to 1
2026-08-02 23:34:23.789 8 INFO neutron.wsgi [req-aa31fbe1-36c0-4e49-bb3c-37eb432fa131 req-0e786bed-ddbc-4f51-b0fe-dd5936b86685 7d72eb1669334b33bd4584531aa7e143 15753d9249624dd08f7b805ec4572599 - - default default] 199.204.45.23 "POST /v2.0/ports HTTP/1.1" status: 201 len: 1158 time: 0.5349841 /var/lib/openstack/lib/python3.10/site-packages/pycadf/identifier.py:71: UserWarning: Invalid uuid: neutron. To ensure interoperability, identifiers should be a valid uuid. warnings.warn(('Invalid uuid: %s. To ensure interoperability, '
2026-08-02 23:34:23.816 9 WARNING neutron.scheduler.dhcp_agent_scheduler [None req-87476f93-aee0-49e4-a529-ee7398c1c6a8 6fd7eb0f14b54cbe902786170379359c fbbf67704a5348fc83ae06a75ae2d9be - - default default] No more DHCP agents
2026-08-02 23:34:23.819 9 WARNING neutron.api.rpc.agentnotifiers.dhcp_rpc_agent_api [None req-87476f93-aee0-49e4-a529-ee7398c1c6a8 6fd7eb0f14b54cbe902786170379359c fbbf67704a5348fc83ae06a75ae2d9be - - default default] Unable to schedule network c159638f-e700-4aff-95a1-217690b01df4: no agents available; will retry on subsequent port and subnet creation events.
2026-08-02 23:34:23.863 9 INFO neutron.db.ovn_revision_numbers_db [None req-87476f93-aee0-49e4-a529-ee7398c1c6a8 6fd7eb0f14b54cbe902786170379359c fbbf67704a5348fc83ae06a75ae2d9be - - default default] Successfully bumped revision number for resource 7d7e302c-446f-4f50-b71b-cd2ee0dd8994 (type: subnets) to 0
2026-08-02 23:34:23.889 9 INFO neutron.wsgi [None req-87476f93-aee0-49e4-a529-ee7398c1c6a8 6fd7eb0f14b54cbe902786170379359c fbbf67704a5348fc83ae06a75ae2d9be - - default default] 10.0.0.18 "POST /v2.0/subnets HTTP/1.1" status: 201 len: 830 time: 0.6277280
2026-08-02 23:34:24.120 8 INFO neutron.db.ovn_revision_numbers_db [None req-6df43616-1896-41ea-91b5-4bb49e57a3bf 6fd7eb0f14b54cbe902786170379359c fbbf67704a5348fc83ae06a75ae2d9be - - default default] Successfully bumped revision number for resource 6ecb358a-1619-407e-9198-59aa2959c6b4 (type: routers) to 1
2026-08-02 23:34:24.134 9 WARNING neutron.scheduler.dhcp_agent_scheduler [None req-50d30b01-8430-4327-a553-d3e66e6b98b4 923cc6748fa44f688578ed1b8f8cc4ad 0293b968d86b4dcda50ad6911aab7fe4 - - default default] No more DHCP agents
2026-08-02 23:34:24.137 9 WARNING neutron.api.rpc.agentnotifiers.dhcp_rpc_agent_api [None req-50d30b01-8430-4327-a553-d3e66e6b98b4 923cc6748fa44f688578ed1b8f8cc4ad 0293b968d86b4dcda50ad6911aab7fe4 - - default default] Unable to schedule network bc1478aa-9c23-44fe-b1b0-e955580e29bb: no agents available; will retry on subsequent port and subnet creation events.
2026-08-02 23:34:24.139 8 INFO neutron.wsgi [None req-6df43616-1896-41ea-91b5-4bb49e57a3bf 6fd7eb0f14b54cbe902786170379359c fbbf67704a5348fc83ae06a75ae2d9be - - default default] 10.0.0.18 "POST /v2.0/routers HTTP/1.1" status: 201 len: 690 time: 0.2450941
2026-08-02 23:34:24.318 9 INFO neutron.wsgi [req-cbe1c55c-c6d0-46f4-b1c4-d0caa89e5424 req-5d0f0dfb-9226-4b6b-98cb-5a9c8dba8f50 7d72eb1669334b33bd4584531aa7e143 15753d9249624dd08f7b805ec4572599 - - default default] 10.0.0.174 "GET /v2.0/ports?device_id=499119a1-8ee4-44c9-ad07-dbd57335f035 HTTP/1.1" status: 200 len: 1168 time: 0.1141040
2026-08-02 23:34:24.319 9 INFO neutron.db.ovn_revision_numbers_db [None req-50d30b01-8430-4327-a553-d3e66e6b98b4 923cc6748fa44f688578ed1b8f8cc4ad 0293b968d86b4dcda50ad6911aab7fe4 - - default default] Successfully bumped revision number for resource b8b24a55-d99c-4345-86bb-f4d999e9001f (type: ports) to 1
2026-08-02 23:34:24.321 8 WARNING neutron.plugins.ml2.drivers.ovn.mech_driver.ovsdb.ovn_client [None req-fcb676ba-0c1b-49a8-bfef-18b915a3fe5a - - - - - -] No hosting information found for port a1162b80-bf71-402c-9036-94f18c362f0a: RuntimeError: No hosting information found for port a1162b80-bf71-402c-9036-94f18c362f0a
2026-08-02 23:34:24.321 8 INFO neutron.plugins.ml2.drivers.ovn.mech_driver.mech_driver [None req-fcb676ba-0c1b-49a8-bfef-18b915a3fe5a - - - - - -] OVN reports status up for port: 1ca69144-5ec6-4c05-b572-b260a5806050
2026-08-02 23:34:24.386 9 INFO neutron.wsgi [req-cbe1c55c-c6d0-46f4-b1c4-d0caa89e5424 req-f94a5aa7-8b95-4a2e-b26e-6294321bc336 7d72eb1669334b33bd4584531aa7e143 15753d9249624dd08f7b805ec4572599 - - default default] 10.0.0.174 "GET /v2.0/security-groups?id=95e909ea-a4a5-41df-9a26-8c85cbff075c&fields=id&fields=name HTTP/1.1" status: 200 len: 312 time: 0.0597360 /var/lib/openstack/lib/python3.10/site-packages/pycadf/identifier.py:71: UserWarning: Invalid uuid: neutron. To ensure interoperability, identifiers should be a valid uuid. warnings.warn(('Invalid uuid: %s. To ensure interoperability, '
2026-08-02 23:34:24.500 8 INFO neutron.plugins.ml2.plugin [None req-fcb676ba-0c1b-49a8-bfef-18b915a3fe5a - - - - - -] Attempt 1 to provision port 1ca69144-5ec6-4c05-b572-b260a5806050
2026-08-02 23:34:24.532 8 INFO neutron.wsgi [req-709f860d-30fa-4269-95ce-550183a75a6a req-f5d75233-5e86-4656-b6ac-829d39181762 2d19c0b8c23348bf88fc5ff0b9e2f7dd 8b6a73b532274d4a8ecc04e110346d73 - - default default] 10.0.0.174 "GET /v2.0/ports?device_id=6464aafe-0168-4a4c-aa7e-a99b046c65c0 HTTP/1.1" status: 200 len: 1168 time: 0.0588801
2026-08-02 23:34:24.612 8 INFO neutron.db.ovn_revision_numbers_db [req-aa31fbe1-36c0-4e49-bb3c-37eb432fa131 req-2a4ace8d-4661-41e8-a0cd-5c6abcd58b2a adf2cf1c8bdd48c6ab7ce1ff39900ab3 a58fe209165a4fdbbf443341c333fb47 - - c135e7d025ad43808f7e20c2893a0803 c135e7d025ad43808f7e20c2893a0803] Successfully bumped revision number for resource be7fa8c4-2fb9-41db-824e-3c53a7927d44 (type: ports) to 2
2026-08-02 23:34:24.642 8 INFO neutron.wsgi [req-709f860d-30fa-4269-95ce-550183a75a6a req-afcdac69-a274-4d6d-962c-129e99fb7296 2d19c0b8c23348bf88fc5ff0b9e2f7dd 8b6a73b532274d4a8ecc04e110346d73 - - default default] 10.0.0.174 "GET /v2.0/security-groups?id=0a400013-77ce-4f9e-8a97-f572f64152f8&fields=id&fields=name HTTP/1.1" status: 200 len: 313 time: 0.1014509
2026-08-02 23:34:24.823 8 INFO neutron.notifiers.nova [-] Nova event matching ['req-1ccb9e0c-6d1e-434a-9297-680ec5ca458d'] response: {'server_uuid': '6464aafe-0168-4a4c-aa7e-a99b046c65c0', 'name': 'network-vif-plugged', 'status': 'completed', 'tag': '1ca69144-5ec6-4c05-b572-b260a5806050', 'code': 200}
2026-08-02 23:34:24.910 9 INFO neutron.plugins.ml2.drivers.ovn.mech_driver.mech_driver [None req-bf9bff8a-3d16-4dfa-9d12-c8fa844a4f4d - - - - - -] OVN reports status up for port: b8b24a55-d99c-4345-86bb-f4d999e9001f
2026-08-02 23:34:24.934 8 INFO neutron.plugins.ml2.drivers.ovn.mech_driver.ovsdb.ovsdb_monitor [None req-3540d669-5a92-479a-b00d-f3655fe5da21 - - - - - -] Router 67e9005c-94fd-417e-a9cb-feeacda5ad3a is bound to host instance
2026-08-02 23:34:24.938 9 INFO neutron.plugins.ml2.plugin [None req-bf9bff8a-3d16-4dfa-9d12-c8fa844a4f4d - - - - - -] Attempt 1 to provision port b8b24a55-d99c-4345-86bb-f4d999e9001f
2026-08-02 23:34:24.966 9 INFO neutron.db.ovn_revision_numbers_db [None req-50d30b01-8430-4327-a553-d3e66e6b98b4 923cc6748fa44f688578ed1b8f8cc4ad 0293b968d86b4dcda50ad6911aab7fe4 - - default default] Successfully bumped revision number for resource b8b24a55-d99c-4345-86bb-f4d999e9001f (type: router_ports) to 1
2026-08-02 23:34:25.054 9 INFO neutron.db.ovn_revision_numbers_db [None req-50d30b01-8430-4327-a553-d3e66e6b98b4 923cc6748fa44f688578ed1b8f8cc4ad 0293b968d86b4dcda50ad6911aab7fe4 - - default default] Successfully bumped revision number for resource 67e9005c-94fd-417e-a9cb-feeacda5ad3a (type: routers) to 2
2026-08-02 23:34:25.086 9 INFO neutron.wsgi [None req-50d30b01-8430-4327-a553-d3e66e6b98b4 923cc6748fa44f688578ed1b8f8cc4ad 0293b968d86b4dcda50ad6911aab7fe4 - - default default] 10.0.0.18 "POST /v2.0/routers HTTP/1.1" status: 201 len: 877 time: 1.6092060
2026-08-02 23:34:25.092 8 WARNING neutron.scheduler.dhcp_agent_scheduler [None req-a1d607aa-05eb-47ed-a5fc-157fa90f860d 6fd7eb0f14b54cbe902786170379359c fbbf67704a5348fc83ae06a75ae2d9be - - default default] No more DHCP agents
2026-08-02 23:34:25.106 8 WARNING neutron.api.rpc.agentnotifiers.dhcp_rpc_agent_api [None req-a1d607aa-05eb-47ed-a5fc-157fa90f860d 6fd7eb0f14b54cbe902786170379359c fbbf67704a5348fc83ae06a75ae2d9be - - default default] Unable to schedule network 672c06d8-5468-44c7-8088-b4590e64fd99: no agents available; will retry on subsequent port and subnet creation events.
2026-08-02 23:34:25.149 8 INFO neutron.db.ovn_revision_numbers_db [req-aa31fbe1-36c0-4e49-bb3c-37eb432fa131 req-2a4ace8d-4661-41e8-a0cd-5c6abcd58b2a adf2cf1c8bdd48c6ab7ce1ff39900ab3 a58fe209165a4fdbbf443341c333fb47 - - c135e7d025ad43808f7e20c2893a0803 c135e7d025ad43808f7e20c2893a0803] Successfully bumped revision number for resource be7fa8c4-2fb9-41db-824e-3c53a7927d44 (type: ports) to 2
2026-08-02 23:34:25.209 8 INFO neutron.wsgi [req-aa31fbe1-36c0-4e49-bb3c-37eb432fa131 req-2a4ace8d-4661-41e8-a0cd-5c6abcd58b2a adf2cf1c8bdd48c6ab7ce1ff39900ab3 a58fe209165a4fdbbf443341c333fb47 - - c135e7d025ad43808f7e20c2893a0803 c135e7d025ad43808f7e20c2893a0803] 199.204.45.23 "PUT /v2.0/ports/be7fa8c4-2fb9-41db-824e-3c53a7927d44 HTTP/1.1" status: 200 len: 1376 time: 1.4114802
2026-08-02 23:34:25.233 8 INFO neutron.db.ovn_revision_numbers_db [None req-fcb676ba-0c1b-49a8-bfef-18b915a3fe5a - - - - - -] Successfully bumped revision number for resource 1ca69144-5ec6-4c05-b572-b260a5806050 (type: ports) to 4 /var/lib/openstack/lib/python3.10/site-packages/pycadf/identifier.py:71: UserWarning: Invalid uuid: neutron. To ensure interoperability, identifiers should be a valid uuid. warnings.warn(('Invalid uuid: %s. To ensure interoperability, '
2026-08-02 23:34:25.333 8 INFO neutron.wsgi [req-aa31fbe1-36c0-4e49-bb3c-37eb432fa131 req-a0d6c176-72b7-422f-b856-0cdd4eba7e85 adf2cf1c8bdd48c6ab7ce1ff39900ab3 a58fe209165a4fdbbf443341c333fb47 - - c135e7d025ad43808f7e20c2893a0803 c135e7d025ad43808f7e20c2893a0803] 199.204.45.23 "GET /v2.0/ports?tenant_id=15753d9249624dd08f7b805ec4572599&device_id=499119a1-8ee4-44c9-ad07-dbd57335f035 HTTP/1.1" status: 200 len: 1407 time: 0.0680134 /var/lib/openstack/lib/python3.10/site-packages/pycadf/identifier.py:71: UserWarning: Invalid uuid: neutron. To ensure interoperability, identifiers should be a valid uuid. warnings.warn(('Invalid uuid: %s. To ensure interoperability, '
2026-08-02 23:34:25.352 8 INFO neutron.db.ovn_revision_numbers_db [None req-a1d607aa-05eb-47ed-a5fc-157fa90f860d 6fd7eb0f14b54cbe902786170379359c fbbf67704a5348fc83ae06a75ae2d9be - - default default] Successfully bumped revision number for resource c8fdfd16-1651-4e71-9776-3ecd45321b99 (type: ports) to 1
2026-08-02 23:34:25.369 8 INFO neutron.wsgi [req-aa31fbe1-36c0-4e49-bb3c-37eb432fa131 req-5db2588f-b7df-4a0c-809c-1812d067c146 adf2cf1c8bdd48c6ab7ce1ff39900ab3 a58fe209165a4fdbbf443341c333fb47 - - c135e7d025ad43808f7e20c2893a0803 c135e7d025ad43808f7e20c2893a0803] 199.204.45.23 "GET /v2.0/floatingips?fixed_ip_address=10.100.0.3&port_id=be7fa8c4-2fb9-41db-824e-3c53a7927d44 HTTP/1.1" status: 200 len: 217 time: 0.0313933
2026-08-02 23:34:25.464 8 INFO neutron.wsgi [req-aa31fbe1-36c0-4e49-bb3c-37eb432fa131 req-d35f37f2-07a6-4bfe-999c-b29699b361c0 adf2cf1c8bdd48c6ab7ce1ff39900ab3 a58fe209165a4fdbbf443341c333fb47 - - c135e7d025ad43808f7e20c2893a0803 c135e7d025ad43808f7e20c2893a0803] 199.204.45.23 "GET /v2.0/subnets?id=b240378c-0b73-41bc-b60b-583cf720e984 HTTP/1.1" status: 200 len: 873 time: 0.0834355
2026-08-02 23:34:25.522 8 INFO neutron.wsgi [req-aa31fbe1-36c0-4e49-bb3c-37eb432fa131 req-cddfdfb0-8169-4bd3-a64a-11d1a0de37b2 adf2cf1c8bdd48c6ab7ce1ff39900ab3 a58fe209165a4fdbbf443341c333fb47 - - c135e7d025ad43808f7e20c2893a0803 c135e7d025ad43808f7e20c2893a0803] 199.204.45.23 "GET /v2.0/ports?network_id=f059bff3-e647-45f4-87b2-539374d6cc80&device_owner=network%3Adhcp HTTP/1.1" status: 200 len: 210 time: 0.0482774
2026-08-02 23:34:25.563 9 WARNING neutron.scheduler.dhcp_agent_scheduler [None req-a86ba9cb-fcf6-47ce-88c7-69227e0d3388 923cc6748fa44f688578ed1b8f8cc4ad 0293b968d86b4dcda50ad6911aab7fe4 - - default default] No more DHCP agents
2026-08-02 23:34:25.565 9 WARNING neutron.api.rpc.agentnotifiers.dhcp_rpc_agent_api [None req-a86ba9cb-fcf6-47ce-88c7-69227e0d3388 923cc6748fa44f688578ed1b8f8cc4ad 0293b968d86b4dcda50ad6911aab7fe4 - - default default] Unable to schedule network c17f6e8a-cd05-4a83-8a58-52943122c51f: no agents available; will retry on subsequent port and subnet creation events.
2026-08-02 23:34:25.696 8 INFO neutron.wsgi [req-1b229ca8-bce2-410f-a892-0dbc138182ad req-59fee4c6-afd8-488e-b85b-5326e42d6870 7d72eb1669334b33bd4584531aa7e143 15753d9249624dd08f7b805ec4572599 - - default default] 10.0.0.174 "GET /v2.0/ports?device_id=499119a1-8ee4-44c9-ad07-dbd57335f035 HTTP/1.1" status: 200 len: 1168 time: 0.2392879
2026-08-02 23:34:25.790 9 INFO neutron.db.ovn_revision_numbers_db [None req-a86ba9cb-fcf6-47ce-88c7-69227e0d3388 923cc6748fa44f688578ed1b8f8cc4ad 0293b968d86b4dcda50ad6911aab7fe4 - - default default] Successfully bumped revision number for resource de82e238-ea6d-4956-90f8-a4a2cb582e6b (type: ports) to 1
2026-08-02 23:34:25.816 8 INFO neutron.wsgi [req-aa31fbe1-36c0-4e49-bb3c-37eb432fa131 req-deb0cee2-cc96-47a4-8fcf-0b63478e1669 adf2cf1c8bdd48c6ab7ce1ff39900ab3 a58fe209165a4fdbbf443341c333fb47 - - c135e7d025ad43808f7e20c2893a0803 c135e7d025ad43808f7e20c2893a0803] 199.204.45.23 "GET /v2.0/networks/f059bff3-e647-45f4-87b2-539374d6cc80?fields=segments HTTP/1.1" status: 200 len: 212 time: 0.1417818
2026-08-02 23:34:25.819 8 INFO neutron.wsgi [req-1b229ca8-bce2-410f-a892-0dbc138182ad req-26fb83e9-833d-4836-bc7c-b3cd9664d490 7d72eb1669334b33bd4584531aa7e143 15753d9249624dd08f7b805ec4572599 - - default default] 10.0.0.174 "GET /v2.0/security-groups?id=95e909ea-a4a5-41df-9a26-8c85cbff075c&fields=id&fields=name HTTP/1.1" status: 200 len: 312 time: 0.1113677
2026-08-02 23:34:25.826 9 INFO neutron.wsgi [req-3ae788ce-5717-423c-9520-cdbdd718b9dc req-ecb22b0b-ea51-4a04-84a3-9c95a038f8de 2d19c0b8c23348bf88fc5ff0b9e2f7dd 8b6a73b532274d4a8ecc04e110346d73 - - default default] 10.0.0.174 "GET /v2.0/ports?device_id=6464aafe-0168-4a4c-aa7e-a99b046c65c0 HTTP/1.1" status: 200 len: 1170 time: 0.1172049
2026-08-02 23:34:25.891 9 INFO neutron.wsgi [req-3ae788ce-5717-423c-9520-cdbdd718b9dc req-f527522b-ce16-4476-947b-61667d9e5586 2d19c0b8c23348bf88fc5ff0b9e2f7dd 8b6a73b532274d4a8ecc04e110346d73 - - default default] 10.0.0.174 "GET /v2.0/security-groups?id=0a400013-77ce-4f9e-8a97-f572f64152f8&fields=id&fields=name HTTP/1.1" status: 200 len: 313 time: 0.0577457
2026-08-02 23:34:25.957 8 INFO neutron.wsgi [req-aa31fbe1-36c0-4e49-bb3c-37eb432fa131 req-f962f5e2-7bca-4b7c-9081-01f73d0045be adf2cf1c8bdd48c6ab7ce1ff39900ab3 a58fe209165a4fdbbf443341c333fb47 - - c135e7d025ad43808f7e20c2893a0803 c135e7d025ad43808f7e20c2893a0803] 199.204.45.23 "GET /v2.0/networks/f059bff3-e647-45f4-87b2-539374d6cc80?fields=provider%3Aphysical_network&fields=provider%3Anetwork_type HTTP/1.1" status: 200 len: 277 time: 0.1241755
2026-08-02 23:34:26.062 8 INFO neutron.wsgi [req-7b9cd42d-ac97-4f84-833a-579d8d760972 req-f902a23f-4313-4565-af7d-775249515f23 2d19c0b8c23348bf88fc5ff0b9e2f7dd 8b6a73b532274d4a8ecc04e110346d73 - - default default] 10.0.0.174 "GET /v2.0/ports?device_id=6464aafe-0168-4a4c-aa7e-a99b046c65c0 HTTP/1.1" status: 200 len: 1170 time: 0.0889401
2026-08-02 23:34:26.279 8 INFO neutron.db.ovn_revision_numbers_db [None req-3540d669-5a92-479a-b00d-f3655fe5da21 - - - - - -] Successfully bumped revision number for resource b8b24a55-d99c-4345-86bb-f4d999e9001f (type: ports) to 1
2026-08-02 23:34:26.380 8 INFO neutron.db.ovn_revision_numbers_db [None req-a1d607aa-05eb-47ed-a5fc-157fa90f860d 6fd7eb0f14b54cbe902786170379359c fbbf67704a5348fc83ae06a75ae2d9be - - default default] Successfully bumped revision number for resource c8fdfd16-1651-4e71-9776-3ecd45321b99 (type: router_ports) to 1
2026-08-02 23:34:26.566 8 INFO neutron.db.ovn_revision_numbers_db [None req-a1d607aa-05eb-47ed-a5fc-157fa90f860d 6fd7eb0f14b54cbe902786170379359c fbbf67704a5348fc83ae06a75ae2d9be - - default default] Successfully bumped revision number for resource c8fdfd16-1651-4e71-9776-3ecd45321b99 (type: ports) to 1
2026-08-02 23:34:26.680 9 INFO neutron.db.l3_db [None req-f8c68728-c0bd-4f9a-8729-3d41c2c388b4 2d19c0b8c23348bf88fc5ff0b9e2f7dd 8b6a73b532274d4a8ecc04e110346d73 - - default default] Floating IP 450a8437-5bc7-4934-835b-d9005eccd7d6 associated. External IP: 10.96.250.211, port: 1ca69144-5ec6-4c05-b572-b260a5806050.
2026-08-02 23:34:26.683 8 WARNING neutron.scheduler.dhcp_agent_scheduler [None req-a1d607aa-05eb-47ed-a5fc-157fa90f860d 6fd7eb0f14b54cbe902786170379359c fbbf67704a5348fc83ae06a75ae2d9be - - default default] No more DHCP agents
2026-08-02 23:34:26.686 8 WARNING neutron.api.rpc.agentnotifiers.dhcp_rpc_agent_api [None req-a1d607aa-05eb-47ed-a5fc-157fa90f860d 6fd7eb0f14b54cbe902786170379359c fbbf67704a5348fc83ae06a75ae2d9be - - default default] Unable to schedule network 672c06d8-5468-44c7-8088-b4590e64fd99: no agents available; will retry on subsequent port and subnet creation events.
2026-08-02 23:34:26.696 9 INFO neutron.db.ovn_revision_numbers_db [None req-a86ba9cb-fcf6-47ce-88c7-69227e0d3388 923cc6748fa44f688578ed1b8f8cc4ad 0293b968d86b4dcda50ad6911aab7fe4 - - default default] Successfully bumped revision number for resource de82e238-ea6d-4956-90f8-a4a2cb582e6b (type: router_ports) to 1
2026-08-02 23:34:26.914 9 INFO neutron.wsgi [req-2061aafd-da7f-4820-97f7-2388d14bd3ef req-d9c3618f-a885-41b3-a545-5dbe959cba23 7d72eb1669334b33bd4584531aa7e143 15753d9249624dd08f7b805ec4572599 - - default default] 10.0.0.174 "GET /v2.0/ports?device_id=499119a1-8ee4-44c9-ad07-dbd57335f035 HTTP/1.1" status: 200 len: 1168 time: 0.0338380
2026-08-02 23:34:26.931 8 INFO neutron.db.ovn_revision_numbers_db [None req-3540d669-5a92-479a-b00d-f3655fe5da21 - - - - - -] Successfully bumped revision number for resource b8b24a55-d99c-4345-86bb-f4d999e9001f (type: router_ports) to 3
2026-08-02 23:34:26.950 8 INFO neutron.notifiers.nova [-] Nova event matching ['req-ca5d0b65-6815-4c82-9903-0cd17541a9f7'] response: {'name': 'network-changed', 'server_uuid': '499119a1-8ee4-44c9-ad07-dbd57335f035', 'tag': 'be7fa8c4-2fb9-41db-824e-3c53a7927d44', 'status': 'completed', 'code': 200}
2026-08-02 23:34:26.950 8 INFO neutron.notifiers.nova [-] Nova event matching ['req-ca5d0b65-6815-4c82-9903-0cd17541a9f7'] response: {'server_uuid': '6464aafe-0168-4a4c-aa7e-a99b046c65c0', 'name': 'network-vif-plugged', 'status': 'completed', 'tag': '1ca69144-5ec6-4c05-b572-b260a5806050', 'code': 200}
2026-08-02 23:34:26.957 9 INFO neutron.db.ovn_revision_numbers_db [None req-a86ba9cb-fcf6-47ce-88c7-69227e0d3388 923cc6748fa44f688578ed1b8f8cc4ad 0293b968d86b4dcda50ad6911aab7fe4 - - default default] Successfully bumped revision number for resource de82e238-ea6d-4956-90f8-a4a2cb582e6b (type: ports) to 1 /var/lib/openstack/lib/python3.10/site-packages/pycadf/identifier.py:71: UserWarning: Invalid uuid: neutron. To ensure interoperability, identifiers should be a valid uuid. warnings.warn(('Invalid uuid: %s. To ensure interoperability, '
2026-08-02 23:34:26.988 9 INFO neutron.wsgi [req-2061aafd-da7f-4820-97f7-2388d14bd3ef req-5a2441eb-c178-44ec-80da-c86ce150a1e5 7d72eb1669334b33bd4584531aa7e143 15753d9249624dd08f7b805ec4572599 - - default default] 10.0.0.174 "GET /v2.0/security-groups?id=95e909ea-a4a5-41df-9a26-8c85cbff075c&fields=id&fields=name HTTP/1.1" status: 200 len: 312 time: 0.0622394
2026-08-02 23:34:26.996 9 INFO neutron.db.ovn_revision_numbers_db [None req-f8c68728-c0bd-4f9a-8729-3d41c2c388b4 2d19c0b8c23348bf88fc5ff0b9e2f7dd 8b6a73b532274d4a8ecc04e110346d73 - - default default] Successfully bumped revision number for resource 450a8437-5bc7-4934-835b-d9005eccd7d6 (type: floatingips) to 1
2026-08-02 23:34:27.010 8 INFO neutron.wsgi [req-d9240a4b-d2e5-47da-b441-330eeb9e2876 req-ef34e8e4-b172-4f5e-b6c9-83b69fb61825 adf2cf1c8bdd48c6ab7ce1ff39900ab3 a58fe209165a4fdbbf443341c333fb47 - - c135e7d025ad43808f7e20c2893a0803 c135e7d025ad43808f7e20c2893a0803] 199.204.45.23 "GET /v2.0/ports?tenant_id=15753d9249624dd08f7b805ec4572599&device_id=499119a1-8ee4-44c9-ad07-dbd57335f035 HTTP/1.1" status: 200 len: 1407 time: 0.0463006
2026-08-02 23:34:27.080 9 WARNING neutron.scheduler.dhcp_agent_scheduler [None req-a86ba9cb-fcf6-47ce-88c7-69227e0d3388 923cc6748fa44f688578ed1b8f8cc4ad 0293b968d86b4dcda50ad6911aab7fe4 - - default default] No more DHCP agents
2026-08-02 23:34:27.081 9 WARNING neutron.api.rpc.agentnotifiers.dhcp_rpc_agent_api [None req-a86ba9cb-fcf6-47ce-88c7-69227e0d3388 923cc6748fa44f688578ed1b8f8cc4ad 0293b968d86b4dcda50ad6911aab7fe4 - - default default] Unable to schedule network c17f6e8a-cd05-4a83-8a58-52943122c51f: no agents available; will retry on subsequent port and subnet creation events.
2026-08-02 23:34:27.108 8 INFO neutron.wsgi [req-d9240a4b-d2e5-47da-b441-330eeb9e2876 req-1f53126a-c934-44b7-a9b8-eba01d184327 adf2cf1c8bdd48c6ab7ce1ff39900ab3 a58fe209165a4fdbbf443341c333fb47 - - c135e7d025ad43808f7e20c2893a0803 c135e7d025ad43808f7e20c2893a0803] 199.204.45.23 "GET /v2.0/networks?id=f059bff3-e647-45f4-87b2-539374d6cc80 HTTP/1.1" status: 200 len: 977 time: 0.0876660
2026-08-02 23:34:27.146 8 INFO neutron.wsgi [req-d9240a4b-d2e5-47da-b441-330eeb9e2876 req-11ecf490-68c8-45c0-ae10-f6c20295fdaf adf2cf1c8bdd48c6ab7ce1ff39900ab3 a58fe209165a4fdbbf443341c333fb47 - - c135e7d025ad43808f7e20c2893a0803 c135e7d025ad43808f7e20c2893a0803] 199.204.45.23 "GET /v2.0/floatingips?fixed_ip_address=10.100.0.3&port_id=be7fa8c4-2fb9-41db-824e-3c53a7927d44 HTTP/1.1" status: 200 len: 217 time: 0.0297008
2026-08-02 23:34:27.164 8 INFO neutron.db.ovn_revision_numbers_db [None req-a1d607aa-05eb-47ed-a5fc-157fa90f860d 6fd7eb0f14b54cbe902786170379359c fbbf67704a5348fc83ae06a75ae2d9be - - default default] Successfully bumped revision number for resource c8fdfd16-1651-4e71-9776-3ecd45321b99 (type: router_ports) to 1
2026-08-02 23:34:27.166 8 INFO neutron.wsgi [None req-a1d607aa-05eb-47ed-a5fc-157fa90f860d 6fd7eb0f14b54cbe902786170379359c fbbf67704a5348fc83ae06a75ae2d9be - - default default] 10.0.0.18 "PUT /v2.0/routers/6ecb358a-1619-407e-9198-59aa2959c6b4/add_router_interface HTTP/1.1" status: 200 len: 503 time: 3.0202508
2026-08-02 23:34:27.198 8 INFO neutron.db.ovn_revision_numbers_db [None req-3540d669-5a92-479a-b00d-f3655fe5da21 - - - - - -] Successfully bumped revision number for resource b8b24a55-d99c-4345-86bb-f4d999e9001f (type: ports) to 2
2026-08-02 23:34:27.208 8 INFO neutron.wsgi [req-d9240a4b-d2e5-47da-b441-330eeb9e2876 req-543ecdd9-3832-48d8-b73d-1739f1237096 adf2cf1c8bdd48c6ab7ce1ff39900ab3 a58fe209165a4fdbbf443341c333fb47 - - c135e7d025ad43808f7e20c2893a0803 c135e7d025ad43808f7e20c2893a0803] 199.204.45.23 "GET /v2.0/subnets?id=b240378c-0b73-41bc-b60b-583cf720e984 HTTP/1.1" status: 200 len: 873 time: 0.0555663
2026-08-02 23:34:27.255 8 INFO neutron.wsgi [req-d9240a4b-d2e5-47da-b441-330eeb9e2876 req-6a473a22-129b-4900-8026-0f49878ea62b adf2cf1c8bdd48c6ab7ce1ff39900ab3 a58fe209165a4fdbbf443341c333fb47 - - c135e7d025ad43808f7e20c2893a0803 c135e7d025ad43808f7e20c2893a0803] 199.204.45.23 "GET /v2.0/ports?network_id=f059bff3-e647-45f4-87b2-539374d6cc80&device_owner=network%3Adhcp HTTP/1.1" status: 200 len: 210 time: 0.0365307
2026-08-02 23:34:27.277 9 INFO neutron.db.ovn_revision_numbers_db [None req-f8c68728-c0bd-4f9a-8729-3d41c2c388b4 2d19c0b8c23348bf88fc5ff0b9e2f7dd 8b6a73b532274d4a8ecc04e110346d73 - - default default] Successfully bumped revision number for resource 450a8437-5bc7-4934-835b-d9005eccd7d6 (type: floatingips) to 2
2026-08-02 23:34:27.302 9 INFO neutron.wsgi [None req-f8c68728-c0bd-4f9a-8729-3d41c2c388b4 2d19c0b8c23348bf88fc5ff0b9e2f7dd 8b6a73b532274d4a8ecc04e110346d73 - - default default] 10.0.0.18 "PUT /v2.0/floatingips/450a8437-5bc7-4934-835b-d9005eccd7d6 HTTP/1.1" status: 200 len: 1049 time: 1.2274849
2026-08-02 23:34:27.315 8 INFO neutron.wsgi [None req-24cf9578-ccc4-438a-b600-a37afadf903c 6fd7eb0f14b54cbe902786170379359c fbbf67704a5348fc83ae06a75ae2d9be - - default default] 10.0.0.18 "GET /v2.0/ports/c8fdfd16-1651-4e71-9776-3ecd45321b99 HTTP/1.1" status: 200 len: 1139 time: 0.1384857
2026-08-02 23:34:27.418 8 INFO neutron.wsgi [req-beb09dd5-793c-494f-839b-8a011ceea4d1 req-7360abac-0d60-4aba-ab51-b1d82c18d3f0 2d19c0b8c23348bf88fc5ff0b9e2f7dd 8b6a73b532274d4a8ecc04e110346d73 - - default default] 10.0.0.174 "GET /v2.0/ports?device_id=6464aafe-0168-4a4c-aa7e-a99b046c65c0 HTTP/1.1" status: 200 len: 1170 time: 0.0757239
2026-08-02 23:34:27.426 8 INFO neutron.wsgi [req-d9240a4b-d2e5-47da-b441-330eeb9e2876 req-7bb1fe98-4e75-4d3f-b2b3-1f5911e3195a adf2cf1c8bdd48c6ab7ce1ff39900ab3 a58fe209165a4fdbbf443341c333fb47 - - c135e7d025ad43808f7e20c2893a0803 c135e7d025ad43808f7e20c2893a0803] 199.204.45.23 "GET /v2.0/networks/f059bff3-e647-45f4-87b2-539374d6cc80?fields=segments HTTP/1.1" status: 200 len: 212 time: 0.1592414
2026-08-02 23:34:27.540 8 INFO neutron.wsgi [req-beb09dd5-793c-494f-839b-8a011ceea4d1 req-1acf9311-edc1-4930-b30a-84d80b25ec33 2d19c0b8c23348bf88fc5ff0b9e2f7dd 8b6a73b532274d4a8ecc04e110346d73 - - default default] 10.0.0.174 "GET /v2.0/security-groups?id=0a400013-77ce-4f9e-8a97-f572f64152f8&fields=id&fields=name HTTP/1.1" status: 200 len: 313 time: 0.1078167
2026-08-02 23:34:27.569 8 INFO neutron.wsgi [req-d9240a4b-d2e5-47da-b441-330eeb9e2876 req-265298c7-07d8-4829-95af-c7194b7a472e adf2cf1c8bdd48c6ab7ce1ff39900ab3 a58fe209165a4fdbbf443341c333fb47 - - c135e7d025ad43808f7e20c2893a0803 c135e7d025ad43808f7e20c2893a0803] 199.204.45.23 "GET /v2.0/networks/f059bff3-e647-45f4-87b2-539374d6cc80?fields=provider%3Aphysical_network&fields=provider%3Anetwork_type HTTP/1.1" status: 200 len: 277 time: 0.1360116
2026-08-02 23:34:27.574 9 INFO neutron.plugins.ml2.drivers.ovn.mech_driver.mech_driver [None req-bf9bff8a-3d16-4dfa-9d12-c8fa844a4f4d - - - - - -] OVN reports status up for port: be7fa8c4-2fb9-41db-824e-3c53a7927d44
2026-08-02 23:34:27.598 9 INFO neutron.plugins.ml2.plugin [None req-bf9bff8a-3d16-4dfa-9d12-c8fa844a4f4d - - - - - -] Attempt 1 to provision port be7fa8c4-2fb9-41db-824e-3c53a7927d44
2026-08-02 23:34:27.700 8 INFO neutron.db.ovn_revision_numbers_db [None req-3540d669-5a92-479a-b00d-f3655fe5da21 - - - - - -] Successfully bumped revision number for resource b8b24a55-d99c-4345-86bb-f4d999e9001f (type: ports) to 4
2026-08-02 23:34:27.807 9 INFO neutron.notifiers.nova [-] Nova event matching ['req-e865b5f8-815b-422b-bcea-c8397c586818'] response: {'name': 'network-changed', 'server_uuid': '6464aafe-0168-4a4c-aa7e-a99b046c65c0', 'tag': '1ca69144-5ec6-4c05-b572-b260a5806050', 'status': 'completed', 'code': 200}
2026-08-02 23:34:27.885 8 INFO neutron.plugins.ml2.drivers.ovn.mech_driver.mech_driver [None req-fcb676ba-0c1b-49a8-bfef-18b915a3fe5a - - - - - -] OVN reports status down for port: 1ca69144-5ec6-4c05-b572-b260a5806050
2026-08-02 23:34:27.888 8 INFO neutron.wsgi [req-1de0fa25-c155-41c4-bce3-983eb48d6e35 req-1ba714cc-0877-46b8-895e-a128c3c2dae3 adf2cf1c8bdd48c6ab7ce1ff39900ab3 a58fe209165a4fdbbf443341c333fb47 - - c135e7d025ad43808f7e20c2893a0803 c135e7d025ad43808f7e20c2893a0803] 199.204.45.23 "GET /v2.0/ports?tenant_id=8b6a73b532274d4a8ecc04e110346d73&device_id=6464aafe-0168-4a4c-aa7e-a99b046c65c0 HTTP/1.1" status: 200 len: 1409 time: 0.0523252
2026-08-02 23:34:27.947 9 INFO neutron.wsgi [req-bf95961b-4094-448a-ba45-93f13af328a7 req-f43343a8-f782-4491-8bcd-0c3c495efdab 2d19c0b8c23348bf88fc5ff0b9e2f7dd 8b6a73b532274d4a8ecc04e110346d73 - - default default] 10.0.0.174 "GET /v2.0/ports?device_id=6464aafe-0168-4a4c-aa7e-a99b046c65c0 HTTP/1.1" status: 200 len: 1170 time: 0.0538731
2026-08-02 23:34:28.021 9 INFO neutron.wsgi [req-bf95961b-4094-448a-ba45-93f13af328a7 req-0ca6638a-7642-4108-8437-8a7b92999305 2d19c0b8c23348bf88fc5ff0b9e2f7dd 8b6a73b532274d4a8ecc04e110346d73 - - default default] 10.0.0.174 "GET /v2.0/security-groups?id=0a400013-77ce-4f9e-8a97-f572f64152f8&fields=id&fields=name HTTP/1.1" status: 200 len: 313 time: 0.0632441
