2026-08-02 23:37:56.683 9 INFO neutron.wsgi [None req-961d78a7-68ac-4e70-b543-0e5817b3f7bd 923cc6748fa44f688578ed1b8f8cc4ad 0293b968d86b4dcda50ad6911aab7fe4 - - default default] 10.0.0.18 "POST /v2.0/subnets HTTP/1.1" status: 201 len: 863 time: 0.7719941
2026-08-02 23:37:57.156 9 WARNING neutron.scheduler.dhcp_agent_scheduler [None req-45522ccf-9304-40c8-9b1e-6b0a75663a74 923cc6748fa44f688578ed1b8f8cc4ad 0293b968d86b4dcda50ad6911aab7fe4 - - default default] No more DHCP agents
2026-08-02 23:37:57.158 9 WARNING neutron.api.rpc.agentnotifiers.dhcp_rpc_agent_api [None req-45522ccf-9304-40c8-9b1e-6b0a75663a74 923cc6748fa44f688578ed1b8f8cc4ad 0293b968d86b4dcda50ad6911aab7fe4 - - default default] Unable to schedule network bc1478aa-9c23-44fe-b1b0-e955580e29bb: no agents available; will retry on subsequent port and subnet creation events.
2026-08-02 23:37:57.323 9 INFO neutron.db.ovn_revision_numbers_db [None req-45522ccf-9304-40c8-9b1e-6b0a75663a74 923cc6748fa44f688578ed1b8f8cc4ad 0293b968d86b4dcda50ad6911aab7fe4 - - default default] Successfully bumped revision number for resource b3a68af6-531b-4335-8979-d92d7fc63e9a (type: ports) to 1
2026-08-02 23:37:57.349 9 INFO neutron.db.ovn_revision_numbers_db [None req-b924029e-d316-4ed8-a50b-e87e604635d0 923cc6748fa44f688578ed1b8f8cc4ad 0293b968d86b4dcda50ad6911aab7fe4 - - default default] Successfully bumped revision number for resource 276d968a-4246-429f-8dc2-975a03063e9b (type: security_groups) to 1
2026-08-02 23:37:57.379 9 INFO neutron.db.ovn_revision_numbers_db [None req-b924029e-d316-4ed8-a50b-e87e604635d0 923cc6748fa44f688578ed1b8f8cc4ad 0293b968d86b4dcda50ad6911aab7fe4 - - default default] Successfully bumped revision number for resource 507c7041-53ac-4271-8b59-9617be2e0030 (type: security_group_rules) to 0
2026-08-02 23:37:57.400 9 INFO neutron.db.ovn_revision_numbers_db [None req-b924029e-d316-4ed8-a50b-e87e604635d0 923cc6748fa44f688578ed1b8f8cc4ad 0293b968d86b4dcda50ad6911aab7fe4 - - default default] Successfully bumped revision number for resource a7ddf8cd-fe3c-49f3-9c83-9535d221057c (type: security_group_rules) to 0
2026-08-02 23:37:57.435 9 INFO neutron.db.ovn_revision_numbers_db [None req-b924029e-d316-4ed8-a50b-e87e604635d0 923cc6748fa44f688578ed1b8f8cc4ad 0293b968d86b4dcda50ad6911aab7fe4 - - default default] Successfully bumped revision number for resource e43e4d78-14b1-4140-be7b-5e014445ab7a (type: security_group_rules) to 0
2026-08-02 23:37:57.453 9 INFO neutron.db.ovn_revision_numbers_db [None req-b924029e-d316-4ed8-a50b-e87e604635d0 923cc6748fa44f688578ed1b8f8cc4ad 0293b968d86b4dcda50ad6911aab7fe4 - - default default] Successfully bumped revision number for resource f396044e-428a-4eea-8940-8e5ebbae543d (type: security_group_rules) to 0
2026-08-02 23:37:57.482 9 INFO neutron.wsgi [None req-b924029e-d316-4ed8-a50b-e87e604635d0 923cc6748fa44f688578ed1b8f8cc4ad 0293b968d86b4dcda50ad6911aab7fe4 - - default default] 10.0.0.18 "GET /v2.0/security-groups?tenant_id=fdd459e6b86d497ea42956faa2a8b152&name=default HTTP/1.1" status: 200 len: 3000 time: 0.3560548
2026-08-02 23:37:57.667 8 INFO neutron.wsgi [None req-455dd63f-b615-45b5-bca3-9500364de9d8 923cc6748fa44f688578ed1b8f8cc4ad 0293b968d86b4dcda50ad6911aab7fe4 - - default default] 10.0.0.18 "DELETE /v2.0/security-groups/276d968a-4246-429f-8dc2-975a03063e9b HTTP/1.1" status: 204 len: 168 time: 0.1767716
2026-08-02 23:37:57.816 9 INFO neutron.wsgi [None req-36dc9811-d0f8-470c-8929-7b8c7beb43b2 923cc6748fa44f688578ed1b8f8cc4ad 0293b968d86b4dcda50ad6911aab7fe4 - - default default] 10.0.0.18 "GET /v2.0/security-groups?tenant_id=9d30900be6804d60b9f0595c09df33f5&name=default HTTP/1.1" status: 200 len: 2996 time: 0.0587502
2026-08-02 23:37:57.938 8 INFO neutron.plugins.ml2.drivers.ovn.mech_driver.mech_driver [None req-fcb676ba-0c1b-49a8-bfef-18b915a3fe5a - - - - - -] OVN reports status up for port: b3a68af6-531b-4335-8979-d92d7fc63e9a
2026-08-02 23:37:57.955 8 INFO neutron.plugins.ml2.drivers.ovn.mech_driver.ovsdb.ovsdb_monitor [None req-3540d669-5a92-479a-b00d-f3655fe5da21 - - - - - -] Router b22c8d73-f8bf-4c82-a078-81ea5e7d4bda is bound to host instance
2026-08-02 23:37:57.957 8 INFO neutron.plugins.ml2.plugin [None req-fcb676ba-0c1b-49a8-bfef-18b915a3fe5a - - - - - -] Attempt 1 to provision port b3a68af6-531b-4335-8979-d92d7fc63e9a
2026-08-02 23:37:57.961 9 INFO neutron.db.ovn_revision_numbers_db [None req-45522ccf-9304-40c8-9b1e-6b0a75663a74 923cc6748fa44f688578ed1b8f8cc4ad 0293b968d86b4dcda50ad6911aab7fe4 - - default default] Successfully bumped revision number for resource b3a68af6-531b-4335-8979-d92d7fc63e9a (type: router_ports) to 1
2026-08-02 23:37:58.025 9 INFO neutron.db.ovn_revision_numbers_db [None req-45522ccf-9304-40c8-9b1e-6b0a75663a74 923cc6748fa44f688578ed1b8f8cc4ad 0293b968d86b4dcda50ad6911aab7fe4 - - default default] Successfully bumped revision number for resource b22c8d73-f8bf-4c82-a078-81ea5e7d4bda (type: routers) to 2
2026-08-02 23:37:58.039 9 INFO neutron.wsgi [None req-45522ccf-9304-40c8-9b1e-6b0a75663a74 923cc6748fa44f688578ed1b8f8cc4ad 0293b968d86b4dcda50ad6911aab7fe4 - - default default] 10.0.0.18 "POST /v2.0/routers HTTP/1.1" status: 201 len: 874 time: 1.3505585
2026-08-02 23:37:58.126 8 INFO neutron.wsgi [None req-17ea805c-2454-489b-af1c-5ca2fb964aea 923cc6748fa44f688578ed1b8f8cc4ad 0293b968d86b4dcda50ad6911aab7fe4 - - default default] 10.0.0.18 "DELETE /v2.0/security-groups/0f5559db-42ac-42d5-a456-d568d9a2faef HTTP/1.1" status: 204 len: 168 time: 0.3033514
2026-08-02 23:37:58.467 9 WARNING neutron.scheduler.dhcp_agent_scheduler [None req-0bd67bfe-c692-4021-8e29-92d60d83b279 923cc6748fa44f688578ed1b8f8cc4ad 0293b968d86b4dcda50ad6911aab7fe4 - - default default] No more DHCP agents
2026-08-02 23:37:58.470 9 WARNING neutron.api.rpc.agentnotifiers.dhcp_rpc_agent_api [None req-0bd67bfe-c692-4021-8e29-92d60d83b279 923cc6748fa44f688578ed1b8f8cc4ad 0293b968d86b4dcda50ad6911aab7fe4 - - default default] Unable to schedule network 5708785d-5167-4fd7-b6e1-b1dd36f9b0f6: no agents available; will retry on subsequent port and subnet creation events.
2026-08-02 23:37:58.508 8 INFO neutron.db.ovn_revision_numbers_db [None req-3540d669-5a92-479a-b00d-f3655fe5da21 - - - - - -] Successfully bumped revision number for resource b3a68af6-531b-4335-8979-d92d7fc63e9a (type: ports) to 1
2026-08-02 23:37:58.630 9 INFO neutron.db.ovn_revision_numbers_db [None req-0bd67bfe-c692-4021-8e29-92d60d83b279 923cc6748fa44f688578ed1b8f8cc4ad 0293b968d86b4dcda50ad6911aab7fe4 - - default default] Successfully bumped revision number for resource 5acaf92d-19c9-4b00-a9b4-156ecca15d41 (type: ports) to 1
2026-08-02 23:37:58.765 8 INFO neutron.db.ovn_revision_numbers_db [None req-3540d669-5a92-479a-b00d-f3655fe5da21 - - - - - -] Successfully bumped revision number for resource b3a68af6-531b-4335-8979-d92d7fc63e9a (type: router_ports) to 3
2026-08-02 23:37:58.918 8 INFO neutron.db.ovn_revision_numbers_db [None req-3540d669-5a92-479a-b00d-f3655fe5da21 - - - - - -] Successfully bumped revision number for resource b3a68af6-531b-4335-8979-d92d7fc63e9a (type: ports) to 2
2026-08-02 23:37:59.156 8 INFO neutron.db.ovn_revision_numbers_db [None req-3540d669-5a92-479a-b00d-f3655fe5da21 - - - - - -] Successfully bumped revision number for resource b3a68af6-531b-4335-8979-d92d7fc63e9a (type: ports) to 4
2026-08-02 23:37:59.359 9 INFO neutron.db.ovn_revision_numbers_db [None req-0bd67bfe-c692-4021-8e29-92d60d83b279 923cc6748fa44f688578ed1b8f8cc4ad 0293b968d86b4dcda50ad6911aab7fe4 - - default default] Successfully bumped revision number for resource 5acaf92d-19c9-4b00-a9b4-156ecca15d41 (type: router_ports) to 1
2026-08-02 23:37:59.596 9 INFO neutron.db.ovn_revision_numbers_db [None req-0bd67bfe-c692-4021-8e29-92d60d83b279 923cc6748fa44f688578ed1b8f8cc4ad 0293b968d86b4dcda50ad6911aab7fe4 - - default default] Successfully bumped revision number for resource 5acaf92d-19c9-4b00-a9b4-156ecca15d41 (type: ports) to 1
2026-08-02 23:37:59.660 8 INFO neutron.db.ovn_revision_numbers_db [None req-3540d669-5a92-479a-b00d-f3655fe5da21 - - - - - -] Successfully bumped revision number for resource b3a68af6-531b-4335-8979-d92d7fc63e9a (type: router_ports) to 4
2026-08-02 23:37:59.678 9 WARNING neutron.scheduler.dhcp_agent_scheduler [None req-0bd67bfe-c692-4021-8e29-92d60d83b279 923cc6748fa44f688578ed1b8f8cc4ad 0293b968d86b4dcda50ad6911aab7fe4 - - default default] No more DHCP agents
2026-08-02 23:37:59.680 9 WARNING neutron.api.rpc.agentnotifiers.dhcp_rpc_agent_api [None req-0bd67bfe-c692-4021-8e29-92d60d83b279 923cc6748fa44f688578ed1b8f8cc4ad 0293b968d86b4dcda50ad6911aab7fe4 - - default default] Unable to schedule network 5708785d-5167-4fd7-b6e1-b1dd36f9b0f6: no agents available; will retry on subsequent port and subnet creation events.
2026-08-02 23:38:00.120 9 INFO neutron.db.ovn_revision_numbers_db [None req-0bd67bfe-c692-4021-8e29-92d60d83b279 923cc6748fa44f688578ed1b8f8cc4ad 0293b968d86b4dcda50ad6911aab7fe4 - - default default] Successfully bumped revision number for resource 5acaf92d-19c9-4b00-a9b4-156ecca15d41 (type: router_ports) to 1
2026-08-02 23:38:00.123 9 INFO neutron.wsgi [None req-0bd67bfe-c692-4021-8e29-92d60d83b279 923cc6748fa44f688578ed1b8f8cc4ad 0293b968d86b4dcda50ad6911aab7fe4 - - default default] 10.0.0.18 "PUT /v2.0/routers/b22c8d73-f8bf-4c82-a078-81ea5e7d4bda/add_router_interface HTTP/1.1" status: 200 len: 503 time: 2.0788240
2026-08-02 23:38:00.284 8 INFO neutron.plugins.ml2.drivers.ovn.mech_driver.mech_driver [None req-fcb676ba-0c1b-49a8-bfef-18b915a3fe5a - - - - - -] OVN reports status up for port: 5acaf92d-19c9-4b00-a9b4-156ecca15d41
2026-08-02 23:38:00.289 8 INFO neutron.plugins.ml2.plugin [None req-fcb676ba-0c1b-49a8-bfef-18b915a3fe5a - - - - - -] Attempt 1 to provision port 5acaf92d-19c9-4b00-a9b4-156ecca15d41
2026-08-02 23:38:00.599 8 INFO neutron.db.ovn_revision_numbers_db [None req-fcb676ba-0c1b-49a8-bfef-18b915a3fe5a - - - - - -] Successfully bumped revision number for resource 5acaf92d-19c9-4b00-a9b4-156ecca15d41 (type: ports) to 2
2026-08-02 23:38:00.722 8 INFO neutron.db.ovn_revision_numbers_db [None req-fcb676ba-0c1b-49a8-bfef-18b915a3fe5a - - - - - -] Successfully bumped revision number for resource 5acaf92d-19c9-4b00-a9b4-156ecca15d41 (type: router_ports) to 2
2026-08-02 23:38:01.299 9 INFO neutron.db.ovn_revision_numbers_db [None req-f20a171a-d1b9-4657-b64f-fd1d9c3b0f6d 923cc6748fa44f688578ed1b8f8cc4ad 0293b968d86b4dcda50ad6911aab7fe4 - - default default] Successfully bumped revision number for resource a244d905-5222-45c1-a2e4-9f5b0aafa72a (type: security_groups) to 1
2026-08-02 23:38:01.314 9 INFO neutron.db.ovn_revision_numbers_db [None req-f20a171a-d1b9-4657-b64f-fd1d9c3b0f6d 923cc6748fa44f688578ed1b8f8cc4ad 0293b968d86b4dcda50ad6911aab7fe4 - - default default] Successfully bumped revision number for resource 1615bbbc-c3d2-4b58-bf68-b3a4f47f7d52 (type: security_group_rules) to 0
2026-08-02 23:38:01.326 9 INFO neutron.db.ovn_revision_numbers_db [None req-f20a171a-d1b9-4657-b64f-fd1d9c3b0f6d 923cc6748fa44f688578ed1b8f8cc4ad 0293b968d86b4dcda50ad6911aab7fe4 - - default default] Successfully bumped revision number for resource 9f79c88c-76fd-45c3-9025-b1d008a02f48 (type: security_group_rules) to 0
2026-08-02 23:38:01.355 9 INFO neutron.db.ovn_revision_numbers_db [None req-f20a171a-d1b9-4657-b64f-fd1d9c3b0f6d 923cc6748fa44f688578ed1b8f8cc4ad 0293b968d86b4dcda50ad6911aab7fe4 - - default default] Successfully bumped revision number for resource bbced964-fafc-4f40-9d44-7d4659b17249 (type: security_group_rules) to 0
2026-08-02 23:38:01.371 9 INFO neutron.db.ovn_revision_numbers_db [None req-f20a171a-d1b9-4657-b64f-fd1d9c3b0f6d 923cc6748fa44f688578ed1b8f8cc4ad 0293b968d86b4dcda50ad6911aab7fe4 - - default default] Successfully bumped revision number for resource ccfc7f66-0e0f-46dd-a993-039d881f564e (type: security_group_rules) to 0
2026-08-02 23:38:01.432 9 INFO neutron.db.segments_db [None req-f20a171a-d1b9-4657-b64f-fd1d9c3b0f6d 923cc6748fa44f688578ed1b8f8cc4ad 0293b968d86b4dcda50ad6911aab7fe4 - - default default] Added segment 12b8e23e-ddb3-4cc5-9336-3cff403edbb2 of type geneve for network a7ff68c9-7dc4-4dce-9989-2ba7bba71d84
2026-08-02 23:38:01.608 9 INFO neutron.db.ovn_revision_numbers_db [None req-f20a171a-d1b9-4657-b64f-fd1d9c3b0f6d 923cc6748fa44f688578ed1b8f8cc4ad 0293b968d86b4dcda50ad6911aab7fe4 - - default default] Successfully bumped revision number for resource a7ff68c9-7dc4-4dce-9989-2ba7bba71d84 (type: networks) to 1
2026-08-02 23:38:01.613 9 INFO neutron.wsgi [None req-d397858a-2d24-4f67-ae40-39b8d10663cd a1a02b97f1dd49448d4e3e2d2ecfdc38 528ff1e2853e4091818853fdb8e7c62c - - default default] 10.0.0.18 "POST /v2.0/qos/policies HTTP/1.1" status: 201 len: 558 time: 0.2158442
2026-08-02 23:38:01.645 8 INFO neutron.wsgi [None req-62064999-a059-422b-8b2f-18caeb009e5f a1a02b97f1dd49448d4e3e2d2ecfdc38 528ff1e2853e4091818853fdb8e7c62c - - default default] 10.0.0.18 "PUT /v2.0/policies/e5594912-d362-4936-8681-91a2306c744c/tags HTTP/1.1" status: 200 len: 218 time: 0.0266647
2026-08-02 23:38:01.661 8 INFO neutron.wsgi [None req-af797576-518e-4a66-8fec-16b94311d388 a1a02b97f1dd49448d4e3e2d2ecfdc38 528ff1e2853e4091818853fdb8e7c62c - - default default] 10.0.0.18 "GET /v2.0/policies/e5594912-d362-4936-8681-91a2306c744c/tags HTTP/1.1" status: 200 len: 218 time: 0.0116804
2026-08-02 23:38:01.690 8 INFO neutron.wsgi [None req-ee87b213-116b-4be1-ba99-c16faff30c0a a1a02b97f1dd49448d4e3e2d2ecfdc38 528ff1e2853e4091818853fdb8e7c62c - - default default] 10.0.0.18 "PUT /v2.0/policies/e5594912-d362-4936-8681-91a2306c744c/tags/green HTTP/1.1" status: 201 len: 201 time: 0.0252290
2026-08-02 23:38:01.706 8 INFO neutron.wsgi [None req-57ce51a1-c646-497f-8a70-1b7d9f540a9d a1a02b97f1dd49448d4e3e2d2ecfdc38 528ff1e2853e4091818853fdb8e7c62c - - default default] 10.0.0.18 "GET /v2.0/policies/e5594912-d362-4936-8681-91a2306c744c/tags HTTP/1.1" status: 200 len: 227 time: 0.0124240
2026-08-02 23:38:01.723 8 INFO neutron.wsgi [None req-a3b08a6e-3e6c-4d1b-9a68-1ce6ecadbe56 a1a02b97f1dd49448d4e3e2d2ecfdc38 528ff1e2853e4091818853fdb8e7c62c - - default default] 10.0.0.18 "PUT /v2.0/policies/e5594912-d362-4936-8681-91a2306c744c/tags/red HTTP/1.1" status: 201 len: 201 time: 0.0123861
2026-08-02 23:38:01.738 8 INFO neutron.wsgi [None req-69721bf3-1657-44c1-92cc-c3b06dce9b2c a1a02b97f1dd49448d4e3e2d2ecfdc38 528ff1e2853e4091818853fdb8e7c62c - - default default] 10.0.0.18 "GET /v2.0/policies/e5594912-d362-4936-8681-91a2306c744c/tags HTTP/1.1" status: 200 len: 227 time: 0.0120871
2026-08-02 23:38:01.765 8 INFO neutron.wsgi [None req-a0e626db-3a84-40f3-b38b-55ea7fc2f308 a1a02b97f1dd49448d4e3e2d2ecfdc38 528ff1e2853e4091818853fdb8e7c62c - - default default] 10.0.0.18 "PUT /v2.0/policies/e5594912-d362-4936-8681-91a2306c744c/tags/black.or.white HTTP/1.1" status: 201 len: 201 time: 0.0228467
2026-08-02 23:38:01.769 9 WARNING neutron.scheduler.dhcp_agent_scheduler [None req-f20a171a-d1b9-4657-b64f-fd1d9c3b0f6d 923cc6748fa44f688578ed1b8f8cc4ad 0293b968d86b4dcda50ad6911aab7fe4 - - default default] No more DHCP agents
2026-08-02 23:38:01.772 9 WARNING neutron.api.rpc.agentnotifiers.dhcp_rpc_agent_api [None req-f20a171a-d1b9-4657-b64f-fd1d9c3b0f6d 923cc6748fa44f688578ed1b8f8cc4ad 0293b968d86b4dcda50ad6911aab7fe4 - - default default] Unable to schedule network a7ff68c9-7dc4-4dce-9989-2ba7bba71d84: no agents available; will retry on subsequent port and subnet creation events.
2026-08-02 23:38:01.782 8 INFO neutron.wsgi [None req-b62aa949-faa2-438a-9592-a392d80f50c0 a1a02b97f1dd49448d4e3e2d2ecfdc38 528ff1e2853e4091818853fdb8e7c62c - - default default] 10.0.0.18 "GET /v2.0/policies/e5594912-d362-4936-8681-91a2306c744c/tags HTTP/1.1" status: 200 len: 245 time: 0.0125597
2026-08-02 23:38:01.812 8 INFO neutron.wsgi [None req-3dd2a5e3-ef7c-4b6e-ab9e-3736e221aedd a1a02b97f1dd49448d4e3e2d2ecfdc38 528ff1e2853e4091818853fdb8e7c62c - - default default] 10.0.0.18 "PUT /v2.0/policies/e5594912-d362-4936-8681-91a2306c744c/tags HTTP/1.1" status: 200 len: 230 time: 0.0254905
2026-08-02 23:38:01.832 8 INFO neutron.wsgi [None req-72367607-71f6-4817-a666-67c4a61dab0f a1a02b97f1dd49448d4e3e2d2ecfdc38 528ff1e2853e4091818853fdb8e7c62c - - default default] 10.0.0.18 "GET /v2.0/policies/e5594912-d362-4936-8681-91a2306c744c/tags HTTP/1.1" status: 200 len: 230 time: 0.0152385
2026-08-02 23:38:01.851 9 INFO neutron.db.ovn_revision_numbers_db [None req-f20a171a-d1b9-4657-b64f-fd1d9c3b0f6d 923cc6748fa44f688578ed1b8f8cc4ad 0293b968d86b4dcda50ad6911aab7fe4 - - default default] Successfully bumped revision number for resource 6d2a05ea-7a82-4403-b27f-f0f9b21d8ada (type: ports) to 1
2026-08-02 23:38:01.852 8 INFO neutron.wsgi [None req-634e18e0-82f9-44fb-bb13-711ed2c36cdc a1a02b97f1dd49448d4e3e2d2ecfdc38 528ff1e2853e4091818853fdb8e7c62c - - default default] 10.0.0.18 "GET /v2.0/policies/e5594912-d362-4936-8681-91a2306c744c/tags/red HTTP/1.1" status: 204 len: 168 time: 0.0162179
2026-08-02 23:38:01.869 8 INFO neutron.api.v2.resource [None req-00185807-7d84-4098-a092-4273dea71585 a1a02b97f1dd49448d4e3e2d2ecfdc38 528ff1e2853e4091818853fdb8e7c62c - - default default] show failed (client error): The resource could not be found.
2026-08-02 23:38:01.870 8 INFO neutron.wsgi [None req-00185807-7d84-4098-a092-4273dea71585 a1a02b97f1dd49448d4e3e2d2ecfdc38 528ff1e2853e4091818853fdb8e7c62c - - default default] 10.0.0.18 "GET /v2.0/policies/e5594912-d362-4936-8681-91a2306c744c/tags/green HTTP/1.1" status: 404 len: 299 time: 0.0130556
2026-08-02 23:38:01.871 9 INFO neutron.wsgi [None req-f20a171a-d1b9-4657-b64f-fd1d9c3b0f6d 923cc6748fa44f688578ed1b8f8cc4ad 0293b968d86b4dcda50ad6911aab7fe4 - - default default] 10.0.0.18 "POST /v2.0/networks HTTP/1.1" status: 201 len: 942 time: 0.6758671
2026-08-02 23:38:01.896 8 INFO neutron.wsgi [None req-0b0bc2f9-53ab-4be9-b4db-d34effe55c5e a1a02b97f1dd49448d4e3e2d2ecfdc38 528ff1e2853e4091818853fdb8e7c62c - - default default] 10.0.0.18 "DELETE /v2.0/policies/e5594912-d362-4936-8681-91a2306c744c/tags/red HTTP/1.1" status: 204 len: 168 time: 0.0217266
2026-08-02 23:38:01.912 8 INFO neutron.wsgi [None req-bf4f1b8f-d33b-4b4d-88e4-c4c63f28cd08 a1a02b97f1dd49448d4e3e2d2ecfdc38 528ff1e2853e4091818853fdb8e7c62c - - default default] 10.0.0.18 "GET /v2.0/policies/e5594912-d362-4936-8681-91a2306c744c/tags HTTP/1.1" status: 200 len: 223 time: 0.0114014
2026-08-02 23:38:01.932 8 INFO neutron.api.v2.resource [None req-df0ffcd0-31e7-402c-bc36-3e2b943c1c46 a1a02b97f1dd49448d4e3e2d2ecfdc38 528ff1e2853e4091818853fdb8e7c62c - - default default] delete failed (client error): The resource could not be found.
2026-08-02 23:38:01.934 8 INFO neutron.wsgi [None req-df0ffcd0-31e7-402c-bc36-3e2b943c1c46 a1a02b97f1dd49448d4e3e2d2ecfdc38 528ff1e2853e4091818853fdb8e7c62c - - default default] 10.0.0.18 "DELETE /v2.0/policies/e5594912-d362-4936-8681-91a2306c744c/tags/green HTTP/1.1" status: 404 len: 299 time: 0.0171697
2026-08-02 23:38:01.965 8 INFO neutron.wsgi [None req-7fdc2f16-a0b3-4da6-8fe1-f750eee41966 a1a02b97f1dd49448d4e3e2d2ecfdc38 528ff1e2853e4091818853fdb8e7c62c - - default default] 10.0.0.18 "DELETE /v2.0/policies/e5594912-d362-4936-8681-91a2306c744c/tags HTTP/1.1" status: 204 len: 168 time: 0.0262380
2026-08-02 23:38:01.984 8 INFO neutron.wsgi [None req-963e6224-54b9-4b11-b3fa-60d39192f7e9 a1a02b97f1dd49448d4e3e2d2ecfdc38 528ff1e2853e4091818853fdb8e7c62c - - default default] 10.0.0.18 "GET /v2.0/policies/e5594912-d362-4936-8681-91a2306c744c/tags HTTP/1.1" status: 200 len: 205 time: 0.0142541
2026-08-02 23:38:02.032 9 WARNING neutron.scheduler.dhcp_agent_scheduler [None req-2be33768-e17d-485c-85eb-9731743e210d 923cc6748fa44f688578ed1b8f8cc4ad 0293b968d86b4dcda50ad6911aab7fe4 - - default default] No more DHCP agents
2026-08-02 23:38:02.039 9 WARNING neutron.api.rpc.agentnotifiers.dhcp_rpc_agent_api [None req-2be33768-e17d-485c-85eb-9731743e210d 923cc6748fa44f688578ed1b8f8cc4ad 0293b968d86b4dcda50ad6911aab7fe4 - - default default] Unable to schedule network a7ff68c9-7dc4-4dce-9989-2ba7bba71d84: no agents available; will retry on subsequent port and subnet creation events.
2026-08-02 23:38:02.080 9 INFO neutron.wsgi [None req-6e5149d8-f5c6-4001-8161-a41d749741ba a1a02b97f1dd49448d4e3e2d2ecfdc38 528ff1e2853e4091818853fdb8e7c62c - - default default] 10.0.0.18 "DELETE /v2.0/qos/policies/e5594912-d362-4936-8681-91a2306c744c HTTP/1.1" status: 204 len: 168 time: 0.0905375
2026-08-02 23:38:02.484 9 INFO neutron.wsgi [-] 10.0.0.87 "GET / HTTP/1.1" status: 200 len: 247 time: 0.0016158
2026-08-02 23:38:02.486 9 INFO neutron.wsgi [-] 10.0.0.87 "GET / HTTP/1.1" status: 200 len: 247 time: 0.0009990
2026-08-02 23:38:02.542 9 INFO neutron.db.ovn_revision_numbers_db [None req-2be33768-e17d-485c-85eb-9731743e210d 923cc6748fa44f688578ed1b8f8cc4ad 0293b968d86b4dcda50ad6911aab7fe4 - - default default] Successfully bumped revision number for resource 6d2a05ea-7a82-4403-b27f-f0f9b21d8ada (type: ports) to 2
2026-08-02 23:38:02.577 9 INFO neutron.db.ovn_revision_numbers_db [None req-2be33768-e17d-485c-85eb-9731743e210d 923cc6748fa44f688578ed1b8f8cc4ad 0293b968d86b4dcda50ad6911aab7fe4 - - default default] Successfully bumped revision number for resource 693b141e-02b9-4a76-aaf1-785b83479220 (type: subnets) to 0
2026-08-02 23:38:02.589 9 INFO neutron.wsgi [None req-2be33768-e17d-485c-85eb-9731743e210d 923cc6748fa44f688578ed1b8f8cc4ad 0293b968d86b4dcda50ad6911aab7fe4 - - default default] 10.0.0.18 "POST /v2.0/subnets HTTP/1.1" status: 201 len: 862 time: 0.7127318
2026-08-02 23:38:02.956 8 INFO neutron.db.ovn_revision_numbers_db [None req-2b39181b-b2db-47fe-a7e9-6d860a8a2bc6 923cc6748fa44f688578ed1b8f8cc4ad 0293b968d86b4dcda50ad6911aab7fe4 - - default default] Successfully bumped revision number for resource d3697b28-525e-48b0-b49e-44a66ee1ded6 (type: security_groups) to 1
2026-08-02 23:38:02.970 8 INFO neutron.db.ovn_revision_numbers_db [None req-2b39181b-b2db-47fe-a7e9-6d860a8a2bc6 923cc6748fa44f688578ed1b8f8cc4ad 0293b968d86b4dcda50ad6911aab7fe4 - - default default] Successfully bumped revision number for resource 467fe51f-731e-42e0-b251-85a35125a4b1 (type: security_group_rules) to 0
2026-08-02 23:38:02.985 8 INFO neutron.db.ovn_revision_numbers_db [None req-2b39181b-b2db-47fe-a7e9-6d860a8a2bc6 923cc6748fa44f688578ed1b8f8cc4ad 0293b968d86b4dcda50ad6911aab7fe4 - - default default] Successfully bumped revision number for resource 4f339486-3109-4486-9265-42f91ac19f04 (type: security_group_rules) to 0
2026-08-02 23:38:03.000 8 INFO neutron.db.ovn_revision_numbers_db [None req-2b39181b-b2db-47fe-a7e9-6d860a8a2bc6 923cc6748fa44f688578ed1b8f8cc4ad 0293b968d86b4dcda50ad6911aab7fe4 - - default default] Successfully bumped revision number for resource a834df30-da72-46c2-9d55-f72cb4d9eeb3 (type: security_group_rules) to 0
2026-08-02 23:38:03.014 8 INFO neutron.db.ovn_revision_numbers_db [None req-2b39181b-b2db-47fe-a7e9-6d860a8a2bc6 923cc6748fa44f688578ed1b8f8cc4ad 0293b968d86b4dcda50ad6911aab7fe4 - - default default] Successfully bumped revision number for resource b373bea6-61fe-4562-9232-2dcb36f66dee (type: security_group_rules) to 0
2026-08-02 23:38:03.037 8 INFO neutron.wsgi [None req-2b39181b-b2db-47fe-a7e9-6d860a8a2bc6 923cc6748fa44f688578ed1b8f8cc4ad 0293b968d86b4dcda50ad6911aab7fe4 - - default default] 10.0.0.18 "GET /v2.0/security-groups?tenant_id=528ff1e2853e4091818853fdb8e7c62c&name=default HTTP/1.1" status: 200 len: 3000 time: 0.2987916
2026-08-02 23:38:03.048 9 WARNING neutron.scheduler.dhcp_agent_scheduler [None req-128bca1c-1dda-4b25-bef6-d13c7c47ab96 923cc6748fa44f688578ed1b8f8cc4ad 0293b968d86b4dcda50ad6911aab7fe4 - - default default] No more DHCP agents
2026-08-02 23:38:03.056 9 WARNING neutron.api.rpc.agentnotifiers.dhcp_rpc_agent_api [None req-128bca1c-1dda-4b25-bef6-d13c7c47ab96 923cc6748fa44f688578ed1b8f8cc4ad 0293b968d86b4dcda50ad6911aab7fe4 - - default default] Unable to schedule network bc1478aa-9c23-44fe-b1b0-e955580e29bb: no agents available; will retry on subsequent port and subnet creation events.
2026-08-02 23:38:03.210 9 INFO neutron.db.ovn_revision_numbers_db [None req-128bca1c-1dda-4b25-bef6-d13c7c47ab96 923cc6748fa44f688578ed1b8f8cc4ad 0293b968d86b4dcda50ad6911aab7fe4 - - default default] Successfully bumped revision number for resource 7d7b582a-6b79-4cab-802a-71e7ce0ed25b (type: ports) to 1
2026-08-02 23:38:03.318 9 INFO neutron.wsgi [None req-82de7c7e-9a44-42ef-a634-41de6af3e5bd 923cc6748fa44f688578ed1b8f8cc4ad 0293b968d86b4dcda50ad6911aab7fe4 - - default default] 10.0.0.18 "DELETE /v2.0/security-groups/d3697b28-525e-48b0-b49e-44a66ee1ded6 HTTP/1.1" status: 204 len: 168 time: 0.2741733
2026-08-02 23:38:03.539 8 INFO neutron.db.ovn_revision_numbers_db [None req-8dfcd310-84d8-4191-bb3c-ac7118684deb 923cc6748fa44f688578ed1b8f8cc4ad 0293b968d86b4dcda50ad6911aab7fe4 - - default default] Successfully bumped revision number for resource 577fd6c8-f167-4e95-b658-d9f9c92f9901 (type: security_groups) to 1
2026-08-02 23:38:03.552 8 INFO neutron.db.ovn_revision_numbers_db [None req-8dfcd310-84d8-4191-bb3c-ac7118684deb 923cc6748fa44f688578ed1b8f8cc4ad 0293b968d86b4dcda50ad6911aab7fe4 - - default default] Successfully bumped revision number for resource 1a3019c7-bd0c-478d-aa88-d508b51377ef (type: security_group_rules) to 0
2026-08-02 23:38:03.565 8 INFO neutron.db.ovn_revision_numbers_db [None req-8dfcd310-84d8-4191-bb3c-ac7118684deb 923cc6748fa44f688578ed1b8f8cc4ad 0293b968d86b4dcda50ad6911aab7fe4 - - default default] Successfully bumped revision number for resource 97942ff6-b62c-421d-bdbe-b0f07786f2e4 (type: security_group_rules) to 0
2026-08-02 23:38:03.580 8 INFO neutron.db.ovn_revision_numbers_db [None req-8dfcd310-84d8-4191-bb3c-ac7118684deb 923cc6748fa44f688578ed1b8f8cc4ad 0293b968d86b4dcda50ad6911aab7fe4 - - default default] Successfully bumped revision number for resource b18cba1f-8928-4e3f-94c5-ca912e821b7e (type: security_group_rules) to 0
2026-08-02 23:38:03.594 8 INFO neutron.db.ovn_revision_numbers_db [None req-8dfcd310-84d8-4191-bb3c-ac7118684deb 923cc6748fa44f688578ed1b8f8cc4ad 0293b968d86b4dcda50ad6911aab7fe4 - - default default] Successfully bumped revision number for resource c7e2f093-0994-45a8-be22-82f18b5510d5 (type: security_group_rules) to 0
2026-08-02 23:38:03.617 8 INFO neutron.wsgi [None req-8dfcd310-84d8-4191-bb3c-ac7118684deb 923cc6748fa44f688578ed1b8f8cc4ad 0293b968d86b4dcda50ad6911aab7fe4 - - default default] 10.0.0.18 "GET /v2.0/security-groups?tenant_id=ded2c3623c934353988be86ba573b1b8&name=default HTTP/1.1" status: 200 len: 3000 time: 0.2061853
2026-08-02 23:38:03.751 9 INFO neutron.plugins.ml2.drivers.ovn.mech_driver.mech_driver [None req-bf9bff8a-3d16-4dfa-9d12-c8fa844a4f4d - - - - - -] OVN reports status up for port: 7d7b582a-6b79-4cab-802a-71e7ce0ed25b
2026-08-02 23:38:03.771 9 INFO neutron.plugins.ml2.drivers.ovn.mech_driver.ovsdb.ovsdb_monitor [None req-f323a60f-63b1-4cbb-ad73-c6cef459ba63 - - - - - -] Router d2fc9779-2f80-4e3e-8591-caf7fb156ece is bound to host instance
2026-08-02 23:38:03.772 9 INFO neutron.plugins.ml2.plugin [None req-bf9bff8a-3d16-4dfa-9d12-c8fa844a4f4d - - - - - -] Attempt 1 to provision port 7d7b582a-6b79-4cab-802a-71e7ce0ed25b
2026-08-02 23:38:03.798 9 INFO neutron.db.ovn_revision_numbers_db [None req-128bca1c-1dda-4b25-bef6-d13c7c47ab96 923cc6748fa44f688578ed1b8f8cc4ad 0293b968d86b4dcda50ad6911aab7fe4 - - default default] Successfully bumped revision number for resource 7d7b582a-6b79-4cab-802a-71e7ce0ed25b (type: router_ports) to 1
2026-08-02 23:38:03.812 8 INFO neutron.wsgi [None req-1405ca51-3fcc-4ff5-9010-d67be6c76839 923cc6748fa44f688578ed1b8f8cc4ad 0293b968d86b4dcda50ad6911aab7fe4 - - default default] 10.0.0.18 "DELETE /v2.0/security-groups/577fd6c8-f167-4e95-b658-d9f9c92f9901 HTTP/1.1" status: 204 len: 168 time: 0.1909885
2026-08-02 23:38:04.136 9 INFO neutron.db.ovn_revision_numbers_db [None req-128bca1c-1dda-4b25-bef6-d13c7c47ab96 923cc6748fa44f688578ed1b8f8cc4ad 0293b968d86b4dcda50ad6911aab7fe4 - - default default] Successfully bumped revision number for resource d2fc9779-2f80-4e3e-8591-caf7fb156ece (type: routers) to 2
2026-08-02 23:38:04.159 9 INFO neutron.wsgi [None req-128bca1c-1dda-4b25-bef6-d13c7c47ab96 923cc6748fa44f688578ed1b8f8cc4ad 0293b968d86b4dcda50ad6911aab7fe4 - - default default] 10.0.0.18 "POST /v2.0/routers HTTP/1.1" status: 201 len: 873 time: 1.5620408
2026-08-02 23:38:04.582 9 INFO neutron.db.ovn_revision_numbers_db [None req-f323a60f-63b1-4cbb-ad73-c6cef459ba63 - - - - - -] Successfully bumped revision number for resource 7d7b582a-6b79-4cab-802a-71e7ce0ed25b (type: ports) to 1
2026-08-02 23:38:04.597 8 WARNING neutron.scheduler.dhcp_agent_scheduler [None req-38d720a1-3004-4ef5-9a32-01470d4b083e 923cc6748fa44f688578ed1b8f8cc4ad 0293b968d86b4dcda50ad6911aab7fe4 - - default default] No more DHCP agents
2026-08-02 23:38:04.600 8 WARNING neutron.api.rpc.agentnotifiers.dhcp_rpc_agent_api [None req-38d720a1-3004-4ef5-9a32-01470d4b083e 923cc6748fa44f688578ed1b8f8cc4ad 0293b968d86b4dcda50ad6911aab7fe4 - - default default] Unable to schedule network a7ff68c9-7dc4-4dce-9989-2ba7bba71d84: no agents available; will retry on subsequent port and subnet creation events.
2026-08-02 23:38:04.748 8 INFO neutron.db.ovn_revision_numbers_db [None req-38d720a1-3004-4ef5-9a32-01470d4b083e 923cc6748fa44f688578ed1b8f8cc4ad 0293b968d86b4dcda50ad6911aab7fe4 - - default default] Successfully bumped revision number for resource 7bdea1d5-b1c8-4fac-874c-b0680fb46aeb (type: ports) to 1
2026-08-02 23:38:04.840 9 INFO neutron.db.ovn_revision_numbers_db [None req-f323a60f-63b1-4cbb-ad73-c6cef459ba63 - - - - - -] Successfully bumped revision number for resource 7d7b582a-6b79-4cab-802a-71e7ce0ed25b (type: router_ports) to 3
2026-08-02 23:38:04.978 9 INFO neutron.db.ovn_revision_numbers_db [None req-f323a60f-63b1-4cbb-ad73-c6cef459ba63 - - - - - -] Successfully bumped revision number for resource 7d7b582a-6b79-4cab-802a-71e7ce0ed25b (type: ports) to 2
2026-08-02 23:38:05.198 8 INFO neutron.db.ovn_revision_numbers_db [None req-38d720a1-3004-4ef5-9a32-01470d4b083e 923cc6748fa44f688578ed1b8f8cc4ad 0293b968d86b4dcda50ad6911aab7fe4 - - default default] Successfully bumped revision number for resource 7bdea1d5-b1c8-4fac-874c-b0680fb46aeb (type: router_ports) to 1
2026-08-02 23:38:05.211 9 INFO neutron.db.ovn_revision_numbers_db [None req-f323a60f-63b1-4cbb-ad73-c6cef459ba63 - - - - - -] Successfully bumped revision number for resource 7d7b582a-6b79-4cab-802a-71e7ce0ed25b (type: ports) to 4
2026-08-02 23:38:05.349 8 INFO neutron.db.ovn_revision_numbers_db [None req-38d720a1-3004-4ef5-9a32-01470d4b083e 923cc6748fa44f688578ed1b8f8cc4ad 0293b968d86b4dcda50ad6911aab7fe4 - - default default] Successfully bumped revision number for resource 7bdea1d5-b1c8-4fac-874c-b0680fb46aeb (type: ports) to 1
2026-08-02 23:38:05.432 8 WARNING neutron.scheduler.dhcp_agent_scheduler [None req-38d720a1-3004-4ef5-9a32-01470d4b083e 923cc6748fa44f688578ed1b8f8cc4ad 0293b968d86b4dcda50ad6911aab7fe4 - - default default] No more DHCP agents
2026-08-02 23:38:05.433 8 WARNING neutron.api.rpc.agentnotifiers.dhcp_rpc_agent_api [None req-38d720a1-3004-4ef5-9a32-01470d4b083e 923cc6748fa44f688578ed1b8f8cc4ad 0293b968d86b4dcda50ad6911aab7fe4 - - default default] Unable to schedule network a7ff68c9-7dc4-4dce-9989-2ba7bba71d84: no agents available; will retry on subsequent port and subnet creation events.
2026-08-02 23:38:05.452 9 INFO neutron.db.ovn_revision_numbers_db [None req-f323a60f-63b1-4cbb-ad73-c6cef459ba63 - - - - - -] Successfully bumped revision number for resource 7d7b582a-6b79-4cab-802a-71e7ce0ed25b (type: router_ports) to 4
2026-08-02 23:38:05.967 8 INFO neutron.db.ovn_revision_numbers_db [None req-38d720a1-3004-4ef5-9a32-01470d4b083e 923cc6748fa44f688578ed1b8f8cc4ad 0293b968d86b4dcda50ad6911aab7fe4 - - default default] Successfully bumped revision number for resource 7bdea1d5-b1c8-4fac-874c-b0680fb46aeb (type: router_ports) to 1
2026-08-02 23:38:05.970 8 INFO neutron.wsgi [None req-38d720a1-3004-4ef5-9a32-01470d4b083e 923cc6748fa44f688578ed1b8f8cc4ad 0293b968d86b4dcda50ad6911aab7fe4 - - default default] 10.0.0.18 "PUT /v2.0/routers/d2fc9779-2f80-4e3e-8591-caf7fb156ece/add_router_interface HTTP/1.1" status: 200 len: 503 time: 1.8061297
2026-08-02 23:38:06.249 8 WARNING neutron.plugins.ml2.drivers.ovn.mech_driver.ovsdb.ovn_client [None req-fcb676ba-0c1b-49a8-bfef-18b915a3fe5a - - - - - -] No hosting information found for port 5acaf92d-19c9-4b00-a9b4-156ecca15d41: RuntimeError: No hosting information found for port 5acaf92d-19c9-4b00-a9b4-156ecca15d41
2026-08-02 23:38:06.250 8 INFO neutron.plugins.ml2.drivers.ovn.mech_driver.mech_driver [None req-fcb676ba-0c1b-49a8-bfef-18b915a3fe5a - - - - - -] OVN reports status up for port: 7bdea1d5-b1c8-4fac-874c-b0680fb46aeb
2026-08-02 23:38:06.256 8 INFO neutron.plugins.ml2.plugin [None req-fcb676ba-0c1b-49a8-bfef-18b915a3fe5a - - - - - -] Attempt 1 to provision port 7bdea1d5-b1c8-4fac-874c-b0680fb46aeb
2026-08-02 23:38:06.570 8 INFO neutron.db.ovn_revision_numbers_db [None req-fcb676ba-0c1b-49a8-bfef-18b915a3fe5a - - - - - -] Successfully bumped revision number for resource 7bdea1d5-b1c8-4fac-874c-b0680fb46aeb (type: ports) to 2
2026-08-02 23:38:06.708 8 INFO neutron.db.ovn_revision_numbers_db [None req-fcb676ba-0c1b-49a8-bfef-18b915a3fe5a - - - - - -] Successfully bumped revision number for resource 7bdea1d5-b1c8-4fac-874c-b0680fb46aeb (type: router_ports) to 2
2026-08-02 23:38:06.835 8 INFO neutron.db.ovn_revision_numbers_db [None req-6900d3ac-3e42-482e-b981-ba6b30f3d433 c215299f3e1a426389acae8102a0a325 47de2f653e764326bd9769b7804a82d5 - - default default] Successfully bumped revision number for resource 20c474bc-5167-4abb-bc2c-ffa840c15b61 (type: security_groups) to 1
2026-08-02 23:38:06.849 8 INFO neutron.db.ovn_revision_numbers_db [None req-6900d3ac-3e42-482e-b981-ba6b30f3d433 c215299f3e1a426389acae8102a0a325 47de2f653e764326bd9769b7804a82d5 - - default default] Successfully bumped revision number for resource 5a4872a5-2847-4732-a33e-97ee004da661 (type: security_group_rules) to 0
2026-08-02 23:38:06.862 8 INFO neutron.db.ovn_revision_numbers_db [None req-6900d3ac-3e42-482e-b981-ba6b30f3d433 c215299f3e1a426389acae8102a0a325 47de2f653e764326bd9769b7804a82d5 - - default default] Successfully bumped revision number for resource 99a671c5-a12f-46b0-8347-0bbfca718714 (type: security_group_rules) to 0
2026-08-02 23:38:06.884 8 INFO neutron.wsgi [None req-6900d3ac-3e42-482e-b981-ba6b30f3d433 c215299f3e1a426389acae8102a0a325 47de2f653e764326bd9769b7804a82d5 - - default default] 10.0.0.18 "POST /v2.0/security-groups HTTP/1.1" status: 201 len: 1809 time: 0.2188883
2026-08-02 23:38:07.002 8 INFO neutron.db.ovn_revision_numbers_db [None req-7f4cc7a8-d018-4ecb-b8a4-9b8f70d12070 c215299f3e1a426389acae8102a0a325 47de2f653e764326bd9769b7804a82d5 - - default default] Successfully bumped revision number for resource 38a81f3a-5043-4383-89d7-a8cc551ca0a6 (type: security_group_rules) to 0
2026-08-02 23:38:07.026 8 INFO neutron.wsgi [None req-7f4cc7a8-d018-4ecb-b8a4-9b8f70d12070 c215299f3e1a426389acae8102a0a325 47de2f653e764326bd9769b7804a82d5 - - default default] 10.0.0.18 "POST /v2.0/security-group-rules HTTP/1.1" status: 201 len: 764 time: 0.1365664
2026-08-02 23:38:07.153 8 INFO neutron.db.ovn_revision_numbers_db [None req-df368906-f823-4588-bd81-38a4f55cd2a7 c215299f3e1a426389acae8102a0a325 47de2f653e764326bd9769b7804a82d5 - - default default] Successfully bumped revision number for resource 7a969ab7-ad8d-46d2-993d-32f6d8a7bc98 (type: security_group_rules) to 0
2026-08-02 23:38:07.178 8 INFO neutron.wsgi [None req-df368906-f823-4588-bd81-38a4f55cd2a7 c215299f3e1a426389acae8102a0a325 47de2f653e764326bd9769b7804a82d5 - - default default] 10.0.0.18 "POST /v2.0/security-group-rules HTTP/1.1" status: 201 len: 763 time: 0.1462438
2026-08-02 23:38:07.199 9 INFO neutron.db.ovn_revision_numbers_db [None req-2aa20509-f170-4fac-b2d5-c5b79c68b937 69553db079f34a75aab3686e663183fe 8c1f3e535061478ba1ad4df49240cadb - - default default] Successfully bumped revision number for resource 8105e193-3a6b-4f9b-af84-a09ef1d1ca74 (type: security_groups) to 1
2026-08-02 23:38:07.212 9 INFO neutron.db.ovn_revision_numbers_db [None req-2aa20509-f170-4fac-b2d5-c5b79c68b937 69553db079f34a75aab3686e663183fe 8c1f3e535061478ba1ad4df49240cadb - - default default] Successfully bumped revision number for resource 1708093d-1d92-4db0-b8a3-3ea724c09cfd (type: security_group_rules) to 0
2026-08-02 23:38:07.229 9 INFO neutron.db.ovn_revision_numbers_db [None req-2aa20509-f170-4fac-b2d5-c5b79c68b937 69553db079f34a75aab3686e663183fe 8c1f3e535061478ba1ad4df49240cadb - - default default] Successfully bumped revision number for resource 7da1006f-d2cc-4d11-b271-f8cbddc500f4 (type: security_group_rules) to 0
2026-08-02 23:38:07.244 9 INFO neutron.db.ovn_revision_numbers_db [None req-2aa20509-f170-4fac-b2d5-c5b79c68b937 69553db079f34a75aab3686e663183fe 8c1f3e535061478ba1ad4df49240cadb - - default default] Successfully bumped revision number for resource 87ec831f-6a3b-4ea5-a1fb-10307412d743 (type: security_group_rules) to 0
2026-08-02 23:38:07.257 9 INFO neutron.db.ovn_revision_numbers_db [None req-2aa20509-f170-4fac-b2d5-c5b79c68b937 69553db079f34a75aab3686e663183fe 8c1f3e535061478ba1ad4df49240cadb - - default default] Successfully bumped revision number for resource 960eb4be-fbbc-4dd1-9e52-0d2b5903fa67 (type: security_group_rules) to 0
2026-08-02 23:38:07.289 8 INFO neutron.db.ovn_revision_numbers_db [None req-47528fdb-b9b5-44b3-acfe-61a281f7f48d c215299f3e1a426389acae8102a0a325 47de2f653e764326bd9769b7804a82d5 - - default default] Successfully bumped revision number for resource 79c853b3-d8d9-4c44-bc9e-129a6aa24217 (type: security_group_rules) to 0
2026-08-02 23:38:07.309 8 INFO neutron.wsgi [None req-47528fdb-b9b5-44b3-acfe-61a281f7f48d c215299f3e1a426389acae8102a0a325 47de2f653e764326bd9769b7804a82d5 - - default default] 10.0.0.18 "POST /v2.0/security-group-rules HTTP/1.1" status: 201 len: 769 time: 0.1250746
2026-08-02 23:38:07.309 9 INFO neutron.db.segments_db [None req-2aa20509-f170-4fac-b2d5-c5b79c68b937 69553db079f34a75aab3686e663183fe 8c1f3e535061478ba1ad4df49240cadb - - default default] Added segment 987c1887-51c2-4e43-930b-0811d48d91a3 of type geneve for network 6834a361-addd-45c1-a7c0-ec723a9f9420
2026-08-02 23:38:07.441 8 INFO neutron.db.ovn_revision_numbers_db [None req-2f611925-722b-4bfe-89f1-61e6001a3977 c215299f3e1a426389acae8102a0a325 47de2f653e764326bd9769b7804a82d5 - - default default] Successfully bumped revision number for resource 52664e61-ccff-4809-8a49-2637279e8d9f (type: security_group_rules) to 0
2026-08-02 23:38:07.470 8 INFO neutron.wsgi [None req-2f611925-722b-4bfe-89f1-61e6001a3977 c215299f3e1a426389acae8102a0a325 47de2f653e764326bd9769b7804a82d5 - - default default] 10.0.0.18 "POST /v2.0/security-group-rules HTTP/1.1" status: 201 len: 768 time: 0.1568460
2026-08-02 23:38:07.497 8 INFO neutron.db.securitygroups_db [None req-72fcfe40-6e18-4572-aaf2-4901f9b509ac c215299f3e1a426389acae8102a0a325 47de2f653e764326bd9769b7804a82d5 - - default default] Project 47de2f653e764326bd9769b7804a82d5 added a security group rule with legacy IPv6 ICMP protocol name icmp, ipv6-icmp should be used instead. It was automatically converted.
2026-08-02 23:38:07.499 9 INFO neutron.db.ovn_revision_numbers_db [None req-2aa20509-f170-4fac-b2d5-c5b79c68b937 69553db079f34a75aab3686e663183fe 8c1f3e535061478ba1ad4df49240cadb - - default default] Successfully bumped revision number for resource 6834a361-addd-45c1-a7c0-ec723a9f9420 (type: networks) to 1
2026-08-02 23:38:07.596 8 INFO neutron.db.ovn_revision_numbers_db [None req-72fcfe40-6e18-4572-aaf2-4901f9b509ac c215299f3e1a426389acae8102a0a325 47de2f653e764326bd9769b7804a82d5 - - default default] Successfully bumped revision number for resource 3552cdef-22fa-4c61-952d-59160bb955f0 (type: security_group_rules) to 0
2026-08-02 23:38:07.620 8 INFO neutron.wsgi [None req-72fcfe40-6e18-4572-aaf2-4901f9b509ac c215299f3e1a426389acae8102a0a325 47de2f653e764326bd9769b7804a82d5 - - default default] 10.0.0.18 "POST /v2.0/security-group-rules HTTP/1.1" status: 201 len: 774 time: 0.1439135
2026-08-02 23:38:07.647 8 INFO neutron.db.securitygroups_db [None req-feeeef26-5a7e-4bc8-9426-fcde145d2b2f c215299f3e1a426389acae8102a0a325 47de2f653e764326bd9769b7804a82d5 - - default default] Project 47de2f653e764326bd9769b7804a82d5 added a security group rule with legacy IPv6 ICMP protocol name icmp, ipv6-icmp should be used instead. It was automatically converted.
2026-08-02 23:38:07.687 9 WARNING neutron.scheduler.dhcp_agent_scheduler [None req-2aa20509-f170-4fac-b2d5-c5b79c68b937 69553db079f34a75aab3686e663183fe 8c1f3e535061478ba1ad4df49240cadb - - default default] No more DHCP agents
2026-08-02 23:38:07.689 9 WARNING neutron.api.rpc.agentnotifiers.dhcp_rpc_agent_api [None req-2aa20509-f170-4fac-b2d5-c5b79c68b937 69553db079f34a75aab3686e663183fe 8c1f3e535061478ba1ad4df49240cadb - - default default] Unable to schedule network 6834a361-addd-45c1-a7c0-ec723a9f9420: no agents available; will retry on subsequent port and subnet creation events.
2026-08-02 23:38:07.758 8 INFO neutron.db.ovn_revision_numbers_db [None req-feeeef26-5a7e-4bc8-9426-fcde145d2b2f c215299f3e1a426389acae8102a0a325 47de2f653e764326bd9769b7804a82d5 - - default default] Successfully bumped revision number for resource 1d50b274-35ab-4c0d-8b3d-b1833727e0ae (type: security_group_rules) to 0
2026-08-02 23:38:07.779 9 INFO neutron.db.ovn_revision_numbers_db [None req-2aa20509-f170-4fac-b2d5-c5b79c68b937 69553db079f34a75aab3686e663183fe 8c1f3e535061478ba1ad4df49240cadb - - default default] Successfully bumped revision number for resource f97b92f1-e27d-4282-b873-80b041955fbc (type: ports) to 1
2026-08-02 23:38:07.781 8 INFO neutron.wsgi [None req-feeeef26-5a7e-4bc8-9426-fcde145d2b2f c215299f3e1a426389acae8102a0a325 47de2f653e764326bd9769b7804a82d5 - - default default] 10.0.0.18 "POST /v2.0/security-group-rules HTTP/1.1" status: 201 len: 773 time: 0.1552281
2026-08-02 23:38:07.803 9 INFO neutron.wsgi [None req-2aa20509-f170-4fac-b2d5-c5b79c68b937 69553db079f34a75aab3686e663183fe 8c1f3e535061478ba1ad4df49240cadb - - default default] 10.0.0.18 "POST /v2.0/networks HTTP/1.1" status: 201 len: 830 time: 0.8539751
2026-08-02 23:38:08.049 9 WARNING neutron.scheduler.dhcp_agent_scheduler [None req-625aced7-f54e-40af-9d92-4991fc933736 69553db079f34a75aab3686e663183fe 8c1f3e535061478ba1ad4df49240cadb - - default default] No more DHCP agents
2026-08-02 23:38:08.051 9 WARNING neutron.api.rpc.agentnotifiers.dhcp_rpc_agent_api [None req-625aced7-f54e-40af-9d92-4991fc933736 69553db079f34a75aab3686e663183fe 8c1f3e535061478ba1ad4df49240cadb - - default default] Unable to schedule network 6834a361-addd-45c1-a7c0-ec723a9f9420: no agents available; will retry on subsequent port and subnet creation events.
2026-08-02 23:38:08.271 8 INFO neutron.db.ovn_revision_numbers_db [None req-23181059-9a23-481d-800c-8f1252d76ab0 c215299f3e1a426389acae8102a0a325 47de2f653e764326bd9769b7804a82d5 - - default default] Successfully bumped revision number for resource f9e16584-d2be-4c9c-ad30-b57b68ae361b (type: security_groups) to 1
2026-08-02 23:38:08.286 8 INFO neutron.db.ovn_revision_numbers_db [None req-23181059-9a23-481d-800c-8f1252d76ab0 c215299f3e1a426389acae8102a0a325 47de2f653e764326bd9769b7804a82d5 - - default default] Successfully bumped revision number for resource d5ce1b0a-2a49-4352-a53f-5f5d36c83638 (type: security_group_rules) to 0
2026-08-02 23:38:08.297 8 INFO neutron.db.ovn_revision_numbers_db [None req-23181059-9a23-481d-800c-8f1252d76ab0 c215299f3e1a426389acae8102a0a325 47de2f653e764326bd9769b7804a82d5 - - default default] Successfully bumped revision number for resource e696d38b-1305-49e5-afd1-2418fca4df87 (type: security_group_rules) to 0
2026-08-02 23:38:08.316 8 INFO neutron.wsgi [None req-23181059-9a23-481d-800c-8f1252d76ab0 c215299f3e1a426389acae8102a0a325 47de2f653e764326bd9769b7804a82d5 - - default default] 10.0.0.18 "POST /v2.0/security-groups HTTP/1.1" status: 201 len: 1798 time: 0.1621838
2026-08-02 23:38:08.450 8 INFO neutron.db.ovn_revision_numbers_db [None req-63543a5b-87d9-4dbd-9d0c-307ac21b8c4c c215299f3e1a426389acae8102a0a325 47de2f653e764326bd9769b7804a82d5 - - default default] Successfully bumped revision number for resource 40e2b3d6-2d73-472b-bc74-e7e8183b52d6 (type: security_group_rules) to 0
2026-08-02 23:38:08.483 8 INFO neutron.wsgi [None req-63543a5b-87d9-4dbd-9d0c-307ac21b8c4c c215299f3e1a426389acae8102a0a325 47de2f653e764326bd9769b7804a82d5 - - default default] 10.0.0.18 "POST /v2.0/security-group-rules HTTP/1.1" status: 201 len: 764 time: 0.1618421
2026-08-02 23:38:08.600 9 INFO neutron.db.ovn_revision_numbers_db [None req-625aced7-f54e-40af-9d92-4991fc933736 69553db079f34a75aab3686e663183fe 8c1f3e535061478ba1ad4df49240cadb - - default default] Successfully bumped revision number for resource f97b92f1-e27d-4282-b873-80b041955fbc (type: ports) to 2
2026-08-02 23:38:08.607 8 INFO neutron.db.ovn_revision_numbers_db [None req-dd9b2420-352a-4299-a614-facc9a1b3d00 c215299f3e1a426389acae8102a0a325 47de2f653e764326bd9769b7804a82d5 - - default default] Successfully bumped revision number for resource d72a0c8b-55b0-44c8-b797-ea702af51105 (type: security_group_rules) to 0
2026-08-02 23:38:08.633 8 INFO neutron.wsgi [None req-dd9b2420-352a-4299-a614-facc9a1b3d00 c215299f3e1a426389acae8102a0a325 47de2f653e764326bd9769b7804a82d5 - - default default] 10.0.0.18 "POST /v2.0/security-group-rules HTTP/1.1" status: 201 len: 769 time: 0.1442258
2026-08-02 23:38:08.633 9 INFO neutron.db.ovn_revision_numbers_db [None req-625aced7-f54e-40af-9d92-4991fc933736 69553db079f34a75aab3686e663183fe 8c1f3e535061478ba1ad4df49240cadb - - default default] Successfully bumped revision number for resource f7174478-c206-4e6a-b4c5-a9cb08aeafdb (type: subnets) to 0
2026-08-02 23:38:08.653 9 INFO neutron.wsgi [None req-625aced7-f54e-40af-9d92-4991fc933736 69553db079f34a75aab3686e663183fe 8c1f3e535061478ba1ad4df49240cadb - - default default] 10.0.0.18 "POST /v2.0/subnets HTTP/1.1" status: 201 len: 801 time: 0.8443406
2026-08-02 23:38:08.747 8 INFO neutron.wsgi [None req-8701a2ec-223d-4cc5-bb2e-ec3b06af850c 69553db079f34a75aab3686e663183fe 8c1f3e535061478ba1ad4df49240cadb - - default default] 10.0.0.18 "PUT /v2.0/subnets/f7174478-c206-4e6a-b4c5-a9cb08aeafdb/tags HTTP/1.1" status: 200 len: 218 time: 0.0880089
2026-08-02 23:38:08.792 8 INFO neutron.wsgi [None req-99c6a982-686d-4291-80f0-82a45bd70ebb 69553db079f34a75aab3686e663183fe 8c1f3e535061478ba1ad4df49240cadb - - default default] 10.0.0.18 "GET /v2.0/subnets/f7174478-c206-4e6a-b4c5-a9cb08aeafdb/tags HTTP/1.1" status: 200 len: 218 time: 0.0402470
2026-08-02 23:38:08.844 9 INFO neutron.wsgi [None req-9988df2b-544c-4808-b8ea-ac12cb2b18f0 69553db079f34a75aab3686e663183fe 8c1f3e535061478ba1ad4df49240cadb - - default default] 10.0.0.18 "PUT /v2.0/subnets/f7174478-c206-4e6a-b4c5-a9cb08aeafdb/tags/green HTTP/1.1" status: 201 len: 201 time: 0.0454867
2026-08-02 23:38:08.876 9 INFO neutron.wsgi [None req-3b314115-b396-4dcb-b6e3-d63502d5ea26 69553db079f34a75aab3686e663183fe 8c1f3e535061478ba1ad4df49240cadb - - default default] 10.0.0.18 "GET /v2.0/subnets/f7174478-c206-4e6a-b4c5-a9cb08aeafdb/tags HTTP/1.1" status: 200 len: 227 time: 0.0275156
2026-08-02 23:38:08.910 9 INFO neutron.wsgi [None req-914eaefa-c311-42b0-bee1-65bad184126b 69553db079f34a75aab3686e663183fe 8c1f3e535061478ba1ad4df49240cadb - - default default] 10.0.0.18 "PUT /v2.0/subnets/f7174478-c206-4e6a-b4c5-a9cb08aeafdb/tags/red HTTP/1.1" status: 201 len: 201 time: 0.0289981
2026-08-02 23:38:08.939 8 WARNING neutron.scheduler.dhcp_agent_scheduler [None req-ae8c2115-339e-448e-966a-33f35ba9433b c215299f3e1a426389acae8102a0a325 47de2f653e764326bd9769b7804a82d5 - - default default] No more DHCP agents
2026-08-02 23:38:08.941 8 WARNING neutron.api.rpc.agentnotifiers.dhcp_rpc_agent_api [None req-ae8c2115-339e-448e-966a-33f35ba9433b c215299f3e1a426389acae8102a0a325 47de2f653e764326bd9769b7804a82d5 - - default default] Unable to schedule network bc1478aa-9c23-44fe-b1b0-e955580e29bb: no agents available; will retry on subsequent port and subnet creation events.
2026-08-02 23:38:08.949 9 INFO neutron.wsgi [None req-3d7277ef-1f13-480e-9070-d68eba20b29e 69553db079f34a75aab3686e663183fe 8c1f3e535061478ba1ad4df49240cadb - - default default] 10.0.0.18 "GET /v2.0/subnets/f7174478-c206-4e6a-b4c5-a9cb08aeafdb/tags HTTP/1.1" status: 200 len: 227 time: 0.0341496
2026-08-02 23:38:09.001 8 INFO neutron.wsgi [None req-0d9ffc0b-f26d-47d9-b92a-c113ebebb09d 69553db079f34a75aab3686e663183fe 8c1f3e535061478ba1ad4df49240cadb - - default default] 10.0.0.18 "PUT /v2.0/subnets/f7174478-c206-4e6a-b4c5-a9cb08aeafdb/tags/black.or.white HTTP/1.1" status: 201 len: 201 time: 0.0467241
2026-08-02 23:38:09.039 9 INFO neutron.wsgi [None req-4e94d25b-3967-4543-97e7-6030c0611eaf 69553db079f34a75aab3686e663183fe 8c1f3e535061478ba1ad4df49240cadb - - default default] 10.0.0.18 "GET /v2.0/subnets/f7174478-c206-4e6a-b4c5-a9cb08aeafdb/tags HTTP/1.1" status: 200 len: 245 time: 0.0329030
2026-08-02 23:38:09.164 9 INFO neutron.wsgi [None req-3b6992af-5d87-4bb4-912d-3c4247dd0e9b 69553db079f34a75aab3686e663183fe 8c1f3e535061478ba1ad4df49240cadb - - default default] 10.0.0.18 "PUT /v2.0/subnets/f7174478-c206-4e6a-b4c5-a9cb08aeafdb/tags HTTP/1.1" status: 200 len: 230 time: 0.1199503
2026-08-02 23:38:09.215 9 INFO neutron.wsgi [None req-1951e548-1951-4c96-9aed-10fdf9156340 69553db079f34a75aab3686e663183fe 8c1f3e535061478ba1ad4df49240cadb - - default default] 10.0.0.18 "GET /v2.0/subnets/f7174478-c206-4e6a-b4c5-a9cb08aeafdb/tags HTTP/1.1" status: 200 len: 230 time: 0.0480115
2026-08-02 23:38:09.249 9 INFO neutron.wsgi [None req-d94b4073-f318-480f-8f19-669e1564b40e 69553db079f34a75aab3686e663183fe 8c1f3e535061478ba1ad4df49240cadb - - default default] 10.0.0.18 "GET /v2.0/subnets/f7174478-c206-4e6a-b4c5-a9cb08aeafdb/tags/red HTTP/1.1" status: 204 len: 168 time: 0.0294871
