2026-08-02 23:34:28.030 9 INFO neutron.db.ovn_revision_numbers_db [None req-a86ba9cb-fcf6-47ce-88c7-69227e0d3388 923cc6748fa44f688578ed1b8f8cc4ad 0293b968d86b4dcda50ad6911aab7fe4 - - default default] Successfully bumped revision number for resource de82e238-ea6d-4956-90f8-a4a2cb582e6b (type: router_ports) to 1
2026-08-02 23:34:28.032 9 INFO neutron.wsgi [None req-a86ba9cb-fcf6-47ce-88c7-69227e0d3388 923cc6748fa44f688578ed1b8f8cc4ad 0293b968d86b4dcda50ad6911aab7fe4 - - default default] 10.0.0.18 "PUT /v2.0/routers/67e9005c-94fd-417e-a9cb-feeacda5ad3a/add_router_interface HTTP/1.1" status: 200 len: 503 time: 2.9403095
2026-08-02 23:34:28.034 9 INFO neutron.db.ovn_revision_numbers_db [None req-bf9bff8a-3d16-4dfa-9d12-c8fa844a4f4d - - - - - -] Successfully bumped revision number for resource be7fa8c4-2fb9-41db-824e-3c53a7927d44 (type: ports) to 4
2026-08-02 23:34:28.079 9 INFO neutron.plugins.ml2.drivers.ovn.mech_driver.mech_driver [None req-bf9bff8a-3d16-4dfa-9d12-c8fa844a4f4d - - - - - -] OVN reports status up for port: c8fdfd16-1651-4e71-9776-3ecd45321b99
2026-08-02 23:34:28.088 9 INFO neutron.plugins.ml2.plugin [None req-bf9bff8a-3d16-4dfa-9d12-c8fa844a4f4d - - - - - -] Attempt 1 to provision port c8fdfd16-1651-4e71-9776-3ecd45321b99
2026-08-02 23:34:28.212 8 INFO neutron.wsgi [req-1de0fa25-c155-41c4-bce3-983eb48d6e35 req-b68748c7-2dd5-49c7-a761-f14f8998a5b8 adf2cf1c8bdd48c6ab7ce1ff39900ab3 a58fe209165a4fdbbf443341c333fb47 - - c135e7d025ad43808f7e20c2893a0803 c135e7d025ad43808f7e20c2893a0803] 199.204.45.23 "GET /v2.0/networks?id=252714e1-7f99-428d-b951-0371c158fef3 HTTP/1.1" status: 200 len: 973 time: 0.3107064 /var/lib/openstack/lib/python3.10/site-packages/pycadf/identifier.py:71: UserWarning: Invalid uuid: neutron. To ensure interoperability, identifiers should be a valid uuid. warnings.warn(('Invalid uuid: %s. To ensure interoperability, '
2026-08-02 23:34:28.269 9 INFO neutron.wsgi [req-fc3f6bc1-232f-4b55-85da-a769f8f1a844 req-5e0229c0-20b0-4619-931c-ca2428c62f4d 2d19c0b8c23348bf88fc5ff0b9e2f7dd 8b6a73b532274d4a8ecc04e110346d73 - - default default] 199.204.45.23 "GET /v2.0/ports?device_id=6464aafe-0168-4a4c-aa7e-a99b046c65c0 HTTP/1.1" status: 200 len: 1170 time: 0.0369804
2026-08-02 23:34:28.353 8 INFO neutron.wsgi [req-1de0fa25-c155-41c4-bce3-983eb48d6e35 req-d5ea9a2f-44e2-4798-8284-f9a0a1182ac5 adf2cf1c8bdd48c6ab7ce1ff39900ab3 a58fe209165a4fdbbf443341c333fb47 - - c135e7d025ad43808f7e20c2893a0803 c135e7d025ad43808f7e20c2893a0803] 199.204.45.23 "GET /v2.0/floatingips?fixed_ip_address=10.100.0.8&port_id=1ca69144-5ec6-4c05-b572-b260a5806050 HTTP/1.1" status: 200 len: 1059 time: 0.1305046
2026-08-02 23:34:28.373 8 INFO neutron.wsgi [req-4af1757b-5e3b-4487-8409-a5eff8d8c2fa req-d4a9c647-757b-4a9c-85f9-69d75128be2e 7d72eb1669334b33bd4584531aa7e143 15753d9249624dd08f7b805ec4572599 - - default default] 10.0.0.174 "GET /v2.0/ports?device_id=499119a1-8ee4-44c9-ad07-dbd57335f035 HTTP/1.1" status: 200 len: 1170 time: 0.2453330
2026-08-02 23:34:28.374 8 WARNING neutron.scheduler.dhcp_agent_scheduler [None req-73fe6c89-ffea-457c-bec0-d9c11c10197e 6fd7eb0f14b54cbe902786170379359c fbbf67704a5348fc83ae06a75ae2d9be - - default default] No more DHCP agents
2026-08-02 23:34:28.392 8 WARNING neutron.api.rpc.agentnotifiers.dhcp_rpc_agent_api [None req-73fe6c89-ffea-457c-bec0-d9c11c10197e 6fd7eb0f14b54cbe902786170379359c fbbf67704a5348fc83ae06a75ae2d9be - - default default] Unable to schedule network c159638f-e700-4aff-95a1-217690b01df4: no agents available; will retry on subsequent port and subnet creation events.
2026-08-02 23:34:28.420 9 INFO neutron.db.ovn_revision_numbers_db [None req-bf9bff8a-3d16-4dfa-9d12-c8fa844a4f4d - - - - - -] Successfully bumped revision number for resource c8fdfd16-1651-4e71-9776-3ecd45321b99 (type: ports) to 2
2026-08-02 23:34:28.470 8 INFO neutron.wsgi [req-1de0fa25-c155-41c4-bce3-983eb48d6e35 req-a1b8886c-ae2a-4f6b-beb8-e3793130b984 adf2cf1c8bdd48c6ab7ce1ff39900ab3 a58fe209165a4fdbbf443341c333fb47 - - c135e7d025ad43808f7e20c2893a0803 c135e7d025ad43808f7e20c2893a0803] 199.204.45.23 "GET /v2.0/subnets?id=9684d084-fc0b-437a-b814-4bccdec710a1 HTTP/1.1" status: 200 len: 868 time: 0.1068015
2026-08-02 23:34:28.486 8 INFO neutron.db.ovn_revision_numbers_db [None req-3540d669-5a92-479a-b00d-f3655fe5da21 - - - - - -] Successfully bumped revision number for resource b8b24a55-d99c-4345-86bb-f4d999e9001f (type: router_ports) to 4
2026-08-02 23:34:28.523 8 INFO neutron.wsgi [req-1de0fa25-c155-41c4-bce3-983eb48d6e35 req-9c892211-80ca-4d4b-9c2e-d7b58f4e266d adf2cf1c8bdd48c6ab7ce1ff39900ab3 a58fe209165a4fdbbf443341c333fb47 - - c135e7d025ad43808f7e20c2893a0803 c135e7d025ad43808f7e20c2893a0803] 199.204.45.23 "GET /v2.0/ports?network_id=252714e1-7f99-428d-b951-0371c158fef3&device_owner=network%3Adhcp HTTP/1.1" status: 200 len: 210 time: 0.0447087
2026-08-02 23:34:28.537 8 INFO neutron.wsgi [req-4af1757b-5e3b-4487-8409-a5eff8d8c2fa req-460ee45c-ca69-47c1-a11d-9025637644a3 7d72eb1669334b33bd4584531aa7e143 15753d9249624dd08f7b805ec4572599 - - default default] 10.0.0.174 "GET /v2.0/security-groups?id=95e909ea-a4a5-41df-9a26-8c85cbff075c&fields=id&fields=name HTTP/1.1" status: 200 len: 312 time: 0.1511142
2026-08-02 23:34:28.634 9 INFO neutron.db.ovn_revision_numbers_db [None req-bf9bff8a-3d16-4dfa-9d12-c8fa844a4f4d - - - - - -] Successfully bumped revision number for resource c8fdfd16-1651-4e71-9776-3ecd45321b99 (type: router_ports) to 2
2026-08-02 23:34:28.653 8 INFO neutron.wsgi [req-1de0fa25-c155-41c4-bce3-983eb48d6e35 req-7ebcd728-0817-4972-8f1b-ee97a2e0298e adf2cf1c8bdd48c6ab7ce1ff39900ab3 a58fe209165a4fdbbf443341c333fb47 - - c135e7d025ad43808f7e20c2893a0803 c135e7d025ad43808f7e20c2893a0803] 199.204.45.23 "GET /v2.0/networks/252714e1-7f99-428d-b951-0371c158fef3?fields=segments HTTP/1.1" status: 200 len: 212 time: 0.1137941
2026-08-02 23:34:28.661 8 INFO neutron.db.ovn_revision_numbers_db [None req-73fe6c89-ffea-457c-bec0-d9c11c10197e 6fd7eb0f14b54cbe902786170379359c fbbf67704a5348fc83ae06a75ae2d9be - - default default] Successfully bumped revision number for resource 74658292-ffe2-4b21-afb2-26f8092d2911 (type: ports) to 1
2026-08-02 23:34:28.759 8 INFO neutron.wsgi [req-1de0fa25-c155-41c4-bce3-983eb48d6e35 req-f046dd13-fd03-42c0-aba0-5c935b3cc491 adf2cf1c8bdd48c6ab7ce1ff39900ab3 a58fe209165a4fdbbf443341c333fb47 - - c135e7d025ad43808f7e20c2893a0803 c135e7d025ad43808f7e20c2893a0803] 199.204.45.23 "GET /v2.0/networks/252714e1-7f99-428d-b951-0371c158fef3?fields=provider%3Aphysical_network&fields=provider%3Anetwork_type HTTP/1.1" status: 200 len: 277 time: 0.0962458
2026-08-02 23:34:28.760 8 INFO neutron.db.ovn_revision_numbers_db [None req-fcb676ba-0c1b-49a8-bfef-18b915a3fe5a - - - - - -] Successfully bumped revision number for resource 1ca69144-5ec6-4c05-b572-b260a5806050 (type: ports) to 5
2026-08-02 23:34:28.837 9 INFO neutron.db.l3_db [req-fc3f6bc1-232f-4b55-85da-a769f8f1a844 req-5e810891-2625-4d31-96f9-ae9a08d00993 2d19c0b8c23348bf88fc5ff0b9e2f7dd 8b6a73b532274d4a8ecc04e110346d73 - - default default] Floating IP 450a8437-5bc7-4934-835b-d9005eccd7d6 disassociated. External IP: 10.96.250.211, port: 1ca69144-5ec6-4c05-b572-b260a5806050.
2026-08-02 23:34:28.839 9 INFO neutron.db.ovn_revision_numbers_db [req-29825dc7-d05c-4059-881a-5fd77521b79f req-d6ab7214-2500-4738-88f4-61381d5be1ef c7fb020bb5d44ccfa14ffc3f921bbb1f 6eb813e3719d4cd1acca70b3241cea68 - - default default] Successfully bumped revision number for resource dc20ef47-2fa2-4f56-94a8-f604832cfa6e (type: security_groups) to 1
2026-08-02 23:34:28.868 9 INFO neutron.db.ovn_revision_numbers_db [req-29825dc7-d05c-4059-881a-5fd77521b79f req-d6ab7214-2500-4738-88f4-61381d5be1ef c7fb020bb5d44ccfa14ffc3f921bbb1f 6eb813e3719d4cd1acca70b3241cea68 - - default default] Successfully bumped revision number for resource 094933d5-79f7-4383-a734-7ab483f4bd68 (type: security_group_rules) to 0
2026-08-02 23:34:28.882 9 INFO neutron.db.ovn_revision_numbers_db [req-29825dc7-d05c-4059-881a-5fd77521b79f req-d6ab7214-2500-4738-88f4-61381d5be1ef c7fb020bb5d44ccfa14ffc3f921bbb1f 6eb813e3719d4cd1acca70b3241cea68 - - default default] Successfully bumped revision number for resource 50a477ac-4499-4e34-bae6-5648c5b46b71 (type: security_group_rules) to 0
2026-08-02 23:34:28.907 9 INFO neutron.wsgi [req-29825dc7-d05c-4059-881a-5fd77521b79f req-d6ab7214-2500-4738-88f4-61381d5be1ef c7fb020bb5d44ccfa14ffc3f921bbb1f 6eb813e3719d4cd1acca70b3241cea68 - - default default] 10.0.0.174 "POST /v2.0/security-groups HTTP/1.1" status: 201 len: 1821 time: 0.4100947 /var/lib/openstack/lib/python3.10/site-packages/pycadf/identifier.py:71: UserWarning: Invalid uuid: neutron. To ensure interoperability, identifiers should be a valid uuid. warnings.warn(('Invalid uuid: %s. To ensure interoperability, '
2026-08-02 23:34:28.984 8 INFO neutron.notifiers.nova [-] Nova event matching ['req-df44e37d-67c2-4ee6-b801-52eef607eaf7'] response: {'server_uuid': '6464aafe-0168-4a4c-aa7e-a99b046c65c0', 'name': 'network-vif-unplugged', 'status': 'completed', 'tag': '1ca69144-5ec6-4c05-b572-b260a5806050', 'code': 200}
2026-08-02 23:34:28.984 8 INFO neutron.notifiers.nova [-] Nova event matching ['req-df44e37d-67c2-4ee6-b801-52eef607eaf7'] response: {'server_uuid': '6464aafe-0168-4a4c-aa7e-a99b046c65c0', 'name': 'network-vif-plugged', 'status': 'completed', 'tag': '1ca69144-5ec6-4c05-b572-b260a5806050', 'code': 200}
2026-08-02 23:34:29.002 9 INFO neutron.wsgi [req-fc3f6bc1-232f-4b55-85da-a769f8f1a844 req-5e810891-2625-4d31-96f9-ae9a08d00993 2d19c0b8c23348bf88fc5ff0b9e2f7dd 8b6a73b532274d4a8ecc04e110346d73 - - default default] 199.204.45.23 "DELETE /v2.0/ports/1ca69144-5ec6-4c05-b572-b260a5806050 HTTP/1.1" status: 204 len: 173 time: 0.7280121
2026-08-02 23:34:29.107 8 INFO neutron.db.ovn_revision_numbers_db [req-54588f26-224a-4126-a528-253f22d50d2d req-008b4d91-7f88-4491-9512-78a47d8337b8 c7fb020bb5d44ccfa14ffc3f921bbb1f 6eb813e3719d4cd1acca70b3241cea68 - - default default] Successfully bumped revision number for resource 0fdce79e-1cb4-4581-acb2-695d7f800a19 (type: security_groups) to 1
2026-08-02 23:34:29.120 9 INFO neutron.wsgi [req-4271c418-efb1-4a1f-8fa9-15f6e275635e req-1d6e80f7-9bcd-4ce2-a4ab-fe0963d63794 2d19c0b8c23348bf88fc5ff0b9e2f7dd 8b6a73b532274d4a8ecc04e110346d73 - - default default] 10.0.0.174 "GET /v2.0/ports?device_id=6464aafe-0168-4a4c-aa7e-a99b046c65c0 HTTP/1.1" status: 200 len: 210 time: 0.0249777
2026-08-02 23:34:29.134 8 INFO neutron.db.ovn_revision_numbers_db [req-54588f26-224a-4126-a528-253f22d50d2d req-008b4d91-7f88-4491-9512-78a47d8337b8 c7fb020bb5d44ccfa14ffc3f921bbb1f 6eb813e3719d4cd1acca70b3241cea68 - - default default] Successfully bumped revision number for resource 5057f482-f321-4f5f-a360-081b22844a48 (type: security_group_rules) to 0
2026-08-02 23:34:29.158 8 INFO neutron.db.ovn_revision_numbers_db [req-54588f26-224a-4126-a528-253f22d50d2d req-008b4d91-7f88-4491-9512-78a47d8337b8 c7fb020bb5d44ccfa14ffc3f921bbb1f 6eb813e3719d4cd1acca70b3241cea68 - - default default] Successfully bumped revision number for resource 9fbe6297-48fc-482a-a222-dc76a9dbe5ec (type: security_group_rules) to 0
2026-08-02 23:34:29.192 8 INFO neutron.wsgi [req-54588f26-224a-4126-a528-253f22d50d2d req-008b4d91-7f88-4491-9512-78a47d8337b8 c7fb020bb5d44ccfa14ffc3f921bbb1f 6eb813e3719d4cd1acca70b3241cea68 - - default default] 10.0.0.174 "POST /v2.0/security-groups HTTP/1.1" status: 201 len: 1821 time: 0.2581327
2026-08-02 23:34:29.236 8 INFO neutron.plugins.ml2.drivers.ovn.mech_driver.mech_driver [None req-fcb676ba-0c1b-49a8-bfef-18b915a3fe5a - - - - - -] OVN reports status up for port: 74658292-ffe2-4b21-afb2-26f8092d2911
2026-08-02 23:34:29.246 8 INFO neutron.plugins.ml2.plugin [None req-fcb676ba-0c1b-49a8-bfef-18b915a3fe5a - - - - - -] Attempt 1 to provision port 74658292-ffe2-4b21-afb2-26f8092d2911
2026-08-02 23:34:29.262 8 INFO neutron.db.ovn_revision_numbers_db [None req-73fe6c89-ffea-457c-bec0-d9c11c10197e 6fd7eb0f14b54cbe902786170379359c fbbf67704a5348fc83ae06a75ae2d9be - - default default] Successfully bumped revision number for resource 74658292-ffe2-4b21-afb2-26f8092d2911 (type: router_ports) to 1
2026-08-02 23:34:29.339 9 INFO neutron.db.ovn_revision_numbers_db [req-aa415cb1-ff35-484b-a0b3-5959a97ca9f5 req-e2d8cfb2-9b25-4950-8d94-36278911f64d c7fb020bb5d44ccfa14ffc3f921bbb1f 6eb813e3719d4cd1acca70b3241cea68 - - default default] Successfully bumped revision number for resource 943cba1a-11c2-4eca-bf9f-e4298e0a6b6d (type: security_groups) to 1
2026-08-02 23:34:29.353 9 INFO neutron.db.ovn_revision_numbers_db [req-aa415cb1-ff35-484b-a0b3-5959a97ca9f5 req-e2d8cfb2-9b25-4950-8d94-36278911f64d c7fb020bb5d44ccfa14ffc3f921bbb1f 6eb813e3719d4cd1acca70b3241cea68 - - default default] Successfully bumped revision number for resource 967bfed0-64a5-4c5d-9d5d-5e766298375f (type: security_group_rules) to 0
2026-08-02 23:34:29.372 9 INFO neutron.db.ovn_revision_numbers_db [req-aa415cb1-ff35-484b-a0b3-5959a97ca9f5 req-e2d8cfb2-9b25-4950-8d94-36278911f64d c7fb020bb5d44ccfa14ffc3f921bbb1f 6eb813e3719d4cd1acca70b3241cea68 - - default default] Successfully bumped revision number for resource 9708f6cb-1054-4060-ba51-85707d30471b (type: security_group_rules) to 0
2026-08-02 23:34:29.398 9 INFO neutron.wsgi [req-aa415cb1-ff35-484b-a0b3-5959a97ca9f5 req-e2d8cfb2-9b25-4950-8d94-36278911f64d c7fb020bb5d44ccfa14ffc3f921bbb1f 6eb813e3719d4cd1acca70b3241cea68 - - default default] 10.0.0.174 "POST /v2.0/security-groups HTTP/1.1" status: 201 len: 1822 time: 0.1802454
2026-08-02 23:34:29.404 8 INFO neutron.db.ovn_revision_numbers_db [None req-73fe6c89-ffea-457c-bec0-d9c11c10197e 6fd7eb0f14b54cbe902786170379359c fbbf67704a5348fc83ae06a75ae2d9be - - default default] Successfully bumped revision number for resource 74658292-ffe2-4b21-afb2-26f8092d2911 (type: ports) to 1
2026-08-02 23:34:29.668 8 INFO neutron.wsgi [req-d678707a-da8e-4e6c-93d0-13ca3ebc4464 req-0de314b9-89d9-4930-b49f-1ae5e1cbfddf c7fb020bb5d44ccfa14ffc3f921bbb1f 6eb813e3719d4cd1acca70b3241cea68 - - default default] 10.0.0.174 "GET /v2.0/security-groups?tenant_id=6eb813e3719d4cd1acca70b3241cea68 HTTP/1.1" status: 200 len: 7796 time: 0.0749707
2026-08-02 23:34:29.691 8 WARNING neutron.scheduler.dhcp_agent_scheduler [None req-73fe6c89-ffea-457c-bec0-d9c11c10197e 6fd7eb0f14b54cbe902786170379359c fbbf67704a5348fc83ae06a75ae2d9be - - default default] No more DHCP agents
2026-08-02 23:34:29.694 9 INFO neutron.wsgi [req-19bf778a-a1ef-4923-ad69-58d98ca8f256 req-a75de8be-a14b-4726-b393-ee31e90ec10d 7d72eb1669334b33bd4584531aa7e143 15753d9249624dd08f7b805ec4572599 - - default default] 10.0.0.174 "GET /v2.0/ports?device_id=499119a1-8ee4-44c9-ad07-dbd57335f035 HTTP/1.1" status: 200 len: 1170 time: 0.0910459
2026-08-02 23:34:29.703 8 WARNING neutron.api.rpc.agentnotifiers.dhcp_rpc_agent_api [None req-73fe6c89-ffea-457c-bec0-d9c11c10197e 6fd7eb0f14b54cbe902786170379359c fbbf67704a5348fc83ae06a75ae2d9be - - default default] Unable to schedule network c159638f-e700-4aff-95a1-217690b01df4: no agents available; will retry on subsequent port and subnet creation events.
2026-08-02 23:34:29.739 9 INFO neutron.wsgi [req-19bf778a-a1ef-4923-ad69-58d98ca8f256 req-8ea21ec6-129f-4ba4-aeef-592768bb911d 7d72eb1669334b33bd4584531aa7e143 15753d9249624dd08f7b805ec4572599 - - default default] 10.0.0.174 "GET /v2.0/security-groups?id=95e909ea-a4a5-41df-9a26-8c85cbff075c&fields=id&fields=name HTTP/1.1" status: 200 len: 312 time: 0.0381818
2026-08-02 23:34:29.741 8 INFO neutron.wsgi [req-d678707a-da8e-4e6c-93d0-13ca3ebc4464 req-03ea39ac-5d64-4afa-bd32-4cddccad1c9b c7fb020bb5d44ccfa14ffc3f921bbb1f 6eb813e3719d4cd1acca70b3241cea68 - - default default] 10.0.0.174 "GET /v2.0/security-groups/bc9dd4bf-2d29-404f-90cd-ff5f8b895ced HTTP/1.1" status: 200 len: 2998 time: 0.0602720
2026-08-02 23:34:29.815 8 INFO neutron.wsgi [req-d678707a-da8e-4e6c-93d0-13ca3ebc4464 req-4d868b12-f35a-432c-b790-c56ea7d42991 c7fb020bb5d44ccfa14ffc3f921bbb1f 6eb813e3719d4cd1acca70b3241cea68 - - default default] 10.0.0.174 "GET /v2.0/security-groups/bc9dd4bf-2d29-404f-90cd-ff5f8b895ced HTTP/1.1" status: 200 len: 2998 time: 0.0588763
2026-08-02 23:34:29.816 8 INFO neutron.db.ovn_revision_numbers_db [None req-fcb676ba-0c1b-49a8-bfef-18b915a3fe5a - - - - - -] Successfully bumped revision number for resource 74658292-ffe2-4b21-afb2-26f8092d2911 (type: ports) to 2
2026-08-02 23:34:29.859 9 INFO neutron.notifiers.nova [-] Nova event matching ['req-7ade9c9d-2dc2-4419-be94-6a0fa7587f28'] response: {'server_uuid': '499119a1-8ee4-44c9-ad07-dbd57335f035', 'name': 'network-vif-plugged', 'status': 'completed', 'tag': 'be7fa8c4-2fb9-41db-824e-3c53a7927d44', 'code': 200}
2026-08-02 23:34:29.860 9 INFO neutron.notifiers.nova [-] Nova event matching ['req-7ade9c9d-2dc2-4419-be94-6a0fa7587f28'] response: {'server_uuid': '499119a1-8ee4-44c9-ad07-dbd57335f035', 'name': 'network-vif-plugged', 'status': 'completed', 'tag': 'be7fa8c4-2fb9-41db-824e-3c53a7927d44', 'code': 200}
2026-08-02 23:34:29.860 9 INFO neutron.notifiers.nova [-] Nova event matching ['req-7ade9c9d-2dc2-4419-be94-6a0fa7587f28'] response: {'server_uuid': '6464aafe-0168-4a4c-aa7e-a99b046c65c0', 'name': 'network-vif-deleted', 'tag': '1ca69144-5ec6-4c05-b572-b260a5806050', 'status': 'completed', 'code': 200}
2026-08-02 23:34:29.907 8 INFO neutron.wsgi [req-678d6144-8b2f-4c35-8a31-f6077e524ebe req-fdb6d870-1234-47dd-8bef-91c87c504016 c7fb020bb5d44ccfa14ffc3f921bbb1f 6eb813e3719d4cd1acca70b3241cea68 - - default default] 10.0.0.174 "GET /v2.0/security-groups/dc20ef47-2fa2-4f56-94a8-f604832cfa6e HTTP/1.1" status: 200 len: 1816 time: 0.0618162
2026-08-02 23:34:29.997 8 INFO neutron.db.ovn_revision_numbers_db [None req-73fe6c89-ffea-457c-bec0-d9c11c10197e 6fd7eb0f14b54cbe902786170379359c fbbf67704a5348fc83ae06a75ae2d9be - - default default] Successfully bumped revision number for resource 74658292-ffe2-4b21-afb2-26f8092d2911 (type: router_ports) to 2
2026-08-02 23:34:30.000 8 INFO neutron.wsgi [None req-73fe6c89-ffea-457c-bec0-d9c11c10197e 6fd7eb0f14b54cbe902786170379359c fbbf67704a5348fc83ae06a75ae2d9be - - default default] 10.0.0.18 "PUT /v2.0/routers/6ecb358a-1619-407e-9198-59aa2959c6b4/add_router_interface HTTP/1.1" status: 200 len: 503 time: 2.6792741
2026-08-02 23:34:30.088 8 INFO neutron.wsgi [req-678d6144-8b2f-4c35-8a31-f6077e524ebe req-9502d419-11da-40e5-a5f5-de54a4abc3ef c7fb020bb5d44ccfa14ffc3f921bbb1f 6eb813e3719d4cd1acca70b3241cea68 - - default default] 10.0.0.174 "DELETE /v2.0/security-groups/dc20ef47-2fa2-4f56-94a8-f604832cfa6e HTTP/1.1" status: 204 len: 173 time: 0.1716793
2026-08-02 23:34:30.096 8 INFO neutron.wsgi [None req-360ee926-0144-435b-813e-0cf291f63c1e 6fd7eb0f14b54cbe902786170379359c fbbf67704a5348fc83ae06a75ae2d9be - - default default] 10.0.0.18 "GET /v2.0/ports/74658292-ffe2-4b21-afb2-26f8092d2911 HTTP/1.1" status: 200 len: 1149 time: 0.0899725
2026-08-02 23:34:30.131 9 INFO neutron.api.v2.resource [req-94057c81-d28e-496f-a7ec-33b4b7bdb7c8 req-c287f091-bef1-4709-8fe3-87b1473420bd c7fb020bb5d44ccfa14ffc3f921bbb1f 6eb813e3719d4cd1acca70b3241cea68 - - default default] show failed (client error): The resource could not be found.
2026-08-02 23:34:30.136 9 INFO neutron.wsgi [req-94057c81-d28e-496f-a7ec-33b4b7bdb7c8 req-c287f091-bef1-4709-8fe3-87b1473420bd c7fb020bb5d44ccfa14ffc3f921bbb1f 6eb813e3719d4cd1acca70b3241cea68 - - default default] 10.0.0.174 "GET /v2.0/security-groups/dc20ef47-2fa2-4f56-94a8-f604832cfa6e HTTP/1.1" status: 404 len: 352 time: 0.0214286
2026-08-02 23:34:30.141 8 INFO neutron.wsgi [None req-48e4a2f4-40b7-4840-b040-15fa616e5bd1 6fd7eb0f14b54cbe902786170379359c fbbf67704a5348fc83ae06a75ae2d9be - - default default] 10.0.0.18 "GET /v2.0/ports/74658292-ffe2-4b21-afb2-26f8092d2911 HTTP/1.1" status: 200 len: 1149 time: 0.0364952
2026-08-02 23:34:30.209 8 INFO neutron.wsgi [req-31940ca0-c865-431b-9ff8-24b411cd4a74 req-3f3a781d-8633-41d5-ade1-1493fcf4609f c7fb020bb5d44ccfa14ffc3f921bbb1f 6eb813e3719d4cd1acca70b3241cea68 - - default default] 10.0.0.174 "GET /v2.0/security-groups/0fdce79e-1cb4-4581-acb2-695d7f800a19 HTTP/1.1" status: 200 len: 1816 time: 0.0436027
2026-08-02 23:34:30.328 9 INFO neutron.wsgi [None req-b4456b6b-db4d-48a8-b0e7-530487c5f3ac 2d19c0b8c23348bf88fc5ff0b9e2f7dd 8b6a73b532274d4a8ecc04e110346d73 - - default default] 10.0.0.18 "DELETE /v2.0/security-groups/0a400013-77ce-4f9e-8a97-f572f64152f8 HTTP/1.1" status: 204 len: 168 time: 0.1112640
2026-08-02 23:34:30.343 9 INFO neutron.api.v2.resource [None req-7111255e-8bc7-437e-bd25-862e4c376bea 2d19c0b8c23348bf88fc5ff0b9e2f7dd 8b6a73b532274d4a8ecc04e110346d73 - - default default] show failed (client error): The resource could not be found.
2026-08-02 23:34:30.344 9 INFO neutron.wsgi [None req-7111255e-8bc7-437e-bd25-862e4c376bea 2d19c0b8c23348bf88fc5ff0b9e2f7dd 8b6a73b532274d4a8ecc04e110346d73 - - default default] 10.0.0.18 "GET /v2.0/security-groups/0a400013-77ce-4f9e-8a97-f572f64152f8 HTTP/1.1" status: 404 len: 347 time: 0.0114882
2026-08-02 23:34:30.424 8 INFO neutron.wsgi [req-31940ca0-c865-431b-9ff8-24b411cd4a74 req-4df39b2c-4c3d-450f-b65a-58317956213b c7fb020bb5d44ccfa14ffc3f921bbb1f 6eb813e3719d4cd1acca70b3241cea68 - - default default] 10.0.0.174 "DELETE /v2.0/security-groups/0fdce79e-1cb4-4581-acb2-695d7f800a19 HTTP/1.1" status: 204 len: 173 time: 0.2053759
2026-08-02 23:34:30.468 9 INFO neutron.api.v2.resource [req-ffd48182-0956-4664-84ab-468449bd4dac req-b8e511ff-ed62-4308-8d5b-ad4d4a312105 c7fb020bb5d44ccfa14ffc3f921bbb1f 6eb813e3719d4cd1acca70b3241cea68 - - default default] show failed (client error): The resource could not be found.
2026-08-02 23:34:30.470 9 INFO neutron.wsgi [req-ffd48182-0956-4664-84ab-468449bd4dac req-b8e511ff-ed62-4308-8d5b-ad4d4a312105 c7fb020bb5d44ccfa14ffc3f921bbb1f 6eb813e3719d4cd1acca70b3241cea68 - - default default] 10.0.0.174 "GET /v2.0/security-groups/0fdce79e-1cb4-4581-acb2-695d7f800a19 HTTP/1.1" status: 404 len: 352 time: 0.0182729
2026-08-02 23:34:30.551 8 INFO neutron.wsgi [req-05710c4c-5c77-4f48-9fec-542fec1798cc req-1aff5ed0-1d47-46fd-99f8-14870301cf01 c7fb020bb5d44ccfa14ffc3f921bbb1f 6eb813e3719d4cd1acca70b3241cea68 - - default default] 10.0.0.174 "GET /v2.0/security-groups/943cba1a-11c2-4eca-bf9f-e4298e0a6b6d HTTP/1.1" status: 200 len: 1817 time: 0.0607564
2026-08-02 23:34:30.739 9 INFO neutron.wsgi [None req-4eaa13c4-79af-4948-b5d5-de7fa5096c26 2d19c0b8c23348bf88fc5ff0b9e2f7dd 8b6a73b532274d4a8ecc04e110346d73 - - default default] 10.0.0.18 "DELETE /v2.0/floatingips/450a8437-5bc7-4934-835b-d9005eccd7d6 HTTP/1.1" status: 204 len: 168 time: 0.3877721
2026-08-02 23:34:30.877 9 INFO neutron.wsgi [req-172515a3-4c14-4727-9f44-d7ccd5f06ee7 req-a71f95ae-4a93-4d1b-8e78-a27ce1df0d75 7d72eb1669334b33bd4584531aa7e143 15753d9249624dd08f7b805ec4572599 - - default default] 10.0.0.174 "GET /v2.0/ports?device_id=499119a1-8ee4-44c9-ad07-dbd57335f035 HTTP/1.1" status: 200 len: 1170 time: 0.0457072
2026-08-02 23:34:30.887 8 INFO neutron.wsgi [req-05710c4c-5c77-4f48-9fec-542fec1798cc req-7e9e93d9-4603-414c-8bd3-2e2bc3dccdac c7fb020bb5d44ccfa14ffc3f921bbb1f 6eb813e3719d4cd1acca70b3241cea68 - - default default] 10.0.0.174 "DELETE /v2.0/security-groups/943cba1a-11c2-4eca-bf9f-e4298e0a6b6d HTTP/1.1" status: 204 len: 173 time: 0.3278668
2026-08-02 23:34:30.927 8 INFO neutron.api.v2.resource [req-bf9850a2-eaac-4618-af21-4e0445a5d06c req-ec9f61b7-a7a3-499c-958c-a85fb9362e2c c7fb020bb5d44ccfa14ffc3f921bbb1f 6eb813e3719d4cd1acca70b3241cea68 - - default default] show failed (client error): The resource could not be found.
2026-08-02 23:34:30.928 8 INFO neutron.wsgi [req-bf9850a2-eaac-4618-af21-4e0445a5d06c req-ec9f61b7-a7a3-499c-958c-a85fb9362e2c c7fb020bb5d44ccfa14ffc3f921bbb1f 6eb813e3719d4cd1acca70b3241cea68 - - default default] 10.0.0.174 "GET /v2.0/security-groups/943cba1a-11c2-4eca-bf9f-e4298e0a6b6d HTTP/1.1" status: 404 len: 352 time: 0.0166998
2026-08-02 23:34:30.946 9 INFO neutron.wsgi [req-172515a3-4c14-4727-9f44-d7ccd5f06ee7 req-14725fa3-8711-4caf-b791-c978239796f2 7d72eb1669334b33bd4584531aa7e143 15753d9249624dd08f7b805ec4572599 - - default default] 10.0.0.174 "GET /v2.0/security-groups?id=95e909ea-a4a5-41df-9a26-8c85cbff075c&fields=id&fields=name HTTP/1.1" status: 200 len: 312 time: 0.0548768
2026-08-02 23:34:31.010 8 INFO neutron.wsgi [req-8ad5f988-d791-46c8-a9d5-6da7fa4a71ca req-0f7dc664-a4ec-4eec-b050-b0e65f2efa24 c7fb020bb5d44ccfa14ffc3f921bbb1f 6eb813e3719d4cd1acca70b3241cea68 - - default default] 10.0.0.174 "GET /v2.0/security-groups?tenant_id=6eb813e3719d4cd1acca70b3241cea68 HTTP/1.1" status: 200 len: 3001 time: 0.0595694 /var/lib/openstack/lib/python3.10/site-packages/pycadf/identifier.py:71: UserWarning: Invalid uuid: neutron. To ensure interoperability, identifiers should be a valid uuid. warnings.warn(('Invalid uuid: %s. To ensure interoperability, '
2026-08-02 23:34:31.058 8 INFO neutron.wsgi [None req-7d693957-fdc9-41e5-ae82-a598477782cb 6fd7eb0f14b54cbe902786170379359c fbbf67704a5348fc83ae06a75ae2d9be - - default default] 10.0.0.18 "PUT /v2.0/routers/6ecb358a-1619-407e-9198-59aa2959c6b4/remove_router_interface HTTP/1.1" status: 200 len: 503 time: 0.9122462
2026-08-02 23:34:31.084 9 INFO neutron.wsgi [req-ba9bdaf7-be12-46ed-ad38-6a2837f5d06b req-6fcfffa8-6fe5-490a-b4f4-1bcbb887f7d2 7d72eb1669334b33bd4584531aa7e143 15753d9249624dd08f7b805ec4572599 - - default default] 10.0.0.174 "GET /v2.0/ports?device_id=499119a1-8ee4-44c9-ad07-dbd57335f035 HTTP/1.1" status: 200 len: 1170 time: 0.0458148
2026-08-02 23:34:31.084 8 INFO neutron.wsgi [req-8ad5f988-d791-46c8-a9d5-6da7fa4a71ca req-b18aa12a-b3a7-4172-a10c-7dffcacf980c c7fb020bb5d44ccfa14ffc3f921bbb1f 6eb813e3719d4cd1acca70b3241cea68 - - default default] 10.0.0.174 "GET /v2.0/security-groups/bc9dd4bf-2d29-404f-90cd-ff5f8b895ced HTTP/1.1" status: 200 len: 2998 time: 0.0480943
2026-08-02 23:34:31.096 8 INFO neutron.wsgi [None req-123fd828-19e7-4db3-808b-0ab68cd52d28 6fd7eb0f14b54cbe902786170379359c fbbf67704a5348fc83ae06a75ae2d9be - - default default] 10.0.0.18 "GET /v2.0/ports/c8fdfd16-1651-4e71-9776-3ecd45321b99 HTTP/1.1" status: 200 len: 1141 time: 0.0335162
2026-08-02 23:34:31.128 8 INFO neutron.wsgi [req-8ad5f988-d791-46c8-a9d5-6da7fa4a71ca req-5cfeaeaa-3736-4b78-a309-5d76ca8013f3 c7fb020bb5d44ccfa14ffc3f921bbb1f 6eb813e3719d4cd1acca70b3241cea68 - - default default] 10.0.0.174 "GET /v2.0/security-groups/bc9dd4bf-2d29-404f-90cd-ff5f8b895ced HTTP/1.1" status: 200 len: 2998 time: 0.0308371
2026-08-02 23:34:31.201 9 INFO neutron.api.v2.resource [req-f25776b0-b836-4211-bc44-c5b8c71322dc req-f70cfd39-1556-486e-b8b1-8c95aeeb3216 c7fb020bb5d44ccfa14ffc3f921bbb1f 6eb813e3719d4cd1acca70b3241cea68 - - default default] show failed (client error): The resource could not be found.
2026-08-02 23:34:31.202 9 INFO neutron.wsgi [req-f25776b0-b836-4211-bc44-c5b8c71322dc req-f70cfd39-1556-486e-b8b1-8c95aeeb3216 c7fb020bb5d44ccfa14ffc3f921bbb1f 6eb813e3719d4cd1acca70b3241cea68 - - default default] 10.0.0.174 "GET /v2.0/security-groups/943cba1a-11c2-4eca-bf9f-e4298e0a6b6d HTTP/1.1" status: 404 len: 352 time: 0.0468099
2026-08-02 23:34:31.241 8 INFO neutron.api.v2.resource [req-aed9395c-9ab5-406b-977b-06aaa489f0c0 req-009edad6-d151-470b-9bbd-c8dea674a57d c7fb020bb5d44ccfa14ffc3f921bbb1f 6eb813e3719d4cd1acca70b3241cea68 - - default default] show failed (client error): The resource could not be found.
2026-08-02 23:34:31.242 8 INFO neutron.wsgi [req-aed9395c-9ab5-406b-977b-06aaa489f0c0 req-009edad6-d151-470b-9bbd-c8dea674a57d c7fb020bb5d44ccfa14ffc3f921bbb1f 6eb813e3719d4cd1acca70b3241cea68 - - default default] 10.0.0.174 "GET /v2.0/security-groups/0fdce79e-1cb4-4581-acb2-695d7f800a19 HTTP/1.1" status: 404 len: 352 time: 0.0147169
2026-08-02 23:34:31.321 9 INFO neutron.api.v2.resource [req-bb99bf14-fdba-4891-9342-56883f21dbbb req-7d0b9578-da7d-4dd3-924c-d4191fda721a c7fb020bb5d44ccfa14ffc3f921bbb1f 6eb813e3719d4cd1acca70b3241cea68 - - default default] show failed (client error): The resource could not be found.
2026-08-02 23:34:31.322 9 INFO neutron.wsgi [req-bb99bf14-fdba-4891-9342-56883f21dbbb req-7d0b9578-da7d-4dd3-924c-d4191fda721a c7fb020bb5d44ccfa14ffc3f921bbb1f 6eb813e3719d4cd1acca70b3241cea68 - - default default] 10.0.0.174 "GET /v2.0/security-groups/dc20ef47-2fa2-4f56-94a8-f604832cfa6e HTTP/1.1" status: 404 len: 352 time: 0.0506463
2026-08-02 23:34:31.531 9 INFO neutron.db.l3_db [None req-11b704fa-80f9-49e7-ab07-38dd42491b26 7d72eb1669334b33bd4584531aa7e143 15753d9249624dd08f7b805ec4572599 - - default default] Floating IP 34f9fb32-eeb9-473b-9296-f2acf68751d9 associated. External IP: 10.96.250.205, port: be7fa8c4-2fb9-41db-824e-3c53a7927d44.
2026-08-02 23:34:32.023 9 INFO neutron.db.ovn_revision_numbers_db [None req-11b704fa-80f9-49e7-ab07-38dd42491b26 7d72eb1669334b33bd4584531aa7e143 15753d9249624dd08f7b805ec4572599 - - default default] Successfully bumped revision number for resource 34f9fb32-eeb9-473b-9296-f2acf68751d9 (type: floatingips) to 1
2026-08-02 23:34:32.212 9 INFO neutron.db.ovn_revision_numbers_db [None req-11b704fa-80f9-49e7-ab07-38dd42491b26 7d72eb1669334b33bd4584531aa7e143 15753d9249624dd08f7b805ec4572599 - - default default] Successfully bumped revision number for resource 34f9fb32-eeb9-473b-9296-f2acf68751d9 (type: floatingips) to 2
2026-08-02 23:34:32.253 9 INFO neutron.wsgi [None req-11b704fa-80f9-49e7-ab07-38dd42491b26 7d72eb1669334b33bd4584531aa7e143 15753d9249624dd08f7b805ec4572599 - - default default] 10.0.0.18 "PUT /v2.0/floatingips/34f9fb32-eeb9-473b-9296-f2acf68751d9 HTTP/1.1" status: 200 len: 1049 time: 1.1559112
2026-08-02 23:34:32.319 9 INFO neutron.notifiers.nova [-] Nova event matching ['req-c6a25490-9875-4b86-845f-4e41528c24e2'] response: {'name': 'network-changed', 'server_uuid': '499119a1-8ee4-44c9-ad07-dbd57335f035', 'tag': 'be7fa8c4-2fb9-41db-824e-3c53a7927d44', 'status': 'completed', 'code': 200} /var/lib/openstack/lib/python3.10/site-packages/pycadf/identifier.py:71: UserWarning: Invalid uuid: neutron. To ensure interoperability, identifiers should be a valid uuid. warnings.warn(('Invalid uuid: %s. To ensure interoperability, '
2026-08-02 23:34:32.343 8 INFO neutron.wsgi [req-24eb8c43-8ec5-401e-961c-fd65a84e9582 req-306354b8-3a63-4973-a705-ccd9ee6f5b41 7d72eb1669334b33bd4584531aa7e143 15753d9249624dd08f7b805ec4572599 - - default default] 10.0.0.174 "GET /v2.0/ports?device_id=499119a1-8ee4-44c9-ad07-dbd57335f035 HTTP/1.1" status: 200 len: 1170 time: 0.0449104
2026-08-02 23:34:32.397 9 INFO neutron.wsgi [None req-367e02f2-1f59-447a-9a09-91aee16394fc 6fd7eb0f14b54cbe902786170379359c fbbf67704a5348fc83ae06a75ae2d9be - - default default] 10.0.0.18 "PUT /v2.0/routers/6ecb358a-1619-407e-9198-59aa2959c6b4/remove_router_interface HTTP/1.1" status: 200 len: 503 time: 1.2926474
2026-08-02 23:34:32.422 8 INFO neutron.wsgi [req-24eb8c43-8ec5-401e-961c-fd65a84e9582 req-0afc9bb9-43dc-4b85-b465-5711c8b81dfd 7d72eb1669334b33bd4584531aa7e143 15753d9249624dd08f7b805ec4572599 - - default default] 10.0.0.174 "GET /v2.0/security-groups?id=95e909ea-a4a5-41df-9a26-8c85cbff075c&fields=id&fields=name HTTP/1.1" status: 200 len: 312 time: 0.0713687
2026-08-02 23:34:32.423 9 INFO neutron.wsgi [req-aac0c260-f0a7-4de5-b443-7acb8a899b6b req-1ecd48ad-86d3-4ca7-8c8c-e81b7a1409a1 adf2cf1c8bdd48c6ab7ce1ff39900ab3 a58fe209165a4fdbbf443341c333fb47 - - c135e7d025ad43808f7e20c2893a0803 c135e7d025ad43808f7e20c2893a0803] 199.204.45.23 "GET /v2.0/ports?tenant_id=15753d9249624dd08f7b805ec4572599&device_id=499119a1-8ee4-44c9-ad07-dbd57335f035 HTTP/1.1" status: 200 len: 1409 time: 0.0839520
2026-08-02 23:34:32.432 8 INFO neutron.wsgi [None req-3c4429be-1863-40c5-8ced-ef57badf59ce 6fd7eb0f14b54cbe902786170379359c fbbf67704a5348fc83ae06a75ae2d9be - - default default] 10.0.0.18 "GET /v2.0/ports?device_id=6ecb358a-1619-407e-9198-59aa2959c6b4 HTTP/1.1" status: 200 len: 205 time: 0.0262697
2026-08-02 23:34:32.486 9 INFO neutron.wsgi [-] 10.0.0.87 "GET / HTTP/1.1" status: 200 len: 247 time: 0.0027521
2026-08-02 23:34:32.488 9 INFO neutron.wsgi [-] 10.0.0.87 "GET / HTTP/1.1" status: 200 len: 247 time: 0.0009675
2026-08-02 23:34:32.512 8 INFO neutron.wsgi [None req-c8eec4dc-16b1-40f8-b0c6-215179d1b9d5 923cc6748fa44f688578ed1b8f8cc4ad 0293b968d86b4dcda50ad6911aab7fe4 - - default default] 10.0.0.18 "PUT /v2.0/routers/67e9005c-94fd-417e-a9cb-feeacda5ad3a/remove_router_interface HTTP/1.1" status: 200 len: 503 time: 1.1795063
2026-08-02 23:34:32.531 9 INFO neutron.wsgi [req-aac0c260-f0a7-4de5-b443-7acb8a899b6b req-2a1903e1-ca00-4135-ab99-8073c3466a41 adf2cf1c8bdd48c6ab7ce1ff39900ab3 a58fe209165a4fdbbf443341c333fb47 - - c135e7d025ad43808f7e20c2893a0803 c135e7d025ad43808f7e20c2893a0803] 199.204.45.23 "GET /v2.0/networks?id=f059bff3-e647-45f4-87b2-539374d6cc80 HTTP/1.1" status: 200 len: 977 time: 0.1023688
2026-08-02 23:34:32.708 8 INFO neutron.wsgi [None req-512eac09-3e83-4fa6-a00f-b93dea20dd60 6fd7eb0f14b54cbe902786170379359c fbbf67704a5348fc83ae06a75ae2d9be - - default default] 10.0.0.18 "DELETE /v2.0/routers/6ecb358a-1619-407e-9198-59aa2959c6b4 HTTP/1.1" status: 204 len: 168 time: 0.2707622 /var/lib/openstack/lib/python3.10/site-packages/pycadf/identifier.py:71: UserWarning: Invalid uuid: neutron. To ensure interoperability, identifiers should be a valid uuid. warnings.warn(('Invalid uuid: %s. To ensure interoperability, '
2026-08-02 23:34:32.829 9 INFO neutron.wsgi [req-aac0c260-f0a7-4de5-b443-7acb8a899b6b req-1c4c7d61-a20b-4c96-90b3-ef2a8b38be1f adf2cf1c8bdd48c6ab7ce1ff39900ab3 a58fe209165a4fdbbf443341c333fb47 - - c135e7d025ad43808f7e20c2893a0803 c135e7d025ad43808f7e20c2893a0803] 199.204.45.23 "GET /v2.0/floatingips?fixed_ip_address=10.100.0.3&port_id=be7fa8c4-2fb9-41db-824e-3c53a7927d44 HTTP/1.1" status: 200 len: 1059 time: 0.2813916
2026-08-02 23:34:32.896 9 INFO neutron.wsgi [req-462d74a1-8ded-4de0-840a-54f8d2133619 req-39c46afc-7e71-4aff-ad2f-5880d5278791 7d72eb1669334b33bd4584531aa7e143 15753d9249624dd08f7b805ec4572599 - - default default] 10.0.0.174 "GET /v2.0/ports?device_id=499119a1-8ee4-44c9-ad07-dbd57335f035 HTTP/1.1" status: 200 len: 1170 time: 0.0806367
2026-08-02 23:34:32.914 8 INFO neutron.wsgi [None req-359f1be7-8a20-4467-ad43-5a167bf25f90 6fd7eb0f14b54cbe902786170379359c fbbf67704a5348fc83ae06a75ae2d9be - - default default] 10.0.0.18 "DELETE /v2.0/subnets/7d7e302c-446f-4f50-b71b-cd2ee0dd8994 HTTP/1.1" status: 204 len: 168 time: 0.2013087
2026-08-02 23:34:32.927 9 INFO neutron.wsgi [req-aac0c260-f0a7-4de5-b443-7acb8a899b6b req-9eca0364-585b-4ff8-a92b-f46528de43b2 adf2cf1c8bdd48c6ab7ce1ff39900ab3 a58fe209165a4fdbbf443341c333fb47 - - c135e7d025ad43808f7e20c2893a0803 c135e7d025ad43808f7e20c2893a0803] 199.204.45.23 "GET /v2.0/subnets?id=b240378c-0b73-41bc-b60b-583cf720e984 HTTP/1.1" status: 200 len: 873 time: 0.0867052
2026-08-02 23:34:32.976 9 INFO neutron.wsgi [req-aac0c260-f0a7-4de5-b443-7acb8a899b6b req-ab7723da-0d96-49d9-9f6b-43603f20c619 adf2cf1c8bdd48c6ab7ce1ff39900ab3 a58fe209165a4fdbbf443341c333fb47 - - c135e7d025ad43808f7e20c2893a0803 c135e7d025ad43808f7e20c2893a0803] 199.204.45.23 "GET /v2.0/ports?network_id=f059bff3-e647-45f4-87b2-539374d6cc80&device_owner=network%3Adhcp HTTP/1.1" status: 200 len: 210 time: 0.0406337
2026-08-02 23:34:33.013 9 INFO neutron.wsgi [req-462d74a1-8ded-4de0-840a-54f8d2133619 req-2b71246d-69b9-42cc-ab20-69c4fb311178 7d72eb1669334b33bd4584531aa7e143 15753d9249624dd08f7b805ec4572599 - - default default] 10.0.0.174 "GET /v2.0/security-groups?id=95e909ea-a4a5-41df-9a26-8c85cbff075c&fields=id&fields=name HTTP/1.1" status: 200 len: 312 time: 0.1069205
2026-08-02 23:34:33.051 8 INFO neutron.wsgi [req-8a3aba49-20ab-4eb4-8978-d2ac2bf52bb8 req-1259caff-81e1-4c92-8e6f-5c2368d3efbf 7d72eb1669334b33bd4584531aa7e143 15753d9249624dd08f7b805ec4572599 - - default default] 199.204.45.23 "GET /v2.0/ports?device_id=499119a1-8ee4-44c9-ad07-dbd57335f035 HTTP/1.1" status: 200 len: 1170 time: 0.0583827
2026-08-02 23:34:33.108 9 WARNING neutron.plugins.ml2.drivers.ovn.mech_driver.ovsdb.ovn_client [None req-bf9bff8a-3d16-4dfa-9d12-c8fa844a4f4d - - - - - -] No port found with ID c8fdfd16-1651-4e71-9776-3ecd45321b99: RuntimeError: No port found with ID c8fdfd16-1651-4e71-9776-3ecd45321b99
2026-08-02 23:34:33.109 9 INFO neutron.plugins.ml2.drivers.ovn.mech_driver.mech_driver [None req-bf9bff8a-3d16-4dfa-9d12-c8fa844a4f4d - - - - - -] OVN reports status up for port: de82e238-ea6d-4956-90f8-a4a2cb582e6b
2026-08-02 23:34:33.113 9 INFO neutron.wsgi [None req-c9c16496-e285-43fd-b656-54172b1076e7 923cc6748fa44f688578ed1b8f8cc4ad 0293b968d86b4dcda50ad6911aab7fe4 - - default default] 10.0.0.18 "PUT /v2.0/routers/96f4e4ed-6a4e-4b92-a8cf-35dc8ad6f91b/remove_router_interface HTTP/1.1" status: 200 len: 503 time: 2.3655682 /var/lib/openstack/lib/python3.10/site-packages/pycadf/identifier.py:71: UserWarning: Invalid uuid: neutron. To ensure interoperability, identifiers should be a valid uuid. warnings.warn(('Invalid uuid: %s. To ensure interoperability, '
2026-08-02 23:34:33.126 8 INFO neutron.wsgi [None req-557d5857-0e9b-41b5-ad22-a289803fa99f 6fd7eb0f14b54cbe902786170379359c fbbf67704a5348fc83ae06a75ae2d9be - - default default] 10.0.0.18 "DELETE /v2.0/subnets/cfd97302-2b3b-4ae6-b21e-fb6ac1ba3909 HTTP/1.1" status: 204 len: 168 time: 0.2019496
2026-08-02 23:34:33.145 9 INFO neutron.wsgi [req-aac0c260-f0a7-4de5-b443-7acb8a899b6b req-bf4c3d30-1566-4fc6-a57e-49a832527e72 adf2cf1c8bdd48c6ab7ce1ff39900ab3 a58fe209165a4fdbbf443341c333fb47 - - c135e7d025ad43808f7e20c2893a0803 c135e7d025ad43808f7e20c2893a0803] 199.204.45.23 "GET /v2.0/networks/f059bff3-e647-45f4-87b2-539374d6cc80?fields=segments HTTP/1.1" status: 200 len: 212 time: 0.1641030
2026-08-02 23:34:33.158 9 INFO neutron.plugins.ml2.drivers.ovn.mech_driver.mech_driver [None req-bf9bff8a-3d16-4dfa-9d12-c8fa844a4f4d - - - - - -] OVN reports status down for port: be7fa8c4-2fb9-41db-824e-3c53a7927d44
2026-08-02 23:34:33.289 9 INFO neutron.wsgi [req-aac0c260-f0a7-4de5-b443-7acb8a899b6b req-73b69096-367c-4574-ae67-6e48c6153578 adf2cf1c8bdd48c6ab7ce1ff39900ab3 a58fe209165a4fdbbf443341c333fb47 - - c135e7d025ad43808f7e20c2893a0803 c135e7d025ad43808f7e20c2893a0803] 199.204.45.23 "GET /v2.0/networks/f059bff3-e647-45f4-87b2-539374d6cc80?fields=provider%3Aphysical_network&fields=provider%3Anetwork_type HTTP/1.1" status: 200 len: 277 time: 0.1326244
2026-08-02 23:34:33.477 8 INFO neutron.db.l3_db [req-8a3aba49-20ab-4eb4-8978-d2ac2bf52bb8 req-ce5c8070-f058-4bcb-a2a5-76fc5b0f455b 7d72eb1669334b33bd4584531aa7e143 15753d9249624dd08f7b805ec4572599 - - default default] Floating IP 34f9fb32-eeb9-473b-9296-f2acf68751d9 disassociated. External IP: 10.96.250.205, port: be7fa8c4-2fb9-41db-824e-3c53a7927d44.
2026-08-02 23:34:33.680 9 INFO neutron.db.ovn_revision_numbers_db [None req-bf9bff8a-3d16-4dfa-9d12-c8fa844a4f4d - - - - - -] Successfully bumped revision number for resource be7fa8c4-2fb9-41db-824e-3c53a7927d44 (type: ports) to 5
2026-08-02 23:34:33.859 8 INFO neutron.wsgi [None req-a93ccf44-bd5c-43e5-9850-5aa48aabbc74 6fd7eb0f14b54cbe902786170379359c fbbf67704a5348fc83ae06a75ae2d9be - - default default] 10.0.0.18 "DELETE /v2.0/networks/c159638f-e700-4aff-95a1-217690b01df4 HTTP/1.1" status: 204 len: 168 time: 0.7281239
2026-08-02 23:34:33.908 8 INFO neutron.wsgi [req-8a3aba49-20ab-4eb4-8978-d2ac2bf52bb8 req-ce5c8070-f058-4bcb-a2a5-76fc5b0f455b 7d72eb1669334b33bd4584531aa7e143 15753d9249624dd08f7b805ec4572599 - - default default] 199.204.45.23 "DELETE /v2.0/ports/be7fa8c4-2fb9-41db-824e-3c53a7927d44 HTTP/1.1" status: 204 len: 173 time: 0.8513081
2026-08-02 23:34:33.950 8 INFO neutron.notifiers.nova [-] Nova event matching ['req-e71e5f73-b185-4712-9894-4b7d1ca585e6'] response: {'server_uuid': '499119a1-8ee4-44c9-ad07-dbd57335f035', 'name': 'network-vif-deleted', 'tag': 'be7fa8c4-2fb9-41db-824e-3c53a7927d44', 'status': 'completed', 'code': 200}
2026-08-02 23:34:34.015 9 INFO neutron.wsgi [None req-bf71d0a3-6a53-4872-97c9-4068436cc9c4 923cc6748fa44f688578ed1b8f8cc4ad 0293b968d86b4dcda50ad6911aab7fe4 - - default default] 10.0.0.18 "DELETE /v2.0/routers/67e9005c-94fd-417e-a9cb-feeacda5ad3a HTTP/1.1" status: 204 len: 168 time: 1.4930158 /var/lib/openstack/lib/python3.10/site-packages/pycadf/identifier.py:71: UserWarning: Invalid uuid: neutron. To ensure interoperability, identifiers should be a valid uuid. warnings.warn(('Invalid uuid: %s. To ensure interoperability, '
2026-08-02 23:34:34.118 9 INFO neutron.wsgi [req-c62aff2b-23ce-4013-84ef-e845b22d2615 req-ba2b4daa-87cb-46cf-b7ca-91875141df4a 7d72eb1669334b33bd4584531aa7e143 15753d9249624dd08f7b805ec4572599 - - default default] 10.0.0.174 "GET /v2.0/ports?device_id=499119a1-8ee4-44c9-ad07-dbd57335f035 HTTP/1.1" status: 200 len: 210 time: 0.0261328
2026-08-02 23:34:34.250 8 INFO neutron.services.segments.plugin [-] Segment 4e37f5bd-5681-4e1e-9b65-dbd6f360dffc resource provider aggregate not found
2026-08-02 23:34:34.256 9 INFO neutron.wsgi [None req-2e6787a6-ebf8-4380-aa3e-60c9d63f3062 923cc6748fa44f688578ed1b8f8cc4ad 0293b968d86b4dcda50ad6911aab7fe4 - - default default] 10.0.0.18 "DELETE /v2.0/routers/96f4e4ed-6a4e-4b92-a8cf-35dc8ad6f91b HTTP/1.1" status: 204 len: 168 time: 1.1357722
2026-08-02 23:34:34.259 8 INFO neutron.services.segments.plugin [-] Segment 4e37f5bd-5681-4e1e-9b65-dbd6f360dffc resource provider aggregate not found
2026-08-02 23:34:34.265 8 INFO neutron.services.segments.plugin [-] Segment 4e37f5bd-5681-4e1e-9b65-dbd6f360dffc resource provider not found; error: Placement Client Error (4xx): {"errors": [{"status": 404, "title": "Not Found", "detail": "The resource could not be found.\n\n No resource provider with uuid 4e37f5bd-5681-4e1e-9b65-dbd6f360dffc found for delete ", "request_id": "req-5d06f645-e832-40af-83b9-cc2eb30ae7ea"}]}
2026-08-02 23:34:34.272 8 INFO neutron.services.segments.plugin [-] Segment 4e37f5bd-5681-4e1e-9b65-dbd6f360dffc resource provider not found; error: Placement Client Error (4xx): {"errors": [{"status": 404, "title": "Not Found", "detail": "The resource could not be found.\n\n No resource provider with uuid 4e37f5bd-5681-4e1e-9b65-dbd6f360dffc found for delete ", "request_id": "req-a8c3f982-6258-4310-8f54-41b3502c2e75"}]}
2026-08-02 23:34:34.288 9 INFO neutron.wsgi [None req-e4043180-caf5-4b5f-9861-3a7d7e0bc31e 923cc6748fa44f688578ed1b8f8cc4ad 0293b968d86b4dcda50ad6911aab7fe4 - - default default] 10.0.0.18 "DELETE /v2.0/subnets/d0c274ff-e9a4-4009-92e4-606ffddb8697 HTTP/1.1" status: 204 len: 168 time: 0.2668514
2026-08-02 23:34:34.342 8 INFO neutron.wsgi [None req-0333bf81-5e95-4896-88ee-ac9580e8d7d2 6fd7eb0f14b54cbe902786170379359c fbbf67704a5348fc83ae06a75ae2d9be - - default default] 10.0.0.18 "DELETE /v2.0/networks/672c06d8-5468-44c7-8088-b4590e64fd99 HTTP/1.1" status: 204 len: 168 time: 0.4783390
2026-08-02 23:34:34.402 9 INFO neutron.notifiers.nova [-] Nova event matching ['req-94077d66-bff6-47a3-897f-67de95e35408'] response: {'server_uuid': '499119a1-8ee4-44c9-ad07-dbd57335f035', 'name': 'network-vif-unplugged', 'status': 'completed', 'tag': 'be7fa8c4-2fb9-41db-824e-3c53a7927d44', 'code': 200}
2026-08-02 23:34:34.403 9 INFO neutron.notifiers.nova [-] Nova event matching ['req-94077d66-bff6-47a3-897f-67de95e35408'] response: {'server_uuid': '499119a1-8ee4-44c9-ad07-dbd57335f035', 'name': 'network-vif-plugged', 'status': 'completed', 'tag': 'be7fa8c4-2fb9-41db-824e-3c53a7927d44', 'code': 200}
2026-08-02 23:34:34.472 8 INFO neutron.db.segments_db [None req-6aba44da-ef60-4a2a-a333-255fedac523b 6fd7eb0f14b54cbe902786170379359c fbbf67704a5348fc83ae06a75ae2d9be - - default default] Added segment 62a5ad44-6d9d-4936-8833-ab4008101ed9 of type geneve for network 9eb905af-150b-4616-8b9f-b22944dcba66
2026-08-02 23:34:34.564 9 INFO neutron.wsgi [None req-3b24ebce-336e-424d-bbc0-46dd4ac87a99 923cc6748fa44f688578ed1b8f8cc4ad 0293b968d86b4dcda50ad6911aab7fe4 - - default default] 10.0.0.18 "DELETE /v2.0/subnets/9684d084-fc0b-437a-b814-4bccdec710a1 HTTP/1.1" status: 204 len: 168 time: 0.3017874
2026-08-02 23:34:34.641 8 INFO neutron.db.ovn_revision_numbers_db [None req-6aba44da-ef60-4a2a-a333-255fedac523b 6fd7eb0f14b54cbe902786170379359c fbbf67704a5348fc83ae06a75ae2d9be - - default default] Successfully bumped revision number for resource 9eb905af-150b-4616-8b9f-b22944dcba66 (type: networks) to 1
2026-08-02 23:34:34.753 9 INFO neutron.services.segments.plugin [-] Segment dfc521aa-58f5-4109-8e28-7228f7c093f1 resource provider aggregate not found
2026-08-02 23:34:34.758 9 INFO neutron.services.segments.plugin [-] Segment dfc521aa-58f5-4109-8e28-7228f7c093f1 resource provider aggregate not found
2026-08-02 23:34:34.774 9 INFO neutron.services.segments.plugin [-] Segment dfc521aa-58f5-4109-8e28-7228f7c093f1 resource provider not found; error: Placement Client Error (4xx): {"errors": [{"status": 404, "title": "Not Found", "detail": "The resource could not be found.\n\n No resource provider with uuid dfc521aa-58f5-4109-8e28-7228f7c093f1 found for delete ", "request_id": "req-7363c8f5-d778-41ae-9acb-39dae944fe2c"}]}
2026-08-02 23:34:34.776 9 INFO neutron.services.segments.plugin [-] Segment dfc521aa-58f5-4109-8e28-7228f7c093f1 resource provider not found; error: Placement Client Error (4xx): {"errors": [{"status": 404, "title": "Not Found", "detail": "The resource could not be found.\n\n No resource provider with uuid dfc521aa-58f5-4109-8e28-7228f7c093f1 found for delete ", "request_id": "req-1915367a-a18f-46eb-b42f-2090983dea42"}]}
2026-08-02 23:34:34.823 9 INFO neutron.wsgi [None req-5ebbe73b-f0d8-40d3-9ae3-a2bbc85cf5b1 923cc6748fa44f688578ed1b8f8cc4ad 0293b968d86b4dcda50ad6911aab7fe4 - - default default] 10.0.0.18 "DELETE /v2.0/networks/c17f6e8a-cd05-4a83-8a58-52943122c51f HTTP/1.1" status: 204 len: 168 time: 0.5278413
2026-08-02 23:34:34.848 8 WARNING neutron.scheduler.dhcp_agent_scheduler [None req-6aba44da-ef60-4a2a-a333-255fedac523b 6fd7eb0f14b54cbe902786170379359c fbbf67704a5348fc83ae06a75ae2d9be - - default default] No more DHCP agents
2026-08-02 23:34:34.851 8 WARNING neutron.api.rpc.agentnotifiers.dhcp_rpc_agent_api [None req-6aba44da-ef60-4a2a-a333-255fedac523b 6fd7eb0f14b54cbe902786170379359c fbbf67704a5348fc83ae06a75ae2d9be - - default default] Unable to schedule network 9eb905af-150b-4616-8b9f-b22944dcba66: no agents available; will retry on subsequent port and subnet creation events.
2026-08-02 23:34:34.902 8 WARNING neutron.plugins.ml2.drivers.ovn.mech_driver.ovsdb.ovn_client [None req-fcb676ba-0c1b-49a8-bfef-18b915a3fe5a - - - - - -] No port found with ID 74658292-ffe2-4b21-afb2-26f8092d2911: RuntimeError: No port found with ID 74658292-ffe2-4b21-afb2-26f8092d2911
2026-08-02 23:34:34.995 9 INFO neutron.wsgi [None req-28056d35-447a-49ae-afb6-3aeacb39e09c 923cc6748fa44f688578ed1b8f8cc4ad 0293b968d86b4dcda50ad6911aab7fe4 - - default default] 10.0.0.18 "GET /v2.0/security-groups?tenant_id=6eb813e3719d4cd1acca70b3241cea68&name=default HTTP/1.1" status: 200 len: 2996 time: 0.0617409 /var/lib/openstack/lib/python3.10/site-packages/pycadf/identifier.py:71: UserWarning: Invalid uuid: neutron. To ensure interoperability, identifiers should be a valid uuid. warnings.warn(('Invalid uuid: %s. To ensure interoperability, '
2026-08-02 23:34:35.019 8 INFO neutron.db.ovn_revision_numbers_db [None req-6aba44da-ef60-4a2a-a333-255fedac523b 6fd7eb0f14b54cbe902786170379359c fbbf67704a5348fc83ae06a75ae2d9be - - default default] Successfully bumped revision number for resource 969823bc-a4eb-4ed7-910e-9957b5b47961 (type: ports) to 1
2026-08-02 23:34:35.025 9 INFO neutron.wsgi [None req-3866978e-d828-4279-a389-82bf57d39a3a 923cc6748fa44f688578ed1b8f8cc4ad 0293b968d86b4dcda50ad6911aab7fe4 - - default default] 10.0.0.18 "DELETE /v2.0/networks/252714e1-7f99-428d-b951-0371c158fef3 HTTP/1.1" status: 204 len: 168 time: 0.4554994
2026-08-02 23:34:35.047 8 INFO neutron.wsgi [None req-6aba44da-ef60-4a2a-a333-255fedac523b 6fd7eb0f14b54cbe902786170379359c fbbf67704a5348fc83ae06a75ae2d9be - - default default] 10.0.0.18 "POST /v2.0/networks HTTP/1.1" status: 201 len: 832 time: 0.6958001
2026-08-02 23:34:35.261 8 INFO neutron.wsgi [None req-50942798-dd34-4bf2-9299-a336a0512f08 923cc6748fa44f688578ed1b8f8cc4ad 0293b968d86b4dcda50ad6911aab7fe4 - - default default] 10.0.0.18 "GET /v2.0/security-groups?tenant_id=8b6a73b532274d4a8ecc04e110346d73&name=default HTTP/1.1" status: 200 len: 2992 time: 0.0508595
2026-08-02 23:34:35.312 8 INFO neutron.wsgi [None req-4c18b6fd-7dd0-48a7-8bfc-355029e3adb6 923cc6748fa44f688578ed1b8f8cc4ad 0293b968d86b4dcda50ad6911aab7fe4 - - default default] 10.0.0.18 "DELETE /v2.0/security-groups/bc9dd4bf-2d29-404f-90cd-ff5f8b895ced HTTP/1.1" status: 204 len: 168 time: 0.3098791
2026-08-02 23:34:35.319 8 WARNING neutron.scheduler.dhcp_agent_scheduler [None req-bc739eff-903f-47dc-81a1-76649c8d8a8a 6fd7eb0f14b54cbe902786170379359c fbbf67704a5348fc83ae06a75ae2d9be - - default default] No more DHCP agents
2026-08-02 23:34:35.321 8 WARNING neutron.api.rpc.agentnotifiers.dhcp_rpc_agent_api [None req-bc739eff-903f-47dc-81a1-76649c8d8a8a 6fd7eb0f14b54cbe902786170379359c fbbf67704a5348fc83ae06a75ae2d9be - - default default] Unable to schedule network 9eb905af-150b-4616-8b9f-b22944dcba66: no agents available; will retry on subsequent port and subnet creation events.
2026-08-02 23:34:35.352 8 INFO neutron.db.ovn_revision_numbers_db [None req-bc739eff-903f-47dc-81a1-76649c8d8a8a 6fd7eb0f14b54cbe902786170379359c fbbf67704a5348fc83ae06a75ae2d9be - - default default] Successfully bumped revision number for resource 4db86d20-5959-439c-84d6-1e4950235669 (type: subnets) to 0
2026-08-02 23:34:35.358 9 INFO neutron.wsgi [None req-677be070-0cd7-4491-9775-0f9f8b6f7971 7d72eb1669334b33bd4584531aa7e143 15753d9249624dd08f7b805ec4572599 - - default default] 10.0.0.18 "DELETE /v2.0/security-groups/95e909ea-a4a5-41df-9a26-8c85cbff075c HTTP/1.1" status: 204 len: 168 time: 0.1492612
2026-08-02 23:34:35.372 8 INFO neutron.wsgi [None req-bc739eff-903f-47dc-81a1-76649c8d8a8a 6fd7eb0f14b54cbe902786170379359c fbbf67704a5348fc83ae06a75ae2d9be - - default default] 10.0.0.18 "POST /v2.0/subnets HTTP/1.1" status: 201 len: 821 time: 0.3203063
