2026-08-20 02:28:27.710 8 WARNING neutron.api.rpc.agentnotifiers.dhcp_rpc_agent_api [None req-16ae0e8b-4430-4625-ba94-1481dc5bfb65 e17e22faf365443dbf2f5267ad23765a 892cf1756cbd45d2a59c73aa3debb05f - - default default] Unable to schedule network 011ab560-e52b-4a02-897a-5da7e4cccebc: no agents available; will retry on subsequent port and subnet creation events.
2026-08-20 02:28:27.805 7 INFO neutron.plugins.ml2.drivers.ovn.mech_driver.mech_driver [None req-6a16129b-d051-4c05-aee9-95a582e21e2f - - - - - -] OVN reports status down for port: 0f42999b-85cf-4d00-842e-791bf79854ce
2026-08-20 02:28:27.830 7 INFO neutron.db.ovn_revision_numbers_db [None req-66102318-be36-4dd6-91c3-def0350dee9f 89cbdab37c0e4528aa783761e2cc8e76 b05c7cc711ab43a0ae225e42967070ba - - default default] Successfully bumped revision number for resource 971aab3c-fd72-4147-9bea-d741198c958d (type: floatingips) to 1
2026-08-20 02:28:27.831 7 INFO neutron.db.l3_db [None req-66102318-be36-4dd6-91c3-def0350dee9f 89cbdab37c0e4528aa783761e2cc8e76 b05c7cc711ab43a0ae225e42967070ba - - default default] Floating IP 971aab3c-fd72-4147-9bea-d741198c958d associated. External IP: 10.96.250.217, port: 5f4848cc-0435-4882-8ae3-06f1836869a3.
2026-08-20 02:28:27.894 8 INFO neutron.db.ovn_revision_numbers_db [None req-16ae0e8b-4430-4625-ba94-1481dc5bfb65 e17e22faf365443dbf2f5267ad23765a 892cf1756cbd45d2a59c73aa3debb05f - - default default] Successfully bumped revision number for resource 0f42999b-85cf-4d00-842e-791bf79854ce (type: ports) to 1 [pid: 7|app: 0|req: 579/1183] 10.0.0.223 () {34 vars in 677 bytes} [Thu Aug 20 02:28:26 2026] POST /v2.0/floatingips => generated 841 bytes in 1186 msecs (HTTP/1.1 201) 4 headers in 162 bytes (1 switches on core 0) [pid: 8|app: 0|req: 605/1184] 10.0.0.223 () {34 vars in 670 bytes} [Thu Aug 20 02:28:26 2026] POST /v2.0/networks => generated 1245 bytes in 1559 msecs (HTTP/1.1 201) 4 headers in 163 bytes (1 switches on core 0)
2026-08-20 02:28:27.972 8 INFO neutron.db.ovn_revision_numbers_db [None req-36a4d2dc-bca5-4ee8-ab54-84d525dfa9e0 - - - - - -] Successfully bumped revision number for resource f05d1dc1-bcf6-4e67-9e2f-120b699ccabd (type: ports) to 2
2026-08-20 02:28:28.074 7 INFO neutron.db.ovn_revision_numbers_db [None req-1467284e-364b-4177-8d49-b92204d3fb3f 520d96569f3046e6912d1bf49315805c b86c4e8a473344e1b9178d3c015b9213 - - default default] Successfully bumped revision number for resource 09c8197c-78f2-476b-bda5-4ff1272b818d (type: security_groups) to 1
2026-08-20 02:28:28.085 7 INFO neutron.db.ovn_revision_numbers_db [None req-1467284e-364b-4177-8d49-b92204d3fb3f 520d96569f3046e6912d1bf49315805c b86c4e8a473344e1b9178d3c015b9213 - - default default] Successfully bumped revision number for resource 73ba19b8-1813-4b10-91ea-867fa7199363 (type: security_group_rules) to 0
2026-08-20 02:28:28.095 7 INFO neutron.db.ovn_revision_numbers_db [None req-1467284e-364b-4177-8d49-b92204d3fb3f 520d96569f3046e6912d1bf49315805c b86c4e8a473344e1b9178d3c015b9213 - - default default] Successfully bumped revision number for resource f055c545-50a7-4c5d-894b-237acf22ba84 (type: security_group_rules) to 0 [pid: 7|app: 0|req: 580/1185] 10.0.0.223 () {34 vars in 685 bytes} [Thu Aug 20 02:28:27 2026] POST /v2.0/security-groups => generated 1661 bytes in 212 msecs (HTTP/1.1 201) 4 headers in 163 bytes (1 switches on core 0) [pid: 7|app: 0|req: 581/1186] 10.0.0.223 () {32 vars in 649 bytes} [Thu Aug 20 02:28:28 2026] GET /v2.0/networks => generated 1856 bytes in 59 msecs (HTTP/1.1 200) 4 headers in 158 bytes (1 switches on core 0)
2026-08-20 02:28:28.250 8 INFO neutron.db.ovn_revision_numbers_db [None req-508465df-a240-4b18-99c7-1883f558822b 89cbdab37c0e4528aa783761e2cc8e76 b05c7cc711ab43a0ae225e42967070ba - - default default] Successfully bumped revision number for resource 971aab3c-fd72-4147-9bea-d741198c958d (type: floatingips) to 2
2026-08-20 02:28:28.293 8 INFO neutron.db.ovn_revision_numbers_db [None req-acb499d2-464c-4a0d-88d7-83b1ffe51a40 - - - - - -] Successfully bumped revision number for resource f05d1dc1-bcf6-4e67-9e2f-120b699ccabd (type: router_ports) to 2
2026-08-20 02:28:28.294 8 INFO neutron.plugins.ml2.drivers.ovn.mech_driver.mech_driver [None req-acb499d2-464c-4a0d-88d7-83b1ffe51a40 - - - - - -] OVN reports status down for port: 3ff8e9a5-a4eb-410d-a1ef-de38077e3bab
2026-08-20 02:28:28.322 8 INFO neutron.db.l3_db [None req-508465df-a240-4b18-99c7-1883f558822b 89cbdab37c0e4528aa783761e2cc8e76 b05c7cc711ab43a0ae225e42967070ba - - default default] Floating IP 971aab3c-fd72-4147-9bea-d741198c958d disassociated. External IP: 10.96.250.217, port: 5f4848cc-0435-4882-8ae3-06f1836869a3. [pid: 8|app: 0|req: 606/1187] 10.0.0.223 () {34 vars in 749 bytes} [Thu Aug 20 02:28:27 2026] PUT /v2.0/floatingips/971aab3c-fd72-4147-9bea-d741198c958d => generated 554 bytes in 393 msecs (HTTP/1.1 200) 4 headers in 157 bytes (1 switches on core 0)
2026-08-20 02:28:28.384 8 INFO neutron.plugins.ml2.drivers.ovn.mech_driver.mech_driver [None req-acb499d2-464c-4a0d-88d7-83b1ffe51a40 - - - - - -] OVN reports status down for port: 5a4e89c1-5eeb-4611-ba03-a024c2deb341
2026-08-20 02:28:28.430 7 INFO neutron.db.ovn_revision_numbers_db [None req-b5cc3e7d-3bea-4229-b0ab-55def7a0f160 646912d3888e473189da6025da6fa5b7 3d996d2993a94bfcba1b9fb1a512803d - - default default] Successfully bumped revision number for resource 10696d82-d893-4b9f-bc97-af79bb3a2652 (type: security_groups) to 1
2026-08-20 02:28:28.440 7 INFO neutron.db.ovn_revision_numbers_db [None req-b5cc3e7d-3bea-4229-b0ab-55def7a0f160 646912d3888e473189da6025da6fa5b7 3d996d2993a94bfcba1b9fb1a512803d - - default default] Successfully bumped revision number for resource 21e25f1d-25d9-4eaf-ab1e-0a5c6c17c3b7 (type: security_group_rules) to 0
2026-08-20 02:28:28.451 7 INFO neutron.db.ovn_revision_numbers_db [None req-b5cc3e7d-3bea-4229-b0ab-55def7a0f160 646912d3888e473189da6025da6fa5b7 3d996d2993a94bfcba1b9fb1a512803d - - default default] Successfully bumped revision number for resource 5f93136d-6b96-453a-ab26-3284c9f9d13f (type: security_group_rules) to 0
2026-08-20 02:28:28.462 7 INFO neutron.db.ovn_revision_numbers_db [None req-b5cc3e7d-3bea-4229-b0ab-55def7a0f160 646912d3888e473189da6025da6fa5b7 3d996d2993a94bfcba1b9fb1a512803d - - default default] Successfully bumped revision number for resource 942b9d12-3483-484c-82f3-30e4837f97e5 (type: security_group_rules) to 0
2026-08-20 02:28:28.471 7 INFO neutron.db.ovn_revision_numbers_db [None req-b5cc3e7d-3bea-4229-b0ab-55def7a0f160 646912d3888e473189da6025da6fa5b7 3d996d2993a94bfcba1b9fb1a512803d - - default default] Successfully bumped revision number for resource c1486788-9682-432b-9af5-a8686b26827c (type: security_group_rules) to 0
2026-08-20 02:28:28.496 8 INFO neutron.plugins.ml2.drivers.ovn.mech_driver.mech_driver [None req-acb499d2-464c-4a0d-88d7-83b1ffe51a40 - - - - - -] OVN reports status up for port: 3ff8e9a5-a4eb-410d-a1ef-de38077e3bab
2026-08-20 02:28:28.514 8 INFO neutron.plugins.ml2.plugin [None req-acb499d2-464c-4a0d-88d7-83b1ffe51a40 - - - - - -] Attempt 1 to provision port 3ff8e9a5-a4eb-410d-a1ef-de38077e3bab
2026-08-20 02:28:28.546 7 INFO neutron.db.segments_db [None req-b5cc3e7d-3bea-4229-b0ab-55def7a0f160 646912d3888e473189da6025da6fa5b7 3d996d2993a94bfcba1b9fb1a512803d - - default default] Added segment 438d6320-c330-4f2c-9141-37f2f8b06c50 of type geneve for network 9315bda8-fdda-4868-95b2-54241f31a11b
2026-08-20 02:28:28.600 8 INFO neutron.db.ovn_revision_numbers_db [None req-51652ddd-de8a-407c-9a60-6bf60919bdeb 520d96569f3046e6912d1bf49315805c b86c4e8a473344e1b9178d3c015b9213 - - default default] Successfully bumped revision number for resource 63e818e0-1987-432c-865d-3c3b997cdd1b (type: security_group_rules) to 0
2026-08-20 02:28:28.650 7 INFO neutron.db.ovn_revision_numbers_db [None req-b5cc3e7d-3bea-4229-b0ab-55def7a0f160 646912d3888e473189da6025da6fa5b7 3d996d2993a94bfcba1b9fb1a512803d - - default default] Successfully bumped revision number for resource 9315bda8-fdda-4868-95b2-54241f31a11b (type: networks) to 1 [pid: 8|app: 0|req: 607/1188] 10.0.0.223 () {34 vars in 695 bytes} [Thu Aug 20 02:28:28 2026] POST /v2.0/security-group-rules => generated 597 bytes in 300 msecs (HTTP/1.1 201) 4 headers in 162 bytes (1 switches on core 0)
2026-08-20 02:28:28.798 7 WARNING neutron.scheduler.dhcp_agent_scheduler [None req-b5cc3e7d-3bea-4229-b0ab-55def7a0f160 646912d3888e473189da6025da6fa5b7 3d996d2993a94bfcba1b9fb1a512803d - - default default] No more DHCP agents
2026-08-20 02:28:28.800 7 WARNING neutron.api.rpc.agentnotifiers.dhcp_rpc_agent_api [None req-b5cc3e7d-3bea-4229-b0ab-55def7a0f160 646912d3888e473189da6025da6fa5b7 3d996d2993a94bfcba1b9fb1a512803d - - default default] Unable to schedule network 9315bda8-fdda-4868-95b2-54241f31a11b: no agents available; will retry on subsequent port and subnet creation events.
2026-08-20 02:28:28.847 7 INFO neutron.plugins.ml2.drivers.ovn.mech_driver.mech_driver [None req-6a16129b-d051-4c05-aee9-95a582e21e2f - - - - - -] OVN reports status down for port: beaf182e-0465-4077-96e1-fe12701ca1eb
2026-08-20 02:28:28.893 8 INFO neutron_taas.services.taas.taas_plugin [None req-40b6aca2-2587-434d-b87d-7eeed32807b4 e17e22faf365443dbf2f5267ad23765a 892cf1756cbd45d2a59c73aa3debb05f - - default default] TaaS: Handle Delete Port: 17e31527-38b1-424a-9316-63a504c258a7
2026-08-20 02:28:28.907 8 INFO neutron_taas.services.taas.tap_mirror_plugin [None req-40b6aca2-2587-434d-b87d-7eeed32807b4 e17e22faf365443dbf2f5267ad23765a 892cf1756cbd45d2a59c73aa3debb05f - - default default] Tap Mirror: Handle Delete Port: 17e31527-38b1-424a-9316-63a504c258a7
2026-08-20 02:28:28.917 7 INFO neutron.db.ovn_revision_numbers_db [None req-b5cc3e7d-3bea-4229-b0ab-55def7a0f160 646912d3888e473189da6025da6fa5b7 3d996d2993a94bfcba1b9fb1a512803d - - default default] Successfully bumped revision number for resource beaf182e-0465-4077-96e1-fe12701ca1eb (type: ports) to 1 [pid: 7|app: 0|req: 582/1189] 10.0.0.223 () {34 vars in 671 bytes} [Thu Aug 20 02:28:28 2026] POST /v2.0/networks => generated 744 bytes in 785 msecs (HTTP/1.1 201) 4 headers in 162 bytes (1 switches on core 0)
2026-08-20 02:28:29.098 7 INFO neutron_taas.services.taas.taas_plugin [None req-16761d97-78e7-4b33-af5e-5a481f0ff9f2 89cbdab37c0e4528aa783761e2cc8e76 b05c7cc711ab43a0ae225e42967070ba - - default default] TaaS: Handle Delete Port: 4af6e13a-9053-4d1c-a8a3-489ff4a40452
2026-08-20 02:28:29.101 7 INFO neutron_taas.services.taas.tap_mirror_plugin [None req-16761d97-78e7-4b33-af5e-5a481f0ff9f2 89cbdab37c0e4528aa783761e2cc8e76 b05c7cc711ab43a0ae225e42967070ba - - default default] Tap Mirror: Handle Delete Port: 4af6e13a-9053-4d1c-a8a3-489ff4a40452
2026-08-20 02:28:29.183 8 INFO neutron.db.ovn_revision_numbers_db [None req-acb499d2-464c-4a0d-88d7-83b1ffe51a40 - - - - - -] Successfully bumped revision number for resource 3ff8e9a5-a4eb-410d-a1ef-de38077e3bab (type: ports) to 2 [pid: 7|app: 0|req: 583/1190] 10.0.0.223 () {32 vars in 732 bytes} [Thu Aug 20 02:28:28 2026] DELETE /v2.0/floatingips/971aab3c-fd72-4147-9bea-d741198c958d => generated 0 bytes in 296 msecs (HTTP/1.1 204) 2 headers in 112 bytes (1 switches on core 0)
2026-08-20 02:28:29.286 8 INFO neutron.services.segments.plugin [-] Segment ba0f04bb-5bc7-4697-95d2-9d2c761f3d3b resource provider aggregate not found
2026-08-20 02:28:29.296 8 INFO neutron.services.segments.plugin [-] Segment ba0f04bb-5bc7-4697-95d2-9d2c761f3d3b resource provider aggregate not found
2026-08-20 02:28:29.312 8 INFO neutron.services.segments.plugin [-] Client error retrieving segment ba0f04bb-5bc7-4697-95d2-9d2c761f3d3b resource provider; error: Placement Client Error (4xx): {"errors": [{"status": 404, "title": "Not Found", "detail": "The resource could not be found.\n\n No resource provider with uuid ba0f04bb-5bc7-4697-95d2-9d2c761f3d3b found for delete ", "request_id": "req-143464cd-f18b-4b5a-a9a6-e3c79493bee4"}]}
2026-08-20 02:28:29.336 8 INFO neutron.services.segments.plugin [-] Client error retrieving segment ba0f04bb-5bc7-4697-95d2-9d2c761f3d3b resource provider; error: Placement Client Error (4xx): {"errors": [{"status": 404, "title": "Not Found", "detail": "The resource could not be found.\n\n No resource provider with uuid ba0f04bb-5bc7-4697-95d2-9d2c761f3d3b found for delete ", "request_id": "req-2d325b5a-a7d2-4ae4-afb4-fa03aa1d1024"}]} [pid: 8|app: 0|req: 608/1191] 10.0.0.223 () {32 vars in 726 bytes} [Thu Aug 20 02:28:28 2026] DELETE /v2.0/networks/86867692-7a81-46e4-8d2f-6888da7aadaf => generated 0 bytes in 704 msecs (HTTP/1.1 204) 3 headers in 131 bytes (1 switches on core 0)
2026-08-20 02:28:29.413 7 INFO neutron.db.ovn_revision_numbers_db [None req-710c305a-473c-4e6b-938e-31d4522e2411 520d96569f3046e6912d1bf49315805c b86c4e8a473344e1b9178d3c015b9213 - - default default] Successfully bumped revision number for resource 5d48ef02-780e-4493-806d-a5cb5efd0618 (type: security_group_rules) to 0 [pid: 7|app: 0|req: 584/1192] 10.0.0.223 () {34 vars in 695 bytes} [Thu Aug 20 02:28:29 2026] POST /v2.0/security-group-rules => generated 602 bytes in 168 msecs (HTTP/1.1 201) 4 headers in 162 bytes (1 switches on core 0)
2026-08-20 02:28:29.517 8 INFO neutron.db.ovn_revision_numbers_db [None req-3592777c-cb29-443f-b5f4-052705027068 - - - - - -] Successfully bumped revision number for resource 3ff8e9a5-a4eb-410d-a1ef-de38077e3bab (type: router_ports) to 2
2026-08-20 02:28:29.518 8 INFO neutron.plugins.ml2.drivers.ovn.mech_driver.mech_driver [None req-3592777c-cb29-443f-b5f4-052705027068 - - - - - -] OVN reports status down for port: 17e31527-38b1-424a-9316-63a504c258a7
2026-08-20 02:28:29.621 8 WARNING neutron.scheduler.dhcp_agent_scheduler [None req-9663bbd3-2041-457b-8a7f-851fe633ea07 646912d3888e473189da6025da6fa5b7 3d996d2993a94bfcba1b9fb1a512803d - - default default] No more DHCP agents
2026-08-20 02:28:29.636 8 WARNING neutron.api.rpc.agentnotifiers.dhcp_rpc_agent_api [None req-9663bbd3-2041-457b-8a7f-851fe633ea07 646912d3888e473189da6025da6fa5b7 3d996d2993a94bfcba1b9fb1a512803d - - default default] Unable to schedule network 9315bda8-fdda-4868-95b2-54241f31a11b: no agents available; will retry on subsequent port and subnet creation events.
2026-08-20 02:28:29.669 7 WARNING neutron.scheduler.dhcp_agent_scheduler [None req-ab4b0a09-f771-4785-91c7-1366ebed103c 89cbdab37c0e4528aa783761e2cc8e76 b05c7cc711ab43a0ae225e42967070ba - - default default] No more DHCP agents
2026-08-20 02:28:29.671 7 WARNING neutron.api.rpc.agentnotifiers.dhcp_rpc_agent_api [None req-ab4b0a09-f771-4785-91c7-1366ebed103c 89cbdab37c0e4528aa783761e2cc8e76 b05c7cc711ab43a0ae225e42967070ba - - default default] Unable to schedule network 5c9140ac-e411-41e7-9ca4-8c7862d79741: no agents available; will retry on subsequent port and subnet creation events.
2026-08-20 02:28:30.133 8 INFO neutron.db.ovn_revision_numbers_db [None req-9d0c35ab-dc29-433b-9b31-fd235ad10004 - - - - - -] Successfully bumped revision number for resource beaf182e-0465-4077-96e1-fe12701ca1eb (type: ports) to 2
2026-08-20 02:28:30.165 8 INFO neutron.db.ovn_revision_numbers_db [None req-9d0c35ab-dc29-433b-9b31-fd235ad10004 - - - - - -] Successfully bumped revision number for resource 87eaee9c-3660-4a4d-8060-1e6726a001cf (type: subnets) to 0 [pid: 8|app: 0|req: 609/1193] 10.0.0.223 () {34 vars in 669 bytes} [Thu Aug 20 02:28:29 2026] POST /v2.0/subnets => generated 688 bytes in 811 msecs (HTTP/1.1 201) 4 headers in 162 bytes (1 switches on core 0) /var/lib/openstack/lib/python3.12/site-packages/pycadf/identifier.py:70: UserWarning: Invalid uuid: neutron. To ensure interoperability, identifiers should be a valid uuid. warnings.warn(('Invalid uuid: %s. To ensure interoperability, '
2026-08-20 02:28:30.286 8 INFO neutron_taas.services.taas.taas_plugin [None req-dec344e9-31ed-4641-a467-89357a1671b3 e17e22faf365443dbf2f5267ad23765a 892cf1756cbd45d2a59c73aa3debb05f - - default default] TaaS: Handle Delete Port: 0f42999b-85cf-4d00-842e-791bf79854ce
2026-08-20 02:28:30.300 8 INFO neutron_taas.services.taas.tap_mirror_plugin [None req-dec344e9-31ed-4641-a467-89357a1671b3 e17e22faf365443dbf2f5267ad23765a 892cf1756cbd45d2a59c73aa3debb05f - - default default] Tap Mirror: Handle Delete Port: 0f42999b-85cf-4d00-842e-791bf79854ce
2026-08-20 02:28:30.467 7 INFO neutron.db.ovn_revision_numbers_db [None req-ab4b0a09-f771-4785-91c7-1366ebed103c 89cbdab37c0e4528aa783761e2cc8e76 b05c7cc711ab43a0ae225e42967070ba - - default default] Successfully bumped revision number for resource fe1671fc-a3b5-4f8c-a048-24071cfaac21 (type: floatingips) to 1
2026-08-20 02:28:30.467 7 INFO neutron.db.l3_db [None req-ab4b0a09-f771-4785-91c7-1366ebed103c 89cbdab37c0e4528aa783761e2cc8e76 b05c7cc711ab43a0ae225e42967070ba - - default default] Floating IP fe1671fc-a3b5-4f8c-a048-24071cfaac21 associated. External IP: 10.96.250.205, port: 5a4e89c1-5eeb-4611-ba03-a024c2deb341. [pid: 7|app: 0|req: 585/1194] 10.0.0.223 () {34 vars in 677 bytes} [Thu Aug 20 02:28:29 2026] POST /v2.0/floatingips => generated 842 bytes in 1073 msecs (HTTP/1.1 201) 4 headers in 162 bytes (1 switches on core 0) /var/lib/openstack/lib/python3.12/site-packages/pycadf/identifier.py:70: UserWarning: Invalid uuid: neutron. To ensure interoperability, identifiers should be a valid uuid. warnings.warn(('Invalid uuid: %s. To ensure interoperability, ' [pid: 8|app: 0|req: 610/1195] 10.0.0.223 () {32 vars in 726 bytes} [Thu Aug 20 02:28:30 2026] DELETE /v2.0/networks/011ab560-e52b-4a02-897a-5da7e4cccebc => generated 0 bytes in 358 msecs (HTTP/1.1 204) 3 headers in 131 bytes (1 switches on core 0)
2026-08-20 02:28:30.707 7 WARNING neutron.scheduler.dhcp_agent_scheduler [None req-5b5a98d9-244d-40e6-906e-a1af77e5c55b 520d96569f3046e6912d1bf49315805c b86c4e8a473344e1b9178d3c015b9213 - - default default] No more DHCP agents
2026-08-20 02:28:30.708 7 WARNING neutron.api.rpc.agentnotifiers.dhcp_rpc_agent_api [None req-5b5a98d9-244d-40e6-906e-a1af77e5c55b 520d96569f3046e6912d1bf49315805c b86c4e8a473344e1b9178d3c015b9213 - - default default] Unable to schedule network 5c9140ac-e411-41e7-9ca4-8c7862d79741: no agents available; will retry on subsequent port and subnet creation events.
2026-08-20 02:28:30.951 8 WARNING neutron.scheduler.dhcp_agent_scheduler [None req-3426135c-2815-44a4-92c7-ec4784ff04c4 646912d3888e473189da6025da6fa5b7 3d996d2993a94bfcba1b9fb1a512803d - - default default] No more DHCP agents
2026-08-20 02:28:30.952 8 WARNING neutron.api.rpc.agentnotifiers.dhcp_rpc_agent_api [None req-3426135c-2815-44a4-92c7-ec4784ff04c4 646912d3888e473189da6025da6fa5b7 3d996d2993a94bfcba1b9fb1a512803d - - default default] Unable to schedule network 5c9140ac-e411-41e7-9ca4-8c7862d79741: no agents available; will retry on subsequent port and subnet creation events. [pid: 7|app: 0|req: 586/1196] 10.0.0.223 () {34 vars in 676 bytes} [Thu Aug 20 02:28:30 2026] POST /v2.0/floatingips => generated 552 bytes in 448 msecs (HTTP/1.1 201) 4 headers in 162 bytes (1 switches on core 0) [pid: 7|app: 0|req: 589/1199] 10.0.0.223 () {32 vars in 729 bytes} [Thu Aug 20 02:28:30 2026] GET /v2.0/floatingips/fe1671fc-a3b5-4f8c-a048-24071cfaac21 => generated 844 bytes in 45 msecs (HTTP/1.1 200) 4 headers in 157 bytes (1 switches on core 0)
2026-08-20 02:28:31.069 8 INFO neutron.plugins.ml2.drivers.ovn.mech_driver.mech_driver [None req-3592777c-cb29-443f-b5f4-052705027068 - - - - - -] OVN reports status down for port: a7d2c229-f719-41f2-820f-e7064a3a3cb3 [pid: 7|app: 0|req: 590/1200] 10.0.0.223 () {32 vars in 649 bytes} [Thu Aug 20 02:28:31 2026] GET /v2.0/networks => generated 651 bytes in 89 msecs (HTTP/1.1 200) 4 headers in 157 bytes (1 switches on core 0)
2026-08-20 02:28:31.131 8 INFO neutron.db.ovn_revision_numbers_db [None req-3426135c-2815-44a4-92c7-ec4784ff04c4 646912d3888e473189da6025da6fa5b7 3d996d2993a94bfcba1b9fb1a512803d - - default default] Successfully bumped revision number for resource a7d2c229-f719-41f2-820f-e7064a3a3cb3 (type: ports) to 1 [pid: 7|app: 0|req: 591/1201] 10.0.0.223 () {32 vars in 655 bytes} [Thu Aug 20 02:28:31 2026] GET /v2.0/floatingips => generated 847 bytes in 69 msecs (HTTP/1.1 200) 4 headers in 157 bytes (1 switches on core 0)
2026-08-20 02:28:31.257 7 INFO neutron.db.segments_db [None req-028aa92a-6113-4015-8ac4-e0c9bc8a5e30 e17e22faf365443dbf2f5267ad23765a 892cf1756cbd45d2a59c73aa3debb05f - - default default] Added segment e152aea8-edce-4fec-bd4d-eed05cf8a8f7 of type geneve for network 0527aa36-3873-4233-8a95-c6aaa6658228
2026-08-20 02:28:31.343 8 INFO neutron.services.segments.plugin [-] Segment 9ca3a4dd-7d51-4542-885f-2a03ad23dc77 resource provider aggregate not found
2026-08-20 02:28:31.365 8 INFO neutron.services.segments.plugin [-] Segment 9ca3a4dd-7d51-4542-885f-2a03ad23dc77 resource provider aggregate not found
2026-08-20 02:28:31.372 8 INFO neutron.services.segments.plugin [-] Client error retrieving segment 9ca3a4dd-7d51-4542-885f-2a03ad23dc77 resource provider; error: Placement Client Error (4xx): {"errors": [{"status": 404, "title": "Not Found", "detail": "The resource could not be found.\n\n No resource provider with uuid 9ca3a4dd-7d51-4542-885f-2a03ad23dc77 found for delete ", "request_id": "req-436e4755-d0c6-4563-ba98-91ab37bce23d"}]}
2026-08-20 02:28:31.379 7 INFO neutron.db.ovn_revision_numbers_db [None req-028aa92a-6113-4015-8ac4-e0c9bc8a5e30 e17e22faf365443dbf2f5267ad23765a 892cf1756cbd45d2a59c73aa3debb05f - - default default] Successfully bumped revision number for resource 0527aa36-3873-4233-8a95-c6aaa6658228 (type: networks) to 1
2026-08-20 02:28:31.388 8 INFO neutron.services.segments.plugin [-] Client error retrieving segment 9ca3a4dd-7d51-4542-885f-2a03ad23dc77 resource provider; error: Placement Client Error (4xx): {"errors": [{"status": 404, "title": "Not Found", "detail": "The resource could not be found.\n\n No resource provider with uuid 9ca3a4dd-7d51-4542-885f-2a03ad23dc77 found for delete ", "request_id": "req-d9e3a66b-3864-474f-bb02-e1b1454c2b9c"}]}
2026-08-20 02:28:31.567 7 WARNING neutron.scheduler.dhcp_agent_scheduler [None req-028aa92a-6113-4015-8ac4-e0c9bc8a5e30 e17e22faf365443dbf2f5267ad23765a 892cf1756cbd45d2a59c73aa3debb05f - - default default] No more DHCP agents
2026-08-20 02:28:31.569 7 WARNING neutron.api.rpc.agentnotifiers.dhcp_rpc_agent_api [None req-028aa92a-6113-4015-8ac4-e0c9bc8a5e30 e17e22faf365443dbf2f5267ad23765a 892cf1756cbd45d2a59c73aa3debb05f - - default default] Unable to schedule network 0527aa36-3873-4233-8a95-c6aaa6658228: no agents available; will retry on subsequent port and subnet creation events.
2026-08-20 02:28:31.638 8 INFO neutron.plugins.ml2.drivers.ovn.mech_driver.mech_driver [None req-3592777c-cb29-443f-b5f4-052705027068 - - - - - -] OVN reports status down for port: 5756cb2a-d1c3-4e99-aaec-7bf97dfccc74
2026-08-20 02:28:31.641 7 INFO neutron.db.ovn_revision_numbers_db [None req-028aa92a-6113-4015-8ac4-e0c9bc8a5e30 e17e22faf365443dbf2f5267ad23765a 892cf1756cbd45d2a59c73aa3debb05f - - default default] Successfully bumped revision number for resource 5756cb2a-d1c3-4e99-aaec-7bf97dfccc74 (type: ports) to 1 [pid: 7|app: 0|req: 592/1202] 10.0.0.223 () {34 vars in 670 bytes} [Thu Aug 20 02:28:31 2026] POST /v2.0/networks => generated 649 bytes in 492 msecs (HTTP/1.1 201) 4 headers in 162 bytes (1 switches on core 0)
2026-08-20 02:28:31.844 8 INFO neutron.plugins.ml2.drivers.ovn.mech_driver.ovsdb.commands [None req-1f263727-9688-490c-a581-dbd4bcfd514b - - - - - -] Schedule LRP lrp-a7d2c229-f719-41f2-820f-e7064a3a3cb3 on gateway 85f43600-c7eb-4ed7-ad22-cec189d76478 with priority 1
2026-08-20 02:28:31.904 8 INFO neutron.plugins.ml2.drivers.ovn.mech_driver.mech_driver [None req-3592777c-cb29-443f-b5f4-052705027068 - - - - - -] OVN reports status up for port: a7d2c229-f719-41f2-820f-e7064a3a3cb3
2026-08-20 02:28:31.937 8 INFO neutron.plugins.ml2.drivers.ovn.mech_driver.ovsdb.ovsdb_monitor [None req-5210d749-9fcb-42a6-bc71-321c42c06540 - - - - - -] Router 9fc1f53b-5879-4f0e-ac14-da4c2239ee64 is bound to host instance
2026-08-20 02:28:31.943 8 INFO neutron.plugins.ml2.plugin [None req-3592777c-cb29-443f-b5f4-052705027068 - - - - - -] Attempt 1 to provision port a7d2c229-f719-41f2-820f-e7064a3a3cb3
2026-08-20 02:28:31.991 8 INFO neutron.db.ovn_revision_numbers_db [None req-3426135c-2815-44a4-92c7-ec4784ff04c4 646912d3888e473189da6025da6fa5b7 3d996d2993a94bfcba1b9fb1a512803d - - default default] Successfully bumped revision number for resource a7d2c229-f719-41f2-820f-e7064a3a3cb3 (type: router_ports) to 1
2026-08-20 02:28:32.198 8 INFO neutron.db.ovn_revision_numbers_db [None req-3426135c-2815-44a4-92c7-ec4784ff04c4 646912d3888e473189da6025da6fa5b7 3d996d2993a94bfcba1b9fb1a512803d - - default default] Successfully bumped revision number for resource 9fc1f53b-5879-4f0e-ac14-da4c2239ee64 (type: routers) to 2
2026-08-20 02:28:32.218 7 INFO neutron.db.ovn_revision_numbers_db [None req-146c7bb1-036b-45af-b036-b64b2f65c265 89cbdab37c0e4528aa783761e2cc8e76 b05c7cc711ab43a0ae225e42967070ba - - default default] Successfully bumped revision number for resource fe1671fc-a3b5-4f8c-a048-24071cfaac21 (type: floatingips) to 2 [pid: 8|app: 0|req: 611/1203] 10.0.0.223 () {34 vars in 669 bytes} [Thu Aug 20 02:28:30 2026] POST /v2.0/routers => generated 966 bytes in 1694 msecs (HTTP/1.1 201) 4 headers in 162 bytes (1 switches on core 0) [pid: 8|app: 0|req: 612/1204] 10.0.0.14 () {34 vars in 1099 bytes} [Thu Aug 20 02:28:32 2026] GET /v2.0/security-groups?name=tempest-securitygroup--1695618163&fields=id&tenant_id=b86c4e8a473344e1b9178d3c015b9213 => generated 69 bytes in 56 msecs (HTTP/1.1 200) 4 headers in 156 bytes (1 switches on core 0)
2026-08-20 02:28:32.316 7 INFO neutron.db.l3_db [None req-146c7bb1-036b-45af-b036-b64b2f65c265 89cbdab37c0e4528aa783761e2cc8e76 b05c7cc711ab43a0ae225e42967070ba - - default default] Floating IP fe1671fc-a3b5-4f8c-a048-24071cfaac21 associated. External IP: 10.96.250.205, port: 5a4e89c1-5eeb-4611-ba03-a024c2deb341. [pid: 7|app: 0|req: 593/1205] 10.0.0.223 () {34 vars in 749 bytes} [Thu Aug 20 02:28:31 2026] PUT /v2.0/floatingips/fe1671fc-a3b5-4f8c-a048-24071cfaac21 => generated 843 bytes in 701 msecs (HTTP/1.1 200) 4 headers in 157 bytes (1 switches on core 0) /var/lib/openstack/lib/python3.12/site-packages/pycadf/identifier.py:70: UserWarning: Invalid uuid: neutron. To ensure interoperability, identifiers should be a valid uuid. warnings.warn(('Invalid uuid: %s. To ensure interoperability, '
2026-08-20 02:28:32.421 8 INFO neutron.db.segments_db [None req-7b405ad5-855e-4bc8-9385-8de65960e5cd e17e22faf365443dbf2f5267ad23765a 892cf1756cbd45d2a59c73aa3debb05f - - default default] Added segment 3477669a-6e4b-44f7-a92c-ce551f580694 of type geneve for network 4d35a258-dc56-44f0-8311-91dab5e3d5c0
2026-08-20 02:28:32.643 8 INFO neutron.db.ovn_revision_numbers_db [None req-7b405ad5-855e-4bc8-9385-8de65960e5cd e17e22faf365443dbf2f5267ad23765a 892cf1756cbd45d2a59c73aa3debb05f - - default default] Successfully bumped revision number for resource 4d35a258-dc56-44f0-8311-91dab5e3d5c0 (type: networks) to 1
2026-08-20 02:28:32.730 7 WARNING neutron.scheduler.dhcp_agent_scheduler [None req-8d5b940c-18d0-487f-bb04-daa0e7cc3f32 646912d3888e473189da6025da6fa5b7 3d996d2993a94bfcba1b9fb1a512803d - - default default] No more DHCP agents
2026-08-20 02:28:32.731 7 WARNING neutron.api.rpc.agentnotifiers.dhcp_rpc_agent_api [None req-8d5b940c-18d0-487f-bb04-daa0e7cc3f32 646912d3888e473189da6025da6fa5b7 3d996d2993a94bfcba1b9fb1a512803d - - default default] Unable to schedule network 9315bda8-fdda-4868-95b2-54241f31a11b: no agents available; will retry on subsequent port and subnet creation events.
2026-08-20 02:28:32.876 7 INFO neutron.db.ovn_revision_numbers_db [None req-8d5b940c-18d0-487f-bb04-daa0e7cc3f32 646912d3888e473189da6025da6fa5b7 3d996d2993a94bfcba1b9fb1a512803d - - default default] Successfully bumped revision number for resource 0c588a5c-d03b-44df-ac1e-342e0c2c2076 (type: ports) to 1
2026-08-20 02:28:32.946 8 WARNING neutron.scheduler.dhcp_agent_scheduler [None req-7b405ad5-855e-4bc8-9385-8de65960e5cd e17e22faf365443dbf2f5267ad23765a 892cf1756cbd45d2a59c73aa3debb05f - - default default] No more DHCP agents
2026-08-20 02:28:32.956 8 WARNING neutron.api.rpc.agentnotifiers.dhcp_rpc_agent_api [None req-7b405ad5-855e-4bc8-9385-8de65960e5cd e17e22faf365443dbf2f5267ad23765a 892cf1756cbd45d2a59c73aa3debb05f - - default default] Unable to schedule network 4d35a258-dc56-44f0-8311-91dab5e3d5c0: no agents available; will retry on subsequent port and subnet creation events.
2026-08-20 02:28:33.117 8 INFO neutron.db.ovn_revision_numbers_db [None req-7b405ad5-855e-4bc8-9385-8de65960e5cd e17e22faf365443dbf2f5267ad23765a 892cf1756cbd45d2a59c73aa3debb05f - - default default] Successfully bumped revision number for resource 542f95fc-f29a-459a-bf03-fc7ea6013ced (type: ports) to 1 [pid: 8|app: 0|req: 613/1206] 10.0.0.223 () {34 vars in 670 bytes} [Thu Aug 20 02:28:32 2026] POST /v2.0/networks => generated 649 bytes in 860 msecs (HTTP/1.1 201) 4 headers in 162 bytes (1 switches on core 0) [pid: 8|app: 0|req: 614/1207] 10.0.0.14 () {34 vars in 981 bytes} [Thu Aug 20 02:28:33 2026] GET /v2.0/networks?id=d074e422-114f-46c1-a071-9e41c2ab34ff => generated 676 bytes in 62 msecs (HTTP/1.1 200) 4 headers in 157 bytes (1 switches on core 0)
2026-08-20 02:28:33.508 8 INFO neutron.db.ovn_revision_numbers_db [None req-9e6eccf4-7ba3-4364-97e6-2dd4de615f2a 89cbdab37c0e4528aa783761e2cc8e76 b05c7cc711ab43a0ae225e42967070ba - - default default] Successfully bumped revision number for resource fe1671fc-a3b5-4f8c-a048-24071cfaac21 (type: floatingips) to 3
2026-08-20 02:28:33.551 7 WARNING neutron.scheduler.dhcp_agent_scheduler [None req-8d5b940c-18d0-487f-bb04-daa0e7cc3f32 646912d3888e473189da6025da6fa5b7 3d996d2993a94bfcba1b9fb1a512803d - - default default] No more DHCP agents
2026-08-20 02:28:33.552 7 WARNING neutron.api.rpc.agentnotifiers.dhcp_rpc_agent_api [None req-8d5b940c-18d0-487f-bb04-daa0e7cc3f32 646912d3888e473189da6025da6fa5b7 3d996d2993a94bfcba1b9fb1a512803d - - default default] Unable to schedule network 9315bda8-fdda-4868-95b2-54241f31a11b: no agents available; will retry on subsequent port and subnet creation events.
2026-08-20 02:28:33.566 8 INFO neutron.db.ovn_revision_numbers_db [None req-2ac52c2f-3ddc-401e-b9bd-5c578e0a4393 - - - - - -] Successfully bumped revision number for resource a7d2c229-f719-41f2-820f-e7064a3a3cb3 (type: ports) to 4
2026-08-20 02:28:33.584 8 INFO neutron.db.l3_db [None req-9e6eccf4-7ba3-4364-97e6-2dd4de615f2a 89cbdab37c0e4528aa783761e2cc8e76 b05c7cc711ab43a0ae225e42967070ba - - default default] Floating IP fe1671fc-a3b5-4f8c-a048-24071cfaac21 disassociated. External IP: 10.96.250.205, port: 5f4848cc-0435-4882-8ae3-06f1836869a3. [pid: 8|app: 0|req: 615/1208] 10.0.0.223 () {34 vars in 749 bytes} [Thu Aug 20 02:28:33 2026] PUT /v2.0/floatingips/fe1671fc-a3b5-4f8c-a048-24071cfaac21 => generated 554 bytes in 423 msecs (HTTP/1.1 200) 4 headers in 157 bytes (1 switches on core 0)
2026-08-20 02:28:34.024 7 INFO neutron.db.ovn_revision_numbers_db [None req-8d5b940c-18d0-487f-bb04-daa0e7cc3f32 646912d3888e473189da6025da6fa5b7 3d996d2993a94bfcba1b9fb1a512803d - - default default] Successfully bumped revision number for resource 0c588a5c-d03b-44df-ac1e-342e0c2c2076 (type: router_ports) to 1 [pid: 7|app: 0|req: 594/1209] 10.0.0.223 () {34 vars in 783 bytes} [Thu Aug 20 02:28:32 2026] PUT /v2.0/routers/9fc1f53b-5879-4f0e-ac14-da4c2239ee64/add_router_interface => generated 309 bytes in 1662 msecs (HTTP/1.1 200) 4 headers in 157 bytes (1 switches on core 0) [pid: 7|app: 0|req: 595/1210] 10.0.0.14 () {34 vars in 964 bytes} [Thu Aug 20 02:28:34 2026] GET /v2.0/quotas/b86c4e8a473344e1b9178d3c015b9213 => generated 292 bytes in 9 msecs (HTTP/1.1 200) 4 headers in 157 bytes (1 switches on core 0)
2026-08-20 02:28:34.147 7 INFO neutron_taas.services.taas.taas_plugin [None req-1aae6e78-73a0-4d51-aba4-27e315da65ff 89cbdab37c0e4528aa783761e2cc8e76 b05c7cc711ab43a0ae225e42967070ba - - default default] TaaS: Handle Delete Port: a46c4b8a-27bf-44a1-ba01-6604c0ada0aa
2026-08-20 02:28:34.150 7 INFO neutron_taas.services.taas.tap_mirror_plugin [None req-1aae6e78-73a0-4d51-aba4-27e315da65ff 89cbdab37c0e4528aa783761e2cc8e76 b05c7cc711ab43a0ae225e42967070ba - - default default] Tap Mirror: Handle Delete Port: a46c4b8a-27bf-44a1-ba01-6604c0ada0aa [pid: 7|app: 0|req: 596/1211] 10.0.0.223 () {32 vars in 732 bytes} [Thu Aug 20 02:28:34 2026] DELETE /v2.0/floatingips/fe1671fc-a3b5-4f8c-a048-24071cfaac21 => generated 0 bytes in 285 msecs (HTTP/1.1 204) 2 headers in 112 bytes (1 switches on core 0)
2026-08-20 02:28:34.361 8 INFO neutron.db.ovn_revision_numbers_db [None req-2ac52c2f-3ddc-401e-b9bd-5c578e0a4393 - - - - - -] Successfully bumped revision number for resource a7d2c229-f719-41f2-820f-e7064a3a3cb3 (type: ports) to 5 [pid: 7|app: 0|req: 597/1212] 10.0.0.14 () {34 vars in 1001 bytes} [Thu Aug 20 02:28:34 2026] GET /v2.0/ports?tenant_id=b86c4e8a473344e1b9178d3c015b9213&fields=id => generated 103 bytes in 59 msecs (HTTP/1.1 200) 4 headers in 157 bytes (1 switches on core 0)
2026-08-20 02:28:34.399 7 INFO neutron.api.v2.resource [None req-ed565af8-0bf9-4616-b65b-2274ee8120e3 89cbdab37c0e4528aa783761e2cc8e76 b05c7cc711ab43a0ae225e42967070ba - - default default] delete failed (client error): The resource could not be found. [pid: 7|app: 0|req: 598/1213] 10.0.0.223 () {32 vars in 732 bytes} [Thu Aug 20 02:28:34 2026] DELETE /v2.0/floatingips/fe1671fc-a3b5-4f8c-a048-24071cfaac21 => generated 144 bytes in 15 msecs (HTTP/1.1 404) 4 headers in 164 bytes (1 switches on core 0)
2026-08-20 02:28:34.430 8 WARNING neutron.scheduler.dhcp_agent_scheduler [None req-6dc566a7-fb95-4572-965f-5e5465fb9b5a e17e22faf365443dbf2f5267ad23765a 892cf1756cbd45d2a59c73aa3debb05f - - default default] No more DHCP agents
2026-08-20 02:28:34.435 8 WARNING neutron.api.rpc.agentnotifiers.dhcp_rpc_agent_api [None req-6dc566a7-fb95-4572-965f-5e5465fb9b5a e17e22faf365443dbf2f5267ad23765a 892cf1756cbd45d2a59c73aa3debb05f - - default default] Unable to schedule network 0527aa36-3873-4233-8a95-c6aaa6658228: no agents available; will retry on subsequent port and subnet creation events. [pid: 7|app: 0|req: 599/1214] 10.0.0.14 () {34 vars in 1007 bytes} [Thu Aug 20 02:28:34 2026] GET /v2.0/networks/d074e422-114f-46c1-a071-9e41c2ab34ff?fields=segments => generated 14 bytes in 35 msecs (HTTP/1.1 200) 4 headers in 156 bytes (1 switches on core 0)
2026-08-20 02:28:34.533 7 INFO neutron.plugins.ml2.drivers.ovn.mech_driver.mech_driver [None req-6a16129b-d051-4c05-aee9-95a582e21e2f - - - - - -] OVN reports status down for port: b275fc75-7f0a-4068-8eea-aaee282d21ce
2026-08-20 02:28:34.587 8 INFO neutron.plugins.ml2.drivers.ovn.mech_driver.mech_driver [None req-3592777c-cb29-443f-b5f4-052705027068 - - - - - -] OVN reports status down for port: 0c588a5c-d03b-44df-ac1e-342e0c2c2076
2026-08-20 02:28:34.606 8 INFO neutron.db.ovn_revision_numbers_db [None req-6dc566a7-fb95-4572-965f-5e5465fb9b5a e17e22faf365443dbf2f5267ad23765a 892cf1756cbd45d2a59c73aa3debb05f - - default default] Successfully bumped revision number for resource b275fc75-7f0a-4068-8eea-aaee282d21ce (type: ports) to 1
2026-08-20 02:28:34.662 7 INFO neutron_taas.services.taas.taas_plugin [None req-d7da9401-3304-4c7a-860a-d1bd7c55cdbf 89cbdab37c0e4528aa783761e2cc8e76 b05c7cc711ab43a0ae225e42967070ba - - default default] TaaS: Handle Delete Port: 5f4848cc-0435-4882-8ae3-06f1836869a3
2026-08-20 02:28:34.667 7 INFO neutron_taas.services.taas.tap_mirror_plugin [None req-d7da9401-3304-4c7a-860a-d1bd7c55cdbf 89cbdab37c0e4528aa783761e2cc8e76 b05c7cc711ab43a0ae225e42967070ba - - default default] Tap Mirror: Handle Delete Port: 5f4848cc-0435-4882-8ae3-06f1836869a3
2026-08-20 02:28:34.696 8 WARNING neutron.scheduler.dhcp_agent_scheduler [None req-6dc566a7-fb95-4572-965f-5e5465fb9b5a e17e22faf365443dbf2f5267ad23765a 892cf1756cbd45d2a59c73aa3debb05f - - default default] No more DHCP agents
2026-08-20 02:28:34.700 8 WARNING neutron.api.rpc.agentnotifiers.dhcp_rpc_agent_api [None req-6dc566a7-fb95-4572-965f-5e5465fb9b5a e17e22faf365443dbf2f5267ad23765a 892cf1756cbd45d2a59c73aa3debb05f - - default default] Unable to schedule network 4d35a258-dc56-44f0-8311-91dab5e3d5c0: no agents available; will retry on subsequent port and subnet creation events.
2026-08-20 02:28:34.715 8 INFO neutron.plugins.ml2.drivers.ovn.mech_driver.mech_driver [None req-3592777c-cb29-443f-b5f4-052705027068 - - - - - -] OVN reports status down for port: 542f95fc-f29a-459a-bf03-fc7ea6013ced [pid: 7|app: 0|req: 600/1215] 10.0.0.223 () {32 vars in 720 bytes} [Thu Aug 20 02:28:34 2026] DELETE /v2.0/ports/5f4848cc-0435-4882-8ae3-06f1836869a3 => generated 0 bytes in 410 msecs (HTTP/1.1 204) 3 headers in 131 bytes (1 switches on core 0) [pid: 7|app: 0|req: 601/1216] 10.0.0.14 () {34 vars in 1107 bytes} [Thu Aug 20 02:28:34 2026] GET /v2.0/networks/d074e422-114f-46c1-a071-9e41c2ab34ff?fields=provider%3Aphysical_network&fields=provider%3Anetwork_type => generated 79 bytes in 48 msecs (HTTP/1.1 200) 4 headers in 156 bytes (1 switches on core 0)
2026-08-20 02:28:34.901 8 INFO neutron.db.ovn_revision_numbers_db [None req-6dc566a7-fb95-4572-965f-5e5465fb9b5a e17e22faf365443dbf2f5267ad23765a 892cf1756cbd45d2a59c73aa3debb05f - - default default] Successfully bumped revision number for resource 0ecc37ab-af1c-46a8-a600-39705c241ecb (type: ports) to 1
2026-08-20 02:28:34.923 8 INFO neutron.plugins.ml2.drivers.ovn.mech_driver.mech_driver [None req-3592777c-cb29-443f-b5f4-052705027068 - - - - - -] OVN reports status up for port: 0c588a5c-d03b-44df-ac1e-342e0c2c2076
2026-08-20 02:28:34.958 8 INFO neutron.plugins.ml2.plugin [None req-3592777c-cb29-443f-b5f4-052705027068 - - - - - -] Attempt 1 to provision port 0c588a5c-d03b-44df-ac1e-342e0c2c2076 [pid: 8|app: 0|req: 616/1217] 10.0.0.223 () {34 vars in 665 bytes} [Thu Aug 20 02:28:33 2026] POST /v2.0/ports => generated 1503 bytes in 1411 msecs (HTTP/1.1 201) 4 headers in 163 bytes (1 switches on core 0)
2026-08-20 02:28:35.053 7 INFO neutron_taas.services.taas.taas_plugin [None req-c385d4aa-a54b-4a4e-b060-891fc701f4df 89cbdab37c0e4528aa783761e2cc8e76 b05c7cc711ab43a0ae225e42967070ba - - default default] TaaS: Handle Delete Port: 5a4e89c1-5eeb-4611-ba03-a024c2deb341 /var/lib/openstack/lib/python3.12/site-packages/pycadf/identifier.py:70: UserWarning: Invalid uuid: neutron. To ensure interoperability, identifiers should be a valid uuid. warnings.warn(('Invalid uuid: %s. To ensure interoperability, '
2026-08-20 02:28:35.057 7 INFO neutron_taas.services.taas.tap_mirror_plugin [None req-c385d4aa-a54b-4a4e-b060-891fc701f4df 89cbdab37c0e4528aa783761e2cc8e76 b05c7cc711ab43a0ae225e42967070ba - - default default] Tap Mirror: Handle Delete Port: 5a4e89c1-5eeb-4611-ba03-a024c2deb341 [pid: 7|app: 0|req: 602/1218] 10.0.0.223 () {32 vars in 720 bytes} [Thu Aug 20 02:28:34 2026] DELETE /v2.0/ports/5a4e89c1-5eeb-4611-ba03-a024c2deb341 => generated 0 bytes in 330 msecs (HTTP/1.1 204) 3 headers in 131 bytes (1 switches on core 0) [pid: 7|app: 0|req: 603/1219] 10.0.0.14 () {34 vars in 989 bytes} [Thu Aug 20 02:28:35 2026] GET /v2.0/ports?device_id=1a3cfa4f-f5ea-4641-81c1-2846a238f2a1 => generated 12 bytes in 18 msecs (HTTP/1.1 200) 4 headers in 156 bytes (1 switches on core 0)
2026-08-20 02:28:35.335 8 INFO neutron.db.ovn_revision_numbers_db [None req-cec7042a-6ec1-4a35-8455-80789681de17 646912d3888e473189da6025da6fa5b7 3d996d2993a94bfcba1b9fb1a512803d - - default default] Successfully bumped revision number for resource 420a2ec6-2069-49ef-ad1e-6030a2862a3a (type: security_groups) to 1
2026-08-20 02:28:35.364 8 INFO neutron.db.ovn_revision_numbers_db [None req-cec7042a-6ec1-4a35-8455-80789681de17 646912d3888e473189da6025da6fa5b7 3d996d2993a94bfcba1b9fb1a512803d - - default default] Successfully bumped revision number for resource 8212794a-0211-42dd-bfa5-55e7288581ab (type: security_group_rules) to 0 [pid: 7|app: 0|req: 604/1220] 10.0.0.223 () {32 vars in 643 bytes} [Thu Aug 20 02:28:35 2026] GET /v2.0/ports => generated 3015 bytes in 136 msecs (HTTP/1.1 200) 4 headers in 158 bytes (1 switches on core 0)
2026-08-20 02:28:35.387 8 INFO neutron.db.ovn_revision_numbers_db [None req-cec7042a-6ec1-4a35-8455-80789681de17 646912d3888e473189da6025da6fa5b7 3d996d2993a94bfcba1b9fb1a512803d - - default default] Successfully bumped revision number for resource b29a3701-a172-4640-b7cd-933fe4381fd0 (type: security_group_rules) to 0
2026-08-20 02:28:35.408 8 INFO neutron.db.ovn_revision_numbers_db [None req-cec7042a-6ec1-4a35-8455-80789681de17 646912d3888e473189da6025da6fa5b7 3d996d2993a94bfcba1b9fb1a512803d - - default default] Successfully bumped revision number for resource b7275148-48ba-46de-9468-ff4fcb04aaaa (type: security_group_rules) to 0 [pid: 7|app: 0|req: 605/1221] 10.0.0.223 () {32 vars in 736 bytes} [Thu Aug 20 02:28:35 2026] GET /v2.0/ports?device_id=f4d803fd-9333-4590-bfad-c23169120d9d => generated 946 bytes in 31 msecs (HTTP/1.1 200) 4 headers in 157 bytes (1 switches on core 0)
2026-08-20 02:28:35.436 8 INFO neutron.db.ovn_revision_numbers_db [None req-cec7042a-6ec1-4a35-8455-80789681de17 646912d3888e473189da6025da6fa5b7 3d996d2993a94bfcba1b9fb1a512803d - - default default] Successfully bumped revision number for resource d40be3ee-fcf8-4f8a-98ec-63405aac4871 (type: security_group_rules) to 0
2026-08-20 02:28:35.530 7 INFO neutron_taas.services.taas.taas_plugin [None req-254a8b5c-66a9-46f0-8158-244cf1a4bc77 e17e22faf365443dbf2f5267ad23765a 892cf1756cbd45d2a59c73aa3debb05f - - default default] TaaS: Handle Delete Port: b275fc75-7f0a-4068-8eea-aaee282d21ce
2026-08-20 02:28:35.534 7 INFO neutron_taas.services.taas.tap_mirror_plugin [None req-254a8b5c-66a9-46f0-8158-244cf1a4bc77 e17e22faf365443dbf2f5267ad23765a 892cf1756cbd45d2a59c73aa3debb05f - - default default] Tap Mirror: Handle Delete Port: b275fc75-7f0a-4068-8eea-aaee282d21ce
2026-08-20 02:28:35.551 8 INFO neutron.db.segments_db [None req-cec7042a-6ec1-4a35-8455-80789681de17 646912d3888e473189da6025da6fa5b7 3d996d2993a94bfcba1b9fb1a512803d - - default default] Added segment 3efdb68c-281a-43ce-82e6-9c40dcccc08f of type geneve for network dae77c09-5dda-493a-9455-647028172d54 [pid: 7|app: 0|req: 606/1222] 10.0.0.223 () {32 vars in 720 bytes} [Thu Aug 20 02:28:35 2026] DELETE /v2.0/ports/b275fc75-7f0a-4068-8eea-aaee282d21ce => generated 0 bytes in 241 msecs (HTTP/1.1 204) 3 headers in 131 bytes (1 switches on core 0)
2026-08-20 02:28:35.705 8 INFO neutron.db.ovn_revision_numbers_db [None req-3592777c-cb29-443f-b5f4-052705027068 - - - - - -] Successfully bumped revision number for resource 0c588a5c-d03b-44df-ac1e-342e0c2c2076 (type: ports) to 2
2026-08-20 02:28:35.771 8 INFO neutron.db.ovn_revision_numbers_db [None req-cec7042a-6ec1-4a35-8455-80789681de17 646912d3888e473189da6025da6fa5b7 3d996d2993a94bfcba1b9fb1a512803d - - default default] Successfully bumped revision number for resource dae77c09-5dda-493a-9455-647028172d54 (type: networks) to 1
2026-08-20 02:28:35.970 7 INFO neutron_taas.services.taas.taas_plugin [None req-e299ab76-3067-450f-b4a8-fc62e5e5fcba 89cbdab37c0e4528aa783761e2cc8e76 b05c7cc711ab43a0ae225e42967070ba - - default default] TaaS: Handle Delete Port: f05d1dc1-bcf6-4e67-9e2f-120b699ccabd
2026-08-20 02:28:35.974 7 INFO neutron_taas.services.taas.tap_mirror_plugin [None req-e299ab76-3067-450f-b4a8-fc62e5e5fcba 89cbdab37c0e4528aa783761e2cc8e76 b05c7cc711ab43a0ae225e42967070ba - - default default] Tap Mirror: Handle Delete Port: f05d1dc1-bcf6-4e67-9e2f-120b699ccabd
2026-08-20 02:28:35.990 8 INFO neutron.db.ovn_revision_numbers_db [None req-7d4c3e9b-64e1-454f-807a-b60cc6886832 - - - - - -] Successfully bumped revision number for resource 0c588a5c-d03b-44df-ac1e-342e0c2c2076 (type: router_ports) to 2
2026-08-20 02:28:35.991 8 INFO neutron.plugins.ml2.drivers.ovn.mech_driver.mech_driver [None req-7d4c3e9b-64e1-454f-807a-b60cc6886832 - - - - - -] OVN reports status down for port: 0ecc37ab-af1c-46a8-a600-39705c241ecb
2026-08-20 02:28:36.066 8 WARNING neutron.scheduler.dhcp_agent_scheduler [None req-cec7042a-6ec1-4a35-8455-80789681de17 646912d3888e473189da6025da6fa5b7 3d996d2993a94bfcba1b9fb1a512803d - - default default] No more DHCP agents
2026-08-20 02:28:36.075 8 WARNING neutron.api.rpc.agentnotifiers.dhcp_rpc_agent_api [None req-cec7042a-6ec1-4a35-8455-80789681de17 646912d3888e473189da6025da6fa5b7 3d996d2993a94bfcba1b9fb1a512803d - - default default] Unable to schedule network dae77c09-5dda-493a-9455-647028172d54: no agents available; will retry on subsequent port and subnet creation events.
2026-08-20 02:28:36.211 8 INFO neutron.plugins.ml2.drivers.ovn.mech_driver.mech_driver [None req-7d4c3e9b-64e1-454f-807a-b60cc6886832 - - - - - -] OVN reports status down for port: b47ac6c3-d1b7-4045-84a4-307f54a5e655
2026-08-20 02:28:36.270 8 INFO neutron.db.ovn_revision_numbers_db [None req-cec7042a-6ec1-4a35-8455-80789681de17 646912d3888e473189da6025da6fa5b7 3d996d2993a94bfcba1b9fb1a512803d - - default default] Successfully bumped revision number for resource b47ac6c3-d1b7-4045-84a4-307f54a5e655 (type: ports) to 1 [pid: 8|app: 0|req: 617/1223] 10.0.0.223 () {34 vars in 671 bytes} [Thu Aug 20 02:28:35 2026] POST /v2.0/networks => generated 743 bytes in 1257 msecs (HTTP/1.1 201) 4 headers in 162 bytes (1 switches on core 0)
2026-08-20 02:28:36.447 8 INFO neutron_taas.services.taas.taas_plugin [None req-9e0546c5-0025-4830-87e6-23b43f69a469 e17e22faf365443dbf2f5267ad23765a 892cf1756cbd45d2a59c73aa3debb05f - - default default] TaaS: Handle Delete Port: 0ecc37ab-af1c-46a8-a600-39705c241ecb
2026-08-20 02:28:36.449 8 INFO neutron_taas.services.taas.tap_mirror_plugin [None req-9e0546c5-0025-4830-87e6-23b43f69a469 e17e22faf365443dbf2f5267ad23765a 892cf1756cbd45d2a59c73aa3debb05f - - default default] Tap Mirror: Handle Delete Port: 0ecc37ab-af1c-46a8-a600-39705c241ecb [pid: 7|app: 0|req: 607/1224] 10.0.0.223 () {34 vars in 789 bytes} [Thu Aug 20 02:28:35 2026] PUT /v2.0/routers/f4d803fd-9333-4590-bfad-c23169120d9d/remove_router_interface => generated 309 bytes in 873 msecs (HTTP/1.1 200) 4 headers in 157 bytes (1 switches on core 0) /var/lib/openstack/lib/python3.12/site-packages/pycadf/identifier.py:70: UserWarning: Invalid uuid: neutron. To ensure interoperability, identifiers should be a valid uuid. warnings.warn(('Invalid uuid: %s. To ensure interoperability, ' [pid: 8|app: 0|req: 618/1225] 10.0.0.223 () {32 vars in 720 bytes} [Thu Aug 20 02:28:36 2026] DELETE /v2.0/ports/0ecc37ab-af1c-46a8-a600-39705c241ecb => generated 0 bytes in 271 msecs (HTTP/1.1 204) 3 headers in 131 bytes (1 switches on core 0) [pid: 8|app: 0|req: 619/1226] 10.0.0.14 () {34 vars in 989 bytes} [Thu Aug 20 02:28:36 2026] GET /v2.0/ports?device_id=1a3cfa4f-f5ea-4641-81c1-2846a238f2a1 => generated 12 bytes in 18 msecs (HTTP/1.1 200) 4 headers in 156 bytes (1 switches on core 0)
2026-08-20 02:28:36.677 7 WARNING neutron.scheduler.dhcp_agent_scheduler [None req-404b36ce-0df3-401e-8ed2-e51476c1f769 646912d3888e473189da6025da6fa5b7 3d996d2993a94bfcba1b9fb1a512803d - - default default] No more DHCP agents
2026-08-20 02:28:36.679 7 WARNING neutron.api.rpc.agentnotifiers.dhcp_rpc_agent_api [None req-404b36ce-0df3-401e-8ed2-e51476c1f769 646912d3888e473189da6025da6fa5b7 3d996d2993a94bfcba1b9fb1a512803d - - default default] Unable to schedule network dae77c09-5dda-493a-9455-647028172d54: no agents available; will retry on subsequent port and subnet creation events.
2026-08-20 02:28:36.970 8 INFO neutron_taas.services.taas.taas_plugin [None req-3f11f3a8-9760-4623-815a-c9802a8fe8cc 89cbdab37c0e4528aa783761e2cc8e76 b05c7cc711ab43a0ae225e42967070ba - - default default] TaaS: Handle Delete Port: 609bc9af-49b8-4bb8-b405-8f623a5ca4b3
2026-08-20 02:28:36.975 8 INFO neutron_taas.services.taas.tap_mirror_plugin [None req-3f11f3a8-9760-4623-815a-c9802a8fe8cc 89cbdab37c0e4528aa783761e2cc8e76 b05c7cc711ab43a0ae225e42967070ba - - default default] Tap Mirror: Handle Delete Port: 609bc9af-49b8-4bb8-b405-8f623a5ca4b3
2026-08-20 02:28:37.145 7 INFO neutron.db.ovn_revision_numbers_db [None req-d6b8b282-e798-4e45-a6b0-8a31a310fcbe - - - - - -] Successfully bumped revision number for resource b47ac6c3-d1b7-4045-84a4-307f54a5e655 (type: ports) to 2
2026-08-20 02:28:37.189 7 INFO neutron.db.ovn_revision_numbers_db [None req-d6b8b282-e798-4e45-a6b0-8a31a310fcbe - - - - - -] Successfully bumped revision number for resource e1bbea29-8605-4bf5-8d50-370c422de051 (type: subnets) to 0 [pid: 7|app: 0|req: 608/1227] 10.0.0.223 () {34 vars in 669 bytes} [Thu Aug 20 02:28:36 2026] POST /v2.0/subnets => generated 687 bytes in 675 msecs (HTTP/1.1 201) 4 headers in 162 bytes (1 switches on core 0) [pid: 7|app: 0|req: 609/1228] 10.0.0.223 () {32 vars in 643 bytes} [Thu Aug 20 02:28:37 2026] GET /v2.0/ports => generated 1523 bytes in 38 msecs (HTTP/1.1 200) 4 headers in 158 bytes (1 switches on core 0)
2026-08-20 02:28:37.637 7 WARNING neutron.scheduler.dhcp_agent_scheduler [None req-36ece66f-b37f-4500-ab0f-703b5085719b 646912d3888e473189da6025da6fa5b7 3d996d2993a94bfcba1b9fb1a512803d - - default default] No more DHCP agents
2026-08-20 02:28:37.639 7 WARNING neutron.api.rpc.agentnotifiers.dhcp_rpc_agent_api [None req-36ece66f-b37f-4500-ab0f-703b5085719b 646912d3888e473189da6025da6fa5b7 3d996d2993a94bfcba1b9fb1a512803d - - default default] Unable to schedule network 5c9140ac-e411-41e7-9ca4-8c7862d79741: no agents available; will retry on subsequent port and subnet creation events.
2026-08-20 02:28:37.746 7 INFO neutron.plugins.ml2.drivers.ovn.mech_driver.mech_driver [None req-6a16129b-d051-4c05-aee9-95a582e21e2f - - - - - -] OVN reports status down for port: b6b46347-aac2-406d-8c9c-cf36efaa414b
