2026-08-20 02:33:17.788 8 INFO placement.requestlog [None req-a3bd30ab-e158-48a1-a194-4483435ba003 38359f12c654414da2aada252ed246ae f60eabc82e084287813605428bd6545d - - 0def522a83934c0cb45d42bdfae31fe4 0def522a83934c0cb45d42bdfae31fe4] 10.0.0.103 "GET /resource_providers/34d7f84d-3356-4842-8b0e-472f5175c1b4/aggregates" status: 404 len: 235 microversion: 1.1 [pid: 8|app: 0|req: 563/1119] 10.0.0.103 () {32 vars in 816 bytes} [Thu Aug 20 02:33:17 2026] GET /resource_providers/34d7f84d-3356-4842-8b0e-472f5175c1b4/aggregates => generated 235 bytes in 11 msecs (HTTP/1.1 404) 5 headers in 202 bytes (1 switches on core 0)
2026-08-20 02:33:17.806 7 INFO placement.requestlog [None req-bc16dd2e-cede-4558-ab6d-0746a10ecf6f 38359f12c654414da2aada252ed246ae f60eabc82e084287813605428bd6545d - - 0def522a83934c0cb45d42bdfae31fe4 0def522a83934c0cb45d42bdfae31fe4] 10.0.0.103 "DELETE /resource_providers/34d7f84d-3356-4842-8b0e-472f5175c1b4" status: 404 len: 246 microversion: 1.1 [pid: 7|app: 0|req: 557/1120] 10.0.0.103 () {34 vars in 816 bytes} [Thu Aug 20 02:33:17 2026] DELETE /resource_providers/34d7f84d-3356-4842-8b0e-472f5175c1b4 => generated 246 bytes in 9 msecs (HTTP/1.1 404) 6 headers in 231 bytes (1 switches on core 0)
2026-08-20 02:33:17.813 8 INFO placement.requestlog [None req-e1d1c7c5-b289-47eb-9e29-b1da32c5475f 38359f12c654414da2aada252ed246ae f60eabc82e084287813605428bd6545d - - 0def522a83934c0cb45d42bdfae31fe4 0def522a83934c0cb45d42bdfae31fe4] 10.0.0.103 "DELETE /resource_providers/34d7f84d-3356-4842-8b0e-472f5175c1b4" status: 404 len: 246 microversion: 1.1 [pid: 8|app: 0|req: 564/1121] 10.0.0.103 () {34 vars in 816 bytes} [Thu Aug 20 02:33:17 2026] DELETE /resource_providers/34d7f84d-3356-4842-8b0e-472f5175c1b4 => generated 246 bytes in 9 msecs (HTTP/1.1 404) 6 headers in 231 bytes (1 switches on core 0)
2026-08-20 02:33:25.054 8 INFO placement.requestlog [None req-d693eeef-d271-4e08-8655-e4e18634a4a4 - - - - - -] 10.0.0.134 "GET /" status: 200 len: 136 microversion: 1.0
2026-08-20 02:33:25.053 7 INFO placement.requestlog [None req-11daf9d8-48cd-4cc6-8d8c-7907fdd357ef - - - - - -] 10.0.0.134 "GET /" status: 200 len: 136 microversion: 1.0
2026-08-20 02:33:28.492 8 INFO placement.requestlog [req-f21acd1f-b7a9-4d93-83eb-869937332e82 req-09472b5c-a846-42d6-9fdb-1359a36e3e66 af4a6fb05df542b38c542ef88d8b9275 f60eabc82e084287813605428bd6545d - - 0def522a83934c0cb45d42bdfae31fe4 0def522a83934c0cb45d42bdfae31fe4] 199.19.213.3 "GET /resource_providers/7ffde81f-7c30-4cd1-a85f-5840a8170e7d/allocations" status: 200 len: 340 microversion: 1.0 [pid: 8|app: 0|req: 566/1124] 199.19.213.3 () {32 vars in 855 bytes} [Thu Aug 20 02:33:28 2026] GET /resource_providers/7ffde81f-7c30-4cd1-a85f-5840a8170e7d/allocations => generated 340 bytes in 20 msecs (HTTP/1.1 200) 6 headers in 224 bytes (1 switches on core 0)
2026-08-20 02:33:28.514 7 INFO placement.requestlog [req-f21acd1f-b7a9-4d93-83eb-869937332e82 req-02ad2ab2-fa5f-44d0-ac79-d6717d21dae0 af4a6fb05df542b38c542ef88d8b9275 f60eabc82e084287813605428bd6545d - - 0def522a83934c0cb45d42bdfae31fe4 0def522a83934c0cb45d42bdfae31fe4] 199.19.213.3 "GET /resource_providers/7ffde81f-7c30-4cd1-a85f-5840a8170e7d/allocations" status: 200 len: 340 microversion: 1.0 [pid: 7|app: 0|req: 559/1125] 199.19.213.3 () {32 vars in 855 bytes} [Thu Aug 20 02:33:28 2026] GET /resource_providers/7ffde81f-7c30-4cd1-a85f-5840a8170e7d/allocations => generated 340 bytes in 16 msecs (HTTP/1.1 200) 6 headers in 224 bytes (1 switches on core 0)
2026-08-20 02:33:28.534 8 INFO placement.requestlog [req-f21acd1f-b7a9-4d93-83eb-869937332e82 req-02e3151a-6ec3-4bda-8522-2dba9efb5033 af4a6fb05df542b38c542ef88d8b9275 f60eabc82e084287813605428bd6545d - - 0def522a83934c0cb45d42bdfae31fe4 0def522a83934c0cb45d42bdfae31fe4] 199.19.213.3 "GET /allocations/f87577ff-df74-4479-870c-242f997575b6" status: 200 len: 258 microversion: 1.28 [pid: 8|app: 0|req: 567/1126] 199.19.213.3 () {34 vars in 861 bytes} [Thu Aug 20 02:33:28 2026] GET /allocations/f87577ff-df74-4479-870c-242f997575b6 => generated 258 bytes in 13 msecs (HTTP/1.1 200) 8 headers in 296 bytes (1 switches on core 0)
2026-08-20 02:33:28.551 7 INFO placement.requestlog [req-f21acd1f-b7a9-4d93-83eb-869937332e82 req-a6d681b4-b3d6-4511-b41e-b7ff999fbf17 af4a6fb05df542b38c542ef88d8b9275 f60eabc82e084287813605428bd6545d - - 0def522a83934c0cb45d42bdfae31fe4 0def522a83934c0cb45d42bdfae31fe4] 199.19.213.3 "GET /allocations/e57e99e8-c4ad-44a5-a997-27ac583e200f" status: 200 len: 258 microversion: 1.28 [pid: 7|app: 0|req: 560/1127] 199.19.213.3 () {34 vars in 861 bytes} [Thu Aug 20 02:33:28 2026] GET /allocations/e57e99e8-c4ad-44a5-a997-27ac583e200f => generated 258 bytes in 12 msecs (HTTP/1.1 200) 8 headers in 296 bytes (1 switches on core 0)
2026-08-20 02:33:28.570 8 INFO placement.requestlog [req-f21acd1f-b7a9-4d93-83eb-869937332e82 req-c92950ae-bccb-4fc6-8e83-b7ea2322c07d af4a6fb05df542b38c542ef88d8b9275 f60eabc82e084287813605428bd6545d - - 0def522a83934c0cb45d42bdfae31fe4 0def522a83934c0cb45d42bdfae31fe4] 199.19.213.3 "GET /allocations/ad234622-c098-4ff6-aeac-0bf396bdbac3" status: 200 len: 245 microversion: 1.28 [pid: 8|app: 0|req: 568/1128] 199.19.213.3 () {34 vars in 861 bytes} [Thu Aug 20 02:33:28 2026] GET /allocations/ad234622-c098-4ff6-aeac-0bf396bdbac3 => generated 245 bytes in 13 msecs (HTTP/1.1 200) 8 headers in 296 bytes (1 switches on core 0)
2026-08-20 02:33:32.140 7 INFO placement.requestlog [None req-d01f4837-1bfe-4f6e-bf7b-cb10c4b06c08 38359f12c654414da2aada252ed246ae f60eabc82e084287813605428bd6545d - - 0def522a83934c0cb45d42bdfae31fe4 0def522a83934c0cb45d42bdfae31fe4] 10.0.0.103 "GET /resource_providers/8cc7d8e2-e75e-4f60-b3f3-365a6bb97586/aggregates" status: 404 len: 235 microversion: 1.1 [pid: 7|app: 0|req: 561/1129] 10.0.0.103 () {32 vars in 816 bytes} [Thu Aug 20 02:33:32 2026] GET /resource_providers/8cc7d8e2-e75e-4f60-b3f3-365a6bb97586/aggregates => generated 235 bytes in 119 msecs (HTTP/1.1 404) 5 headers in 202 bytes (1 switches on core 0)
2026-08-20 02:33:32.152 8 INFO placement.requestlog [None req-c2ec3dd0-b261-45fd-8b1e-85741b48f827 38359f12c654414da2aada252ed246ae f60eabc82e084287813605428bd6545d - - 0def522a83934c0cb45d42bdfae31fe4 0def522a83934c0cb45d42bdfae31fe4] 10.0.0.103 "GET /resource_providers/8cc7d8e2-e75e-4f60-b3f3-365a6bb97586/aggregates" status: 404 len: 235 microversion: 1.1 [pid: 8|app: 0|req: 569/1130] 10.0.0.103 () {32 vars in 816 bytes} [Thu Aug 20 02:33:32 2026] GET /resource_providers/8cc7d8e2-e75e-4f60-b3f3-365a6bb97586/aggregates => generated 235 bytes in 126 msecs (HTTP/1.1 404) 5 headers in 202 bytes (1 switches on core 0)
2026-08-20 02:33:32.162 7 INFO placement.requestlog [None req-836c6a53-c2ce-4f1d-b2b0-cf5c4e47b4d2 38359f12c654414da2aada252ed246ae f60eabc82e084287813605428bd6545d - - 0def522a83934c0cb45d42bdfae31fe4 0def522a83934c0cb45d42bdfae31fe4] 10.0.0.103 "DELETE /resource_providers/8cc7d8e2-e75e-4f60-b3f3-365a6bb97586" status: 404 len: 246 microversion: 1.1 [pid: 7|app: 0|req: 562/1131] 10.0.0.103 () {34 vars in 816 bytes} [Thu Aug 20 02:33:32 2026] DELETE /resource_providers/8cc7d8e2-e75e-4f60-b3f3-365a6bb97586 => generated 246 bytes in 11 msecs (HTTP/1.1 404) 6 headers in 231 bytes (1 switches on core 0)
2026-08-20 02:33:32.169 8 INFO placement.requestlog [None req-044ad45d-4cb6-49d3-9ee4-83468df2fcba 38359f12c654414da2aada252ed246ae f60eabc82e084287813605428bd6545d - - 0def522a83934c0cb45d42bdfae31fe4 0def522a83934c0cb45d42bdfae31fe4] 10.0.0.103 "DELETE /resource_providers/8cc7d8e2-e75e-4f60-b3f3-365a6bb97586" status: 404 len: 246 microversion: 1.1 [pid: 8|app: 0|req: 570/1132] 10.0.0.103 () {34 vars in 816 bytes} [Thu Aug 20 02:33:32 2026] DELETE /resource_providers/8cc7d8e2-e75e-4f60-b3f3-365a6bb97586 => generated 246 bytes in 9 msecs (HTTP/1.1 404) 6 headers in 231 bytes (1 switches on core 0)
2026-08-20 02:33:32.422 8 INFO placement.requestlog [None req-32395004-c2db-4f47-bb3d-c45da464313b 38359f12c654414da2aada252ed246ae f60eabc82e084287813605428bd6545d - - 0def522a83934c0cb45d42bdfae31fe4 0def522a83934c0cb45d42bdfae31fe4] 10.0.0.103 "GET /resource_providers/ce9fb05d-e1b9-43c6-bb4d-58ffd7cb8c15/aggregates" status: 404 len: 235 microversion: 1.1
2026-08-20 02:33:32.422 7 INFO placement.requestlog [None req-a328ca76-ddd3-4891-a121-1aab608933dc 38359f12c654414da2aada252ed246ae f60eabc82e084287813605428bd6545d - - 0def522a83934c0cb45d42bdfae31fe4 0def522a83934c0cb45d42bdfae31fe4] 10.0.0.103 "GET /resource_providers/ce9fb05d-e1b9-43c6-bb4d-58ffd7cb8c15/aggregates" status: 404 len: 235 microversion: 1.1 [pid: 8|app: 0|req: 571/1133] 10.0.0.103 () {32 vars in 816 bytes} [Thu Aug 20 02:33:32 2026] GET /resource_providers/ce9fb05d-e1b9-43c6-bb4d-58ffd7cb8c15/aggregates => generated 235 bytes in 11 msecs (HTTP/1.1 404) 5 headers in 202 bytes (1 switches on core 0) [pid: 7|app: 0|req: 563/1134] 10.0.0.103 () {32 vars in 816 bytes} [Thu Aug 20 02:33:32 2026] GET /resource_providers/ce9fb05d-e1b9-43c6-bb4d-58ffd7cb8c15/aggregates => generated 235 bytes in 12 msecs (HTTP/1.1 404) 5 headers in 202 bytes (1 switches on core 0)
2026-08-20 02:33:32.448 7 INFO placement.requestlog [None req-10666d41-25ef-4e3e-9986-94eab50348a7 38359f12c654414da2aada252ed246ae f60eabc82e084287813605428bd6545d - - 0def522a83934c0cb45d42bdfae31fe4 0def522a83934c0cb45d42bdfae31fe4] 10.0.0.103 "DELETE /resource_providers/ce9fb05d-e1b9-43c6-bb4d-58ffd7cb8c15" status: 404 len: 246 microversion: 1.1 [pid: 7|app: 0|req: 564/1135] 10.0.0.103 () {34 vars in 816 bytes} [Thu Aug 20 02:33:32 2026] DELETE /resource_providers/ce9fb05d-e1b9-43c6-bb4d-58ffd7cb8c15 => generated 246 bytes in 12 msecs (HTTP/1.1 404) 6 headers in 231 bytes (1 switches on core 0)
2026-08-20 02:33:32.456 8 INFO placement.requestlog [None req-e5695219-8f7d-4f86-b776-7d43ebdbac17 38359f12c654414da2aada252ed246ae f60eabc82e084287813605428bd6545d - - 0def522a83934c0cb45d42bdfae31fe4 0def522a83934c0cb45d42bdfae31fe4] 10.0.0.103 "DELETE /resource_providers/ce9fb05d-e1b9-43c6-bb4d-58ffd7cb8c15" status: 404 len: 246 microversion: 1.1 [pid: 8|app: 0|req: 572/1136] 10.0.0.103 () {34 vars in 816 bytes} [Thu Aug 20 02:33:32 2026] DELETE /resource_providers/ce9fb05d-e1b9-43c6-bb4d-58ffd7cb8c15 => generated 246 bytes in 22 msecs (HTTP/1.1 404) 6 headers in 231 bytes (1 switches on core 0)
2026-08-20 02:33:34.185 8 INFO placement.requestlog [None req-61f2e834-b760-448b-82df-fb9abd3ee48c 38359f12c654414da2aada252ed246ae f60eabc82e084287813605428bd6545d - - 0def522a83934c0cb45d42bdfae31fe4 0def522a83934c0cb45d42bdfae31fe4] 10.0.0.103 "GET /resource_providers/b3358b18-487a-4c45-8f5b-4e596e0b2478/aggregates" status: 404 len: 235 microversion: 1.1 [pid: 8|app: 0|req: 573/1137] 10.0.0.103 () {32 vars in 816 bytes} [Thu Aug 20 02:33:34 2026] GET /resource_providers/b3358b18-487a-4c45-8f5b-4e596e0b2478/aggregates => generated 235 bytes in 9 msecs (HTTP/1.1 404) 5 headers in 202 bytes (1 switches on core 0)
2026-08-20 02:33:34.186 7 INFO placement.requestlog [None req-33f34f2f-e433-481f-93a3-533199abc31c 38359f12c654414da2aada252ed246ae f60eabc82e084287813605428bd6545d - - 0def522a83934c0cb45d42bdfae31fe4 0def522a83934c0cb45d42bdfae31fe4] 10.0.0.103 "GET /resource_providers/b3358b18-487a-4c45-8f5b-4e596e0b2478/aggregates" status: 404 len: 235 microversion: 1.1 [pid: 7|app: 0|req: 565/1138] 10.0.0.103 () {32 vars in 816 bytes} [Thu Aug 20 02:33:34 2026] GET /resource_providers/b3358b18-487a-4c45-8f5b-4e596e0b2478/aggregates => generated 235 bytes in 10 msecs (HTTP/1.1 404) 5 headers in 202 bytes (1 switches on core 0)
2026-08-20 02:33:34.201 8 INFO placement.requestlog [None req-b3509628-f260-4956-81e5-a0f86a3a1265 38359f12c654414da2aada252ed246ae f60eabc82e084287813605428bd6545d - - 0def522a83934c0cb45d42bdfae31fe4 0def522a83934c0cb45d42bdfae31fe4] 10.0.0.103 "DELETE /resource_providers/b3358b18-487a-4c45-8f5b-4e596e0b2478" status: 404 len: 246 microversion: 1.1 [pid: 8|app: 0|req: 574/1139] 10.0.0.103 () {34 vars in 816 bytes} [Thu Aug 20 02:33:34 2026] DELETE /resource_providers/b3358b18-487a-4c45-8f5b-4e596e0b2478 => generated 246 bytes in 6 msecs (HTTP/1.1 404) 6 headers in 231 bytes (1 switches on core 0)
2026-08-20 02:33:34.207 7 INFO placement.requestlog [None req-066e4663-e33e-4fcc-865a-e98e86d7bb22 38359f12c654414da2aada252ed246ae f60eabc82e084287813605428bd6545d - - 0def522a83934c0cb45d42bdfae31fe4 0def522a83934c0cb45d42bdfae31fe4] 10.0.0.103 "DELETE /resource_providers/b3358b18-487a-4c45-8f5b-4e596e0b2478" status: 404 len: 246 microversion: 1.1 [pid: 7|app: 0|req: 566/1140] 10.0.0.103 () {34 vars in 816 bytes} [Thu Aug 20 02:33:34 2026] DELETE /resource_providers/b3358b18-487a-4c45-8f5b-4e596e0b2478 => generated 246 bytes in 12 msecs (HTTP/1.1 404) 6 headers in 231 bytes (1 switches on core 0)
2026-08-20 02:33:34.211 8 INFO placement.requestlog [None req-a1c5b159-9934-4e03-84fb-0ca61e84bafb 38359f12c654414da2aada252ed246ae f60eabc82e084287813605428bd6545d - - 0def522a83934c0cb45d42bdfae31fe4 0def522a83934c0cb45d42bdfae31fe4] 10.0.0.103 "GET /resource_providers/78510aca-cb6b-4e63-aa79-b4271199eb60/aggregates" status: 404 len: 235 microversion: 1.1 [pid: 8|app: 0|req: 575/1141] 10.0.0.103 () {32 vars in 816 bytes} [Thu Aug 20 02:33:34 2026] GET /resource_providers/78510aca-cb6b-4e63-aa79-b4271199eb60/aggregates => generated 235 bytes in 5 msecs (HTTP/1.1 404) 5 headers in 202 bytes (1 switches on core 0)
2026-08-20 02:33:34.227 8 INFO placement.requestlog [None req-8d19aa24-206f-4ace-912d-308f616010d7 38359f12c654414da2aada252ed246ae f60eabc82e084287813605428bd6545d - - 0def522a83934c0cb45d42bdfae31fe4 0def522a83934c0cb45d42bdfae31fe4] 10.0.0.103 "DELETE /resource_providers/78510aca-cb6b-4e63-aa79-b4271199eb60" status: 404 len: 246 microversion: 1.1 [pid: 8|app: 0|req: 576/1142] 10.0.0.103 () {34 vars in 816 bytes} [Thu Aug 20 02:33:34 2026] DELETE /resource_providers/78510aca-cb6b-4e63-aa79-b4271199eb60 => generated 246 bytes in 7 msecs (HTTP/1.1 404) 6 headers in 231 bytes (1 switches on core 0)
2026-08-20 02:33:34.231 7 INFO placement.requestlog [None req-87b93941-d032-4ad4-925f-86e147267c82 38359f12c654414da2aada252ed246ae f60eabc82e084287813605428bd6545d - - 0def522a83934c0cb45d42bdfae31fe4 0def522a83934c0cb45d42bdfae31fe4] 10.0.0.103 "GET /resource_providers/78510aca-cb6b-4e63-aa79-b4271199eb60/aggregates" status: 404 len: 235 microversion: 1.1 [pid: 7|app: 0|req: 567/1143] 10.0.0.103 () {32 vars in 816 bytes} [Thu Aug 20 02:33:34 2026] GET /resource_providers/78510aca-cb6b-4e63-aa79-b4271199eb60/aggregates => generated 235 bytes in 14 msecs (HTTP/1.1 404) 5 headers in 202 bytes (1 switches on core 0)
2026-08-20 02:33:34.250 8 INFO placement.requestlog [None req-212d8f3a-c43b-4769-a9a7-3e0f0dd3aebc 38359f12c654414da2aada252ed246ae f60eabc82e084287813605428bd6545d - - 0def522a83934c0cb45d42bdfae31fe4 0def522a83934c0cb45d42bdfae31fe4] 10.0.0.103 "DELETE /resource_providers/78510aca-cb6b-4e63-aa79-b4271199eb60" status: 404 len: 246 microversion: 1.1 [pid: 8|app: 0|req: 577/1144] 10.0.0.103 () {34 vars in 816 bytes} [Thu Aug 20 02:33:34 2026] DELETE /resource_providers/78510aca-cb6b-4e63-aa79-b4271199eb60 => generated 246 bytes in 7 msecs (HTTP/1.1 404) 6 headers in 231 bytes (1 switches on core 0)
2026-08-20 02:33:34.475 8 INFO placement.requestlog [None req-8eb5b1c0-be66-4536-8acd-eca7ec4b9312 38359f12c654414da2aada252ed246ae f60eabc82e084287813605428bd6545d - - 0def522a83934c0cb45d42bdfae31fe4 0def522a83934c0cb45d42bdfae31fe4] 10.0.0.103 "GET /resource_providers/229b9e6e-ae51-4e02-8ffe-6c0bbb64d35e/aggregates" status: 404 len: 235 microversion: 1.1 [pid: 8|app: 0|req: 578/1145] 10.0.0.103 () {32 vars in 816 bytes} [Thu Aug 20 02:33:34 2026] GET /resource_providers/229b9e6e-ae51-4e02-8ffe-6c0bbb64d35e/aggregates => generated 235 bytes in 8 msecs (HTTP/1.1 404) 5 headers in 202 bytes (1 switches on core 0)
2026-08-20 02:33:34.477 7 INFO placement.requestlog [None req-8f0fc853-07ef-47a3-948e-bca7a252e9a3 38359f12c654414da2aada252ed246ae f60eabc82e084287813605428bd6545d - - 0def522a83934c0cb45d42bdfae31fe4 0def522a83934c0cb45d42bdfae31fe4] 10.0.0.103 "GET /resource_providers/229b9e6e-ae51-4e02-8ffe-6c0bbb64d35e/aggregates" status: 404 len: 235 microversion: 1.1 [pid: 7|app: 0|req: 568/1146] 10.0.0.103 () {32 vars in 816 bytes} [Thu Aug 20 02:33:34 2026] GET /resource_providers/229b9e6e-ae51-4e02-8ffe-6c0bbb64d35e/aggregates => generated 235 bytes in 10 msecs (HTTP/1.1 404) 5 headers in 202 bytes (1 switches on core 0)
2026-08-20 02:33:34.494 8 INFO placement.requestlog [None req-9da882b5-8a92-4915-9f84-ac946525eb12 38359f12c654414da2aada252ed246ae f60eabc82e084287813605428bd6545d - - 0def522a83934c0cb45d42bdfae31fe4 0def522a83934c0cb45d42bdfae31fe4] 10.0.0.103 "DELETE /resource_providers/229b9e6e-ae51-4e02-8ffe-6c0bbb64d35e" status: 404 len: 246 microversion: 1.1 [pid: 8|app: 0|req: 579/1147] 10.0.0.103 () {34 vars in 816 bytes} [Thu Aug 20 02:33:34 2026] DELETE /resource_providers/229b9e6e-ae51-4e02-8ffe-6c0bbb64d35e => generated 246 bytes in 8 msecs (HTTP/1.1 404) 6 headers in 231 bytes (1 switches on core 0)
2026-08-20 02:33:34.503 7 INFO placement.requestlog [None req-7b532df5-77a0-4d00-9d49-229c3371f877 38359f12c654414da2aada252ed246ae f60eabc82e084287813605428bd6545d - - 0def522a83934c0cb45d42bdfae31fe4 0def522a83934c0cb45d42bdfae31fe4] 10.0.0.103 "DELETE /resource_providers/229b9e6e-ae51-4e02-8ffe-6c0bbb64d35e" status: 404 len: 246 microversion: 1.1 [pid: 7|app: 0|req: 569/1148] 10.0.0.103 () {34 vars in 816 bytes} [Thu Aug 20 02:33:34 2026] DELETE /resource_providers/229b9e6e-ae51-4e02-8ffe-6c0bbb64d35e => generated 246 bytes in 11 msecs (HTTP/1.1 404) 6 headers in 231 bytes (1 switches on core 0)
2026-08-20 02:33:35.054 7 INFO placement.requestlog [None req-19807a1f-5de2-4bc2-9c0c-63145f15033e - - - - - -] 10.0.0.134 "GET /" status: 200 len: 136 microversion: 1.0
2026-08-20 02:33:35.054 8 INFO placement.requestlog [None req-b830b8d2-faa4-466e-960c-62c1dc4c9b17 - - - - - -] 10.0.0.134 "GET /" status: 200 len: 136 microversion: 1.0
2026-08-20 02:33:41.123 7 INFO placement.requestlog [None req-b11a6881-3ec1-4234-b5cc-87422b4b01d5 38359f12c654414da2aada252ed246ae f60eabc82e084287813605428bd6545d - - 0def522a83934c0cb45d42bdfae31fe4 0def522a83934c0cb45d42bdfae31fe4] 10.0.0.103 "GET /resource_providers/c3044803-91c5-411a-9e0d-d5ed07d64715/aggregates" status: 404 len: 235 microversion: 1.1 [pid: 7|app: 0|req: 571/1151] 10.0.0.103 () {32 vars in 816 bytes} [Thu Aug 20 02:33:41 2026] GET /resource_providers/c3044803-91c5-411a-9e0d-d5ed07d64715/aggregates => generated 235 bytes in 12 msecs (HTTP/1.1 404) 5 headers in 202 bytes (1 switches on core 0)
2026-08-20 02:33:41.130 8 INFO placement.requestlog [None req-1090caef-953f-4dcf-9ea0-439afae0c785 38359f12c654414da2aada252ed246ae f60eabc82e084287813605428bd6545d - - 0def522a83934c0cb45d42bdfae31fe4 0def522a83934c0cb45d42bdfae31fe4] 10.0.0.103 "GET /resource_providers/c3044803-91c5-411a-9e0d-d5ed07d64715/aggregates" status: 404 len: 235 microversion: 1.1 [pid: 8|app: 0|req: 581/1152] 10.0.0.103 () {32 vars in 816 bytes} [Thu Aug 20 02:33:41 2026] GET /resource_providers/c3044803-91c5-411a-9e0d-d5ed07d64715/aggregates => generated 235 bytes in 13 msecs (HTTP/1.1 404) 5 headers in 202 bytes (1 switches on core 0)
2026-08-20 02:33:41.148 7 INFO placement.requestlog [None req-dca94b4f-2205-4961-95ef-a4cc0b4b9e3a 38359f12c654414da2aada252ed246ae f60eabc82e084287813605428bd6545d - - 0def522a83934c0cb45d42bdfae31fe4 0def522a83934c0cb45d42bdfae31fe4] 10.0.0.103 "DELETE /resource_providers/c3044803-91c5-411a-9e0d-d5ed07d64715" status: 404 len: 246 microversion: 1.1 [pid: 7|app: 0|req: 572/1153] 10.0.0.103 () {34 vars in 816 bytes} [Thu Aug 20 02:33:41 2026] DELETE /resource_providers/c3044803-91c5-411a-9e0d-d5ed07d64715 => generated 246 bytes in 15 msecs (HTTP/1.1 404) 6 headers in 231 bytes (1 switches on core 0)
2026-08-20 02:33:41.153 8 INFO placement.requestlog [None req-97e97ba6-51ff-4a50-9bee-ad727267e454 38359f12c654414da2aada252ed246ae f60eabc82e084287813605428bd6545d - - 0def522a83934c0cb45d42bdfae31fe4 0def522a83934c0cb45d42bdfae31fe4] 10.0.0.103 "DELETE /resource_providers/c3044803-91c5-411a-9e0d-d5ed07d64715" status: 404 len: 246 microversion: 1.1 [pid: 8|app: 0|req: 582/1154] 10.0.0.103 () {34 vars in 816 bytes} [Thu Aug 20 02:33:41 2026] DELETE /resource_providers/c3044803-91c5-411a-9e0d-d5ed07d64715 => generated 246 bytes in 12 msecs (HTTP/1.1 404) 6 headers in 231 bytes (1 switches on core 0)
2026-08-20 02:33:45.053 7 INFO placement.requestlog [None req-813a131a-6c5a-4c43-8b88-470b4b8f5c71 - - - - - -] 10.0.0.134 "GET /" status: 200 len: 136 microversion: 1.0
2026-08-20 02:33:45.053 8 INFO placement.requestlog [None req-0aec2f62-0536-4e7f-844a-30cfddc07ad6 - - - - - -] 10.0.0.134 "GET /" status: 200 len: 136 microversion: 1.0
2026-08-20 02:33:48.860 8 INFO placement.requestlog [None req-9a52685b-7137-422f-9016-1e4f80a5dbe6 38359f12c654414da2aada252ed246ae f60eabc82e084287813605428bd6545d - - 0def522a83934c0cb45d42bdfae31fe4 0def522a83934c0cb45d42bdfae31fe4] 10.0.0.103 "GET /resource_providers/5b973c13-fddd-46da-a679-2adb05e19fc3/aggregates" status: 404 len: 235 microversion: 1.1 [pid: 8|app: 0|req: 584/1157] 10.0.0.103 () {32 vars in 816 bytes} [Thu Aug 20 02:33:48 2026] GET /resource_providers/5b973c13-fddd-46da-a679-2adb05e19fc3/aggregates => generated 235 bytes in 8 msecs (HTTP/1.1 404) 5 headers in 202 bytes (1 switches on core 0)
2026-08-20 02:33:48.860 7 INFO placement.requestlog [None req-8ae738de-e6e2-4827-b527-ef55d11dd959 38359f12c654414da2aada252ed246ae f60eabc82e084287813605428bd6545d - - 0def522a83934c0cb45d42bdfae31fe4 0def522a83934c0cb45d42bdfae31fe4] 10.0.0.103 "GET /resource_providers/5b973c13-fddd-46da-a679-2adb05e19fc3/aggregates" status: 404 len: 235 microversion: 1.1 [pid: 7|app: 0|req: 574/1158] 10.0.0.103 () {32 vars in 816 bytes} [Thu Aug 20 02:33:48 2026] GET /resource_providers/5b973c13-fddd-46da-a679-2adb05e19fc3/aggregates => generated 235 bytes in 9 msecs (HTTP/1.1 404) 5 headers in 202 bytes (1 switches on core 0)
2026-08-20 02:33:48.889 8 INFO placement.requestlog [None req-282cede5-6ae0-4c3b-9b2c-3c384e506f3b 38359f12c654414da2aada252ed246ae f60eabc82e084287813605428bd6545d - - 0def522a83934c0cb45d42bdfae31fe4 0def522a83934c0cb45d42bdfae31fe4] 10.0.0.103 "DELETE /resource_providers/5b973c13-fddd-46da-a679-2adb05e19fc3" status: 404 len: 246 microversion: 1.1 [pid: 8|app: 0|req: 585/1159] 10.0.0.103 () {34 vars in 816 bytes} [Thu Aug 20 02:33:48 2026] DELETE /resource_providers/5b973c13-fddd-46da-a679-2adb05e19fc3 => generated 246 bytes in 18 msecs (HTTP/1.1 404) 6 headers in 231 bytes (1 switches on core 0)
2026-08-20 02:33:48.893 7 INFO placement.requestlog [None req-e16045b6-f45e-4fcb-8c29-a947d3a866a9 38359f12c654414da2aada252ed246ae f60eabc82e084287813605428bd6545d - - 0def522a83934c0cb45d42bdfae31fe4 0def522a83934c0cb45d42bdfae31fe4] 10.0.0.103 "DELETE /resource_providers/5b973c13-fddd-46da-a679-2adb05e19fc3" status: 404 len: 246 microversion: 1.1 [pid: 7|app: 0|req: 575/1160] 10.0.0.103 () {34 vars in 816 bytes} [Thu Aug 20 02:33:48 2026] DELETE /resource_providers/5b973c13-fddd-46da-a679-2adb05e19fc3 => generated 246 bytes in 16 msecs (HTTP/1.1 404) 6 headers in 231 bytes (1 switches on core 0)
2026-08-20 02:33:55.053 8 INFO placement.requestlog [None req-f69e4c80-0bb9-490a-a1b7-37bb6e7330a1 - - - - - -] 10.0.0.134 "GET /" status: 200 len: 136 microversion: 1.0
2026-08-20 02:33:55.053 7 INFO placement.requestlog [None req-4052b12a-e2e0-4d84-a89b-78c89736dcef - - - - - -] 10.0.0.134 "GET /" status: 200 len: 136 microversion: 1.0
2026-08-20 02:34:05.054 8 INFO placement.requestlog [None req-e52a162d-ede3-46aa-ba53-ad4b903852cd - - - - - -] 10.0.0.134 "GET /" status: 200 len: 136 microversion: 1.0
2026-08-20 02:34:05.054 7 INFO placement.requestlog [None req-1acf7d4c-587f-48a2-83df-23d181cdf07c - - - - - -] 10.0.0.134 "GET /" status: 200 len: 136 microversion: 1.0
2026-08-20 02:34:15.053 7 INFO placement.requestlog [None req-5ab9bd85-f8b6-4824-af96-b4cef3da68f1 - - - - - -] 10.0.0.134 "GET /" status: 200 len: 136 microversion: 1.0
2026-08-20 02:34:15.054 8 INFO placement.requestlog [None req-a2824e8a-569e-47ac-b7f9-b25b602a9bd2 - - - - - -] 10.0.0.134 "GET /" status: 200 len: 136 microversion: 1.0
2026-08-20 02:34:25.054 8 INFO placement.requestlog [None req-3286d361-a3c8-427c-93b1-5ddf84b542db - - - - - -] 10.0.0.134 "GET /" status: 200 len: 136 microversion: 1.0
2026-08-20 02:34:25.054 7 INFO placement.requestlog [None req-c8732033-4a8b-4eca-b712-055c3d447c18 - - - - - -] 10.0.0.134 "GET /" status: 200 len: 136 microversion: 1.0
2026-08-20 02:34:29.440 8 INFO placement.requestlog [req-ecf218c6-2efc-4998-a469-e032846c06f1 req-d2be738e-7cb0-4ce7-829f-e35b3040d6e3 af4a6fb05df542b38c542ef88d8b9275 f60eabc82e084287813605428bd6545d - - 0def522a83934c0cb45d42bdfae31fe4 0def522a83934c0cb45d42bdfae31fe4] 199.19.213.3 "GET /resource_providers/7ffde81f-7c30-4cd1-a85f-5840a8170e7d/allocations" status: 200 len: 340 microversion: 1.0 [pid: 8|app: 0|req: 590/1169] 199.19.213.3 () {32 vars in 855 bytes} [Thu Aug 20 02:34:29 2026] GET /resource_providers/7ffde81f-7c30-4cd1-a85f-5840a8170e7d/allocations => generated 340 bytes in 19 msecs (HTTP/1.1 200) 6 headers in 224 bytes (1 switches on core 0)
2026-08-20 02:34:29.468 7 INFO placement.requestlog [req-ecf218c6-2efc-4998-a469-e032846c06f1 req-fe616da9-8d14-4114-b692-d8e2afa222fc af4a6fb05df542b38c542ef88d8b9275 f60eabc82e084287813605428bd6545d - - 0def522a83934c0cb45d42bdfae31fe4 0def522a83934c0cb45d42bdfae31fe4] 199.19.213.3 "GET /resource_providers/7ffde81f-7c30-4cd1-a85f-5840a8170e7d/allocations" status: 200 len: 340 microversion: 1.0 [pid: 7|app: 0|req: 580/1170] 199.19.213.3 () {32 vars in 855 bytes} [Thu Aug 20 02:34:29 2026] GET /resource_providers/7ffde81f-7c30-4cd1-a85f-5840a8170e7d/allocations => generated 340 bytes in 21 msecs (HTTP/1.1 200) 6 headers in 224 bytes (1 switches on core 0)
2026-08-20 02:34:29.492 8 INFO placement.requestlog [req-ecf218c6-2efc-4998-a469-e032846c06f1 req-bdbb158e-0cdd-44cc-9b68-a320b062b8ed af4a6fb05df542b38c542ef88d8b9275 f60eabc82e084287813605428bd6545d - - 0def522a83934c0cb45d42bdfae31fe4 0def522a83934c0cb45d42bdfae31fe4] 199.19.213.3 "GET /allocations/f87577ff-df74-4479-870c-242f997575b6" status: 200 len: 258 microversion: 1.28 [pid: 8|app: 0|req: 591/1171] 199.19.213.3 () {34 vars in 861 bytes} [Thu Aug 20 02:34:29 2026] GET /allocations/f87577ff-df74-4479-870c-242f997575b6 => generated 258 bytes in 16 msecs (HTTP/1.1 200) 8 headers in 296 bytes (1 switches on core 0)
2026-08-20 02:34:29.512 7 INFO placement.requestlog [req-ecf218c6-2efc-4998-a469-e032846c06f1 req-a10b5abd-2b11-426b-b783-3aa082aff0b3 af4a6fb05df542b38c542ef88d8b9275 f60eabc82e084287813605428bd6545d - - 0def522a83934c0cb45d42bdfae31fe4 0def522a83934c0cb45d42bdfae31fe4] 199.19.213.3 "GET /allocations/e57e99e8-c4ad-44a5-a997-27ac583e200f" status: 200 len: 258 microversion: 1.28 [pid: 7|app: 0|req: 581/1172] 199.19.213.3 () {34 vars in 861 bytes} [Thu Aug 20 02:34:29 2026] GET /allocations/e57e99e8-c4ad-44a5-a997-27ac583e200f => generated 258 bytes in 14 msecs (HTTP/1.1 200) 8 headers in 296 bytes (1 switches on core 0)
2026-08-20 02:34:29.536 8 INFO placement.requestlog [req-ecf218c6-2efc-4998-a469-e032846c06f1 req-48bf36fb-b631-4185-b68a-555a56f45fb1 af4a6fb05df542b38c542ef88d8b9275 f60eabc82e084287813605428bd6545d - - 0def522a83934c0cb45d42bdfae31fe4 0def522a83934c0cb45d42bdfae31fe4] 199.19.213.3 "GET /allocations/ad234622-c098-4ff6-aeac-0bf396bdbac3" status: 200 len: 245 microversion: 1.28 [pid: 8|app: 0|req: 592/1173] 199.19.213.3 () {34 vars in 861 bytes} [Thu Aug 20 02:34:29 2026] GET /allocations/ad234622-c098-4ff6-aeac-0bf396bdbac3 => generated 245 bytes in 14 msecs (HTTP/1.1 200) 8 headers in 296 bytes (1 switches on core 0)
2026-08-20 02:34:35.053 7 INFO placement.requestlog [None req-bb301db3-302b-4751-9706-769ba1591994 - - - - - -] 10.0.0.134 "GET /" status: 200 len: 136 microversion: 1.0
2026-08-20 02:34:35.054 8 INFO placement.requestlog [None req-2f82a5fd-7328-4783-8bf7-9bce2658ee6e - - - - - -] 10.0.0.134 "GET /" status: 200 len: 136 microversion: 1.0
2026-08-20 02:34:45.053 7 INFO placement.requestlog [None req-34c96b5a-ac84-4c77-a3b7-a0a2feb8d728 - - - - - -] 10.0.0.134 "GET /" status: 200 len: 136 microversion: 1.0
2026-08-20 02:34:45.054 8 INFO placement.requestlog [None req-19459e6b-67a9-4f4a-92e0-2e09536eb12b - - - - - -] 10.0.0.134 "GET /" status: 200 len: 136 microversion: 1.0
2026-08-20 02:34:55.054 7 INFO placement.requestlog [None req-f1457d7a-3c75-40b4-8a88-a296cc575b56 - - - - - -] 10.0.0.134 "GET /" status: 200 len: 136 microversion: 1.0
2026-08-20 02:34:55.054 8 INFO placement.requestlog [None req-c50e841e-8fab-4b5d-a654-6ced77aad9de - - - - - -] 10.0.0.134 "GET /" status: 200 len: 136 microversion: 1.0
2026-08-20 02:35:05.054 7 INFO placement.requestlog [None req-006cb570-aadc-448b-a994-e1ceeba0e8f5 - - - - - -] 10.0.0.134 "GET /" status: 200 len: 136 microversion: 1.0
2026-08-20 02:35:05.054 8 INFO placement.requestlog [None req-fb7922f7-ee9e-437d-b233-b20f67c1c9e4 - - - - - -] 10.0.0.134 "GET /" status: 200 len: 136 microversion: 1.0
2026-08-20 02:35:15.053 8 INFO placement.requestlog [None req-636298c9-82e9-4149-a8b7-d4bb3207b08e - - - - - -] 10.0.0.134 "GET /" status: 200 len: 136 microversion: 1.0
2026-08-20 02:35:15.054 7 INFO placement.requestlog [None req-15a49995-c2f9-446e-88f8-018d01c9a99d - - - - - -] 10.0.0.134 "GET /" status: 200 len: 136 microversion: 1.0
2026-08-20 02:35:21.787 8 INFO placement.requestlog [req-589c13ad-143d-4bd6-9182-4404bd139236 req-352f0d4c-290c-49bf-bcf2-da7f4966d086 af4a6fb05df542b38c542ef88d8b9275 f60eabc82e084287813605428bd6545d - - 0def522a83934c0cb45d42bdfae31fe4 0def522a83934c0cb45d42bdfae31fe4] 199.19.213.3 "GET /resource_providers/7ffde81f-7c30-4cd1-a85f-5840a8170e7d/allocations" status: 200 len: 340 microversion: 1.0 [pid: 8|app: 0|req: 598/1184] 199.19.213.3 () {32 vars in 855 bytes} [Thu Aug 20 02:35:21 2026] GET /resource_providers/7ffde81f-7c30-4cd1-a85f-5840a8170e7d/allocations => generated 340 bytes in 16 msecs (HTTP/1.1 200) 6 headers in 224 bytes (1 switches on core 0)
2026-08-20 02:35:21.807 7 INFO placement.requestlog [req-589c13ad-143d-4bd6-9182-4404bd139236 req-506062d8-bbeb-48e4-a0c4-4948b742e8ef af4a6fb05df542b38c542ef88d8b9275 f60eabc82e084287813605428bd6545d - - 0def522a83934c0cb45d42bdfae31fe4 0def522a83934c0cb45d42bdfae31fe4] 199.19.213.3 "GET /allocations/f87577ff-df74-4479-870c-242f997575b6" status: 200 len: 258 microversion: 1.28 [pid: 7|app: 0|req: 587/1185] 199.19.213.3 () {34 vars in 861 bytes} [Thu Aug 20 02:35:21 2026] GET /allocations/f87577ff-df74-4479-870c-242f997575b6 => generated 258 bytes in 13 msecs (HTTP/1.1 200) 8 headers in 296 bytes (1 switches on core 0)
2026-08-20 02:35:21.831 8 INFO placement.requestlog [req-589c13ad-143d-4bd6-9182-4404bd139236 req-cb6d1a02-363e-4470-a833-5581b0efc74d af4a6fb05df542b38c542ef88d8b9275 f60eabc82e084287813605428bd6545d - - 0def522a83934c0cb45d42bdfae31fe4 0def522a83934c0cb45d42bdfae31fe4] 199.19.213.3 "GET /allocations/e57e99e8-c4ad-44a5-a997-27ac583e200f" status: 200 len: 258 microversion: 1.28 [pid: 8|app: 0|req: 599/1186] 199.19.213.3 () {34 vars in 861 bytes} [Thu Aug 20 02:35:21 2026] GET /allocations/e57e99e8-c4ad-44a5-a997-27ac583e200f => generated 258 bytes in 18 msecs (HTTP/1.1 200) 8 headers in 296 bytes (1 switches on core 0)
2026-08-20 02:35:21.853 7 INFO placement.requestlog [req-589c13ad-143d-4bd6-9182-4404bd139236 req-fb51ddca-bcca-4c63-b416-4b18d99ebd95 af4a6fb05df542b38c542ef88d8b9275 f60eabc82e084287813605428bd6545d - - 0def522a83934c0cb45d42bdfae31fe4 0def522a83934c0cb45d42bdfae31fe4] 199.19.213.3 "GET /allocations/ad234622-c098-4ff6-aeac-0bf396bdbac3" status: 200 len: 245 microversion: 1.28 [pid: 7|app: 0|req: 588/1187] 199.19.213.3 () {34 vars in 861 bytes} [Thu Aug 20 02:35:21 2026] GET /allocations/ad234622-c098-4ff6-aeac-0bf396bdbac3 => generated 245 bytes in 12 msecs (HTTP/1.1 200) 8 headers in 296 bytes (1 switches on core 0)
2026-08-20 02:35:22.905 8 INFO placement.requestlog [req-589c13ad-143d-4bd6-9182-4404bd139236 req-4235fdad-df92-41b8-8c84-659ee4293c36 af4a6fb05df542b38c542ef88d8b9275 f60eabc82e084287813605428bd6545d - - 0def522a83934c0cb45d42bdfae31fe4 0def522a83934c0cb45d42bdfae31fe4] 199.19.213.3 "DELETE /allocations/ad234622-c098-4ff6-aeac-0bf396bdbac3" status: 204 len: 0 microversion: 1.0 [pid: 8|app: 0|req: 600/1188] 199.19.213.3 () {34 vars in 839 bytes} [Thu Aug 20 02:35:22 2026] DELETE /allocations/ad234622-c098-4ff6-aeac-0bf396bdbac3 => generated 0 bytes in 26 msecs (HTTP/1.1 204) 5 headers in 198 bytes (1 switches on core 0)
2026-08-20 02:35:24.875 7 INFO placement.requestlog [req-b2557683-9705-4378-a155-31fc674efe92 req-8a43c111-4ab2-4e5d-9abb-774cc5aa2fb6 af4a6fb05df542b38c542ef88d8b9275 f60eabc82e084287813605428bd6545d - - 0def522a83934c0cb45d42bdfae31fe4 0def522a83934c0cb45d42bdfae31fe4] 199.19.213.3 "GET /resource_providers/7ffde81f-7c30-4cd1-a85f-5840a8170e7d/allocations" status: 200 len: 253 microversion: 1.0 [pid: 7|app: 0|req: 589/1189] 199.19.213.3 () {32 vars in 855 bytes} [Thu Aug 20 02:35:24 2026] GET /resource_providers/7ffde81f-7c30-4cd1-a85f-5840a8170e7d/allocations => generated 253 bytes in 17 msecs (HTTP/1.1 200) 6 headers in 224 bytes (1 switches on core 0)
2026-08-20 02:35:24.897 8 INFO placement.requestlog [req-b2557683-9705-4378-a155-31fc674efe92 req-c8213ca1-df5f-47e0-abd2-b8565f7ed2f7 af4a6fb05df542b38c542ef88d8b9275 f60eabc82e084287813605428bd6545d - - 0def522a83934c0cb45d42bdfae31fe4 0def522a83934c0cb45d42bdfae31fe4] 199.19.213.3 "GET /allocations/f87577ff-df74-4479-870c-242f997575b6" status: 200 len: 258 microversion: 1.28 [pid: 8|app: 0|req: 601/1190] 199.19.213.3 () {34 vars in 861 bytes} [Thu Aug 20 02:35:24 2026] GET /allocations/f87577ff-df74-4479-870c-242f997575b6 => generated 258 bytes in 14 msecs (HTTP/1.1 200) 8 headers in 296 bytes (1 switches on core 0)
2026-08-20 02:35:24.922 7 INFO placement.requestlog [req-b2557683-9705-4378-a155-31fc674efe92 req-312ffbc2-6263-4ee5-a81c-b1bdb5f23fe9 af4a6fb05df542b38c542ef88d8b9275 f60eabc82e084287813605428bd6545d - - 0def522a83934c0cb45d42bdfae31fe4 0def522a83934c0cb45d42bdfae31fe4] 199.19.213.3 "GET /allocations/e57e99e8-c4ad-44a5-a997-27ac583e200f" status: 200 len: 258 microversion: 1.28 [pid: 7|app: 0|req: 590/1191] 199.19.213.3 () {34 vars in 861 bytes} [Thu Aug 20 02:35:24 2026] GET /allocations/e57e99e8-c4ad-44a5-a997-27ac583e200f => generated 258 bytes in 14 msecs (HTTP/1.1 200) 8 headers in 296 bytes (1 switches on core 0)
2026-08-20 02:35:25.054 7 INFO placement.requestlog [None req-773ff1fd-1eb6-4b21-a280-90d6366ad4a0 - - - - - -] 10.0.0.134 "GET /" status: 200 len: 136 microversion: 1.0
2026-08-20 02:35:25.054 8 INFO placement.requestlog [None req-2fec45d0-8c83-48d9-b122-53260bc71a9b - - - - - -] 10.0.0.134 "GET /" status: 200 len: 136 microversion: 1.0
2026-08-20 02:35:25.972 7 INFO placement.requestlog [req-b2557683-9705-4378-a155-31fc674efe92 req-b4476b65-4f5b-42af-925c-2c7cf95f2d24 af4a6fb05df542b38c542ef88d8b9275 f60eabc82e084287813605428bd6545d - - 0def522a83934c0cb45d42bdfae31fe4 0def522a83934c0cb45d42bdfae31fe4] 199.19.213.3 "DELETE /allocations/f87577ff-df74-4479-870c-242f997575b6" status: 204 len: 0 microversion: 1.0 [pid: 7|app: 0|req: 592/1194] 199.19.213.3 () {34 vars in 839 bytes} [Thu Aug 20 02:35:25 2026] DELETE /allocations/f87577ff-df74-4479-870c-242f997575b6 => generated 0 bytes in 25 msecs (HTTP/1.1 204) 5 headers in 198 bytes (1 switches on core 0)
2026-08-20 02:35:30.178 8 INFO placement.requestlog [req-7b328536-545e-4cad-a1d8-daae046562c4 req-e6af56ad-7171-4db4-82ac-e3945f4234f5 af4a6fb05df542b38c542ef88d8b9275 f60eabc82e084287813605428bd6545d - - 0def522a83934c0cb45d42bdfae31fe4 0def522a83934c0cb45d42bdfae31fe4] 199.19.213.3 "GET /resource_providers/7ffde81f-7c30-4cd1-a85f-5840a8170e7d/allocations" status: 200 len: 153 microversion: 1.0 [pid: 8|app: 0|req: 603/1195] 199.19.213.3 () {32 vars in 855 bytes} [Thu Aug 20 02:35:30 2026] GET /resource_providers/7ffde81f-7c30-4cd1-a85f-5840a8170e7d/allocations => generated 153 bytes in 22 msecs (HTTP/1.1 200) 6 headers in 224 bytes (1 switches on core 0)
2026-08-20 02:35:30.198 7 INFO placement.requestlog [req-7b328536-545e-4cad-a1d8-daae046562c4 req-63419621-5751-430a-bc60-85dfa97a4b8f af4a6fb05df542b38c542ef88d8b9275 f60eabc82e084287813605428bd6545d - - 0def522a83934c0cb45d42bdfae31fe4 0def522a83934c0cb45d42bdfae31fe4] 199.19.213.3 "GET /resource_providers/7ffde81f-7c30-4cd1-a85f-5840a8170e7d/allocations" status: 200 len: 153 microversion: 1.0 [pid: 7|app: 0|req: 593/1196] 199.19.213.3 () {32 vars in 855 bytes} [Thu Aug 20 02:35:30 2026] GET /resource_providers/7ffde81f-7c30-4cd1-a85f-5840a8170e7d/allocations => generated 153 bytes in 12 msecs (HTTP/1.1 200) 6 headers in 224 bytes (1 switches on core 0)
2026-08-20 02:35:30.218 8 INFO placement.requestlog [req-7b328536-545e-4cad-a1d8-daae046562c4 req-c5f896e2-93c4-433d-8e4a-60bbf694d8d4 af4a6fb05df542b38c542ef88d8b9275 f60eabc82e084287813605428bd6545d - - 0def522a83934c0cb45d42bdfae31fe4 0def522a83934c0cb45d42bdfae31fe4] 199.19.213.3 "GET /allocations/e57e99e8-c4ad-44a5-a997-27ac583e200f" status: 200 len: 258 microversion: 1.28 [pid: 8|app: 0|req: 604/1197] 199.19.213.3 () {34 vars in 861 bytes} [Thu Aug 20 02:35:30 2026] GET /allocations/e57e99e8-c4ad-44a5-a997-27ac583e200f => generated 258 bytes in 13 msecs (HTTP/1.1 200) 8 headers in 296 bytes (1 switches on core 0)
2026-08-20 02:35:35.053 7 INFO placement.requestlog [None req-3afdcf97-8db4-4cd1-a92f-7dbf1a130aff - - - - - -] 10.0.0.134 "GET /" status: 200 len: 136 microversion: 1.0
2026-08-20 02:35:35.053 8 INFO placement.requestlog [None req-08f6b99f-5f36-4ce7-86a0-4391915c4b70 - - - - - -] 10.0.0.134 "GET /" status: 200 len: 136 microversion: 1.0
2026-08-20 02:35:35.671 7 INFO placement.requestlog [req-055a655d-7eb4-46aa-894c-8a550286f036 req-40589e31-4aec-4e8d-b07c-8e330a6cc1de af4a6fb05df542b38c542ef88d8b9275 f60eabc82e084287813605428bd6545d - - 0def522a83934c0cb45d42bdfae31fe4 0def522a83934c0cb45d42bdfae31fe4] 199.19.213.3 "GET /resource_providers/7ffde81f-7c30-4cd1-a85f-5840a8170e7d/allocations" status: 200 len: 153 microversion: 1.0 [pid: 7|app: 0|req: 595/1200] 199.19.213.3 () {32 vars in 855 bytes} [Thu Aug 20 02:35:35 2026] GET /resource_providers/7ffde81f-7c30-4cd1-a85f-5840a8170e7d/allocations => generated 153 bytes in 17 msecs (HTTP/1.1 200) 6 headers in 224 bytes (1 switches on core 0)
2026-08-20 02:35:35.695 8 INFO placement.requestlog [req-055a655d-7eb4-46aa-894c-8a550286f036 req-817a8976-7f11-4af7-b05f-8fadae9c1e69 af4a6fb05df542b38c542ef88d8b9275 f60eabc82e084287813605428bd6545d - - 0def522a83934c0cb45d42bdfae31fe4 0def522a83934c0cb45d42bdfae31fe4] 199.19.213.3 "GET /allocations/e57e99e8-c4ad-44a5-a997-27ac583e200f" status: 200 len: 258 microversion: 1.28 [pid: 8|app: 0|req: 606/1201] 199.19.213.3 () {34 vars in 861 bytes} [Thu Aug 20 02:35:35 2026] GET /allocations/e57e99e8-c4ad-44a5-a997-27ac583e200f => generated 258 bytes in 16 msecs (HTTP/1.1 200) 8 headers in 296 bytes (1 switches on core 0)
2026-08-20 02:35:36.763 7 INFO placement.requestlog [req-055a655d-7eb4-46aa-894c-8a550286f036 req-28bd8e5d-0faa-43a3-bcf3-c77edf4e2082 af4a6fb05df542b38c542ef88d8b9275 f60eabc82e084287813605428bd6545d - - 0def522a83934c0cb45d42bdfae31fe4 0def522a83934c0cb45d42bdfae31fe4] 199.19.213.3 "DELETE /allocations/e57e99e8-c4ad-44a5-a997-27ac583e200f" status: 204 len: 0 microversion: 1.0 [pid: 7|app: 0|req: 596/1202] 199.19.213.3 () {34 vars in 839 bytes} [Thu Aug 20 02:35:36 2026] DELETE /allocations/e57e99e8-c4ad-44a5-a997-27ac583e200f => generated 0 bytes in 41 msecs (HTTP/1.1 204) 5 headers in 198 bytes (1 switches on core 0)
2026-08-20 02:35:45.053 7 INFO placement.requestlog [None req-4b4f56d9-e50b-43cf-8599-1c3100373722 - - - - - -] 10.0.0.134 "GET /" status: 200 len: 136 microversion: 1.0
2026-08-20 02:35:45.053 8 INFO placement.requestlog [None req-e82f42cf-1659-4848-8ae6-fd52ac912eca - - - - - -] 10.0.0.134 "GET /" status: 200 len: 136 microversion: 1.0
2026-08-20 02:35:48.403 8 INFO placement.requestlog [None req-e583bbce-6f15-4fc0-b647-24043fc6de10 38359f12c654414da2aada252ed246ae f60eabc82e084287813605428bd6545d - - 0def522a83934c0cb45d42bdfae31fe4 0def522a83934c0cb45d42bdfae31fe4] 10.0.0.103 "GET /resource_providers/28af3845-e74f-4b76-9125-d627399b1260/aggregates" status: 404 len: 235 microversion: 1.1 [pid: 8|app: 0|req: 608/1205] 10.0.0.103 () {32 vars in 816 bytes} [Thu Aug 20 02:35:48 2026] GET /resource_providers/28af3845-e74f-4b76-9125-d627399b1260/aggregates => generated 235 bytes in 9 msecs (HTTP/1.1 404) 5 headers in 202 bytes (1 switches on core 0)
2026-08-20 02:35:48.406 7 INFO placement.requestlog [None req-55840e82-1358-40c2-bf25-38c586b2e74e 38359f12c654414da2aada252ed246ae f60eabc82e084287813605428bd6545d - - 0def522a83934c0cb45d42bdfae31fe4 0def522a83934c0cb45d42bdfae31fe4] 10.0.0.103 "GET /resource_providers/28af3845-e74f-4b76-9125-d627399b1260/aggregates" status: 404 len: 235 microversion: 1.1 [pid: 7|app: 0|req: 598/1206] 10.0.0.103 () {32 vars in 816 bytes} [Thu Aug 20 02:35:48 2026] GET /resource_providers/28af3845-e74f-4b76-9125-d627399b1260/aggregates => generated 235 bytes in 12 msecs (HTTP/1.1 404) 5 headers in 202 bytes (1 switches on core 0)
2026-08-20 02:35:48.429 8 INFO placement.requestlog [None req-5580c640-45c5-4dc4-aa66-f0d01670eb26 38359f12c654414da2aada252ed246ae f60eabc82e084287813605428bd6545d - - 0def522a83934c0cb45d42bdfae31fe4 0def522a83934c0cb45d42bdfae31fe4] 10.0.0.103 "DELETE /resource_providers/28af3845-e74f-4b76-9125-d627399b1260" status: 404 len: 246 microversion: 1.1 [pid: 8|app: 0|req: 609/1207] 10.0.0.103 () {34 vars in 816 bytes} [Thu Aug 20 02:35:48 2026] DELETE /resource_providers/28af3845-e74f-4b76-9125-d627399b1260 => generated 246 bytes in 7 msecs (HTTP/1.1 404) 6 headers in 231 bytes (1 switches on core 0)
2026-08-20 02:35:48.430 7 INFO placement.requestlog [None req-1968c662-5db9-4971-bcea-e5634badb0fa 38359f12c654414da2aada252ed246ae f60eabc82e084287813605428bd6545d - - 0def522a83934c0cb45d42bdfae31fe4 0def522a83934c0cb45d42bdfae31fe4] 10.0.0.103 "DELETE /resource_providers/28af3845-e74f-4b76-9125-d627399b1260" status: 404 len: 246 microversion: 1.1 [pid: 7|app: 0|req: 599/1208] 10.0.0.103 () {34 vars in 816 bytes} [Thu Aug 20 02:35:48 2026] DELETE /resource_providers/28af3845-e74f-4b76-9125-d627399b1260 => generated 246 bytes in 6 msecs (HTTP/1.1 404) 6 headers in 231 bytes (1 switches on core 0)
2026-08-20 02:35:50.450 8 INFO placement.requestlog [None req-b3cd87d3-156a-4870-a95a-216143477fe7 38359f12c654414da2aada252ed246ae f60eabc82e084287813605428bd6545d - - 0def522a83934c0cb45d42bdfae31fe4 0def522a83934c0cb45d42bdfae31fe4] 10.0.0.103 "GET /resource_providers/d06bd69f-8c60-4ebc-895b-16bac30d53a5/aggregates" status: 404 len: 235 microversion: 1.1 [pid: 8|app: 0|req: 610/1209] 10.0.0.103 () {32 vars in 816 bytes} [Thu Aug 20 02:35:50 2026] GET /resource_providers/d06bd69f-8c60-4ebc-895b-16bac30d53a5/aggregates => generated 235 bytes in 10 msecs (HTTP/1.1 404) 5 headers in 202 bytes (1 switches on core 0)
2026-08-20 02:35:50.451 7 INFO placement.requestlog [None req-370b5c01-e306-4023-8d84-5e4b9fe883f5 38359f12c654414da2aada252ed246ae f60eabc82e084287813605428bd6545d - - 0def522a83934c0cb45d42bdfae31fe4 0def522a83934c0cb45d42bdfae31fe4] 10.0.0.103 "GET /resource_providers/d06bd69f-8c60-4ebc-895b-16bac30d53a5/aggregates" status: 404 len: 235 microversion: 1.1 [pid: 7|app: 0|req: 600/1210] 10.0.0.103 () {32 vars in 816 bytes} [Thu Aug 20 02:35:50 2026] GET /resource_providers/d06bd69f-8c60-4ebc-895b-16bac30d53a5/aggregates => generated 235 bytes in 9 msecs (HTTP/1.1 404) 5 headers in 202 bytes (1 switches on core 0)
2026-08-20 02:35:50.472 7 INFO placement.requestlog [None req-2b722da9-5fc6-43bf-aa38-3c5bf47356ec 38359f12c654414da2aada252ed246ae f60eabc82e084287813605428bd6545d - - 0def522a83934c0cb45d42bdfae31fe4 0def522a83934c0cb45d42bdfae31fe4] 10.0.0.103 "DELETE /resource_providers/d06bd69f-8c60-4ebc-895b-16bac30d53a5" status: 404 len: 246 microversion: 1.1 [pid: 7|app: 0|req: 601/1211] 10.0.0.103 () {34 vars in 816 bytes} [Thu Aug 20 02:35:50 2026] DELETE /resource_providers/d06bd69f-8c60-4ebc-895b-16bac30d53a5 => generated 246 bytes in 10 msecs (HTTP/1.1 404) 6 headers in 231 bytes (1 switches on core 0)
2026-08-20 02:35:50.472 8 INFO placement.requestlog [None req-ac0202e7-3650-4aeb-ab4a-b4c38f17d79e 38359f12c654414da2aada252ed246ae f60eabc82e084287813605428bd6545d - - 0def522a83934c0cb45d42bdfae31fe4 0def522a83934c0cb45d42bdfae31fe4] 10.0.0.103 "DELETE /resource_providers/d06bd69f-8c60-4ebc-895b-16bac30d53a5" status: 404 len: 246 microversion: 1.1 [pid: 8|app: 0|req: 611/1212] 10.0.0.103 () {34 vars in 816 bytes} [Thu Aug 20 02:35:50 2026] DELETE /resource_providers/d06bd69f-8c60-4ebc-895b-16bac30d53a5 => generated 246 bytes in 11 msecs (HTTP/1.1 404) 6 headers in 231 bytes (1 switches on core 0)
2026-08-20 02:35:50.487 7 INFO placement.requestlog [None req-c343bc55-667d-4f36-8334-94131a565c55 38359f12c654414da2aada252ed246ae f60eabc82e084287813605428bd6545d - - 0def522a83934c0cb45d42bdfae31fe4 0def522a83934c0cb45d42bdfae31fe4] 10.0.0.103 "GET /resource_providers/9bcf0e37-4728-41d4-9f25-5c9de7d261a2/aggregates" status: 404 len: 235 microversion: 1.1 [pid: 7|app: 0|req: 602/1213] 10.0.0.103 () {32 vars in 816 bytes} [Thu Aug 20 02:35:50 2026] GET /resource_providers/9bcf0e37-4728-41d4-9f25-5c9de7d261a2/aggregates => generated 235 bytes in 7 msecs (HTTP/1.1 404) 5 headers in 202 bytes (1 switches on core 0)
2026-08-20 02:35:50.489 8 INFO placement.requestlog [None req-3652d0de-69aa-4188-b6a0-044d2f31df26 38359f12c654414da2aada252ed246ae f60eabc82e084287813605428bd6545d - - 0def522a83934c0cb45d42bdfae31fe4 0def522a83934c0cb45d42bdfae31fe4] 10.0.0.103 "GET /resource_providers/9bcf0e37-4728-41d4-9f25-5c9de7d261a2/aggregates" status: 404 len: 235 microversion: 1.1 [pid: 8|app: 0|req: 612/1214] 10.0.0.103 () {32 vars in 816 bytes} [Thu Aug 20 02:35:50 2026] GET /resource_providers/9bcf0e37-4728-41d4-9f25-5c9de7d261a2/aggregates => generated 235 bytes in 8 msecs (HTTP/1.1 404) 5 headers in 202 bytes (1 switches on core 0)
2026-08-20 02:35:50.505 7 INFO placement.requestlog [None req-0b56a839-eb10-400e-bfad-de0e8529cb18 38359f12c654414da2aada252ed246ae f60eabc82e084287813605428bd6545d - - 0def522a83934c0cb45d42bdfae31fe4 0def522a83934c0cb45d42bdfae31fe4] 10.0.0.103 "DELETE /resource_providers/9bcf0e37-4728-41d4-9f25-5c9de7d261a2" status: 404 len: 246 microversion: 1.1 [pid: 7|app: 0|req: 603/1215] 10.0.0.103 () {34 vars in 816 bytes} [Thu Aug 20 02:35:50 2026] DELETE /resource_providers/9bcf0e37-4728-41d4-9f25-5c9de7d261a2 => generated 246 bytes in 8 msecs (HTTP/1.1 404) 6 headers in 231 bytes (1 switches on core 0)
2026-08-20 02:35:50.508 8 INFO placement.requestlog [None req-25d8f3fb-d0f1-42e0-9cb1-9abad5be8506 38359f12c654414da2aada252ed246ae f60eabc82e084287813605428bd6545d - - 0def522a83934c0cb45d42bdfae31fe4 0def522a83934c0cb45d42bdfae31fe4] 10.0.0.103 "DELETE /resource_providers/9bcf0e37-4728-41d4-9f25-5c9de7d261a2" status: 404 len: 246 microversion: 1.1 [pid: 8|app: 0|req: 613/1216] 10.0.0.103 () {34 vars in 816 bytes} [Thu Aug 20 02:35:50 2026] DELETE /resource_providers/9bcf0e37-4728-41d4-9f25-5c9de7d261a2 => generated 246 bytes in 9 msecs (HTTP/1.1 404) 6 headers in 231 bytes (1 switches on core 0)
2026-08-20 02:35:55.053 7 INFO placement.requestlog [None req-bbaf6853-62e1-44e1-8799-50051a3e004d - - - - - -] 10.0.0.134 "GET /" status: 200 len: 136 microversion: 1.0
2026-08-20 02:35:55.053 8 INFO placement.requestlog [None req-70402b65-9caa-4497-84f5-760f484ef1bd - - - - - -] 10.0.0.134 "GET /" status: 200 len: 136 microversion: 1.0
2026-08-20 02:36:05.053 7 INFO placement.requestlog [None req-c8105537-82e6-4692-af03-b3d3a1139eab - - - - - -] 10.0.0.134 "GET /" status: 200 len: 136 microversion: 1.0
2026-08-20 02:36:05.054 8 INFO placement.requestlog [None req-c767c20e-a4e0-41b5-b832-25d34448c5f3 - - - - - -] 10.0.0.134 "GET /" status: 200 len: 136 microversion: 1.0
2026-08-20 02:36:15.053 7 INFO placement.requestlog [None req-b27632cd-5ae1-4bcf-a6c2-047fbce5dad0 - - - - - -] 10.0.0.134 "GET /" status: 200 len: 136 microversion: 1.0
2026-08-20 02:36:15.053 8 INFO placement.requestlog [None req-fa64af69-498f-4442-9054-fad35b77c501 - - - - - -] 10.0.0.134 "GET /" status: 200 len: 136 microversion: 1.0
2026-08-20 02:36:25.054 7 INFO placement.requestlog [None req-d159740f-8f60-404a-b298-e15f4fa767ff - - - - - -] 10.0.0.134 "GET /" status: 200 len: 136 microversion: 1.0
2026-08-20 02:36:25.054 8 INFO placement.requestlog [None req-a59e42c5-674c-4aca-b86f-38fef64df964 - - - - - -] 10.0.0.134 "GET /" status: 200 len: 136 microversion: 1.0
2026-08-20 02:36:31.285 7 INFO placement.requestlog [req-10242fa4-6c01-420a-a6e3-e28df44a4b57 req-768d089d-f368-4bf6-acb3-ef4695eccc67 af4a6fb05df542b38c542ef88d8b9275 f60eabc82e084287813605428bd6545d - - 0def522a83934c0cb45d42bdfae31fe4 0def522a83934c0cb45d42bdfae31fe4] 199.19.213.3 "GET /resource_providers/7ffde81f-7c30-4cd1-a85f-5840a8170e7d/allocations" status: 200 len: 55 microversion: 1.0 [pid: 7|app: 0|req: 608/1225] 199.19.213.3 () {32 vars in 855 bytes} [Thu Aug 20 02:36:31 2026] GET /resource_providers/7ffde81f-7c30-4cd1-a85f-5840a8170e7d/allocations => generated 55 bytes in 134 msecs (HTTP/1.1 200) 6 headers in 223 bytes (1 switches on core 0)
