May 04 16:20:19.885042 np0000171571 devstack@n-api-meta.service[109818]: DEBUG nova.api.openstack.wsgi_app [None req-fa82a61a-3a08-4c3f-9810-147f19f4638f None None] oslo_limit.endpoint_service_type = None {{(pid=109818) log_opt_values /opt/stack/data/venv/lib/python3.12/site-packages/oslo_config/cfg.py:3006}}
May 04 16:20:19.885178 np0000171571 devstack@n-api-meta.service[109818]: DEBUG nova.api.openstack.wsgi_app [None req-fa82a61a-3a08-4c3f-9810-147f19f4638f None None] oslo_limit.insecure = False {{(pid=109818) log_opt_values /opt/stack/data/venv/lib/python3.12/site-packages/oslo_config/cfg.py:3006}}
May 04 16:20:19.885305 np0000171571 devstack@n-api-meta.service[109818]: DEBUG nova.api.openstack.wsgi_app [None req-fa82a61a-3a08-4c3f-9810-147f19f4638f None None] oslo_limit.keyfile = None {{(pid=109818) log_opt_values /opt/stack/data/venv/lib/python3.12/site-packages/oslo_config/cfg.py:3006}}
May 04 16:20:19.885436 np0000171571 devstack@n-api-meta.service[109818]: DEBUG nova.api.openstack.wsgi_app [None req-fa82a61a-3a08-4c3f-9810-147f19f4638f None None] oslo_limit.max_version = None {{(pid=109818) log_opt_values /opt/stack/data/venv/lib/python3.12/site-packages/oslo_config/cfg.py:3006}}
May 04 16:20:19.885566 np0000171571 devstack@n-api-meta.service[109818]: DEBUG nova.api.openstack.wsgi_app [None req-fa82a61a-3a08-4c3f-9810-147f19f4638f None None] oslo_limit.min_version = None {{(pid=109818) log_opt_values /opt/stack/data/venv/lib/python3.12/site-packages/oslo_config/cfg.py:3006}}
May 04 16:20:19.885739 np0000171571 devstack@n-api-meta.service[109818]: DEBUG nova.api.openstack.wsgi_app [None req-fa82a61a-3a08-4c3f-9810-147f19f4638f None None] oslo_limit.region_name = None {{(pid=109818) log_opt_values /opt/stack/data/venv/lib/python3.12/site-packages/oslo_config/cfg.py:3006}}
May 04 16:20:19.885895 np0000171571 devstack@n-api-meta.service[109818]: DEBUG nova.api.openstack.wsgi_app [None req-fa82a61a-3a08-4c3f-9810-147f19f4638f None None] oslo_limit.retriable_status_codes = None {{(pid=109818) log_opt_values /opt/stack/data/venv/lib/python3.12/site-packages/oslo_config/cfg.py:3006}}
May 04 16:20:19.886033 np0000171571 devstack@n-api-meta.service[109818]: DEBUG nova.api.openstack.wsgi_app [None req-fa82a61a-3a08-4c3f-9810-147f19f4638f None None] oslo_limit.service_name = None {{(pid=109818) log_opt_values /opt/stack/data/venv/lib/python3.12/site-packages/oslo_config/cfg.py:3006}}
May 04 16:20:19.886167 np0000171571 devstack@n-api-meta.service[109818]: DEBUG nova.api.openstack.wsgi_app [None req-fa82a61a-3a08-4c3f-9810-147f19f4638f None None] oslo_limit.service_type = None {{(pid=109818) log_opt_values /opt/stack/data/venv/lib/python3.12/site-packages/oslo_config/cfg.py:3006}}
May 04 16:20:19.886298 np0000171571 devstack@n-api-meta.service[109818]: DEBUG nova.api.openstack.wsgi_app [None req-fa82a61a-3a08-4c3f-9810-147f19f4638f None None] oslo_limit.split_loggers = False {{(pid=109818) log_opt_values /opt/stack/data/venv/lib/python3.12/site-packages/oslo_config/cfg.py:3006}}
May 04 16:20:19.886428 np0000171571 devstack@n-api-meta.service[109818]: DEBUG nova.api.openstack.wsgi_app [None req-fa82a61a-3a08-4c3f-9810-147f19f4638f None None] oslo_limit.status_code_retries = None {{(pid=109818) log_opt_values /opt/stack/data/venv/lib/python3.12/site-packages/oslo_config/cfg.py:3006}}
May 04 16:20:19.886558 np0000171571 devstack@n-api-meta.service[109818]: DEBUG nova.api.openstack.wsgi_app [None req-fa82a61a-3a08-4c3f-9810-147f19f4638f None None] oslo_limit.status_code_retry_delay = None {{(pid=109818) log_opt_values /opt/stack/data/venv/lib/python3.12/site-packages/oslo_config/cfg.py:3006}}
May 04 16:20:19.886688 np0000171571 devstack@n-api-meta.service[109818]: DEBUG nova.api.openstack.wsgi_app [None req-fa82a61a-3a08-4c3f-9810-147f19f4638f None None] oslo_limit.timeout = None {{(pid=109818) log_opt_values /opt/stack/data/venv/lib/python3.12/site-packages/oslo_config/cfg.py:3006}}
May 04 16:20:19.886818 np0000171571 devstack@n-api-meta.service[109818]: DEBUG nova.api.openstack.wsgi_app [None req-fa82a61a-3a08-4c3f-9810-147f19f4638f None None] oslo_limit.valid_interfaces = None {{(pid=109818) log_opt_values /opt/stack/data/venv/lib/python3.12/site-packages/oslo_config/cfg.py:3006}}
May 04 16:20:19.886975 np0000171571 devstack@n-api-meta.service[109818]: DEBUG nova.api.openstack.wsgi_app [None req-fa82a61a-3a08-4c3f-9810-147f19f4638f None None] oslo_limit.version = None {{(pid=109818) log_opt_values /opt/stack/data/venv/lib/python3.12/site-packages/oslo_config/cfg.py:3006}}
May 04 16:20:19.887120 np0000171571 devstack@n-api-meta.service[109818]: DEBUG nova.api.openstack.wsgi_app [None req-fa82a61a-3a08-4c3f-9810-147f19f4638f None None] oslo_messaging_rabbit.amqp_auto_delete = False {{(pid=109818) log_opt_values /opt/stack/data/venv/lib/python3.12/site-packages/oslo_config/cfg.py:3006}}
May 04 16:20:19.887257 np0000171571 devstack@n-api-meta.service[109818]: DEBUG nova.api.openstack.wsgi_app [None req-fa82a61a-3a08-4c3f-9810-147f19f4638f None None] oslo_messaging_rabbit.amqp_durable_queues = False {{(pid=109818) log_opt_values /opt/stack/data/venv/lib/python3.12/site-packages/oslo_config/cfg.py:3006}}
May 04 16:20:19.887384 np0000171571 devstack@n-api-meta.service[109818]: DEBUG nova.api.openstack.wsgi_app [None req-fa82a61a-3a08-4c3f-9810-147f19f4638f None None] oslo_messaging_rabbit.conn_pool_min_size = 2 {{(pid=109818) log_opt_values /opt/stack/data/venv/lib/python3.12/site-packages/oslo_config/cfg.py:3006}}
May 04 16:20:19.887516 np0000171571 devstack@n-api-meta.service[109818]: DEBUG nova.api.openstack.wsgi_app [None req-fa82a61a-3a08-4c3f-9810-147f19f4638f None None] oslo_messaging_rabbit.conn_pool_ttl = 1200 {{(pid=109818) log_opt_values /opt/stack/data/venv/lib/python3.12/site-packages/oslo_config/cfg.py:3006}}
May 04 16:20:19.887648 np0000171571 devstack@n-api-meta.service[109818]: DEBUG nova.api.openstack.wsgi_app [None req-fa82a61a-3a08-4c3f-9810-147f19f4638f None None] oslo_messaging_rabbit.direct_mandatory_flag = True {{(pid=109818) log_opt_values /opt/stack/data/venv/lib/python3.12/site-packages/oslo_config/cfg.py:3006}}
May 04 16:20:19.887777 np0000171571 devstack@n-api-meta.service[109818]: DEBUG nova.api.openstack.wsgi_app [None req-fa82a61a-3a08-4c3f-9810-147f19f4638f None None] oslo_messaging_rabbit.enable_cancel_on_failover = False {{(pid=109818) log_opt_values /opt/stack/data/venv/lib/python3.12/site-packages/oslo_config/cfg.py:3006}}
May 04 16:20:19.887942 np0000171571 devstack@n-api-meta.service[109818]: DEBUG nova.api.openstack.wsgi_app [None req-fa82a61a-3a08-4c3f-9810-147f19f4638f None None] oslo_messaging_rabbit.heartbeat_in_pthread = False {{(pid=109818) log_opt_values /opt/stack/data/venv/lib/python3.12/site-packages/oslo_config/cfg.py:3006}}
May 04 16:20:19.888087 np0000171571 devstack@n-api-meta.service[109818]: DEBUG nova.api.openstack.wsgi_app [None req-fa82a61a-3a08-4c3f-9810-147f19f4638f None None] oslo_messaging_rabbit.heartbeat_rate = 3 {{(pid=109818) log_opt_values /opt/stack/data/venv/lib/python3.12/site-packages/oslo_config/cfg.py:3006}}
May 04 16:20:19.888212 np0000171571 devstack@n-api-meta.service[109818]: DEBUG nova.api.openstack.wsgi_app [None req-fa82a61a-3a08-4c3f-9810-147f19f4638f None None] oslo_messaging_rabbit.heartbeat_timeout_threshold = 60 {{(pid=109818) log_opt_values /opt/stack/data/venv/lib/python3.12/site-packages/oslo_config/cfg.py:3006}}
May 04 16:20:19.888352 np0000171571 devstack@n-api-meta.service[109818]: DEBUG nova.api.openstack.wsgi_app [None req-fa82a61a-3a08-4c3f-9810-147f19f4638f None None] oslo_messaging_rabbit.hostname = np0000171571 {{(pid=109818) log_opt_values /opt/stack/data/venv/lib/python3.12/site-packages/oslo_config/cfg.py:3006}}
May 04 16:20:19.888485 np0000171571 devstack@n-api-meta.service[109818]: DEBUG nova.api.openstack.wsgi_app [None req-fa82a61a-3a08-4c3f-9810-147f19f4638f None None] oslo_messaging_rabbit.kombu_compression = None {{(pid=109818) log_opt_values /opt/stack/data/venv/lib/python3.12/site-packages/oslo_config/cfg.py:3006}}
May 04 16:20:19.888623 np0000171571 devstack@n-api-meta.service[109818]: DEBUG nova.api.openstack.wsgi_app [None req-fa82a61a-3a08-4c3f-9810-147f19f4638f None None] oslo_messaging_rabbit.kombu_failover_strategy = round-robin {{(pid=109818) log_opt_values /opt/stack/data/venv/lib/python3.12/site-packages/oslo_config/cfg.py:3006}}
May 04 16:20:19.888757 np0000171571 devstack@n-api-meta.service[109818]: DEBUG nova.api.openstack.wsgi_app [None req-fa82a61a-3a08-4c3f-9810-147f19f4638f None None] oslo_messaging_rabbit.kombu_missing_consumer_retry_timeout = 60 {{(pid=109818) log_opt_values /opt/stack/data/venv/lib/python3.12/site-packages/oslo_config/cfg.py:3006}}
May 04 16:20:19.888924 np0000171571 devstack@n-api-meta.service[109818]: DEBUG nova.api.openstack.wsgi_app [None req-fa82a61a-3a08-4c3f-9810-147f19f4638f None None] oslo_messaging_rabbit.kombu_reconnect_delay = 1.0 {{(pid=109818) log_opt_values /opt/stack/data/venv/lib/python3.12/site-packages/oslo_config/cfg.py:3006}}
May 04 16:20:19.889061 np0000171571 devstack@n-api-meta.service[109818]: DEBUG nova.api.openstack.wsgi_app [None req-fa82a61a-3a08-4c3f-9810-147f19f4638f None None] oslo_messaging_rabbit.kombu_reconnect_splay = 0.0 {{(pid=109818) log_opt_values /opt/stack/data/venv/lib/python3.12/site-packages/oslo_config/cfg.py:3006}}
May 04 16:20:19.889200 np0000171571 devstack@n-api-meta.service[109818]: DEBUG nova.api.openstack.wsgi_app [None req-fa82a61a-3a08-4c3f-9810-147f19f4638f None None] oslo_messaging_rabbit.processname = uwsgi {{(pid=109818) log_opt_values /opt/stack/data/venv/lib/python3.12/site-packages/oslo_config/cfg.py:3006}}
May 04 16:20:19.889332 np0000171571 devstack@n-api-meta.service[109818]: DEBUG nova.api.openstack.wsgi_app [None req-fa82a61a-3a08-4c3f-9810-147f19f4638f None None] oslo_messaging_rabbit.rabbit_ha_queues = False {{(pid=109818) log_opt_values /opt/stack/data/venv/lib/python3.12/site-packages/oslo_config/cfg.py:3006}}
May 04 16:20:19.889466 np0000171571 devstack@n-api-meta.service[109818]: DEBUG nova.api.openstack.wsgi_app [None req-fa82a61a-3a08-4c3f-9810-147f19f4638f None None] oslo_messaging_rabbit.rabbit_interval_max = 30 {{(pid=109818) log_opt_values /opt/stack/data/venv/lib/python3.12/site-packages/oslo_config/cfg.py:3006}}
May 04 16:20:19.889606 np0000171571 devstack@n-api-meta.service[109818]: DEBUG nova.api.openstack.wsgi_app [None req-fa82a61a-3a08-4c3f-9810-147f19f4638f None None] oslo_messaging_rabbit.rabbit_login_method = AMQPLAIN {{(pid=109818) log_opt_values /opt/stack/data/venv/lib/python3.12/site-packages/oslo_config/cfg.py:3006}}
May 04 16:20:19.889759 np0000171571 devstack@n-api-meta.service[109818]: DEBUG nova.api.openstack.wsgi_app [None req-fa82a61a-3a08-4c3f-9810-147f19f4638f None None] oslo_messaging_rabbit.rabbit_qos_prefetch_count = 0 {{(pid=109818) log_opt_values /opt/stack/data/venv/lib/python3.12/site-packages/oslo_config/cfg.py:3006}}
May 04 16:20:19.889919 np0000171571 devstack@n-api-meta.service[109818]: DEBUG nova.api.openstack.wsgi_app [None req-fa82a61a-3a08-4c3f-9810-147f19f4638f None None] oslo_messaging_rabbit.rabbit_quorum_delivery_limit = 0 {{(pid=109818) log_opt_values /opt/stack/data/venv/lib/python3.12/site-packages/oslo_config/cfg.py:3006}}
May 04 16:20:19.890056 np0000171571 devstack@n-api-meta.service[109818]: DEBUG nova.api.openstack.wsgi_app [None req-fa82a61a-3a08-4c3f-9810-147f19f4638f None None] oslo_messaging_rabbit.rabbit_quorum_max_memory_bytes = 0 {{(pid=109818) log_opt_values /opt/stack/data/venv/lib/python3.12/site-packages/oslo_config/cfg.py:3006}}
May 04 16:20:19.890186 np0000171571 devstack@n-api-meta.service[109818]: DEBUG nova.api.openstack.wsgi_app [None req-fa82a61a-3a08-4c3f-9810-147f19f4638f None None] oslo_messaging_rabbit.rabbit_quorum_max_memory_length = 0 {{(pid=109818) log_opt_values /opt/stack/data/venv/lib/python3.12/site-packages/oslo_config/cfg.py:3006}}
May 04 16:20:19.890317 np0000171571 devstack@n-api-meta.service[109818]: DEBUG nova.api.openstack.wsgi_app [None req-fa82a61a-3a08-4c3f-9810-147f19f4638f None None] oslo_messaging_rabbit.rabbit_quorum_queue = False {{(pid=109818) log_opt_values /opt/stack/data/venv/lib/python3.12/site-packages/oslo_config/cfg.py:3006}}
May 04 16:20:19.890446 np0000171571 devstack@n-api-meta.service[109818]: DEBUG nova.api.openstack.wsgi_app [None req-fa82a61a-3a08-4c3f-9810-147f19f4638f None None] oslo_messaging_rabbit.rabbit_retry_backoff = 2 {{(pid=109818) log_opt_values /opt/stack/data/venv/lib/python3.12/site-packages/oslo_config/cfg.py:3006}}
May 04 16:20:19.890578 np0000171571 devstack@n-api-meta.service[109818]: DEBUG nova.api.openstack.wsgi_app [None req-fa82a61a-3a08-4c3f-9810-147f19f4638f None None] oslo_messaging_rabbit.rabbit_retry_interval = 1 {{(pid=109818) log_opt_values /opt/stack/data/venv/lib/python3.12/site-packages/oslo_config/cfg.py:3006}}
May 04 16:20:19.890708 np0000171571 devstack@n-api-meta.service[109818]: DEBUG nova.api.openstack.wsgi_app [None req-fa82a61a-3a08-4c3f-9810-147f19f4638f None None] oslo_messaging_rabbit.rabbit_stream_fanout = False {{(pid=109818) log_opt_values /opt/stack/data/venv/lib/python3.12/site-packages/oslo_config/cfg.py:3006}}
May 04 16:20:19.890842 np0000171571 devstack@n-api-meta.service[109818]: DEBUG nova.api.openstack.wsgi_app [None req-fa82a61a-3a08-4c3f-9810-147f19f4638f None None] oslo_messaging_rabbit.rabbit_transient_queues_ttl = 1800 {{(pid=109818) log_opt_values /opt/stack/data/venv/lib/python3.12/site-packages/oslo_config/cfg.py:3006}}
May 04 16:20:19.891000 np0000171571 devstack@n-api-meta.service[109818]: DEBUG nova.api.openstack.wsgi_app [None req-fa82a61a-3a08-4c3f-9810-147f19f4638f None None] oslo_messaging_rabbit.rabbit_transient_quorum_queue = False {{(pid=109818) log_opt_values /opt/stack/data/venv/lib/python3.12/site-packages/oslo_config/cfg.py:3006}}
May 04 16:20:19.891133 np0000171571 devstack@n-api-meta.service[109818]: DEBUG nova.api.openstack.wsgi_app [None req-fa82a61a-3a08-4c3f-9810-147f19f4638f None None] oslo_messaging_rabbit.rpc_conn_pool_size = 30 {{(pid=109818) log_opt_values /opt/stack/data/venv/lib/python3.12/site-packages/oslo_config/cfg.py:3006}}
May 04 16:20:19.891266 np0000171571 devstack@n-api-meta.service[109818]: DEBUG nova.api.openstack.wsgi_app [None req-fa82a61a-3a08-4c3f-9810-147f19f4638f None None] oslo_messaging_rabbit.ssl = False {{(pid=109818) log_opt_values /opt/stack/data/venv/lib/python3.12/site-packages/oslo_config/cfg.py:3006}}
May 04 16:20:19.891403 np0000171571 devstack@n-api-meta.service[109818]: DEBUG nova.api.openstack.wsgi_app [None req-fa82a61a-3a08-4c3f-9810-147f19f4638f None None] oslo_messaging_rabbit.ssl_ca_file = {{(pid=109818) log_opt_values /opt/stack/data/venv/lib/python3.12/site-packages/oslo_config/cfg.py:3006}}
May 04 16:20:19.891539 np0000171571 devstack@n-api-meta.service[109818]: DEBUG nova.api.openstack.wsgi_app [None req-fa82a61a-3a08-4c3f-9810-147f19f4638f None None] oslo_messaging_rabbit.ssl_cert_file = {{(pid=109818) log_opt_values /opt/stack/data/venv/lib/python3.12/site-packages/oslo_config/cfg.py:3006}}
May 04 16:20:19.891669 np0000171571 devstack@n-api-meta.service[109818]: DEBUG nova.api.openstack.wsgi_app [None req-fa82a61a-3a08-4c3f-9810-147f19f4638f None None] oslo_messaging_rabbit.ssl_enforce_fips_mode = False {{(pid=109818) log_opt_values /opt/stack/data/venv/lib/python3.12/site-packages/oslo_config/cfg.py:3006}}
May 04 16:20:19.891808 np0000171571 devstack@n-api-meta.service[109818]: DEBUG nova.api.openstack.wsgi_app [None req-fa82a61a-3a08-4c3f-9810-147f19f4638f None None] oslo_messaging_rabbit.ssl_key_file = {{(pid=109818) log_opt_values /opt/stack/data/venv/lib/python3.12/site-packages/oslo_config/cfg.py:3006}}
May 04 16:20:19.891970 np0000171571 devstack@n-api-meta.service[109818]: DEBUG nova.api.openstack.wsgi_app [None req-fa82a61a-3a08-4c3f-9810-147f19f4638f None None] oslo_messaging_rabbit.ssl_version = {{(pid=109818) log_opt_values /opt/stack/data/venv/lib/python3.12/site-packages/oslo_config/cfg.py:3006}}
May 04 16:20:19.892101 np0000171571 devstack@n-api-meta.service[109818]: DEBUG nova.api.openstack.wsgi_app [None req-fa82a61a-3a08-4c3f-9810-147f19f4638f None None] oslo_messaging_rabbit.use_queue_manager = False {{(pid=109818) log_opt_values /opt/stack/data/venv/lib/python3.12/site-packages/oslo_config/cfg.py:3006}}
May 04 16:20:19.892261 np0000171571 devstack@n-api-meta.service[109818]: DEBUG nova.api.openstack.wsgi_app [None req-fa82a61a-3a08-4c3f-9810-147f19f4638f None None] oslo_messaging_notifications.driver = ['messagingv2'] {{(pid=109818) log_opt_values /opt/stack/data/venv/lib/python3.12/site-packages/oslo_config/cfg.py:3006}}
May 04 16:20:19.892392 np0000171571 devstack@n-api-meta.service[109818]: DEBUG nova.api.openstack.wsgi_app [None req-fa82a61a-3a08-4c3f-9810-147f19f4638f None None] oslo_messaging_notifications.retry = -1 {{(pid=109818) log_opt_values /opt/stack/data/venv/lib/python3.12/site-packages/oslo_config/cfg.py:3006}}
May 04 16:20:19.892538 np0000171571 devstack@n-api-meta.service[109818]: DEBUG nova.api.openstack.wsgi_app [None req-fa82a61a-3a08-4c3f-9810-147f19f4638f None None] oslo_messaging_notifications.topics = ['notifications'] {{(pid=109818) log_opt_values /opt/stack/data/venv/lib/python3.12/site-packages/oslo_config/cfg.py:3006}}
May 04 16:20:19.892677 np0000171571 devstack@n-api-meta.service[109818]: DEBUG nova.api.openstack.wsgi_app [None req-fa82a61a-3a08-4c3f-9810-147f19f4638f None None] oslo_messaging_notifications.transport_url = **** {{(pid=109818) log_opt_values /opt/stack/data/venv/lib/python3.12/site-packages/oslo_config/cfg.py:3006}}
May 04 16:20:19.892814 np0000171571 devstack@n-api-meta.service[109818]: DEBUG nova.api.openstack.wsgi_app [None req-fa82a61a-3a08-4c3f-9810-147f19f4638f None None] oslo_reports.file_event_handler = None {{(pid=109818) log_opt_values /opt/stack/data/venv/lib/python3.12/site-packages/oslo_config/cfg.py:3006}}
May 04 16:20:19.892983 np0000171571 devstack@n-api-meta.service[109818]: DEBUG nova.api.openstack.wsgi_app [None req-fa82a61a-3a08-4c3f-9810-147f19f4638f None None] oslo_reports.file_event_handler_interval = 1 {{(pid=109818) log_opt_values /opt/stack/data/venv/lib/python3.12/site-packages/oslo_config/cfg.py:3006}}
May 04 16:20:19.893118 np0000171571 devstack@n-api-meta.service[109818]: DEBUG nova.api.openstack.wsgi_app [None req-fa82a61a-3a08-4c3f-9810-147f19f4638f None None] oslo_reports.log_dir = None {{(pid=109818) log_opt_values /opt/stack/data/venv/lib/python3.12/site-packages/oslo_config/cfg.py:3006}}
May 04 16:20:19.893228 np0000171571 devstack@n-api-meta.service[109818]: DEBUG nova.api.openstack.wsgi_app [None req-fa82a61a-3a08-4c3f-9810-147f19f4638f None None] ******************************************************************************** {{(pid=109818) log_opt_values /opt/stack/data/venv/lib/python3.12/site-packages/oslo_config/cfg.py:3013}}
May 04 16:20:19.893372 np0000171571 devstack@n-api-meta.service[109818]: WSGI app 0 (mountpoint='') ready in 2 seconds on interpreter 0x790aafea3668 pid: 109818 (default app)
May 04 16:20:29.506782 np0000171571 devstack@n-api-meta.service[109819]: DEBUG dbcounter [-] [109819] Writing DB stats nova_api:SELECT=1 {{(pid=109819) stat_writer /opt/stack/data/venv/lib/python3.12/site-packages/dbcounter.py:115}}
May 04 16:20:29.507564 np0000171571 devstack@n-api-meta.service[109821]: DEBUG dbcounter [-] [109821] Writing DB stats nova_api:SELECT=1 {{(pid=109821) stat_writer /opt/stack/data/venv/lib/python3.12/site-packages/dbcounter.py:115}}
May 04 16:20:29.513225 np0000171571 devstack@n-api-meta.service[109820]: DEBUG dbcounter [-] [109820] Writing DB stats nova_api:SELECT=1 {{(pid=109820) stat_writer /opt/stack/data/venv/lib/python3.12/site-packages/dbcounter.py:115}}
May 04 16:20:29.556655 np0000171571 devstack@n-api-meta.service[109818]: DEBUG dbcounter [-] [109818] Writing DB stats nova_api:SELECT=1 {{(pid=109818) stat_writer /opt/stack/data/venv/lib/python3.12/site-packages/dbcounter.py:115}}
May 04 16:20:29.575121 np0000171571 devstack@n-api-meta.service[109821]: DEBUG dbcounter [-] [109821] Writing DB stats nova_cell0:SELECT=1 {{(pid=109821) stat_writer /opt/stack/data/venv/lib/python3.12/site-packages/dbcounter.py:115}}
May 04 16:20:29.583017 np0000171571 devstack@n-api-meta.service[109821]: DEBUG dbcounter [-] [109821] Writing DB stats nova_cell1:SELECT=1 {{(pid=109821) stat_writer /opt/stack/data/venv/lib/python3.12/site-packages/dbcounter.py:115}}
May 04 16:20:29.590810 np0000171571 devstack@n-api-meta.service[109819]: DEBUG dbcounter [-] [109819] Writing DB stats nova_cell0:SELECT=1 {{(pid=109819) stat_writer /opt/stack/data/venv/lib/python3.12/site-packages/dbcounter.py:115}}
May 04 16:20:29.591251 np0000171571 devstack@n-api-meta.service[109819]: DEBUG dbcounter [-] [109819] Writing DB stats nova_cell1:SELECT=1 {{(pid=109819) stat_writer /opt/stack/data/venv/lib/python3.12/site-packages/dbcounter.py:115}}
May 04 16:20:29.611275 np0000171571 devstack@n-api-meta.service[109821]: DEBUG dbcounter [-] [109821] Writing DB stats nova_cell0:SELECT=2,nova_cell0:INSERT=1 {{(pid=109821) stat_writer /opt/stack/data/venv/lib/python3.12/site-packages/dbcounter.py:115}}
May 04 16:20:29.626869 np0000171571 devstack@n-api-meta.service[109819]: DEBUG dbcounter [-] [109819] Writing DB stats nova_cell0:SELECT=2,nova_cell0:INSERT=1 {{(pid=109819) stat_writer /opt/stack/data/venv/lib/python3.12/site-packages/dbcounter.py:115}}
May 04 16:20:29.637033 np0000171571 devstack@n-api-meta.service[109820]: DEBUG dbcounter [-] [109820] Writing DB stats nova_cell0:SELECT=1 {{(pid=109820) stat_writer /opt/stack/data/venv/lib/python3.12/site-packages/dbcounter.py:115}}
May 04 16:20:29.640294 np0000171571 devstack@n-api-meta.service[109820]: DEBUG dbcounter [-] [109820] Writing DB stats nova_cell1:SELECT=1 {{(pid=109820) stat_writer /opt/stack/data/venv/lib/python3.12/site-packages/dbcounter.py:115}}
May 04 16:20:29.660681 np0000171571 devstack@n-api-meta.service[109820]: DEBUG dbcounter [-] [109820] Writing DB stats nova_cell0:SELECT=1 {{(pid=109820) stat_writer /opt/stack/data/venv/lib/python3.12/site-packages/dbcounter.py:115}}
May 04 16:20:29.688338 np0000171571 devstack@n-api-meta.service[109818]: DEBUG dbcounter [-] [109818] Writing DB stats nova_cell0:SELECT=1 {{(pid=109818) stat_writer /opt/stack/data/venv/lib/python3.12/site-packages/dbcounter.py:115}}
May 04 16:20:29.689586 np0000171571 devstack@n-api-meta.service[109818]: DEBUG dbcounter [-] [109818] Writing DB stats nova_cell1:SELECT=1 {{(pid=109818) stat_writer /opt/stack/data/venv/lib/python3.12/site-packages/dbcounter.py:115}}
May 04 16:20:29.716298 np0000171571 devstack@n-api-meta.service[109818]: DEBUG dbcounter [-] [109818] Writing DB stats nova_cell0:SELECT=1 {{(pid=109818) stat_writer /opt/stack/data/venv/lib/python3.12/site-packages/dbcounter.py:115}}
May 04 16:25:17.178771 np0000171571 devstack@n-api-meta.service[109819]: DEBUG nova.api.metadata.handler [None req-32f943e1-41fe-483c-8c72-8edf0e9c3fcb None None] Metadata request headers: {'Host': '199.204.45.235:8775', 'User-Agent': 'python-requests/2.33.1', 'Accept-Encoding': 'gzip, deflate', 'Accept': '*/*', 'Connection': 'keep-alive', 'X-Forwarded-For': '192.168.24.81', 'X-Instance-Id': '928f2eff-1c61-4337-af39-2770e2709b96', 'X-Tenant-Id': '5bde49aad2ec4e4a8f4d0bfeeabc64ae', 'X-Instance-Id-Signature': '5c1fd0df3452a3a6d0b43649cce979e800ee767b5df3512d59bbb34c2d8c0058'} {{(pid=109819) __call__ /opt/stack/nova/nova/api/metadata/handler.py:109}}
May 04 16:25:17.189546 np0000171571 devstack@n-api-meta.service[109819]: DEBUG oslo_concurrency.lockutils [None req-4838d0d8-a0b1-4349-98fc-bf5b1fec2249 None None] Acquiring lock "731deafe-f2be-4c2e-a8e7-947204b577d9" by "nova.context.set_target_cell..get_or_set_cached_cell_and_set_connections" {{(pid=109819) inner /opt/stack/data/venv/lib/python3.12/site-packages/oslo_concurrency/lockutils.py:506}}
May 04 16:25:17.189689 np0000171571 devstack@n-api-meta.service[109819]: DEBUG oslo_concurrency.lockutils [None req-4838d0d8-a0b1-4349-98fc-bf5b1fec2249 None None] Lock "731deafe-f2be-4c2e-a8e7-947204b577d9" acquired by "nova.context.set_target_cell..get_or_set_cached_cell_and_set_connections" :: waited 0.000s {{(pid=109819) inner /opt/stack/data/venv/lib/python3.12/site-packages/oslo_concurrency/lockutils.py:519}}
May 04 16:25:17.189807 np0000171571 devstack@n-api-meta.service[109819]: DEBUG oslo_concurrency.lockutils [None req-4838d0d8-a0b1-4349-98fc-bf5b1fec2249 None None] Lock "731deafe-f2be-4c2e-a8e7-947204b577d9" "released" by "nova.context.set_target_cell..get_or_set_cached_cell_and_set_connections" :: held 0.000s {{(pid=109819) inner /opt/stack/data/venv/lib/python3.12/site-packages/oslo_concurrency/lockutils.py:538}}
May 04 16:25:17.242691 np0000171571 devstack@n-api-meta.service[109819]: WARNING neutronclient.v2_0.client [None req-4838d0d8-a0b1-4349-98fc-bf5b1fec2249 None None] The python binding code in neutronclient is deprecated in favor of OpenstackSDK, please use that as this will be removed in a future release.
May 04 16:25:17.661834 np0000171571 devstack@n-api-meta.service[109819]: [pid: 109819|app: 0|req: 1/1] 199.204.45.235 () {40 vars in 642 bytes} [Mon May 4 16:25:17 2026] GET /openstack => generated 116 bytes in 485 msecs (HTTP/1.1 200) 3 headers in 100 bytes (1 switches on core 0)
May 04 16:25:17.675584 np0000171571 devstack@n-api-meta.service[109821]: DEBUG nova.api.metadata.handler [None req-b9316895-9dea-4222-bcaf-68ea2b201584 None None] Metadata request headers: {'Host': '199.204.45.235:8775', 'User-Agent': 'python-requests/2.33.1', 'Accept-Encoding': 'gzip, deflate', 'Accept': '*/*', 'Connection': 'keep-alive', 'X-Forwarded-For': '192.168.24.81', 'X-Instance-Id': '928f2eff-1c61-4337-af39-2770e2709b96', 'X-Tenant-Id': '5bde49aad2ec4e4a8f4d0bfeeabc64ae', 'X-Instance-Id-Signature': '5c1fd0df3452a3a6d0b43649cce979e800ee767b5df3512d59bbb34c2d8c0058'} {{(pid=109821) __call__ /opt/stack/nova/nova/api/metadata/handler.py:109}}
May 04 16:25:17.679051 np0000171571 devstack@n-api-meta.service[109821]: DEBUG nova.api.metadata.handler [None req-b9316895-9dea-4222-bcaf-68ea2b201584 None None] Using cached metadata for instance 928f2eff-1c61-4337-af39-2770e2709b96 {{(pid=109821) get_metadata_by_instance_id /opt/stack/nova/nova/api/metadata/handler.py:84}}
May 04 16:25:17.679484 np0000171571 devstack@n-api-meta.service[109821]: [pid: 109821|app: 0|req: 1/2] 199.204.45.235 () {40 vars in 642 bytes} [Mon May 4 16:25:17 2026] GET /openstack => generated 116 bytes in 4 msecs (HTTP/1.1 200) 3 headers in 100 bytes (1 switches on core 0)
May 04 16:25:17.688144 np0000171571 devstack@n-api-meta.service[109820]: DEBUG nova.api.metadata.handler [None req-98749345-8ef8-4a50-a475-ad02088f8252 None None] Metadata request headers: {'Host': '199.204.45.235:8775', 'User-Agent': 'python-requests/2.33.1', 'Accept-Encoding': 'gzip, deflate', 'Accept': '*/*', 'Connection': 'keep-alive', 'X-Forwarded-For': '192.168.24.81', 'X-Instance-Id': '928f2eff-1c61-4337-af39-2770e2709b96', 'X-Tenant-Id': '5bde49aad2ec4e4a8f4d0bfeeabc64ae', 'X-Instance-Id-Signature': '5c1fd0df3452a3a6d0b43649cce979e800ee767b5df3512d59bbb34c2d8c0058'} {{(pid=109820) __call__ /opt/stack/nova/nova/api/metadata/handler.py:109}}
May 04 16:25:17.693528 np0000171571 devstack@n-api-meta.service[109820]: DEBUG nova.api.metadata.handler [None req-98749345-8ef8-4a50-a475-ad02088f8252 None None] Using cached metadata for instance 928f2eff-1c61-4337-af39-2770e2709b96 {{(pid=109820) get_metadata_by_instance_id /opt/stack/nova/nova/api/metadata/handler.py:84}}
May 04 16:25:17.694427 np0000171571 devstack@n-api-meta.service[109820]: [pid: 109820|app: 0|req: 1/3] 199.204.45.235 () {40 vars in 694 bytes} [Mon May 4 16:25:17 2026] GET /openstack/2018-08-27/meta_data.json => generated 946 bytes in 9 msecs (HTTP/1.1 200) 3 headers in 91 bytes (1 switches on core 0)
May 04 16:25:17.703246 np0000171571 devstack@n-api-meta.service[109818]: DEBUG nova.api.metadata.handler [None req-fa82a61a-3a08-4c3f-9810-147f19f4638f None None] Metadata request headers: {'Host': '199.204.45.235:8775', 'User-Agent': 'python-requests/2.33.1', 'Accept-Encoding': 'gzip, deflate', 'Accept': '*/*', 'Connection': 'keep-alive', 'X-Forwarded-For': '192.168.24.81', 'X-Instance-Id': '928f2eff-1c61-4337-af39-2770e2709b96', 'X-Tenant-Id': '5bde49aad2ec4e4a8f4d0bfeeabc64ae', 'X-Instance-Id-Signature': '5c1fd0df3452a3a6d0b43649cce979e800ee767b5df3512d59bbb34c2d8c0058'} {{(pid=109818) __call__ /opt/stack/nova/nova/api/metadata/handler.py:109}}
May 04 16:25:17.708705 np0000171571 devstack@n-api-meta.service[109818]: DEBUG nova.api.metadata.handler [None req-fa82a61a-3a08-4c3f-9810-147f19f4638f None None] Using cached metadata for instance 928f2eff-1c61-4337-af39-2770e2709b96 {{(pid=109818) get_metadata_by_instance_id /opt/stack/nova/nova/api/metadata/handler.py:84}}
May 04 16:25:17.709061 np0000171571 devstack@n-api-meta.service[109818]: [pid: 109818|app: 0|req: 1/4] 199.204.45.235 () {40 vars in 684 bytes} [Mon May 4 16:25:17 2026] GET /openstack/2018-08-27/user_data => generated 26431 bytes in 7 msecs (HTTP/1.1 200) 3 headers in 102 bytes (1 switches on core 0)
May 04 16:25:17.717056 np0000171571 devstack@n-api-meta.service[109819]: DEBUG nova.api.metadata.handler [None req-4838d0d8-a0b1-4349-98fc-bf5b1fec2249 None None] Metadata request headers: {'Host': '199.204.45.235:8775', 'User-Agent': 'python-requests/2.33.1', 'Accept-Encoding': 'gzip, deflate', 'Accept': '*/*', 'Connection': 'keep-alive', 'X-Forwarded-For': '192.168.24.81', 'X-Instance-Id': '928f2eff-1c61-4337-af39-2770e2709b96', 'X-Tenant-Id': '5bde49aad2ec4e4a8f4d0bfeeabc64ae', 'X-Instance-Id-Signature': '5c1fd0df3452a3a6d0b43649cce979e800ee767b5df3512d59bbb34c2d8c0058'} {{(pid=109819) __call__ /opt/stack/nova/nova/api/metadata/handler.py:109}}
May 04 16:25:17.720273 np0000171571 devstack@n-api-meta.service[109819]: DEBUG nova.api.metadata.handler [None req-4838d0d8-a0b1-4349-98fc-bf5b1fec2249 None None] Using cached metadata for instance 928f2eff-1c61-4337-af39-2770e2709b96 {{(pid=109819) get_metadata_by_instance_id /opt/stack/nova/nova/api/metadata/handler.py:84}}
May 04 16:25:17.721196 np0000171571 devstack@n-api-meta.service[109819]: [pid: 109819|app: 0|req: 2/5] 199.204.45.235 () {40 vars in 698 bytes} [Mon May 4 16:25:17 2026] GET /openstack/2018-08-27/vendor_data.json => generated 2 bytes in 5 msecs (HTTP/1.1 200) 3 headers in 89 bytes (1 switches on core 0)
May 04 16:25:17.727374 np0000171571 devstack@n-api-meta.service[109821]: DEBUG nova.api.metadata.handler [None req-b9316895-9dea-4222-bcaf-68ea2b201584 None None] Metadata request headers: {'Host': '199.204.45.235:8775', 'User-Agent': 'python-requests/2.33.1', 'Accept-Encoding': 'gzip, deflate', 'Accept': '*/*', 'Connection': 'keep-alive', 'X-Forwarded-For': '192.168.24.81', 'X-Instance-Id': '928f2eff-1c61-4337-af39-2770e2709b96', 'X-Tenant-Id': '5bde49aad2ec4e4a8f4d0bfeeabc64ae', 'X-Instance-Id-Signature': '5c1fd0df3452a3a6d0b43649cce979e800ee767b5df3512d59bbb34c2d8c0058'} {{(pid=109821) __call__ /opt/stack/nova/nova/api/metadata/handler.py:109}}
May 04 16:25:17.730258 np0000171571 devstack@n-api-meta.service[109821]: DEBUG nova.api.metadata.handler [None req-b9316895-9dea-4222-bcaf-68ea2b201584 None None] Using cached metadata for instance 928f2eff-1c61-4337-af39-2770e2709b96 {{(pid=109821) get_metadata_by_instance_id /opt/stack/nova/nova/api/metadata/handler.py:84}}
May 04 16:25:17.731031 np0000171571 devstack@n-api-meta.service[109821]: [pid: 109821|app: 0|req: 2/6] 199.204.45.235 () {40 vars in 700 bytes} [Mon May 4 16:25:17 2026] GET /openstack/2018-08-27/vendor_data2.json => generated 14 bytes in 4 msecs (HTTP/1.1 200) 3 headers in 90 bytes (1 switches on core 0)
May 04 16:25:17.738425 np0000171571 devstack@n-api-meta.service[109820]: DEBUG nova.api.metadata.handler [None req-98749345-8ef8-4a50-a475-ad02088f8252 None None] Metadata request headers: {'Host': '199.204.45.235:8775', 'User-Agent': 'python-requests/2.33.1', 'Accept-Encoding': 'gzip, deflate', 'Accept': '*/*', 'Connection': 'keep-alive', 'X-Forwarded-For': '192.168.24.81', 'X-Instance-Id': '928f2eff-1c61-4337-af39-2770e2709b96', 'X-Tenant-Id': '5bde49aad2ec4e4a8f4d0bfeeabc64ae', 'X-Instance-Id-Signature': '5c1fd0df3452a3a6d0b43649cce979e800ee767b5df3512d59bbb34c2d8c0058'} {{(pid=109820) __call__ /opt/stack/nova/nova/api/metadata/handler.py:109}}
May 04 16:25:17.741131 np0000171571 devstack@n-api-meta.service[109820]: DEBUG nova.api.metadata.handler [None req-98749345-8ef8-4a50-a475-ad02088f8252 None None] Using cached metadata for instance 928f2eff-1c61-4337-af39-2770e2709b96 {{(pid=109820) get_metadata_by_instance_id /opt/stack/nova/nova/api/metadata/handler.py:84}}
May 04 16:25:17.741712 np0000171571 devstack@n-api-meta.service[109820]: [pid: 109820|app: 0|req: 2/7] 199.204.45.235 () {40 vars in 700 bytes} [Mon May 4 16:25:17 2026] GET /openstack/2018-08-27/network_data.json => generated 348 bytes in 4 msecs (HTTP/1.1 200) 3 headers in 100 bytes (1 switches on core 0)
May 04 16:25:17.748738 np0000171571 devstack@n-api-meta.service[109818]: DEBUG nova.api.metadata.handler [None req-fa82a61a-3a08-4c3f-9810-147f19f4638f None None] Metadata request headers: {'Host': '199.204.45.235:8775', 'User-Agent': 'python-requests/2.33.1', 'Accept-Encoding': 'gzip, deflate', 'Accept': '*/*', 'Connection': 'keep-alive', 'X-Forwarded-For': '192.168.24.81', 'X-Instance-Id': '928f2eff-1c61-4337-af39-2770e2709b96', 'X-Tenant-Id': '5bde49aad2ec4e4a8f4d0bfeeabc64ae', 'X-Instance-Id-Signature': '5c1fd0df3452a3a6d0b43649cce979e800ee767b5df3512d59bbb34c2d8c0058'} {{(pid=109818) __call__ /opt/stack/nova/nova/api/metadata/handler.py:109}}
May 04 16:25:17.750729 np0000171571 devstack@n-api-meta.service[109818]: DEBUG nova.api.metadata.handler [None req-fa82a61a-3a08-4c3f-9810-147f19f4638f None None] Using cached metadata for instance 928f2eff-1c61-4337-af39-2770e2709b96 {{(pid=109818) get_metadata_by_instance_id /opt/stack/nova/nova/api/metadata/handler.py:84}}
May 04 16:25:17.751252 np0000171571 devstack@n-api-meta.service[109818]: [pid: 109818|app: 0|req: 2/8] 199.204.45.235 () {40 vars in 658 bytes} [Mon May 4 16:25:17 2026] GET /latest/meta-data/ => generated 210 bytes in 3 msecs (HTTP/1.1 200) 3 headers in 100 bytes (1 switches on core 0)
May 04 16:25:17.757677 np0000171571 devstack@n-api-meta.service[109819]: DEBUG nova.api.metadata.handler [None req-4838d0d8-a0b1-4349-98fc-bf5b1fec2249 None None] Metadata request headers: {'Host': '199.204.45.235:8775', 'User-Agent': 'python-requests/2.33.1', 'Accept-Encoding': 'gzip, deflate', 'Accept': '*/*', 'Connection': 'keep-alive', 'X-Forwarded-For': '192.168.24.81', 'X-Instance-Id': '928f2eff-1c61-4337-af39-2770e2709b96', 'X-Tenant-Id': '5bde49aad2ec4e4a8f4d0bfeeabc64ae', 'X-Instance-Id-Signature': '5c1fd0df3452a3a6d0b43649cce979e800ee767b5df3512d59bbb34c2d8c0058'} {{(pid=109819) __call__ /opt/stack/nova/nova/api/metadata/handler.py:109}}
May 04 16:25:17.759360 np0000171571 devstack@n-api-meta.service[109819]: DEBUG nova.api.metadata.handler [None req-4838d0d8-a0b1-4349-98fc-bf5b1fec2249 None None] Using cached metadata for instance 928f2eff-1c61-4337-af39-2770e2709b96 {{(pid=109819) get_metadata_by_instance_id /opt/stack/nova/nova/api/metadata/handler.py:84}}
May 04 16:25:17.759838 np0000171571 devstack@n-api-meta.service[109819]: [pid: 109819|app: 0|req: 3/9] 199.204.45.235 () {40 vars in 700 bytes} [Mon May 4 16:25:17 2026] GET /latest/meta-data/block-device-mapping/ => generated 8 bytes in 2 msecs (HTTP/1.1 200) 3 headers in 98 bytes (1 switches on core 0)
May 04 16:25:17.765165 np0000171571 devstack@n-api-meta.service[109821]: DEBUG nova.api.metadata.handler [None req-b9316895-9dea-4222-bcaf-68ea2b201584 None None] Metadata request headers: {'Host': '199.204.45.235:8775', 'User-Agent': 'python-requests/2.33.1', 'Accept-Encoding': 'gzip, deflate', 'Accept': '*/*', 'Connection': 'keep-alive', 'X-Forwarded-For': '192.168.24.81', 'X-Instance-Id': '928f2eff-1c61-4337-af39-2770e2709b96', 'X-Tenant-Id': '5bde49aad2ec4e4a8f4d0bfeeabc64ae', 'X-Instance-Id-Signature': '5c1fd0df3452a3a6d0b43649cce979e800ee767b5df3512d59bbb34c2d8c0058'} {{(pid=109821) __call__ /opt/stack/nova/nova/api/metadata/handler.py:109}}
May 04 16:25:17.766841 np0000171571 devstack@n-api-meta.service[109821]: DEBUG nova.api.metadata.handler [None req-b9316895-9dea-4222-bcaf-68ea2b201584 None None] Using cached metadata for instance 928f2eff-1c61-4337-af39-2770e2709b96 {{(pid=109821) get_metadata_by_instance_id /opt/stack/nova/nova/api/metadata/handler.py:84}}
May 04 16:25:17.767300 np0000171571 devstack@n-api-meta.service[109821]: [pid: 109821|app: 0|req: 3/10] 199.204.45.235 () {40 vars in 706 bytes} [Mon May 4 16:25:17 2026] GET /latest/meta-data/block-device-mapping/ami => generated 3 bytes in 2 msecs (HTTP/1.1 200) 3 headers in 98 bytes (1 switches on core 0)
May 04 16:25:17.774459 np0000171571 devstack@n-api-meta.service[109820]: DEBUG nova.api.metadata.handler [None req-98749345-8ef8-4a50-a475-ad02088f8252 None None] Metadata request headers: {'Host': '199.204.45.235:8775', 'User-Agent': 'python-requests/2.33.1', 'Accept-Encoding': 'gzip, deflate', 'Accept': '*/*', 'Connection': 'keep-alive', 'X-Forwarded-For': '192.168.24.81', 'X-Instance-Id': '928f2eff-1c61-4337-af39-2770e2709b96', 'X-Tenant-Id': '5bde49aad2ec4e4a8f4d0bfeeabc64ae', 'X-Instance-Id-Signature': '5c1fd0df3452a3a6d0b43649cce979e800ee767b5df3512d59bbb34c2d8c0058'} {{(pid=109820) __call__ /opt/stack/nova/nova/api/metadata/handler.py:109}}
May 04 16:25:17.777016 np0000171571 devstack@n-api-meta.service[109820]: DEBUG nova.api.metadata.handler [None req-98749345-8ef8-4a50-a475-ad02088f8252 None None] Using cached metadata for instance 928f2eff-1c61-4337-af39-2770e2709b96 {{(pid=109820) get_metadata_by_instance_id /opt/stack/nova/nova/api/metadata/handler.py:84}}
May 04 16:25:17.777591 np0000171571 devstack@n-api-meta.service[109820]: [pid: 109820|app: 0|req: 3/11] 199.204.45.235 () {40 vars in 708 bytes} [Mon May 4 16:25:17 2026] GET /latest/meta-data/block-device-mapping/root => generated 8 bytes in 3 msecs (HTTP/1.1 200) 3 headers in 98 bytes (1 switches on core 0)
May 04 16:25:17.784143 np0000171571 devstack@n-api-meta.service[109818]: DEBUG nova.api.metadata.handler [None req-fa82a61a-3a08-4c3f-9810-147f19f4638f None None] Metadata request headers: {'Host': '199.204.45.235:8775', 'User-Agent': 'python-requests/2.33.1', 'Accept-Encoding': 'gzip, deflate', 'Accept': '*/*', 'Connection': 'keep-alive', 'X-Forwarded-For': '192.168.24.81', 'X-Instance-Id': '928f2eff-1c61-4337-af39-2770e2709b96', 'X-Tenant-Id': '5bde49aad2ec4e4a8f4d0bfeeabc64ae', 'X-Instance-Id-Signature': '5c1fd0df3452a3a6d0b43649cce979e800ee767b5df3512d59bbb34c2d8c0058'} {{(pid=109818) __call__ /opt/stack/nova/nova/api/metadata/handler.py:109}}
May 04 16:25:17.786732 np0000171571 devstack@n-api-meta.service[109818]: DEBUG nova.api.metadata.handler [None req-fa82a61a-3a08-4c3f-9810-147f19f4638f None None] Using cached metadata for instance 928f2eff-1c61-4337-af39-2770e2709b96 {{(pid=109818) get_metadata_by_instance_id /opt/stack/nova/nova/api/metadata/handler.py:84}}
May 04 16:25:17.788002 np0000171571 devstack@n-api-meta.service[109818]: [pid: 109818|app: 0|req: 3/12] 199.204.45.235 () {40 vars in 678 bytes} [Mon May 4 16:25:17 2026] GET /latest/meta-data/placement/ => generated 17 bytes in 3 msecs (HTTP/1.1 200) 3 headers in 99 bytes (1 switches on core 0)
May 04 16:25:17.794600 np0000171571 devstack@n-api-meta.service[109819]: DEBUG nova.api.metadata.handler [None req-4838d0d8-a0b1-4349-98fc-bf5b1fec2249 None None] Metadata request headers: {'Host': '199.204.45.235:8775', 'User-Agent': 'python-requests/2.33.1', 'Accept-Encoding': 'gzip, deflate', 'Accept': '*/*', 'Connection': 'keep-alive', 'X-Forwarded-For': '192.168.24.81', 'X-Instance-Id': '928f2eff-1c61-4337-af39-2770e2709b96', 'X-Tenant-Id': '5bde49aad2ec4e4a8f4d0bfeeabc64ae', 'X-Instance-Id-Signature': '5c1fd0df3452a3a6d0b43649cce979e800ee767b5df3512d59bbb34c2d8c0058'} {{(pid=109819) __call__ /opt/stack/nova/nova/api/metadata/handler.py:109}}
May 04 16:25:17.796239 np0000171571 devstack@n-api-meta.service[109819]: DEBUG nova.api.metadata.handler [None req-4838d0d8-a0b1-4349-98fc-bf5b1fec2249 None None] Using cached metadata for instance 928f2eff-1c61-4337-af39-2770e2709b96 {{(pid=109819) get_metadata_by_instance_id /opt/stack/nova/nova/api/metadata/handler.py:84}}
May 04 16:25:17.796652 np0000171571 devstack@n-api-meta.service[109819]: [pid: 109819|app: 0|req: 4/13] 199.204.45.235 () {40 vars in 712 bytes} [Mon May 4 16:25:17 2026] GET /latest/meta-data/placement/availability-zone => generated 4 bytes in 2 msecs (HTTP/1.1 200) 3 headers in 98 bytes (1 switches on core 0)
May 04 16:25:17.803011 np0000171571 devstack@n-api-meta.service[109821]: DEBUG nova.api.metadata.handler [None req-b9316895-9dea-4222-bcaf-68ea2b201584 None None] Metadata request headers: {'Host': '199.204.45.235:8775', 'User-Agent': 'python-requests/2.33.1', 'Accept-Encoding': 'gzip, deflate', 'Accept': '*/*', 'Connection': 'keep-alive', 'X-Forwarded-For': '192.168.24.81', 'X-Instance-Id': '928f2eff-1c61-4337-af39-2770e2709b96', 'X-Tenant-Id': '5bde49aad2ec4e4a8f4d0bfeeabc64ae', 'X-Instance-Id-Signature': '5c1fd0df3452a3a6d0b43649cce979e800ee767b5df3512d59bbb34c2d8c0058'} {{(pid=109821) __call__ /opt/stack/nova/nova/api/metadata/handler.py:109}}
May 04 16:25:17.804756 np0000171571 devstack@n-api-meta.service[109821]: DEBUG nova.api.metadata.handler [None req-b9316895-9dea-4222-bcaf-68ea2b201584 None None] Using cached metadata for instance 928f2eff-1c61-4337-af39-2770e2709b96 {{(pid=109821) get_metadata_by_instance_id /opt/stack/nova/nova/api/metadata/handler.py:84}}
May 04 16:25:17.805164 np0000171571 devstack@n-api-meta.service[109821]: [pid: 109821|app: 0|req: 4/14] 199.204.45.235 () {40 vars in 670 bytes} [Mon May 4 16:25:17 2026] GET /latest/meta-data/ami-id => generated 12 bytes in 2 msecs (HTTP/1.1 200) 3 headers in 99 bytes (1 switches on core 0)
May 04 16:25:17.811113 np0000171571 devstack@n-api-meta.service[109820]: DEBUG nova.api.metadata.handler [None req-98749345-8ef8-4a50-a475-ad02088f8252 None None] Metadata request headers: {'Host': '199.204.45.235:8775', 'User-Agent': 'python-requests/2.33.1', 'Accept-Encoding': 'gzip, deflate', 'Accept': '*/*', 'Connection': 'keep-alive', 'X-Forwarded-For': '192.168.24.81', 'X-Instance-Id': '928f2eff-1c61-4337-af39-2770e2709b96', 'X-Tenant-Id': '5bde49aad2ec4e4a8f4d0bfeeabc64ae', 'X-Instance-Id-Signature': '5c1fd0df3452a3a6d0b43649cce979e800ee767b5df3512d59bbb34c2d8c0058'} {{(pid=109820) __call__ /opt/stack/nova/nova/api/metadata/handler.py:109}}
May 04 16:25:17.813702 np0000171571 devstack@n-api-meta.service[109820]: DEBUG nova.api.metadata.handler [None req-98749345-8ef8-4a50-a475-ad02088f8252 None None] Using cached metadata for instance 928f2eff-1c61-4337-af39-2770e2709b96 {{(pid=109820) get_metadata_by_instance_id /opt/stack/nova/nova/api/metadata/handler.py:84}}
May 04 16:25:17.814355 np0000171571 devstack@n-api-meta.service[109820]: [pid: 109820|app: 0|req: 4/15] 199.204.45.235 () {40 vars in 690 bytes} [Mon May 4 16:25:17 2026] GET /latest/meta-data/ami-launch-index => generated 1 bytes in 4 msecs (HTTP/1.1 200) 3 headers in 98 bytes (1 switches on core 0)
May 04 16:25:17.822297 np0000171571 devstack@n-api-meta.service[109818]: DEBUG nova.api.metadata.handler [None req-fa82a61a-3a08-4c3f-9810-147f19f4638f None None] Metadata request headers: {'Host': '199.204.45.235:8775', 'User-Agent': 'python-requests/2.33.1', 'Accept-Encoding': 'gzip, deflate', 'Accept': '*/*', 'Connection': 'keep-alive', 'X-Forwarded-For': '192.168.24.81', 'X-Instance-Id': '928f2eff-1c61-4337-af39-2770e2709b96', 'X-Tenant-Id': '5bde49aad2ec4e4a8f4d0bfeeabc64ae', 'X-Instance-Id-Signature': '5c1fd0df3452a3a6d0b43649cce979e800ee767b5df3512d59bbb34c2d8c0058'} {{(pid=109818) __call__ /opt/stack/nova/nova/api/metadata/handler.py:109}}
May 04 16:25:17.824882 np0000171571 devstack@n-api-meta.service[109818]: DEBUG nova.api.metadata.handler [None req-fa82a61a-3a08-4c3f-9810-147f19f4638f None None] Using cached metadata for instance 928f2eff-1c61-4337-af39-2770e2709b96 {{(pid=109818) get_metadata_by_instance_id /opt/stack/nova/nova/api/metadata/handler.py:84}}
May 04 16:25:17.825338 np0000171571 devstack@n-api-meta.service[109818]: [pid: 109818|app: 0|req: 4/16] 199.204.45.235 () {40 vars in 692 bytes} [Mon May 4 16:25:17 2026] GET /latest/meta-data/ami-manifest-path => generated 5 bytes in 4 msecs (HTTP/1.1 200) 3 headers in 98 bytes (1 switches on core 0)
May 04 16:25:17.832656 np0000171571 devstack@n-api-meta.service[109819]: DEBUG nova.api.metadata.handler [None req-4838d0d8-a0b1-4349-98fc-bf5b1fec2249 None None] Metadata request headers: {'Host': '199.204.45.235:8775', 'User-Agent': 'python-requests/2.33.1', 'Accept-Encoding': 'gzip, deflate', 'Accept': '*/*', 'Connection': 'keep-alive', 'X-Forwarded-For': '192.168.24.81', 'X-Instance-Id': '928f2eff-1c61-4337-af39-2770e2709b96', 'X-Tenant-Id': '5bde49aad2ec4e4a8f4d0bfeeabc64ae', 'X-Instance-Id-Signature': '5c1fd0df3452a3a6d0b43649cce979e800ee767b5df3512d59bbb34c2d8c0058'} {{(pid=109819) __call__ /opt/stack/nova/nova/api/metadata/handler.py:109}}
May 04 16:25:17.835311 np0000171571 devstack@n-api-meta.service[109819]: DEBUG nova.api.metadata.handler [None req-4838d0d8-a0b1-4349-98fc-bf5b1fec2249 None None] Using cached metadata for instance 928f2eff-1c61-4337-af39-2770e2709b96 {{(pid=109819) get_metadata_by_instance_id /opt/stack/nova/nova/api/metadata/handler.py:84}}
May 04 16:25:17.836022 np0000171571 devstack@n-api-meta.service[109819]: [pid: 109819|app: 0|req: 5/17] 199.204.45.235 () {40 vars in 674 bytes} [Mon May 4 16:25:17 2026] GET /latest/meta-data/hostname => generated 32 bytes in 4 msecs (HTTP/1.1 200) 3 headers in 99 bytes (1 switches on core 0)
May 04 16:25:17.843430 np0000171571 devstack@n-api-meta.service[109821]: DEBUG nova.api.metadata.handler [None req-b9316895-9dea-4222-bcaf-68ea2b201584 None None] Metadata request headers: {'Host': '199.204.45.235:8775', 'User-Agent': 'python-requests/2.33.1', 'Accept-Encoding': 'gzip, deflate', 'Accept': '*/*', 'Connection': 'keep-alive', 'X-Forwarded-For': '192.168.24.81', 'X-Instance-Id': '928f2eff-1c61-4337-af39-2770e2709b96', 'X-Tenant-Id': '5bde49aad2ec4e4a8f4d0bfeeabc64ae', 'X-Instance-Id-Signature': '5c1fd0df3452a3a6d0b43649cce979e800ee767b5df3512d59bbb34c2d8c0058'} {{(pid=109821) __call__ /opt/stack/nova/nova/api/metadata/handler.py:109}}
May 04 16:25:17.845949 np0000171571 devstack@n-api-meta.service[109821]: DEBUG nova.api.metadata.handler [None req-b9316895-9dea-4222-bcaf-68ea2b201584 None None] Using cached metadata for instance 928f2eff-1c61-4337-af39-2770e2709b96 {{(pid=109821) get_metadata_by_instance_id /opt/stack/nova/nova/api/metadata/handler.py:84}}
May 04 16:25:17.846500 np0000171571 devstack@n-api-meta.service[109821]: [pid: 109821|app: 0|req: 5/18] 199.204.45.235 () {40 vars in 688 bytes} [Mon May 4 16:25:17 2026] GET /latest/meta-data/instance-action => generated 4 bytes in 3 msecs (HTTP/1.1 200) 3 headers in 98 bytes (1 switches on core 0)
May 04 16:25:17.855286 np0000171571 devstack@n-api-meta.service[109820]: DEBUG nova.api.metadata.handler [None req-98749345-8ef8-4a50-a475-ad02088f8252 None None] Metadata request headers: {'Host': '199.204.45.235:8775', 'User-Agent': 'python-requests/2.33.1', 'Accept-Encoding': 'gzip, deflate', 'Accept': '*/*', 'Connection': 'keep-alive', 'X-Forwarded-For': '192.168.24.81', 'X-Instance-Id': '928f2eff-1c61-4337-af39-2770e2709b96', 'X-Tenant-Id': '5bde49aad2ec4e4a8f4d0bfeeabc64ae', 'X-Instance-Id-Signature': '5c1fd0df3452a3a6d0b43649cce979e800ee767b5df3512d59bbb34c2d8c0058'} {{(pid=109820) __call__ /opt/stack/nova/nova/api/metadata/handler.py:109}}
May 04 16:25:17.857453 np0000171571 devstack@n-api-meta.service[109820]: DEBUG nova.api.metadata.handler [None req-98749345-8ef8-4a50-a475-ad02088f8252 None None] Using cached metadata for instance 928f2eff-1c61-4337-af39-2770e2709b96 {{(pid=109820) get_metadata_by_instance_id /opt/stack/nova/nova/api/metadata/handler.py:84}}
May 04 16:25:17.857885 np0000171571 devstack@n-api-meta.service[109820]: [pid: 109820|app: 0|req: 5/19] 199.204.45.235 () {40 vars in 680 bytes} [Mon May 4 16:25:17 2026] GET /latest/meta-data/instance-id => generated 10 bytes in 3 msecs (HTTP/1.1 200) 3 headers in 99 bytes (1 switches on core 0)
May 04 16:25:17.868612 np0000171571 devstack@n-api-meta.service[109818]: DEBUG nova.api.metadata.handler [None req-fa82a61a-3a08-4c3f-9810-147f19f4638f None None] Metadata request headers: {'Host': '199.204.45.235:8775', 'User-Agent': 'python-requests/2.33.1', 'Accept-Encoding': 'gzip, deflate', 'Accept': '*/*', 'Connection': 'keep-alive', 'X-Forwarded-For': '192.168.24.81', 'X-Instance-Id': '928f2eff-1c61-4337-af39-2770e2709b96', 'X-Tenant-Id': '5bde49aad2ec4e4a8f4d0bfeeabc64ae', 'X-Instance-Id-Signature': '5c1fd0df3452a3a6d0b43649cce979e800ee767b5df3512d59bbb34c2d8c0058'} {{(pid=109818) __call__ /opt/stack/nova/nova/api/metadata/handler.py:109}}
May 04 16:25:17.871038 np0000171571 devstack@n-api-meta.service[109818]: DEBUG nova.api.metadata.handler [None req-fa82a61a-3a08-4c3f-9810-147f19f4638f None None] Using cached metadata for instance 928f2eff-1c61-4337-af39-2770e2709b96 {{(pid=109818) get_metadata_by_instance_id /opt/stack/nova/nova/api/metadata/handler.py:84}}
May 04 16:25:17.871595 np0000171571 devstack@n-api-meta.service[109818]: [pid: 109818|app: 0|req: 5/20] 199.204.45.235 () {40 vars in 684 bytes} [Mon May 4 16:25:17 2026] GET /latest/meta-data/instance-type => generated 8 bytes in 3 msecs (HTTP/1.1 200) 3 headers in 98 bytes (1 switches on core 0)
