2026-03-12 22:51:26.320 8 INFO placement.requestlog [None req-052880eb-9117-410e-bdc9-6d72cc347495 - - - - - -] 10.0.0.189 "GET /" status: 200 len: 136 microversion: 1.0
2026-03-12 22:51:26.550 7 INFO placement.requestlog [req-035c1ae2-3ca5-4d18-a3b0-211fa440ca4a req-37418285-03a1-439f-9d9e-08166a12ec00 2d296bc52e9e43328e6843a2589604d0 1d91d005fbd647b4880b8a5fd004be28 - - 981a6686346c4120b30894f7fc9fdad5 981a6686346c4120b30894f7fc9fdad5] 162.253.55.49 "GET /allocations/dbb6c947-4c6f-472d-b29e-aa743f892f98" status: 200 len: 257 microversion: 1.28 [pid: 7|app: 0|req: 328/665] 162.253.55.49 () {34 vars in 862 bytes} [Thu Mar 12 22:51:26 2026] GET /allocations/dbb6c947-4c6f-472d-b29e-aa743f892f98 => generated 257 bytes in 13 msecs (HTTP/1.1 200) 8 headers in 296 bytes (1 switches on core 0)
2026-03-12 22:51:26.802 8 INFO placement.requestlog [req-eeb95cd7-75a5-460f-a069-2f3f133a2f4c req-c205df58-e001-4ee0-9d75-5f03c2a7b956 2d296bc52e9e43328e6843a2589604d0 1d91d005fbd647b4880b8a5fd004be28 - - 981a6686346c4120b30894f7fc9fdad5 981a6686346c4120b30894f7fc9fdad5] 162.253.55.49 "DELETE /allocations/22016c0e-c940-450f-9866-5ad1eda67b7b" status: 204 len: 0 microversion: 1.0 [pid: 8|app: 0|req: 338/666] 162.253.55.49 () {34 vars in 840 bytes} [Thu Mar 12 22:51:26 2026] DELETE /allocations/22016c0e-c940-450f-9866-5ad1eda67b7b => generated 0 bytes in 22 msecs (HTTP/1.1 204) 5 headers in 198 bytes (1 switches on core 0)
2026-03-12 22:51:27.823 7 INFO placement.requestlog [req-035c1ae2-3ca5-4d18-a3b0-211fa440ca4a req-fe2e1891-62a3-4543-beeb-69fec25e0ef5 2d296bc52e9e43328e6843a2589604d0 1d91d005fbd647b4880b8a5fd004be28 - - 981a6686346c4120b30894f7fc9fdad5 981a6686346c4120b30894f7fc9fdad5] 162.253.55.49 "GET /resource_providers/2f104ddb-1f7c-49d0-9498-ef90168779f6/allocations" status: 200 len: 352 microversion: 1.0 [pid: 7|app: 0|req: 329/667] 162.253.55.49 () {32 vars in 856 bytes} [Thu Mar 12 22:51:27 2026] GET /resource_providers/2f104ddb-1f7c-49d0-9498-ef90168779f6/allocations => generated 352 bytes in 15 msecs (HTTP/1.1 200) 6 headers in 224 bytes (1 switches on core 0)
2026-03-12 22:51:27.841 8 INFO placement.requestlog [req-035c1ae2-3ca5-4d18-a3b0-211fa440ca4a req-7ee7006b-364b-4782-8398-0a3180b6d071 2d296bc52e9e43328e6843a2589604d0 1d91d005fbd647b4880b8a5fd004be28 - - 981a6686346c4120b30894f7fc9fdad5 981a6686346c4120b30894f7fc9fdad5] 162.253.55.49 "GET /allocations/54eb7169-a3cf-447a-bf05-e928372855c3" status: 200 len: 257 microversion: 1.28 [pid: 8|app: 0|req: 339/668] 162.253.55.49 () {34 vars in 862 bytes} [Thu Mar 12 22:51:27 2026] GET /allocations/54eb7169-a3cf-447a-bf05-e928372855c3 => generated 257 bytes in 12 msecs (HTTP/1.1 200) 8 headers in 296 bytes (1 switches on core 0)
2026-03-12 22:51:27.862 7 INFO placement.requestlog [req-035c1ae2-3ca5-4d18-a3b0-211fa440ca4a req-181dc998-32ba-42a4-9ec6-0f38cfef51b4 2d296bc52e9e43328e6843a2589604d0 1d91d005fbd647b4880b8a5fd004be28 - - 981a6686346c4120b30894f7fc9fdad5 981a6686346c4120b30894f7fc9fdad5] 162.253.55.49 "GET /allocations/51757303-7827-4946-b34d-d6ccf901590b" status: 200 len: 257 microversion: 1.28 [pid: 7|app: 0|req: 330/669] 162.253.55.49 () {34 vars in 862 bytes} [Thu Mar 12 22:51:27 2026] GET /allocations/51757303-7827-4946-b34d-d6ccf901590b => generated 257 bytes in 14 msecs (HTTP/1.1 200) 8 headers in 296 bytes (1 switches on core 0)
2026-03-12 22:51:27.881 8 INFO placement.requestlog [req-035c1ae2-3ca5-4d18-a3b0-211fa440ca4a req-7d49e2ed-3ce0-415a-ac13-9b39a5e941f8 2d296bc52e9e43328e6843a2589604d0 1d91d005fbd647b4880b8a5fd004be28 - - 981a6686346c4120b30894f7fc9fdad5 981a6686346c4120b30894f7fc9fdad5] 162.253.55.49 "GET /allocations/dbb6c947-4c6f-472d-b29e-aa743f892f98" status: 200 len: 257 microversion: 1.28 [pid: 8|app: 0|req: 340/670] 162.253.55.49 () {34 vars in 862 bytes} [Thu Mar 12 22:51:27 2026] GET /allocations/dbb6c947-4c6f-472d-b29e-aa743f892f98 => generated 257 bytes in 13 msecs (HTTP/1.1 200) 8 headers in 296 bytes (1 switches on core 0)
2026-03-12 22:51:28.931 7 INFO placement.requestlog [req-88d05dc7-5dee-4fbb-bd0e-3e4fc54c4453 req-66987e49-f217-4e9d-aa0b-60e2e0944fac 2d296bc52e9e43328e6843a2589604d0 1d91d005fbd647b4880b8a5fd004be28 - - 981a6686346c4120b30894f7fc9fdad5 981a6686346c4120b30894f7fc9fdad5] 162.253.55.49 "GET /resource_providers/2f104ddb-1f7c-49d0-9498-ef90168779f6/allocations" status: 200 len: 352 microversion: 1.0 [pid: 7|app: 0|req: 331/671] 162.253.55.49 () {32 vars in 856 bytes} [Thu Mar 12 22:51:28 2026] GET /resource_providers/2f104ddb-1f7c-49d0-9498-ef90168779f6/allocations => generated 352 bytes in 17 msecs (HTTP/1.1 200) 6 headers in 224 bytes (1 switches on core 0)
2026-03-12 22:51:28.952 8 INFO placement.requestlog [req-88d05dc7-5dee-4fbb-bd0e-3e4fc54c4453 req-24708783-c61c-4e91-bcff-3ab3da2bb32c 2d296bc52e9e43328e6843a2589604d0 1d91d005fbd647b4880b8a5fd004be28 - - 981a6686346c4120b30894f7fc9fdad5 981a6686346c4120b30894f7fc9fdad5] 162.253.55.49 "GET /allocations/54eb7169-a3cf-447a-bf05-e928372855c3" status: 200 len: 257 microversion: 1.28 [pid: 8|app: 0|req: 341/672] 162.253.55.49 () {34 vars in 862 bytes} [Thu Mar 12 22:51:28 2026] GET /allocations/54eb7169-a3cf-447a-bf05-e928372855c3 => generated 257 bytes in 13 msecs (HTTP/1.1 200) 8 headers in 296 bytes (1 switches on core 0)
2026-03-12 22:51:28.970 7 INFO placement.requestlog [req-88d05dc7-5dee-4fbb-bd0e-3e4fc54c4453 req-c33e20f9-5e1f-42a8-8be3-952d1baa2c02 2d296bc52e9e43328e6843a2589604d0 1d91d005fbd647b4880b8a5fd004be28 - - 981a6686346c4120b30894f7fc9fdad5 981a6686346c4120b30894f7fc9fdad5] 162.253.55.49 "GET /allocations/51757303-7827-4946-b34d-d6ccf901590b" status: 200 len: 257 microversion: 1.28 [pid: 7|app: 0|req: 332/673] 162.253.55.49 () {34 vars in 862 bytes} [Thu Mar 12 22:51:28 2026] GET /allocations/51757303-7827-4946-b34d-d6ccf901590b => generated 257 bytes in 11 msecs (HTTP/1.1 200) 8 headers in 296 bytes (1 switches on core 0)
2026-03-12 22:51:28.989 8 INFO placement.requestlog [req-88d05dc7-5dee-4fbb-bd0e-3e4fc54c4453 req-707ac81f-2070-48d9-90b3-2ba5ef7302ed 2d296bc52e9e43328e6843a2589604d0 1d91d005fbd647b4880b8a5fd004be28 - - 981a6686346c4120b30894f7fc9fdad5 981a6686346c4120b30894f7fc9fdad5] 162.253.55.49 "GET /allocations/dbb6c947-4c6f-472d-b29e-aa743f892f98" status: 200 len: 257 microversion: 1.28 [pid: 8|app: 0|req: 342/674] 162.253.55.49 () {34 vars in 862 bytes} [Thu Mar 12 22:51:28 2026] GET /allocations/dbb6c947-4c6f-472d-b29e-aa743f892f98 => generated 257 bytes in 11 msecs (HTTP/1.1 200) 8 headers in 296 bytes (1 switches on core 0)
2026-03-12 22:51:30.032 7 INFO placement.requestlog [req-88d05dc7-5dee-4fbb-bd0e-3e4fc54c4453 req-5235da74-8b80-423d-85bd-62f25efd81f4 2d296bc52e9e43328e6843a2589604d0 1d91d005fbd647b4880b8a5fd004be28 - - 981a6686346c4120b30894f7fc9fdad5 981a6686346c4120b30894f7fc9fdad5] 162.253.55.49 "DELETE /allocations/54eb7169-a3cf-447a-bf05-e928372855c3" status: 204 len: 0 microversion: 1.0 [pid: 7|app: 0|req: 333/675] 162.253.55.49 () {34 vars in 840 bytes} [Thu Mar 12 22:51:30 2026] DELETE /allocations/54eb7169-a3cf-447a-bf05-e928372855c3 => generated 0 bytes in 23 msecs (HTTP/1.1 204) 5 headers in 198 bytes (1 switches on core 0)
2026-03-12 22:51:31.109 8 INFO placement.requestlog [None req-75ac47ae-781d-4318-9263-41fd654c311f 9af352f8b43d44709c84e0947ef645f8 1d91d005fbd647b4880b8a5fd004be28 - - 981a6686346c4120b30894f7fc9fdad5 981a6686346c4120b30894f7fc9fdad5] 10.0.0.197 "GET /resource_providers/84f171d9-a4c4-49e9-9862-c4cd925fba5c/aggregates" status: 404 len: 235 microversion: 1.1 [pid: 8|app: 0|req: 343/676] 10.0.0.197 () {32 vars in 816 bytes} [Thu Mar 12 22:51:31 2026] GET /resource_providers/84f171d9-a4c4-49e9-9862-c4cd925fba5c/aggregates => generated 235 bytes in 10 msecs (HTTP/1.1 404) 5 headers in 202 bytes (1 switches on core 0)
2026-03-12 22:51:31.113 7 INFO placement.requestlog [None req-b717dc9d-96f4-4e92-9244-c8826c63d73e 9af352f8b43d44709c84e0947ef645f8 1d91d005fbd647b4880b8a5fd004be28 - - 981a6686346c4120b30894f7fc9fdad5 981a6686346c4120b30894f7fc9fdad5] 10.0.0.197 "GET /resource_providers/84f171d9-a4c4-49e9-9862-c4cd925fba5c/aggregates" status: 404 len: 235 microversion: 1.1 [pid: 7|app: 0|req: 334/677] 10.0.0.197 () {32 vars in 816 bytes} [Thu Mar 12 22:51:31 2026] GET /resource_providers/84f171d9-a4c4-49e9-9862-c4cd925fba5c/aggregates => generated 235 bytes in 9 msecs (HTTP/1.1 404) 5 headers in 202 bytes (1 switches on core 0)
2026-03-12 22:51:31.126 8 INFO placement.requestlog [None req-b68888dc-816e-47f1-a050-f68d1ff896fd 9af352f8b43d44709c84e0947ef645f8 1d91d005fbd647b4880b8a5fd004be28 - - 981a6686346c4120b30894f7fc9fdad5 981a6686346c4120b30894f7fc9fdad5] 10.0.0.197 "DELETE /resource_providers/84f171d9-a4c4-49e9-9862-c4cd925fba5c" status: 404 len: 246 microversion: 1.1 [pid: 8|app: 0|req: 344/678] 10.0.0.197 () {34 vars in 816 bytes} [Thu Mar 12 22:51:31 2026] DELETE /resource_providers/84f171d9-a4c4-49e9-9862-c4cd925fba5c => generated 246 bytes in 5 msecs (HTTP/1.1 404) 6 headers in 231 bytes (1 switches on core 0)
2026-03-12 22:51:31.133 7 INFO placement.requestlog [None req-7b7029f0-528b-4b66-b0f7-925f40592c83 9af352f8b43d44709c84e0947ef645f8 1d91d005fbd647b4880b8a5fd004be28 - - 981a6686346c4120b30894f7fc9fdad5 981a6686346c4120b30894f7fc9fdad5] 10.0.0.197 "DELETE /resource_providers/84f171d9-a4c4-49e9-9862-c4cd925fba5c" status: 404 len: 246 microversion: 1.1 [pid: 7|app: 0|req: 335/679] 10.0.0.197 () {34 vars in 816 bytes} [Thu Mar 12 22:51:31 2026] DELETE /resource_providers/84f171d9-a4c4-49e9-9862-c4cd925fba5c => generated 246 bytes in 10 msecs (HTTP/1.1 404) 6 headers in 231 bytes (1 switches on core 0)
2026-03-12 22:51:34.134 8 INFO placement.requestlog [None req-fe48d85c-d064-48d5-a75f-ac5a99b53d41 9af352f8b43d44709c84e0947ef645f8 1d91d005fbd647b4880b8a5fd004be28 - - 981a6686346c4120b30894f7fc9fdad5 981a6686346c4120b30894f7fc9fdad5] 10.0.0.197 "GET /resource_providers/de48d65b-9868-4a07-8c85-1c7082c0de3e/aggregates" status: 404 len: 235 microversion: 1.1 [pid: 8|app: 0|req: 345/680] 10.0.0.197 () {32 vars in 816 bytes} [Thu Mar 12 22:51:34 2026] GET /resource_providers/de48d65b-9868-4a07-8c85-1c7082c0de3e/aggregates => generated 235 bytes in 10 msecs (HTTP/1.1 404) 5 headers in 202 bytes (1 switches on core 0)
2026-03-12 22:51:34.136 7 INFO placement.requestlog [None req-98c50b3e-6518-4bc5-9204-c508f1a65e0c 9af352f8b43d44709c84e0947ef645f8 1d91d005fbd647b4880b8a5fd004be28 - - 981a6686346c4120b30894f7fc9fdad5 981a6686346c4120b30894f7fc9fdad5] 10.0.0.197 "GET /resource_providers/de48d65b-9868-4a07-8c85-1c7082c0de3e/aggregates" status: 404 len: 235 microversion: 1.1 [pid: 7|app: 0|req: 336/681] 10.0.0.197 () {32 vars in 816 bytes} [Thu Mar 12 22:51:34 2026] GET /resource_providers/de48d65b-9868-4a07-8c85-1c7082c0de3e/aggregates => generated 235 bytes in 9 msecs (HTTP/1.1 404) 5 headers in 202 bytes (1 switches on core 0)
2026-03-12 22:51:34.159 8 INFO placement.requestlog [None req-1f64e8e0-ce3a-452d-bdcf-6abea52789f4 9af352f8b43d44709c84e0947ef645f8 1d91d005fbd647b4880b8a5fd004be28 - - 981a6686346c4120b30894f7fc9fdad5 981a6686346c4120b30894f7fc9fdad5] 10.0.0.197 "DELETE /resource_providers/de48d65b-9868-4a07-8c85-1c7082c0de3e" status: 404 len: 246 microversion: 1.1 [pid: 8|app: 0|req: 346/682] 10.0.0.197 () {34 vars in 816 bytes} [Thu Mar 12 22:51:34 2026] DELETE /resource_providers/de48d65b-9868-4a07-8c85-1c7082c0de3e => generated 246 bytes in 10 msecs (HTTP/1.1 404) 6 headers in 231 bytes (1 switches on core 0)
2026-03-12 22:51:34.163 7 INFO placement.requestlog [None req-1d19d2e6-47d6-4b93-b51b-4b514fa9a813 9af352f8b43d44709c84e0947ef645f8 1d91d005fbd647b4880b8a5fd004be28 - - 981a6686346c4120b30894f7fc9fdad5 981a6686346c4120b30894f7fc9fdad5] 10.0.0.197 "DELETE /resource_providers/de48d65b-9868-4a07-8c85-1c7082c0de3e" status: 404 len: 246 microversion: 1.1 [pid: 7|app: 0|req: 337/683] 10.0.0.197 () {34 vars in 816 bytes} [Thu Mar 12 22:51:34 2026] DELETE /resource_providers/de48d65b-9868-4a07-8c85-1c7082c0de3e => generated 246 bytes in 12 msecs (HTTP/1.1 404) 6 headers in 231 bytes (1 switches on core 0)
2026-03-12 22:51:36.319 7 INFO placement.requestlog [None req-15b30dd0-b6dc-4ae6-92fe-8e84f649635e - - - - - -] 10.0.0.189 "GET /" status: 200 len: 136 microversion: 1.0
2026-03-12 22:51:36.320 8 INFO placement.requestlog [None req-e0a5a965-f00c-43ef-919e-9b547030aaef - - - - - -] 10.0.0.189 "GET /" status: 200 len: 136 microversion: 1.0
2026-03-12 22:51:39.985 8 INFO placement.requestlog [req-a6de0a7c-8072-4f4e-b2d2-61b4590e0bd0 req-dd61a2cd-5f73-4f4f-bd77-da4eaec85881 2d296bc52e9e43328e6843a2589604d0 1d91d005fbd647b4880b8a5fd004be28 - - 981a6686346c4120b30894f7fc9fdad5 981a6686346c4120b30894f7fc9fdad5] 162.253.55.49 "GET /resource_providers/2f104ddb-1f7c-49d0-9498-ef90168779f6/allocations" status: 200 len: 252 microversion: 1.0 [pid: 8|app: 0|req: 348/686] 162.253.55.49 () {32 vars in 856 bytes} [Thu Mar 12 22:51:39 2026] GET /resource_providers/2f104ddb-1f7c-49d0-9498-ef90168779f6/allocations => generated 252 bytes in 14 msecs (HTTP/1.1 200) 6 headers in 224 bytes (1 switches on core 0)
2026-03-12 22:51:40.008 8 INFO placement.requestlog [req-a6de0a7c-8072-4f4e-b2d2-61b4590e0bd0 req-07f94584-6642-4211-8a1f-c68ac28fde75 2d296bc52e9e43328e6843a2589604d0 1d91d005fbd647b4880b8a5fd004be28 - - 981a6686346c4120b30894f7fc9fdad5 981a6686346c4120b30894f7fc9fdad5] 162.253.55.49 "GET /allocations/51757303-7827-4946-b34d-d6ccf901590b" status: 200 len: 257 microversion: 1.28 [pid: 8|app: 0|req: 349/687] 162.253.55.49 () {34 vars in 862 bytes} [Thu Mar 12 22:51:39 2026] GET /allocations/51757303-7827-4946-b34d-d6ccf901590b => generated 257 bytes in 14 msecs (HTTP/1.1 200) 8 headers in 296 bytes (1 switches on core 0)
2026-03-12 22:51:40.040 8 INFO placement.requestlog [req-a6de0a7c-8072-4f4e-b2d2-61b4590e0bd0 req-a4944693-fff7-46ac-a089-18aa3313143a 2d296bc52e9e43328e6843a2589604d0 1d91d005fbd647b4880b8a5fd004be28 - - 981a6686346c4120b30894f7fc9fdad5 981a6686346c4120b30894f7fc9fdad5] 162.253.55.49 "GET /allocations/dbb6c947-4c6f-472d-b29e-aa743f892f98" status: 200 len: 257 microversion: 1.28 [pid: 8|app: 0|req: 350/688] 162.253.55.49 () {34 vars in 862 bytes} [Thu Mar 12 22:51:40 2026] GET /allocations/dbb6c947-4c6f-472d-b29e-aa743f892f98 => generated 257 bytes in 25 msecs (HTTP/1.1 200) 8 headers in 296 bytes (1 switches on core 0)
2026-03-12 22:51:40.224 7 INFO placement.requestlog [None req-25df8b93-c94c-4c66-a8a9-54704f5a0180 8822db38788646c287782dd5506a0271 7e168ae994bd43b0ba4d9e29ddaa8976 - - default default] 10.0.0.49 "GET /resource_providers" status: 200 len: 405 microversion: 1.0 [pid: 7|app: 0|req: 339/689] 10.0.0.49 () {28 vars in 592 bytes} [Thu Mar 12 22:51:39 2026] GET /resource_providers => generated 405 bytes in 361 msecs (HTTP/1.1 200) 6 headers in 224 bytes (1 switches on core 0)
2026-03-12 22:51:40.246 8 INFO placement.requestlog [None req-6d35a05c-af0d-400b-960a-0dafc2a68672 8822db38788646c287782dd5506a0271 7e168ae994bd43b0ba4d9e29ddaa8976 - - default default] 10.0.0.49 "GET /resource_providers/2f104ddb-1f7c-49d0-9498-ef90168779f6/inventories" status: 200 len: 400 microversion: 1.0 [pid: 8|app: 0|req: 351/690] 10.0.0.49 () {28 vars in 690 bytes} [Thu Mar 12 22:51:40 2026] GET /resource_providers/2f104ddb-1f7c-49d0-9498-ef90168779f6/inventories => generated 400 bytes in 11 msecs (HTTP/1.1 200) 6 headers in 224 bytes (1 switches on core 0)
2026-03-12 22:51:40.263 7 INFO placement.requestlog [None req-6e7ae901-5057-45c9-aa24-c208cd6ea6f8 8822db38788646c287782dd5506a0271 7e168ae994bd43b0ba4d9e29ddaa8976 - - default default] 10.0.0.49 "GET /resource_providers/2f104ddb-1f7c-49d0-9498-ef90168779f6/usages" status: 200 len: 91 microversion: 1.0 [pid: 7|app: 0|req: 340/691] 10.0.0.49 () {28 vars in 680 bytes} [Thu Mar 12 22:51:40 2026] GET /resource_providers/2f104ddb-1f7c-49d0-9498-ef90168779f6/usages => generated 91 bytes in 13 msecs (HTTP/1.1 200) 6 headers in 223 bytes (1 switches on core 0)
2026-03-12 22:51:41.099 8 INFO placement.requestlog [req-a6de0a7c-8072-4f4e-b2d2-61b4590e0bd0 req-d96f016c-f724-4114-881b-c8bd384a731a 2d296bc52e9e43328e6843a2589604d0 1d91d005fbd647b4880b8a5fd004be28 - - 981a6686346c4120b30894f7fc9fdad5 981a6686346c4120b30894f7fc9fdad5] 162.253.55.49 "DELETE /allocations/51757303-7827-4946-b34d-d6ccf901590b" status: 204 len: 0 microversion: 1.0 [pid: 8|app: 0|req: 352/692] 162.253.55.49 () {34 vars in 840 bytes} [Thu Mar 12 22:51:41 2026] DELETE /allocations/51757303-7827-4946-b34d-d6ccf901590b => generated 0 bytes in 35 msecs (HTTP/1.1 204) 5 headers in 198 bytes (1 switches on core 0)
2026-03-12 22:51:41.845 7 INFO placement.requestlog [req-be881d23-d195-439a-9ddd-f9562f73f8f5 req-00fb4e36-d696-41a6-84bf-a35aad0ed90b 2d296bc52e9e43328e6843a2589604d0 1d91d005fbd647b4880b8a5fd004be28 - - 981a6686346c4120b30894f7fc9fdad5 981a6686346c4120b30894f7fc9fdad5] 10.0.0.204 "GET /allocation_candidates?limit=1000&resources=DISK_GB%3A1%2CMEMORY_MB%3A512%2CVCPU%3A1&root_required=%21COMPUTE_STATUS_DISABLED" status: 200 len: 2783 microversion: 1.36 [pid: 7|app: 0|req: 341/693] 10.0.0.204 () {34 vars in 1012 bytes} [Thu Mar 12 22:51:41 2026] GET /allocation_candidates?limit=1000&resources=DISK_GB%3A1%2CMEMORY_MB%3A512%2CVCPU%3A1&root_required=%21COMPUTE_STATUS_DISABLED => generated 2783 bytes in 43 msecs (HTTP/1.1 200) 8 headers in 297 bytes (1 switches on core 0)
2026-03-12 22:51:41.879 8 INFO placement.requestlog [req-be881d23-d195-439a-9ddd-f9562f73f8f5 req-ef5c77e1-2067-4f7d-a533-ed63a5aa3df9 2d296bc52e9e43328e6843a2589604d0 1d91d005fbd647b4880b8a5fd004be28 - - 981a6686346c4120b30894f7fc9fdad5 981a6686346c4120b30894f7fc9fdad5] 10.0.0.204 "GET /allocations/c6f37963-88c3-409c-99a3-b140da4422b1" status: 200 len: 19 microversion: 1.28 [pid: 8|app: 0|req: 353/694] 10.0.0.204 () {34 vars in 861 bytes} [Thu Mar 12 22:51:41 2026] GET /allocations/c6f37963-88c3-409c-99a3-b140da4422b1 => generated 19 bytes in 11 msecs (HTTP/1.1 200) 8 headers in 295 bytes (1 switches on core 0)
2026-03-12 22:51:41.943 7 INFO placement.requestlog [req-be881d23-d195-439a-9ddd-f9562f73f8f5 req-65c3d7b5-fd27-44e1-bdc1-5fbea21f121b 2d296bc52e9e43328e6843a2589604d0 1d91d005fbd647b4880b8a5fd004be28 - - 981a6686346c4120b30894f7fc9fdad5 981a6686346c4120b30894f7fc9fdad5] 10.0.0.204 "PUT /allocations/c6f37963-88c3-409c-99a3-b140da4422b1" status: 204 len: 0 microversion: 1.36 [pid: 7|app: 0|req: 342/695] 10.0.0.204 () {38 vars in 914 bytes} [Thu Mar 12 22:51:41 2026] PUT /allocations/c6f37963-88c3-409c-99a3-b140da4422b1 => generated 0 bytes in 59 msecs (HTTP/1.1 204) 5 headers in 199 bytes (1 switches on core 0)
2026-03-12 22:51:43.469 8 INFO placement.requestlog [req-be881d23-d195-439a-9ddd-f9562f73f8f5 req-2c06f1f0-5e79-48d5-b441-913ee5334333 2d296bc52e9e43328e6843a2589604d0 1d91d005fbd647b4880b8a5fd004be28 - - 981a6686346c4120b30894f7fc9fdad5 981a6686346c4120b30894f7fc9fdad5] 162.253.55.49 "GET /allocations/c6f37963-88c3-409c-99a3-b140da4422b1" status: 200 len: 257 microversion: 1.28 [pid: 8|app: 0|req: 354/696] 162.253.55.49 () {34 vars in 862 bytes} [Thu Mar 12 22:51:43 2026] GET /allocations/c6f37963-88c3-409c-99a3-b140da4422b1 => generated 257 bytes in 25 msecs (HTTP/1.1 200) 8 headers in 296 bytes (1 switches on core 0)
2026-03-12 22:51:44.509 7 INFO placement.requestlog [req-be881d23-d195-439a-9ddd-f9562f73f8f5 req-73ba038a-7305-4525-96bd-5b020def57d5 2d296bc52e9e43328e6843a2589604d0 1d91d005fbd647b4880b8a5fd004be28 - - 981a6686346c4120b30894f7fc9fdad5 981a6686346c4120b30894f7fc9fdad5] 162.253.55.49 "GET /resource_providers/2f104ddb-1f7c-49d0-9498-ef90168779f6/allocations" status: 200 len: 252 microversion: 1.0 [pid: 7|app: 0|req: 343/697] 162.253.55.49 () {32 vars in 856 bytes} [Thu Mar 12 22:51:44 2026] GET /resource_providers/2f104ddb-1f7c-49d0-9498-ef90168779f6/allocations => generated 252 bytes in 16 msecs (HTTP/1.1 200) 6 headers in 224 bytes (1 switches on core 0)
2026-03-12 22:51:44.526 8 INFO placement.requestlog [req-be881d23-d195-439a-9ddd-f9562f73f8f5 req-41a8163d-8af0-4345-84bf-cfb9e0bc3931 2d296bc52e9e43328e6843a2589604d0 1d91d005fbd647b4880b8a5fd004be28 - - 981a6686346c4120b30894f7fc9fdad5 981a6686346c4120b30894f7fc9fdad5] 162.253.55.49 "GET /allocations/c6f37963-88c3-409c-99a3-b140da4422b1" status: 200 len: 257 microversion: 1.28 [pid: 8|app: 0|req: 355/698] 162.253.55.49 () {34 vars in 862 bytes} [Thu Mar 12 22:51:44 2026] GET /allocations/c6f37963-88c3-409c-99a3-b140da4422b1 => generated 257 bytes in 11 msecs (HTTP/1.1 200) 8 headers in 296 bytes (1 switches on core 0)
2026-03-12 22:51:44.546 7 INFO placement.requestlog [req-be881d23-d195-439a-9ddd-f9562f73f8f5 req-555ba2b0-eedf-4812-ab32-2064e5408aba 2d296bc52e9e43328e6843a2589604d0 1d91d005fbd647b4880b8a5fd004be28 - - 981a6686346c4120b30894f7fc9fdad5 981a6686346c4120b30894f7fc9fdad5] 162.253.55.49 "GET /allocations/dbb6c947-4c6f-472d-b29e-aa743f892f98" status: 200 len: 257 microversion: 1.28 [pid: 7|app: 0|req: 344/699] 162.253.55.49 () {34 vars in 862 bytes} [Thu Mar 12 22:51:44 2026] GET /allocations/dbb6c947-4c6f-472d-b29e-aa743f892f98 => generated 257 bytes in 12 msecs (HTTP/1.1 200) 8 headers in 296 bytes (1 switches on core 0)
2026-03-12 22:51:45.114 8 INFO placement.requestlog [None req-23bd8c86-3440-472c-838b-d19a90832449 9af352f8b43d44709c84e0947ef645f8 1d91d005fbd647b4880b8a5fd004be28 - - 981a6686346c4120b30894f7fc9fdad5 981a6686346c4120b30894f7fc9fdad5] 10.0.0.197 "GET /resource_providers/c23fe7ac-746d-49fe-8c31-004e392a6225/aggregates" status: 404 len: 235 microversion: 1.1 [pid: 8|app: 0|req: 356/700] 10.0.0.197 () {32 vars in 816 bytes} [Thu Mar 12 22:51:45 2026] GET /resource_providers/c23fe7ac-746d-49fe-8c31-004e392a6225/aggregates => generated 235 bytes in 10 msecs (HTTP/1.1 404) 5 headers in 202 bytes (1 switches on core 0)
2026-03-12 22:51:45.117 7 INFO placement.requestlog [None req-2dfd9dee-15c8-4cc7-a79a-9ac3d8bdf313 9af352f8b43d44709c84e0947ef645f8 1d91d005fbd647b4880b8a5fd004be28 - - 981a6686346c4120b30894f7fc9fdad5 981a6686346c4120b30894f7fc9fdad5] 10.0.0.197 "GET /resource_providers/c23fe7ac-746d-49fe-8c31-004e392a6225/aggregates" status: 404 len: 235 microversion: 1.1 [pid: 7|app: 0|req: 345/701] 10.0.0.197 () {32 vars in 816 bytes} [Thu Mar 12 22:51:45 2026] GET /resource_providers/c23fe7ac-746d-49fe-8c31-004e392a6225/aggregates => generated 235 bytes in 10 msecs (HTTP/1.1 404) 5 headers in 202 bytes (1 switches on core 0)
2026-03-12 22:51:45.135 7 INFO placement.requestlog [None req-e5cd7cfe-1527-4a47-924c-025541740e66 9af352f8b43d44709c84e0947ef645f8 1d91d005fbd647b4880b8a5fd004be28 - - 981a6686346c4120b30894f7fc9fdad5 981a6686346c4120b30894f7fc9fdad5] 10.0.0.197 "DELETE /resource_providers/c23fe7ac-746d-49fe-8c31-004e392a6225" status: 404 len: 246 microversion: 1.1 [pid: 7|app: 0|req: 346/702] 10.0.0.197 () {34 vars in 816 bytes} [Thu Mar 12 22:51:45 2026] DELETE /resource_providers/c23fe7ac-746d-49fe-8c31-004e392a6225 => generated 246 bytes in 9 msecs (HTTP/1.1 404) 6 headers in 231 bytes (1 switches on core 0)
2026-03-12 22:51:45.135 8 INFO placement.requestlog [None req-52354399-e391-49d6-a3d9-e3bd784faf41 9af352f8b43d44709c84e0947ef645f8 1d91d005fbd647b4880b8a5fd004be28 - - 981a6686346c4120b30894f7fc9fdad5 981a6686346c4120b30894f7fc9fdad5] 10.0.0.197 "DELETE /resource_providers/c23fe7ac-746d-49fe-8c31-004e392a6225" status: 404 len: 246 microversion: 1.1 [pid: 8|app: 0|req: 357/703] 10.0.0.197 () {34 vars in 816 bytes} [Thu Mar 12 22:51:45 2026] DELETE /resource_providers/c23fe7ac-746d-49fe-8c31-004e392a6225 => generated 246 bytes in 9 msecs (HTTP/1.1 404) 6 headers in 231 bytes (1 switches on core 0)
2026-03-12 22:51:45.591 7 INFO placement.requestlog [req-e98edc4c-7c3f-4b41-8748-2b60db25107e req-0d130835-5322-4403-8245-39b58756b623 2d296bc52e9e43328e6843a2589604d0 1d91d005fbd647b4880b8a5fd004be28 - - 981a6686346c4120b30894f7fc9fdad5 981a6686346c4120b30894f7fc9fdad5] 162.253.55.49 "GET /resource_providers/2f104ddb-1f7c-49d0-9498-ef90168779f6/allocations" status: 200 len: 252 microversion: 1.0 [pid: 7|app: 0|req: 347/704] 162.253.55.49 () {32 vars in 856 bytes} [Thu Mar 12 22:51:45 2026] GET /resource_providers/2f104ddb-1f7c-49d0-9498-ef90168779f6/allocations => generated 252 bytes in 18 msecs (HTTP/1.1 200) 6 headers in 224 bytes (1 switches on core 0)
2026-03-12 22:51:45.610 8 INFO placement.requestlog [req-e98edc4c-7c3f-4b41-8748-2b60db25107e req-22f2c7f7-4a90-4983-a35a-1c9f30971dac 2d296bc52e9e43328e6843a2589604d0 1d91d005fbd647b4880b8a5fd004be28 - - 981a6686346c4120b30894f7fc9fdad5 981a6686346c4120b30894f7fc9fdad5] 162.253.55.49 "GET /allocations/c6f37963-88c3-409c-99a3-b140da4422b1" status: 200 len: 257 microversion: 1.28 [pid: 8|app: 0|req: 358/705] 162.253.55.49 () {34 vars in 862 bytes} [Thu Mar 12 22:51:45 2026] GET /allocations/c6f37963-88c3-409c-99a3-b140da4422b1 => generated 257 bytes in 14 msecs (HTTP/1.1 200) 8 headers in 296 bytes (1 switches on core 0)
2026-03-12 22:51:45.628 7 INFO placement.requestlog [req-e98edc4c-7c3f-4b41-8748-2b60db25107e req-fe8e7db9-abfc-416d-a5d9-f253209c4161 2d296bc52e9e43328e6843a2589604d0 1d91d005fbd647b4880b8a5fd004be28 - - 981a6686346c4120b30894f7fc9fdad5 981a6686346c4120b30894f7fc9fdad5] 162.253.55.49 "GET /allocations/dbb6c947-4c6f-472d-b29e-aa743f892f98" status: 200 len: 257 microversion: 1.28 [pid: 7|app: 0|req: 348/706] 162.253.55.49 () {34 vars in 862 bytes} [Thu Mar 12 22:51:45 2026] GET /allocations/dbb6c947-4c6f-472d-b29e-aa743f892f98 => generated 257 bytes in 11 msecs (HTTP/1.1 200) 8 headers in 296 bytes (1 switches on core 0)
2026-03-12 22:51:46.320 7 INFO placement.requestlog [None req-7e0999ef-1ac6-440e-a615-7963fd6550c1 - - - - - -] 10.0.0.189 "GET /" status: 200 len: 136 microversion: 1.0
2026-03-12 22:51:46.320 8 INFO placement.requestlog [None req-034bd8a5-08e5-42e5-94a2-73ce74fe83bb - - - - - -] 10.0.0.189 "GET /" status: 200 len: 136 microversion: 1.0
2026-03-12 22:51:46.680 7 INFO placement.requestlog [req-e98edc4c-7c3f-4b41-8748-2b60db25107e req-8d7cd8cd-dc3e-45dd-8135-258224500872 2d296bc52e9e43328e6843a2589604d0 1d91d005fbd647b4880b8a5fd004be28 - - 981a6686346c4120b30894f7fc9fdad5 981a6686346c4120b30894f7fc9fdad5] 162.253.55.49 "DELETE /allocations/dbb6c947-4c6f-472d-b29e-aa743f892f98" status: 204 len: 0 microversion: 1.0 [pid: 7|app: 0|req: 350/709] 162.253.55.49 () {34 vars in 840 bytes} [Thu Mar 12 22:51:46 2026] DELETE /allocations/dbb6c947-4c6f-472d-b29e-aa743f892f98 => generated 0 bytes in 31 msecs (HTTP/1.1 204) 5 headers in 198 bytes (1 switches on core 0)
2026-03-12 22:51:50.552 7 INFO placement.requestlog [None req-bbd769df-a82d-4429-86f0-d81c87135b01 9af352f8b43d44709c84e0947ef645f8 1d91d005fbd647b4880b8a5fd004be28 - - 981a6686346c4120b30894f7fc9fdad5 981a6686346c4120b30894f7fc9fdad5] 10.0.0.197 "GET /resource_providers/c7e73ec4-6e6b-4eab-8a34-6b6eda1c60f4/aggregates" status: 404 len: 235 microversion: 1.1 [pid: 7|app: 0|req: 351/710] 10.0.0.197 () {32 vars in 816 bytes} [Thu Mar 12 22:51:50 2026] GET /resource_providers/c7e73ec4-6e6b-4eab-8a34-6b6eda1c60f4/aggregates => generated 235 bytes in 8 msecs (HTTP/1.1 404) 5 headers in 202 bytes (1 switches on core 0)
2026-03-12 22:51:50.559 8 INFO placement.requestlog [None req-9875f5b9-00b7-498a-8192-76f3bb8b6e3f 9af352f8b43d44709c84e0947ef645f8 1d91d005fbd647b4880b8a5fd004be28 - - 981a6686346c4120b30894f7fc9fdad5 981a6686346c4120b30894f7fc9fdad5] 10.0.0.197 "GET /resource_providers/c7e73ec4-6e6b-4eab-8a34-6b6eda1c60f4/aggregates" status: 404 len: 235 microversion: 1.1 [pid: 8|app: 0|req: 360/711] 10.0.0.197 () {32 vars in 816 bytes} [Thu Mar 12 22:51:50 2026] GET /resource_providers/c7e73ec4-6e6b-4eab-8a34-6b6eda1c60f4/aggregates => generated 235 bytes in 15 msecs (HTTP/1.1 404) 5 headers in 202 bytes (1 switches on core 0)
2026-03-12 22:51:50.570 7 INFO placement.requestlog [None req-ab991815-27e4-4e50-8232-687a1ed1e111 9af352f8b43d44709c84e0947ef645f8 1d91d005fbd647b4880b8a5fd004be28 - - 981a6686346c4120b30894f7fc9fdad5 981a6686346c4120b30894f7fc9fdad5] 10.0.0.197 "DELETE /resource_providers/c7e73ec4-6e6b-4eab-8a34-6b6eda1c60f4" status: 404 len: 246 microversion: 1.1 [pid: 7|app: 0|req: 352/712] 10.0.0.197 () {34 vars in 816 bytes} [Thu Mar 12 22:51:50 2026] DELETE /resource_providers/c7e73ec4-6e6b-4eab-8a34-6b6eda1c60f4 => generated 246 bytes in 8 msecs (HTTP/1.1 404) 6 headers in 231 bytes (1 switches on core 0)
2026-03-12 22:51:50.579 8 INFO placement.requestlog [None req-f6051ec6-87b2-44cb-b936-278dfd9941f0 9af352f8b43d44709c84e0947ef645f8 1d91d005fbd647b4880b8a5fd004be28 - - 981a6686346c4120b30894f7fc9fdad5 981a6686346c4120b30894f7fc9fdad5] 10.0.0.197 "DELETE /resource_providers/c7e73ec4-6e6b-4eab-8a34-6b6eda1c60f4" status: 404 len: 246 microversion: 1.1 [pid: 8|app: 0|req: 361/713] 10.0.0.197 () {34 vars in 816 bytes} [Thu Mar 12 22:51:50 2026] DELETE /resource_providers/c7e73ec4-6e6b-4eab-8a34-6b6eda1c60f4 => generated 246 bytes in 9 msecs (HTTP/1.1 404) 6 headers in 231 bytes (1 switches on core 0)
2026-03-12 22:51:56.319 7 INFO placement.requestlog [None req-50f9a517-cbec-47a7-99ae-8bd3eaa30d85 - - - - - -] 10.0.0.189 "GET /" status: 200 len: 136 microversion: 1.0
2026-03-12 22:51:56.319 8 INFO placement.requestlog [None req-98503a54-13c1-49ae-be0a-5412a2f94822 - - - - - -] 10.0.0.189 "GET /" status: 200 len: 136 microversion: 1.0
2026-03-12 22:51:59.874 8 INFO placement.requestlog [req-11cc3241-06e4-4138-83b0-9ff33ac5e3ef req-51af3ea1-b728-4f58-a66a-c9f6fa2fa653 2d296bc52e9e43328e6843a2589604d0 1d91d005fbd647b4880b8a5fd004be28 - - 981a6686346c4120b30894f7fc9fdad5 981a6686346c4120b30894f7fc9fdad5] 10.0.0.204 "GET /allocation_candidates?limit=1000&resources=DISK_GB%3A1%2CMEMORY_MB%3A512%2CVCPU%3A1&root_required=%21COMPUTE_STATUS_DISABLED" status: 200 len: 2783 microversion: 1.36 [pid: 8|app: 0|req: 363/716] 10.0.0.204 () {34 vars in 1012 bytes} [Thu Mar 12 22:51:59 2026] GET /allocation_candidates?limit=1000&resources=DISK_GB%3A1%2CMEMORY_MB%3A512%2CVCPU%3A1&root_required=%21COMPUTE_STATUS_DISABLED => generated 2783 bytes in 40 msecs (HTTP/1.1 200) 8 headers in 297 bytes (1 switches on core 0)
2026-03-12 22:51:59.910 7 INFO placement.requestlog [req-11cc3241-06e4-4138-83b0-9ff33ac5e3ef req-52c93495-8dff-47a4-a6ee-f71108b157b2 2d296bc52e9e43328e6843a2589604d0 1d91d005fbd647b4880b8a5fd004be28 - - 981a6686346c4120b30894f7fc9fdad5 981a6686346c4120b30894f7fc9fdad5] 10.0.0.204 "GET /allocations/0329845e-fbdc-40b8-a4dc-6ad9f0d12865" status: 200 len: 19 microversion: 1.28 [pid: 7|app: 0|req: 354/717] 10.0.0.204 () {34 vars in 861 bytes} [Thu Mar 12 22:51:59 2026] GET /allocations/0329845e-fbdc-40b8-a4dc-6ad9f0d12865 => generated 19 bytes in 12 msecs (HTTP/1.1 200) 8 headers in 295 bytes (1 switches on core 0)
2026-03-12 22:51:59.973 8 INFO placement.requestlog [req-11cc3241-06e4-4138-83b0-9ff33ac5e3ef req-02f0cea1-82ca-4673-a77b-1e76a53f0b9a 2d296bc52e9e43328e6843a2589604d0 1d91d005fbd647b4880b8a5fd004be28 - - 981a6686346c4120b30894f7fc9fdad5 981a6686346c4120b30894f7fc9fdad5] 10.0.0.204 "PUT /allocations/0329845e-fbdc-40b8-a4dc-6ad9f0d12865" status: 204 len: 0 microversion: 1.36 [pid: 8|app: 0|req: 364/718] 10.0.0.204 () {38 vars in 914 bytes} [Thu Mar 12 22:51:59 2026] PUT /allocations/0329845e-fbdc-40b8-a4dc-6ad9f0d12865 => generated 0 bytes in 58 msecs (HTTP/1.1 204) 5 headers in 199 bytes (1 switches on core 0)
2026-03-12 22:52:01.511 7 INFO placement.requestlog [req-11cc3241-06e4-4138-83b0-9ff33ac5e3ef req-c97138d5-0bd0-4cc3-b468-3d6b704e2f9b 2d296bc52e9e43328e6843a2589604d0 1d91d005fbd647b4880b8a5fd004be28 - - 981a6686346c4120b30894f7fc9fdad5 981a6686346c4120b30894f7fc9fdad5] 162.253.55.49 "GET /allocations/0329845e-fbdc-40b8-a4dc-6ad9f0d12865" status: 200 len: 257 microversion: 1.28 [pid: 7|app: 0|req: 355/719] 162.253.55.49 () {34 vars in 862 bytes} [Thu Mar 12 22:52:01 2026] GET /allocations/0329845e-fbdc-40b8-a4dc-6ad9f0d12865 => generated 257 bytes in 15 msecs (HTTP/1.1 200) 8 headers in 296 bytes (1 switches on core 0)
2026-03-12 22:52:02.376 8 INFO placement.requestlog [None req-074ec7e0-5523-4504-a248-72a8f0a796a4 9af352f8b43d44709c84e0947ef645f8 1d91d005fbd647b4880b8a5fd004be28 - - 981a6686346c4120b30894f7fc9fdad5 981a6686346c4120b30894f7fc9fdad5] 10.0.0.197 "GET /resource_providers/c5401e9d-38b0-4848-94de-51a7ae119cd1/aggregates" status: 404 len: 235 microversion: 1.1 [pid: 8|app: 0|req: 365/720] 10.0.0.197 () {32 vars in 816 bytes} [Thu Mar 12 22:52:02 2026] GET /resource_providers/c5401e9d-38b0-4848-94de-51a7ae119cd1/aggregates => generated 235 bytes in 7 msecs (HTTP/1.1 404) 5 headers in 202 bytes (1 switches on core 0)
2026-03-12 22:52:02.386 8 INFO placement.requestlog [None req-3ce9d610-6515-475f-bfd6-a5c9195a96ac 9af352f8b43d44709c84e0947ef645f8 1d91d005fbd647b4880b8a5fd004be28 - - 981a6686346c4120b30894f7fc9fdad5 981a6686346c4120b30894f7fc9fdad5] 10.0.0.197 "DELETE /resource_providers/c5401e9d-38b0-4848-94de-51a7ae119cd1" status: 404 len: 246 microversion: 1.1 [pid: 8|app: 0|req: 366/721] 10.0.0.197 () {34 vars in 816 bytes} [Thu Mar 12 22:52:02 2026] DELETE /resource_providers/c5401e9d-38b0-4848-94de-51a7ae119cd1 => generated 246 bytes in 4 msecs (HTTP/1.1 404) 6 headers in 231 bytes (1 switches on core 0)
2026-03-12 22:52:02.387 7 INFO placement.requestlog [None req-ff7bdf2c-5b2a-42d3-bad4-2b1da594315c 9af352f8b43d44709c84e0947ef645f8 1d91d005fbd647b4880b8a5fd004be28 - - 981a6686346c4120b30894f7fc9fdad5 981a6686346c4120b30894f7fc9fdad5] 10.0.0.197 "GET /resource_providers/c5401e9d-38b0-4848-94de-51a7ae119cd1/aggregates" status: 404 len: 235 microversion: 1.1 [pid: 7|app: 0|req: 356/722] 10.0.0.197 () {32 vars in 816 bytes} [Thu Mar 12 22:52:02 2026] GET /resource_providers/c5401e9d-38b0-4848-94de-51a7ae119cd1/aggregates => generated 235 bytes in 7 msecs (HTTP/1.1 404) 5 headers in 202 bytes (1 switches on core 0)
2026-03-12 22:52:02.408 8 INFO placement.requestlog [None req-72d5563a-c64d-4d58-b546-b629b6f14729 9af352f8b43d44709c84e0947ef645f8 1d91d005fbd647b4880b8a5fd004be28 - - 981a6686346c4120b30894f7fc9fdad5 981a6686346c4120b30894f7fc9fdad5] 10.0.0.197 "DELETE /resource_providers/c5401e9d-38b0-4848-94de-51a7ae119cd1" status: 404 len: 246 microversion: 1.1 [pid: 8|app: 0|req: 367/723] 10.0.0.197 () {34 vars in 816 bytes} [Thu Mar 12 22:52:02 2026] DELETE /resource_providers/c5401e9d-38b0-4848-94de-51a7ae119cd1 => generated 246 bytes in 10 msecs (HTTP/1.1 404) 6 headers in 231 bytes (1 switches on core 0)
2026-03-12 22:52:02.573 7 INFO placement.requestlog [req-11cc3241-06e4-4138-83b0-9ff33ac5e3ef req-7b74dd72-7179-4dc3-9c7c-046b9f4285f3 2d296bc52e9e43328e6843a2589604d0 1d91d005fbd647b4880b8a5fd004be28 - - 981a6686346c4120b30894f7fc9fdad5 981a6686346c4120b30894f7fc9fdad5] 162.253.55.49 "GET /resource_providers/2f104ddb-1f7c-49d0-9498-ef90168779f6/allocations" status: 200 len: 252 microversion: 1.0 [pid: 7|app: 0|req: 357/724] 162.253.55.49 () {32 vars in 856 bytes} [Thu Mar 12 22:52:02 2026] GET /resource_providers/2f104ddb-1f7c-49d0-9498-ef90168779f6/allocations => generated 252 bytes in 24 msecs (HTTP/1.1 200) 6 headers in 224 bytes (1 switches on core 0)
2026-03-12 22:52:02.591 8 INFO placement.requestlog [req-11cc3241-06e4-4138-83b0-9ff33ac5e3ef req-e82eb669-9c18-4d9b-84f5-e20ac1757676 2d296bc52e9e43328e6843a2589604d0 1d91d005fbd647b4880b8a5fd004be28 - - 981a6686346c4120b30894f7fc9fdad5 981a6686346c4120b30894f7fc9fdad5] 162.253.55.49 "GET /allocations/c6f37963-88c3-409c-99a3-b140da4422b1" status: 200 len: 257 microversion: 1.28 [pid: 8|app: 0|req: 368/725] 162.253.55.49 () {34 vars in 862 bytes} [Thu Mar 12 22:52:02 2026] GET /allocations/c6f37963-88c3-409c-99a3-b140da4422b1 => generated 257 bytes in 12 msecs (HTTP/1.1 200) 8 headers in 296 bytes (1 switches on core 0)
2026-03-12 22:52:02.612 7 INFO placement.requestlog [req-11cc3241-06e4-4138-83b0-9ff33ac5e3ef req-3f008822-257b-473c-9eb9-7b097d02af4b 2d296bc52e9e43328e6843a2589604d0 1d91d005fbd647b4880b8a5fd004be28 - - 981a6686346c4120b30894f7fc9fdad5 981a6686346c4120b30894f7fc9fdad5] 162.253.55.49 "GET /allocations/0329845e-fbdc-40b8-a4dc-6ad9f0d12865" status: 200 len: 257 microversion: 1.28 [pid: 7|app: 0|req: 358/726] 162.253.55.49 () {34 vars in 862 bytes} [Thu Mar 12 22:52:02 2026] GET /allocations/0329845e-fbdc-40b8-a4dc-6ad9f0d12865 => generated 257 bytes in 13 msecs (HTTP/1.1 200) 8 headers in 296 bytes (1 switches on core 0)
2026-03-12 22:52:04.408 8 INFO placement.requestlog [None req-483f3088-84a8-4842-b410-6736277128b7 9af352f8b43d44709c84e0947ef645f8 1d91d005fbd647b4880b8a5fd004be28 - - 981a6686346c4120b30894f7fc9fdad5 981a6686346c4120b30894f7fc9fdad5] 10.0.0.197 "GET /resource_providers/6df508a3-a293-4fa6-83e1-d207202cf2a2/aggregates" status: 404 len: 235 microversion: 1.1 [pid: 8|app: 0|req: 369/727] 10.0.0.197 () {32 vars in 816 bytes} [Thu Mar 12 22:52:04 2026] GET /resource_providers/6df508a3-a293-4fa6-83e1-d207202cf2a2/aggregates => generated 235 bytes in 8 msecs (HTTP/1.1 404) 5 headers in 202 bytes (1 switches on core 0)
2026-03-12 22:52:04.430 7 INFO placement.requestlog [None req-830811b0-d73d-40ce-8383-1de5dbe952a8 9af352f8b43d44709c84e0947ef645f8 1d91d005fbd647b4880b8a5fd004be28 - - 981a6686346c4120b30894f7fc9fdad5 981a6686346c4120b30894f7fc9fdad5] 10.0.0.197 "DELETE /resource_providers/6df508a3-a293-4fa6-83e1-d207202cf2a2" status: 404 len: 246 microversion: 1.1 [pid: 7|app: 0|req: 359/728] 10.0.0.197 () {34 vars in 816 bytes} [Thu Mar 12 22:52:04 2026] DELETE /resource_providers/6df508a3-a293-4fa6-83e1-d207202cf2a2 => generated 246 bytes in 8 msecs (HTTP/1.1 404) 6 headers in 231 bytes (1 switches on core 0)
2026-03-12 22:52:04.447 8 INFO placement.requestlog [None req-198ba094-b819-4969-a339-1de2ea486998 9af352f8b43d44709c84e0947ef645f8 1d91d005fbd647b4880b8a5fd004be28 - - 981a6686346c4120b30894f7fc9fdad5 981a6686346c4120b30894f7fc9fdad5] 10.0.0.197 "GET /resource_providers/6df508a3-a293-4fa6-83e1-d207202cf2a2/aggregates" status: 404 len: 235 microversion: 1.1 [pid: 8|app: 0|req: 370/729] 10.0.0.197 () {32 vars in 816 bytes} [Thu Mar 12 22:52:04 2026] GET /resource_providers/6df508a3-a293-4fa6-83e1-d207202cf2a2/aggregates => generated 235 bytes in 10 msecs (HTTP/1.1 404) 5 headers in 202 bytes (1 switches on core 0)
2026-03-12 22:52:04.468 7 INFO placement.requestlog [None req-e9ea4e83-e22b-4bf1-843e-c99e2b005e64 9af352f8b43d44709c84e0947ef645f8 1d91d005fbd647b4880b8a5fd004be28 - - 981a6686346c4120b30894f7fc9fdad5 981a6686346c4120b30894f7fc9fdad5] 10.0.0.197 "DELETE /resource_providers/6df508a3-a293-4fa6-83e1-d207202cf2a2" status: 404 len: 246 microversion: 1.1 [pid: 7|app: 0|req: 360/730] 10.0.0.197 () {34 vars in 816 bytes} [Thu Mar 12 22:52:04 2026] DELETE /resource_providers/6df508a3-a293-4fa6-83e1-d207202cf2a2 => generated 246 bytes in 13 msecs (HTTP/1.1 404) 6 headers in 231 bytes (1 switches on core 0)
2026-03-12 22:52:06.322 7 INFO placement.requestlog [None req-ed7b1966-0b5d-4066-ae92-767671c759d6 9af352f8b43d44709c84e0947ef645f8 1d91d005fbd647b4880b8a5fd004be28 - - 981a6686346c4120b30894f7fc9fdad5 981a6686346c4120b30894f7fc9fdad5] 10.0.0.197 "GET /resource_providers/2e75813f-6175-4448-977c-c1da7cf2d540/aggregates" status: 404 len: 235 microversion: 1.1 [pid: 7|app: 0|req: 361/731] 10.0.0.197 () {32 vars in 816 bytes} [Thu Mar 12 22:52:06 2026] GET /resource_providers/2e75813f-6175-4448-977c-c1da7cf2d540/aggregates => generated 235 bytes in 7 msecs (HTTP/1.1 404) 5 headers in 202 bytes (1 switches on core 0)
2026-03-12 22:52:06.323 7 INFO placement.requestlog [None req-3bf797e9-9cfa-45ae-994c-f5c162cafd7d - - - - - -] 10.0.0.189 "GET /" status: 200 len: 136 microversion: 1.0
2026-03-12 22:52:06.324 7 INFO placement.requestlog [None req-4e41079b-9a09-418a-91ce-84bd5204518a - - - - - -] 10.0.0.189 "GET /" status: 200 len: 136 microversion: 1.0
2026-03-12 22:52:06.327 8 INFO placement.requestlog [None req-808317c1-b4f9-412e-aa43-43849d21efaf 9af352f8b43d44709c84e0947ef645f8 1d91d005fbd647b4880b8a5fd004be28 - - 981a6686346c4120b30894f7fc9fdad5 981a6686346c4120b30894f7fc9fdad5] 10.0.0.197 "GET /resource_providers/2e75813f-6175-4448-977c-c1da7cf2d540/aggregates" status: 404 len: 235 microversion: 1.1 [pid: 8|app: 0|req: 371/734] 10.0.0.197 () {32 vars in 816 bytes} [Thu Mar 12 22:52:06 2026] GET /resource_providers/2e75813f-6175-4448-977c-c1da7cf2d540/aggregates => generated 235 bytes in 13 msecs (HTTP/1.1 404) 5 headers in 202 bytes (1 switches on core 0)
2026-03-12 22:52:06.342 7 INFO placement.requestlog [None req-fec3510d-6df2-4061-b31c-958b99af1e55 9af352f8b43d44709c84e0947ef645f8 1d91d005fbd647b4880b8a5fd004be28 - - 981a6686346c4120b30894f7fc9fdad5 981a6686346c4120b30894f7fc9fdad5] 10.0.0.197 "DELETE /resource_providers/2e75813f-6175-4448-977c-c1da7cf2d540" status: 404 len: 246 microversion: 1.1 [pid: 7|app: 0|req: 364/735] 10.0.0.197 () {34 vars in 816 bytes} [Thu Mar 12 22:52:06 2026] DELETE /resource_providers/2e75813f-6175-4448-977c-c1da7cf2d540 => generated 246 bytes in 4 msecs (HTTP/1.1 404) 6 headers in 231 bytes (1 switches on core 0)
2026-03-12 22:52:06.349 8 INFO placement.requestlog [None req-93fc5e28-3471-4aa5-9b6e-03c46a9e466f 9af352f8b43d44709c84e0947ef645f8 1d91d005fbd647b4880b8a5fd004be28 - - 981a6686346c4120b30894f7fc9fdad5 981a6686346c4120b30894f7fc9fdad5] 10.0.0.197 "DELETE /resource_providers/2e75813f-6175-4448-977c-c1da7cf2d540" status: 404 len: 246 microversion: 1.1 [pid: 8|app: 0|req: 372/736] 10.0.0.197 () {34 vars in 816 bytes} [Thu Mar 12 22:52:06 2026] DELETE /resource_providers/2e75813f-6175-4448-977c-c1da7cf2d540 => generated 246 bytes in 11 msecs (HTTP/1.1 404) 6 headers in 231 bytes (1 switches on core 0)
2026-03-12 22:52:10.117 7 INFO placement.requestlog [None req-ec62a109-c973-40f9-95f0-2cd10f353699 9af352f8b43d44709c84e0947ef645f8 1d91d005fbd647b4880b8a5fd004be28 - - 981a6686346c4120b30894f7fc9fdad5 981a6686346c4120b30894f7fc9fdad5] 10.0.0.197 "GET /resource_providers/ea9d52d5-7d0c-414b-b2d1-07770af27c0f/aggregates" status: 404 len: 235 microversion: 1.1 [pid: 7|app: 0|req: 365/737] 10.0.0.197 () {32 vars in 816 bytes} [Thu Mar 12 22:52:10 2026] GET /resource_providers/ea9d52d5-7d0c-414b-b2d1-07770af27c0f/aggregates => generated 235 bytes in 13 msecs (HTTP/1.1 404) 5 headers in 202 bytes (1 switches on core 0)
2026-03-12 22:52:10.121 8 INFO placement.requestlog [None req-4997112e-7d72-4428-a9d9-a354ae3c07bc 9af352f8b43d44709c84e0947ef645f8 1d91d005fbd647b4880b8a5fd004be28 - - 981a6686346c4120b30894f7fc9fdad5 981a6686346c4120b30894f7fc9fdad5] 10.0.0.197 "GET /resource_providers/ea9d52d5-7d0c-414b-b2d1-07770af27c0f/aggregates" status: 404 len: 235 microversion: 1.1 [pid: 8|app: 0|req: 373/738] 10.0.0.197 () {32 vars in 816 bytes} [Thu Mar 12 22:52:10 2026] GET /resource_providers/ea9d52d5-7d0c-414b-b2d1-07770af27c0f/aggregates => generated 235 bytes in 17 msecs (HTTP/1.1 404) 5 headers in 202 bytes (1 switches on core 0)
2026-03-12 22:52:10.153 8 INFO placement.requestlog [None req-ad096e11-e69f-4b51-83ba-385dc2967ff1 9af352f8b43d44709c84e0947ef645f8 1d91d005fbd647b4880b8a5fd004be28 - - 981a6686346c4120b30894f7fc9fdad5 981a6686346c4120b30894f7fc9fdad5] 10.0.0.197 "DELETE /resource_providers/ea9d52d5-7d0c-414b-b2d1-07770af27c0f" status: 404 len: 246 microversion: 1.1 [pid: 8|app: 0|req: 374/739] 10.0.0.197 () {34 vars in 816 bytes} [Thu Mar 12 22:52:10 2026] DELETE /resource_providers/ea9d52d5-7d0c-414b-b2d1-07770af27c0f => generated 246 bytes in 16 msecs (HTTP/1.1 404) 6 headers in 231 bytes (1 switches on core 0)
2026-03-12 22:52:10.154 7 INFO placement.requestlog [None req-09fa2c80-45b0-4ac7-ada1-8247f72ea4b0 9af352f8b43d44709c84e0947ef645f8 1d91d005fbd647b4880b8a5fd004be28 - - 981a6686346c4120b30894f7fc9fdad5 981a6686346c4120b30894f7fc9fdad5] 10.0.0.197 "DELETE /resource_providers/ea9d52d5-7d0c-414b-b2d1-07770af27c0f" status: 404 len: 246 microversion: 1.1 [pid: 7|app: 0|req: 366/740] 10.0.0.197 () {34 vars in 816 bytes} [Thu Mar 12 22:52:10 2026] DELETE /resource_providers/ea9d52d5-7d0c-414b-b2d1-07770af27c0f => generated 246 bytes in 18 msecs (HTTP/1.1 404) 6 headers in 231 bytes (1 switches on core 0)
2026-03-12 22:52:11.180 8 INFO placement.requestlog [None req-babf724b-fc68-4864-9b1e-8e017e98f04b 9af352f8b43d44709c84e0947ef645f8 1d91d005fbd647b4880b8a5fd004be28 - - 981a6686346c4120b30894f7fc9fdad5 981a6686346c4120b30894f7fc9fdad5] 10.0.0.197 "GET /resource_providers/c83c6124-c134-4cd5-8451-4f343a4db03d/aggregates" status: 404 len: 235 microversion: 1.1 [pid: 8|app: 0|req: 375/741] 10.0.0.197 () {32 vars in 816 bytes} [Thu Mar 12 22:52:11 2026] GET /resource_providers/c83c6124-c134-4cd5-8451-4f343a4db03d/aggregates => generated 235 bytes in 8 msecs (HTTP/1.1 404) 5 headers in 202 bytes (1 switches on core 0)
2026-03-12 22:52:11.186 7 INFO placement.requestlog [None req-acc0e403-7c8c-465e-8f29-18b61a0dfc9c 9af352f8b43d44709c84e0947ef645f8 1d91d005fbd647b4880b8a5fd004be28 - - 981a6686346c4120b30894f7fc9fdad5 981a6686346c4120b30894f7fc9fdad5] 10.0.0.197 "GET /resource_providers/c83c6124-c134-4cd5-8451-4f343a4db03d/aggregates" status: 404 len: 235 microversion: 1.1 [pid: 7|app: 0|req: 367/742] 10.0.0.197 () {32 vars in 816 bytes} [Thu Mar 12 22:52:11 2026] GET /resource_providers/c83c6124-c134-4cd5-8451-4f343a4db03d/aggregates => generated 235 bytes in 9 msecs (HTTP/1.1 404) 5 headers in 202 bytes (1 switches on core 0)
2026-03-12 22:52:11.219 8 INFO placement.requestlog [None req-6bb9573a-cdcf-4f0e-b567-bad19cc03bbf 9af352f8b43d44709c84e0947ef645f8 1d91d005fbd647b4880b8a5fd004be28 - - 981a6686346c4120b30894f7fc9fdad5 981a6686346c4120b30894f7fc9fdad5] 10.0.0.197 "DELETE /resource_providers/c83c6124-c134-4cd5-8451-4f343a4db03d" status: 404 len: 246 microversion: 1.1 [pid: 8|app: 0|req: 376/743] 10.0.0.197 () {34 vars in 816 bytes} [Thu Mar 12 22:52:11 2026] DELETE /resource_providers/c83c6124-c134-4cd5-8451-4f343a4db03d => generated 246 bytes in 12 msecs (HTTP/1.1 404) 6 headers in 231 bytes (1 switches on core 0)
2026-03-12 22:52:11.225 7 INFO placement.requestlog [None req-54430aa9-0693-4251-b74a-7d02a0032e23 9af352f8b43d44709c84e0947ef645f8 1d91d005fbd647b4880b8a5fd004be28 - - 981a6686346c4120b30894f7fc9fdad5 981a6686346c4120b30894f7fc9fdad5] 10.0.0.197 "DELETE /resource_providers/c83c6124-c134-4cd5-8451-4f343a4db03d" status: 404 len: 246 microversion: 1.1 [pid: 7|app: 0|req: 368/744] 10.0.0.197 () {34 vars in 816 bytes} [Thu Mar 12 22:52:11 2026] DELETE /resource_providers/c83c6124-c134-4cd5-8451-4f343a4db03d => generated 246 bytes in 14 msecs (HTTP/1.1 404) 6 headers in 231 bytes (1 switches on core 0)
2026-03-12 22:52:12.171 8 INFO placement.requestlog [None req-43906e6e-8a7b-4c1f-b0a6-7710dfdbd161 9af352f8b43d44709c84e0947ef645f8 1d91d005fbd647b4880b8a5fd004be28 - - 981a6686346c4120b30894f7fc9fdad5 981a6686346c4120b30894f7fc9fdad5] 10.0.0.197 "GET /resource_providers/e687efb9-810d-47bf-a2cd-a9b33a0f11a3/aggregates" status: 404 len: 235 microversion: 1.1 [pid: 8|app: 0|req: 377/745] 10.0.0.197 () {32 vars in 816 bytes} [Thu Mar 12 22:52:12 2026] GET /resource_providers/e687efb9-810d-47bf-a2cd-a9b33a0f11a3/aggregates => generated 235 bytes in 9 msecs (HTTP/1.1 404) 5 headers in 202 bytes (1 switches on core 0)
2026-03-12 22:52:12.175 7 INFO placement.requestlog [None req-30e033bd-2280-4840-87c2-6565c2baae62 9af352f8b43d44709c84e0947ef645f8 1d91d005fbd647b4880b8a5fd004be28 - - 981a6686346c4120b30894f7fc9fdad5 981a6686346c4120b30894f7fc9fdad5] 10.0.0.197 "GET /resource_providers/e687efb9-810d-47bf-a2cd-a9b33a0f11a3/aggregates" status: 404 len: 235 microversion: 1.1 [pid: 7|app: 0|req: 369/746] 10.0.0.197 () {32 vars in 816 bytes} [Thu Mar 12 22:52:12 2026] GET /resource_providers/e687efb9-810d-47bf-a2cd-a9b33a0f11a3/aggregates => generated 235 bytes in 11 msecs (HTTP/1.1 404) 5 headers in 202 bytes (1 switches on core 0)
2026-03-12 22:52:12.194 8 INFO placement.requestlog [None req-c833394d-0def-4d4e-a2c2-6be0717f5e80 9af352f8b43d44709c84e0947ef645f8 1d91d005fbd647b4880b8a5fd004be28 - - 981a6686346c4120b30894f7fc9fdad5 981a6686346c4120b30894f7fc9fdad5] 10.0.0.197 "DELETE /resource_providers/e687efb9-810d-47bf-a2cd-a9b33a0f11a3" status: 404 len: 246 microversion: 1.1 [pid: 8|app: 0|req: 378/747] 10.0.0.197 () {34 vars in 816 bytes} [Thu Mar 12 22:52:12 2026] DELETE /resource_providers/e687efb9-810d-47bf-a2cd-a9b33a0f11a3 => generated 246 bytes in 11 msecs (HTTP/1.1 404) 6 headers in 231 bytes (1 switches on core 0)
2026-03-12 22:52:12.197 7 INFO placement.requestlog [None req-b50e0a73-a1ac-412d-8bfd-857d0fc786d1 9af352f8b43d44709c84e0947ef645f8 1d91d005fbd647b4880b8a5fd004be28 - - 981a6686346c4120b30894f7fc9fdad5 981a6686346c4120b30894f7fc9fdad5] 10.0.0.197 "DELETE /resource_providers/e687efb9-810d-47bf-a2cd-a9b33a0f11a3" status: 404 len: 246 microversion: 1.1 [pid: 7|app: 0|req: 370/748] 10.0.0.197 () {34 vars in 816 bytes} [Thu Mar 12 22:52:12 2026] DELETE /resource_providers/e687efb9-810d-47bf-a2cd-a9b33a0f11a3 => generated 246 bytes in 10 msecs (HTTP/1.1 404) 6 headers in 231 bytes (1 switches on core 0)
2026-03-12 22:52:13.255 8 INFO placement.requestlog [None req-86635898-ca2a-48af-acef-d603513dc23f 9af352f8b43d44709c84e0947ef645f8 1d91d005fbd647b4880b8a5fd004be28 - - 981a6686346c4120b30894f7fc9fdad5 981a6686346c4120b30894f7fc9fdad5] 10.0.0.197 "GET /resource_providers/22dbf1c3-b0f4-4538-9b86-68e87823ddd2/aggregates" status: 404 len: 235 microversion: 1.1 [pid: 8|app: 0|req: 379/749] 10.0.0.197 () {32 vars in 816 bytes} [Thu Mar 12 22:52:13 2026] GET /resource_providers/22dbf1c3-b0f4-4538-9b86-68e87823ddd2/aggregates => generated 235 bytes in 7 msecs (HTTP/1.1 404) 5 headers in 202 bytes (1 switches on core 0)
