2026-03-19 12:20:56.524 7 INFO cinder.api.openstack.wsgi [None req-f9992e4d-968c-4d1a-8c92-818f3c8f9956 87b3eaf59e9e4b5e8e844f85bdf0ae33 2879024e1d8145b08762ff169ee9e5e9 - - default default] GET http://cinder-api.openstack.svc.cluster.local:8776/v3/2879024e1d8145b08762ff169ee9e5e9/volumes/detail?all_tenants=true
2026-03-19 12:20:56.533 7 INFO cinder.volume.api [None req-f9992e4d-968c-4d1a-8c92-818f3c8f9956 87b3eaf59e9e4b5e8e844f85bdf0ae33 2879024e1d8145b08762ff169ee9e5e9 - - default default] Get all volumes completed successfully.
2026-03-19 12:20:56.535 7 INFO cinder.api.openstack.wsgi [None req-f9992e4d-968c-4d1a-8c92-818f3c8f9956 87b3eaf59e9e4b5e8e844f85bdf0ae33 2879024e1d8145b08762ff169ee9e5e9 - - default default] http://cinder-api.openstack.svc.cluster.local:8776/v3/2879024e1d8145b08762ff169ee9e5e9/volumes/detail?all_tenants=true returned with HTTP 200 [pid: 7|app: 0|req: 347/695] 10.0.0.138 () {28 vars in 684 bytes} [Thu Mar 19 12:20:56 2026] GET /v3/2879024e1d8145b08762ff169ee9e5e9/volumes/detail?all_tenants=true => generated 15 bytes in 16 msecs (HTTP/1.1 200) 7 headers in 284 bytes (1 switches on core 0)
2026-03-19 12:21:00.812 7 INFO cinder.api.openstack.wsgi [None req-f9992e4d-968c-4d1a-8c92-818f3c8f9956 87b3eaf59e9e4b5e8e844f85bdf0ae33 2879024e1d8145b08762ff169ee9e5e9 - - default default] GET http://10.0.0.241:8776/
2026-03-19 12:21:00.812 8 INFO cinder.api.openstack.wsgi [None req-4e13fc49-0496-477b-9719-65981db37e20 87b3eaf59e9e4b5e8e844f85bdf0ae33 2879024e1d8145b08762ff169ee9e5e9 - - default default] GET http://10.0.0.241:8776/
2026-03-19 12:21:00.813 7 INFO cinder.api.openstack.wsgi [None req-f9992e4d-968c-4d1a-8c92-818f3c8f9956 87b3eaf59e9e4b5e8e844f85bdf0ae33 2879024e1d8145b08762ff169ee9e5e9 - - default default] http://10.0.0.241:8776/ returned with HTTP 300
2026-03-19 12:21:00.814 8 INFO cinder.api.openstack.wsgi [None req-4e13fc49-0496-477b-9719-65981db37e20 87b3eaf59e9e4b5e8e844f85bdf0ae33 2879024e1d8145b08762ff169ee9e5e9 - - default default] http://10.0.0.241:8776/ returned with HTTP 300
2026-03-19 12:21:10.813 7 INFO cinder.api.openstack.wsgi [None req-f9992e4d-968c-4d1a-8c92-818f3c8f9956 87b3eaf59e9e4b5e8e844f85bdf0ae33 2879024e1d8145b08762ff169ee9e5e9 - - default default] GET http://10.0.0.241:8776/
2026-03-19 12:21:10.813 8 INFO cinder.api.openstack.wsgi [None req-4e13fc49-0496-477b-9719-65981db37e20 87b3eaf59e9e4b5e8e844f85bdf0ae33 2879024e1d8145b08762ff169ee9e5e9 - - default default] GET http://10.0.0.241:8776/
2026-03-19 12:21:10.813 8 INFO cinder.api.openstack.wsgi [None req-4e13fc49-0496-477b-9719-65981db37e20 87b3eaf59e9e4b5e8e844f85bdf0ae33 2879024e1d8145b08762ff169ee9e5e9 - - default default] http://10.0.0.241:8776/ returned with HTTP 300
2026-03-19 12:21:10.814 7 INFO cinder.api.openstack.wsgi [None req-f9992e4d-968c-4d1a-8c92-818f3c8f9956 87b3eaf59e9e4b5e8e844f85bdf0ae33 2879024e1d8145b08762ff169ee9e5e9 - - default default] http://10.0.0.241:8776/ returned with HTTP 300
2026-03-19 12:21:20.813 7 INFO cinder.api.openstack.wsgi [None req-f9992e4d-968c-4d1a-8c92-818f3c8f9956 87b3eaf59e9e4b5e8e844f85bdf0ae33 2879024e1d8145b08762ff169ee9e5e9 - - default default] GET http://10.0.0.241:8776/
2026-03-19 12:21:20.813 7 INFO cinder.api.openstack.wsgi [None req-f9992e4d-968c-4d1a-8c92-818f3c8f9956 87b3eaf59e9e4b5e8e844f85bdf0ae33 2879024e1d8145b08762ff169ee9e5e9 - - default default] http://10.0.0.241:8776/ returned with HTTP 300
2026-03-19 12:21:20.813 8 INFO cinder.api.openstack.wsgi [None req-4e13fc49-0496-477b-9719-65981db37e20 87b3eaf59e9e4b5e8e844f85bdf0ae33 2879024e1d8145b08762ff169ee9e5e9 - - default default] GET http://10.0.0.241:8776/
2026-03-19 12:21:20.814 8 INFO cinder.api.openstack.wsgi [None req-4e13fc49-0496-477b-9719-65981db37e20 87b3eaf59e9e4b5e8e844f85bdf0ae33 2879024e1d8145b08762ff169ee9e5e9 - - default default] http://10.0.0.241:8776/ returned with HTTP 300
2026-03-19 12:21:30.815 7 INFO cinder.api.openstack.wsgi [None req-f9992e4d-968c-4d1a-8c92-818f3c8f9956 87b3eaf59e9e4b5e8e844f85bdf0ae33 2879024e1d8145b08762ff169ee9e5e9 - - default default] GET http://10.0.0.241:8776/
2026-03-19 12:21:30.815 8 INFO cinder.api.openstack.wsgi [None req-4e13fc49-0496-477b-9719-65981db37e20 87b3eaf59e9e4b5e8e844f85bdf0ae33 2879024e1d8145b08762ff169ee9e5e9 - - default default] GET http://10.0.0.241:8776/
2026-03-19 12:21:30.816 7 INFO cinder.api.openstack.wsgi [None req-f9992e4d-968c-4d1a-8c92-818f3c8f9956 87b3eaf59e9e4b5e8e844f85bdf0ae33 2879024e1d8145b08762ff169ee9e5e9 - - default default] http://10.0.0.241:8776/ returned with HTTP 300
2026-03-19 12:21:30.817 8 INFO cinder.api.openstack.wsgi [None req-4e13fc49-0496-477b-9719-65981db37e20 87b3eaf59e9e4b5e8e844f85bdf0ae33 2879024e1d8145b08762ff169ee9e5e9 - - default default] http://10.0.0.241:8776/ returned with HTTP 300
2026-03-19 12:21:40.813 7 INFO cinder.api.openstack.wsgi [None req-f9992e4d-968c-4d1a-8c92-818f3c8f9956 87b3eaf59e9e4b5e8e844f85bdf0ae33 2879024e1d8145b08762ff169ee9e5e9 - - default default] GET http://10.0.0.241:8776/
2026-03-19 12:21:40.813 8 INFO cinder.api.openstack.wsgi [None req-4e13fc49-0496-477b-9719-65981db37e20 87b3eaf59e9e4b5e8e844f85bdf0ae33 2879024e1d8145b08762ff169ee9e5e9 - - default default] GET http://10.0.0.241:8776/
2026-03-19 12:21:40.814 7 INFO cinder.api.openstack.wsgi [None req-f9992e4d-968c-4d1a-8c92-818f3c8f9956 87b3eaf59e9e4b5e8e844f85bdf0ae33 2879024e1d8145b08762ff169ee9e5e9 - - default default] http://10.0.0.241:8776/ returned with HTTP 300
2026-03-19 12:21:40.814 8 INFO cinder.api.openstack.wsgi [None req-4e13fc49-0496-477b-9719-65981db37e20 87b3eaf59e9e4b5e8e844f85bdf0ae33 2879024e1d8145b08762ff169ee9e5e9 - - default default] http://10.0.0.241:8776/ returned with HTTP 300
2026-03-19 12:21:45.884 7 INFO cinder.api.openstack.wsgi [None req-1ba0b969-360d-448e-a7c6-cde719305351 87b3eaf59e9e4b5e8e844f85bdf0ae33 2879024e1d8145b08762ff169ee9e5e9 - - default default] GET http://cinder-api.openstack.svc.cluster.local:8776/v3/2879024e1d8145b08762ff169ee9e5e9/snapshots
2026-03-19 12:21:45.897 7 INFO cinder.volume.api [None req-1ba0b969-360d-448e-a7c6-cde719305351 87b3eaf59e9e4b5e8e844f85bdf0ae33 2879024e1d8145b08762ff169ee9e5e9 - - default default] Get all snapshots completed successfully.
2026-03-19 12:21:45.898 7 INFO cinder.api.openstack.wsgi [None req-1ba0b969-360d-448e-a7c6-cde719305351 87b3eaf59e9e4b5e8e844f85bdf0ae33 2879024e1d8145b08762ff169ee9e5e9 - - default default] http://cinder-api.openstack.svc.cluster.local:8776/v3/2879024e1d8145b08762ff169ee9e5e9/snapshots returned with HTTP 200 [pid: 7|app: 0|req: 353/706] 10.0.0.128 () {32 vars in 705 bytes} [Thu Mar 19 12:21:45 2026] GET /v3/2879024e1d8145b08762ff169ee9e5e9/snapshots => generated 17 bytes in 18 msecs (HTTP/1.1 200) 7 headers in 284 bytes (1 switches on core 0)
2026-03-19 12:21:45.914 8 INFO cinder.api.openstack.wsgi [None req-3bceddd2-af6f-4db0-b1de-f0b60dc155db 87b3eaf59e9e4b5e8e844f85bdf0ae33 2879024e1d8145b08762ff169ee9e5e9 - - default default] GET http://cinder-api.openstack.svc.cluster.local:8776/v3/2879024e1d8145b08762ff169ee9e5e9/volumes
2026-03-19 12:21:45.948 8 INFO cinder.volume.api [None req-3bceddd2-af6f-4db0-b1de-f0b60dc155db 87b3eaf59e9e4b5e8e844f85bdf0ae33 2879024e1d8145b08762ff169ee9e5e9 - - default default] Get all volumes completed successfully.
2026-03-19 12:21:45.949 8 INFO cinder.api.openstack.wsgi [None req-3bceddd2-af6f-4db0-b1de-f0b60dc155db 87b3eaf59e9e4b5e8e844f85bdf0ae33 2879024e1d8145b08762ff169ee9e5e9 - - default default] http://cinder-api.openstack.svc.cluster.local:8776/v3/2879024e1d8145b08762ff169ee9e5e9/volumes returned with HTTP 200 [pid: 8|app: 0|req: 354/707] 10.0.0.128 () {32 vars in 701 bytes} [Thu Mar 19 12:21:45 2026] GET /v3/2879024e1d8145b08762ff169ee9e5e9/volumes => generated 15 bytes in 43 msecs (HTTP/1.1 200) 7 headers in 284 bytes (1 switches on core 0)
2026-03-19 12:21:50.813 8 INFO cinder.api.openstack.wsgi [None req-3bceddd2-af6f-4db0-b1de-f0b60dc155db 87b3eaf59e9e4b5e8e844f85bdf0ae33 2879024e1d8145b08762ff169ee9e5e9 - - default default] GET http://10.0.0.241:8776/
2026-03-19 12:21:50.813 7 INFO cinder.api.openstack.wsgi [None req-1ba0b969-360d-448e-a7c6-cde719305351 87b3eaf59e9e4b5e8e844f85bdf0ae33 2879024e1d8145b08762ff169ee9e5e9 - - default default] GET http://10.0.0.241:8776/
2026-03-19 12:21:50.815 8 INFO cinder.api.openstack.wsgi [None req-3bceddd2-af6f-4db0-b1de-f0b60dc155db 87b3eaf59e9e4b5e8e844f85bdf0ae33 2879024e1d8145b08762ff169ee9e5e9 - - default default] http://10.0.0.241:8776/ returned with HTTP 300
2026-03-19 12:21:50.815 7 INFO cinder.api.openstack.wsgi [None req-1ba0b969-360d-448e-a7c6-cde719305351 87b3eaf59e9e4b5e8e844f85bdf0ae33 2879024e1d8145b08762ff169ee9e5e9 - - default default] http://10.0.0.241:8776/ returned with HTTP 300
2026-03-19 12:21:56.143 7 INFO cinder.api.openstack.wsgi [None req-70559b15-9b22-4769-a9d4-1d74f7097888 87b3eaf59e9e4b5e8e844f85bdf0ae33 2879024e1d8145b08762ff169ee9e5e9 - - default default] GET http://cinder-api.openstack.svc.cluster.local:8776/v3/2879024e1d8145b08762ff169ee9e5e9/snapshots?all_tenants=true
2026-03-19 12:21:56.149 7 INFO cinder.volume.api [None req-70559b15-9b22-4769-a9d4-1d74f7097888 87b3eaf59e9e4b5e8e844f85bdf0ae33 2879024e1d8145b08762ff169ee9e5e9 - - default default] Get all snapshots completed successfully.
2026-03-19 12:21:56.150 7 INFO cinder.api.openstack.wsgi [None req-70559b15-9b22-4769-a9d4-1d74f7097888 87b3eaf59e9e4b5e8e844f85bdf0ae33 2879024e1d8145b08762ff169ee9e5e9 - - default default] http://cinder-api.openstack.svc.cluster.local:8776/v3/2879024e1d8145b08762ff169ee9e5e9/snapshots?all_tenants=true returned with HTTP 200 [pid: 7|app: 0|req: 355/710] 10.0.0.138 () {28 vars in 674 bytes} [Thu Mar 19 12:21:55 2026] GET /v3/2879024e1d8145b08762ff169ee9e5e9/snapshots?all_tenants=true => generated 17 bytes in 330 msecs (HTTP/1.1 200) 7 headers in 284 bytes (1 switches on core 0)
2026-03-19 12:21:56.159 8 INFO cinder.api.openstack.wsgi [None req-0190fb88-b1ba-449d-a470-a1b255a12184 87b3eaf59e9e4b5e8e844f85bdf0ae33 2879024e1d8145b08762ff169ee9e5e9 - - default default] GET http://cinder-api.openstack.svc.cluster.local:8776/v3/2879024e1d8145b08762ff169ee9e5e9/os-services
2026-03-19 12:21:56.169 8 INFO cinder.api.openstack.wsgi [None req-0190fb88-b1ba-449d-a470-a1b255a12184 87b3eaf59e9e4b5e8e844f85bdf0ae33 2879024e1d8145b08762ff169ee9e5e9 - - default default] http://cinder-api.openstack.svc.cluster.local:8776/v3/2879024e1d8145b08762ff169ee9e5e9/os-services returned with HTTP 200 [pid: 8|app: 0|req: 356/711] 10.0.0.138 () {28 vars in 645 bytes} [Thu Mar 19 12:21:56 2026] GET /v3/2879024e1d8145b08762ff169ee9e5e9/os-services => generated 646 bytes in 16 msecs (HTTP/1.1 200) 7 headers in 285 bytes (1 switches on core 0)
2026-03-19 12:21:56.179 7 INFO cinder.api.openstack.wsgi [None req-14343630-040e-4cb0-b620-3d7d0a04e0f0 87b3eaf59e9e4b5e8e844f85bdf0ae33 2879024e1d8145b08762ff169ee9e5e9 - - default default] GET http://cinder-api.openstack.svc.cluster.local:8776/v3/2879024e1d8145b08762ff169ee9e5e9/volumes/detail?all_tenants=true
2026-03-19 12:21:56.190 7 INFO cinder.volume.api [None req-14343630-040e-4cb0-b620-3d7d0a04e0f0 87b3eaf59e9e4b5e8e844f85bdf0ae33 2879024e1d8145b08762ff169ee9e5e9 - - default default] Get all volumes completed successfully.
2026-03-19 12:21:56.193 7 INFO cinder.api.openstack.wsgi [None req-14343630-040e-4cb0-b620-3d7d0a04e0f0 87b3eaf59e9e4b5e8e844f85bdf0ae33 2879024e1d8145b08762ff169ee9e5e9 - - default default] http://cinder-api.openstack.svc.cluster.local:8776/v3/2879024e1d8145b08762ff169ee9e5e9/volumes/detail?all_tenants=true returned with HTTP 200 [pid: 7|app: 0|req: 356/712] 10.0.0.138 () {28 vars in 684 bytes} [Thu Mar 19 12:21:56 2026] GET /v3/2879024e1d8145b08762ff169ee9e5e9/volumes/detail?all_tenants=true => generated 15 bytes in 19 msecs (HTTP/1.1 200) 7 headers in 284 bytes (1 switches on core 0)
2026-03-19 12:21:56.329 8 INFO cinder.api.openstack.wsgi [None req-2a5de7ea-becc-483d-b107-5732355f8d6a 87b3eaf59e9e4b5e8e844f85bdf0ae33 2879024e1d8145b08762ff169ee9e5e9 - - default default] GET http://cinder-api.openstack.svc.cluster.local:8776/v3/2879024e1d8145b08762ff169ee9e5e9/os-quota-sets/0e8298c68c9047f7931eda05312767bc?usage=true
2026-03-19 12:21:56.360 8 INFO cinder.api.openstack.wsgi [None req-2a5de7ea-becc-483d-b107-5732355f8d6a 87b3eaf59e9e4b5e8e844f85bdf0ae33 2879024e1d8145b08762ff169ee9e5e9 - - default default] http://cinder-api.openstack.svc.cluster.local:8776/v3/2879024e1d8145b08762ff169ee9e5e9/os-quota-sets/0e8298c68c9047f7931eda05312767bc?usage=true returned with HTTP 200 [pid: 8|app: 0|req: 357/713] 10.0.0.138 () {28 vars in 736 bytes} [Thu Mar 19 12:21:56 2026] GET /v3/2879024e1d8145b08762ff169ee9e5e9/os-quota-sets/0e8298c68c9047f7931eda05312767bc?usage=true => generated 847 bytes in 38 msecs (HTTP/1.1 200) 7 headers in 285 bytes (1 switches on core 0)
2026-03-19 12:21:56.378 7 INFO cinder.api.openstack.wsgi [None req-cedbd8a6-03e4-469e-845a-7adf0e0ebc1b 87b3eaf59e9e4b5e8e844f85bdf0ae33 2879024e1d8145b08762ff169ee9e5e9 - - default default] GET http://cinder-api.openstack.svc.cluster.local:8776/v3/2879024e1d8145b08762ff169ee9e5e9/os-quota-sets/1822f05e37a7456d895a291e438bea67?usage=true
2026-03-19 12:21:56.431 7 INFO cinder.api.openstack.wsgi [None req-cedbd8a6-03e4-469e-845a-7adf0e0ebc1b 87b3eaf59e9e4b5e8e844f85bdf0ae33 2879024e1d8145b08762ff169ee9e5e9 - - default default] http://cinder-api.openstack.svc.cluster.local:8776/v3/2879024e1d8145b08762ff169ee9e5e9/os-quota-sets/1822f05e37a7456d895a291e438bea67?usage=true returned with HTTP 200 [pid: 7|app: 0|req: 357/714] 10.0.0.138 () {28 vars in 736 bytes} [Thu Mar 19 12:21:56 2026] GET /v3/2879024e1d8145b08762ff169ee9e5e9/os-quota-sets/1822f05e37a7456d895a291e438bea67?usage=true => generated 847 bytes in 64 msecs (HTTP/1.1 200) 7 headers in 285 bytes (1 switches on core 0)
2026-03-19 12:21:56.450 8 INFO cinder.api.openstack.wsgi [None req-eac3426f-3c83-46cb-a4a7-b75e3567fcd3 87b3eaf59e9e4b5e8e844f85bdf0ae33 2879024e1d8145b08762ff169ee9e5e9 - - default default] GET http://cinder-api.openstack.svc.cluster.local:8776/v3/2879024e1d8145b08762ff169ee9e5e9/os-quota-sets/22c816fabdab4fe39ad17fbc91a47ab4?usage=true
2026-03-19 12:21:56.490 8 INFO cinder.api.openstack.wsgi [None req-eac3426f-3c83-46cb-a4a7-b75e3567fcd3 87b3eaf59e9e4b5e8e844f85bdf0ae33 2879024e1d8145b08762ff169ee9e5e9 - - default default] http://cinder-api.openstack.svc.cluster.local:8776/v3/2879024e1d8145b08762ff169ee9e5e9/os-quota-sets/22c816fabdab4fe39ad17fbc91a47ab4?usage=true returned with HTTP 200 [pid: 8|app: 0|req: 358/715] 10.0.0.138 () {28 vars in 736 bytes} [Thu Mar 19 12:21:56 2026] GET /v3/2879024e1d8145b08762ff169ee9e5e9/os-quota-sets/22c816fabdab4fe39ad17fbc91a47ab4?usage=true => generated 845 bytes in 51 msecs (HTTP/1.1 200) 7 headers in 285 bytes (1 switches on core 0)
2026-03-19 12:21:56.502 7 INFO cinder.api.openstack.wsgi [None req-6f1bea42-3200-49f5-97d4-c3a3f548bb80 87b3eaf59e9e4b5e8e844f85bdf0ae33 2879024e1d8145b08762ff169ee9e5e9 - - default default] GET http://cinder-api.openstack.svc.cluster.local:8776/v3/2879024e1d8145b08762ff169ee9e5e9/os-quota-sets/2879024e1d8145b08762ff169ee9e5e9?usage=true
2026-03-19 12:21:56.549 7 INFO cinder.api.openstack.wsgi [None req-6f1bea42-3200-49f5-97d4-c3a3f548bb80 87b3eaf59e9e4b5e8e844f85bdf0ae33 2879024e1d8145b08762ff169ee9e5e9 - - default default] http://cinder-api.openstack.svc.cluster.local:8776/v3/2879024e1d8145b08762ff169ee9e5e9/os-quota-sets/2879024e1d8145b08762ff169ee9e5e9?usage=true returned with HTTP 200 [pid: 7|app: 0|req: 358/716] 10.0.0.138 () {28 vars in 736 bytes} [Thu Mar 19 12:21:56 2026] GET /v3/2879024e1d8145b08762ff169ee9e5e9/os-quota-sets/2879024e1d8145b08762ff169ee9e5e9?usage=true => generated 845 bytes in 55 msecs (HTTP/1.1 200) 7 headers in 285 bytes (1 switches on core 0)
2026-03-19 12:21:56.561 8 INFO cinder.api.openstack.wsgi [None req-2acf36e9-2a62-4d58-b943-7311041af4f3 87b3eaf59e9e4b5e8e844f85bdf0ae33 2879024e1d8145b08762ff169ee9e5e9 - - default default] GET http://cinder-api.openstack.svc.cluster.local:8776/v3/2879024e1d8145b08762ff169ee9e5e9/os-quota-sets/487c89b5dcce40a09fe4beae90e41d75?usage=true
2026-03-19 12:21:56.584 8 INFO cinder.api.openstack.wsgi [None req-2acf36e9-2a62-4d58-b943-7311041af4f3 87b3eaf59e9e4b5e8e844f85bdf0ae33 2879024e1d8145b08762ff169ee9e5e9 - - default default] http://cinder-api.openstack.svc.cluster.local:8776/v3/2879024e1d8145b08762ff169ee9e5e9/os-quota-sets/487c89b5dcce40a09fe4beae90e41d75?usage=true returned with HTTP 200 [pid: 8|app: 0|req: 359/717] 10.0.0.138 () {28 vars in 736 bytes} [Thu Mar 19 12:21:56 2026] GET /v3/2879024e1d8145b08762ff169ee9e5e9/os-quota-sets/487c89b5dcce40a09fe4beae90e41d75?usage=true => generated 847 bytes in 31 msecs (HTTP/1.1 200) 7 headers in 285 bytes (1 switches on core 0)
2026-03-19 12:21:56.602 7 INFO cinder.api.openstack.wsgi [None req-b03c3741-dfec-4dd7-bf57-a58c2b280b88 87b3eaf59e9e4b5e8e844f85bdf0ae33 2879024e1d8145b08762ff169ee9e5e9 - - default default] GET http://cinder-api.openstack.svc.cluster.local:8776/v3/2879024e1d8145b08762ff169ee9e5e9/os-quota-sets/77e573f1082e42389ea0e4b153ddac26?usage=true
2026-03-19 12:21:56.641 7 INFO cinder.api.openstack.wsgi [None req-b03c3741-dfec-4dd7-bf57-a58c2b280b88 87b3eaf59e9e4b5e8e844f85bdf0ae33 2879024e1d8145b08762ff169ee9e5e9 - - default default] http://cinder-api.openstack.svc.cluster.local:8776/v3/2879024e1d8145b08762ff169ee9e5e9/os-quota-sets/77e573f1082e42389ea0e4b153ddac26?usage=true returned with HTTP 200 [pid: 7|app: 0|req: 359/718] 10.0.0.138 () {28 vars in 736 bytes} [Thu Mar 19 12:21:56 2026] GET /v3/2879024e1d8145b08762ff169ee9e5e9/os-quota-sets/77e573f1082e42389ea0e4b153ddac26?usage=true => generated 847 bytes in 49 msecs (HTTP/1.1 200) 7 headers in 285 bytes (1 switches on core 0)
2026-03-19 12:21:56.656 8 INFO cinder.api.openstack.wsgi [None req-5c6586b5-95f4-4f05-9b8c-bfa51cd06b45 87b3eaf59e9e4b5e8e844f85bdf0ae33 2879024e1d8145b08762ff169ee9e5e9 - - default default] GET http://cinder-api.openstack.svc.cluster.local:8776/v3/2879024e1d8145b08762ff169ee9e5e9/os-quota-sets/8c884cee0c414399b36fce858189eaee?usage=true
2026-03-19 12:21:56.692 8 INFO cinder.api.openstack.wsgi [None req-5c6586b5-95f4-4f05-9b8c-bfa51cd06b45 87b3eaf59e9e4b5e8e844f85bdf0ae33 2879024e1d8145b08762ff169ee9e5e9 - - default default] http://cinder-api.openstack.svc.cluster.local:8776/v3/2879024e1d8145b08762ff169ee9e5e9/os-quota-sets/8c884cee0c414399b36fce858189eaee?usage=true returned with HTTP 200 [pid: 8|app: 0|req: 360/719] 10.0.0.138 () {28 vars in 736 bytes} [Thu Mar 19 12:21:56 2026] GET /v3/2879024e1d8145b08762ff169ee9e5e9/os-quota-sets/8c884cee0c414399b36fce858189eaee?usage=true => generated 847 bytes in 47 msecs (HTTP/1.1 200) 7 headers in 285 bytes (1 switches on core 0)
2026-03-19 12:21:56.705 7 INFO cinder.api.openstack.wsgi [None req-e74e8fae-fdc2-426d-9eb2-bd95475d9ff5 87b3eaf59e9e4b5e8e844f85bdf0ae33 2879024e1d8145b08762ff169ee9e5e9 - - default default] GET http://cinder-api.openstack.svc.cluster.local:8776/v3/2879024e1d8145b08762ff169ee9e5e9/volumes/detail?all_tenants=true
2026-03-19 12:21:56.715 7 INFO cinder.volume.api [None req-e74e8fae-fdc2-426d-9eb2-bd95475d9ff5 87b3eaf59e9e4b5e8e844f85bdf0ae33 2879024e1d8145b08762ff169ee9e5e9 - - default default] Get all volumes completed successfully.
2026-03-19 12:21:56.717 7 INFO cinder.api.openstack.wsgi [None req-e74e8fae-fdc2-426d-9eb2-bd95475d9ff5 87b3eaf59e9e4b5e8e844f85bdf0ae33 2879024e1d8145b08762ff169ee9e5e9 - - default default] http://cinder-api.openstack.svc.cluster.local:8776/v3/2879024e1d8145b08762ff169ee9e5e9/volumes/detail?all_tenants=true returned with HTTP 200 [pid: 7|app: 0|req: 360/720] 10.0.0.138 () {28 vars in 684 bytes} [Thu Mar 19 12:21:56 2026] GET /v3/2879024e1d8145b08762ff169ee9e5e9/volumes/detail?all_tenants=true => generated 15 bytes in 19 msecs (HTTP/1.1 200) 7 headers in 284 bytes (1 switches on core 0)
2026-03-19 12:21:56.729 8 INFO cinder.api.openstack.wsgi [None req-b37c0ea5-5cc1-4958-a177-4840453ede33 87b3eaf59e9e4b5e8e844f85bdf0ae33 2879024e1d8145b08762ff169ee9e5e9 - - default default] GET http://cinder-api.openstack.svc.cluster.local:8776/v3/2879024e1d8145b08762ff169ee9e5e9/scheduler-stats/get_pools?detail=true
2026-03-19 12:21:57.234 8 INFO cinder.api.openstack.wsgi [None req-b37c0ea5-5cc1-4958-a177-4840453ede33 87b3eaf59e9e4b5e8e844f85bdf0ae33 2879024e1d8145b08762ff169ee9e5e9 - - default default] http://cinder-api.openstack.svc.cluster.local:8776/v3/2879024e1d8145b08762ff169ee9e5e9/scheduler-stats/get_pools?detail=true returned with HTTP 200 [pid: 8|app: 0|req: 361/721] 10.0.0.138 () {28 vars in 696 bytes} [Thu Mar 19 12:21:56 2026] GET /v3/2879024e1d8145b08762ff169ee9e5e9/scheduler-stats/get_pools?detail=true => generated 668 bytes in 516 msecs (HTTP/1.1 200) 7 headers in 285 bytes (1 switches on core 0)
2026-03-19 12:22:00.813 7 INFO cinder.api.openstack.wsgi [None req-e74e8fae-fdc2-426d-9eb2-bd95475d9ff5 87b3eaf59e9e4b5e8e844f85bdf0ae33 2879024e1d8145b08762ff169ee9e5e9 - - default default] GET http://10.0.0.241:8776/
2026-03-19 12:22:00.813 8 INFO cinder.api.openstack.wsgi [None req-b37c0ea5-5cc1-4958-a177-4840453ede33 87b3eaf59e9e4b5e8e844f85bdf0ae33 2879024e1d8145b08762ff169ee9e5e9 - - default default] GET http://10.0.0.241:8776/
2026-03-19 12:22:00.815 7 INFO cinder.api.openstack.wsgi [None req-e74e8fae-fdc2-426d-9eb2-bd95475d9ff5 87b3eaf59e9e4b5e8e844f85bdf0ae33 2879024e1d8145b08762ff169ee9e5e9 - - default default] http://10.0.0.241:8776/ returned with HTTP 300
2026-03-19 12:22:00.815 8 INFO cinder.api.openstack.wsgi [None req-b37c0ea5-5cc1-4958-a177-4840453ede33 87b3eaf59e9e4b5e8e844f85bdf0ae33 2879024e1d8145b08762ff169ee9e5e9 - - default default] http://10.0.0.241:8776/ returned with HTTP 300
2026-03-19 12:22:10.813 7 INFO cinder.api.openstack.wsgi [None req-e74e8fae-fdc2-426d-9eb2-bd95475d9ff5 87b3eaf59e9e4b5e8e844f85bdf0ae33 2879024e1d8145b08762ff169ee9e5e9 - - default default] GET http://10.0.0.241:8776/
2026-03-19 12:22:10.813 8 INFO cinder.api.openstack.wsgi [None req-b37c0ea5-5cc1-4958-a177-4840453ede33 87b3eaf59e9e4b5e8e844f85bdf0ae33 2879024e1d8145b08762ff169ee9e5e9 - - default default] GET http://10.0.0.241:8776/
2026-03-19 12:22:10.814 8 INFO cinder.api.openstack.wsgi [None req-b37c0ea5-5cc1-4958-a177-4840453ede33 87b3eaf59e9e4b5e8e844f85bdf0ae33 2879024e1d8145b08762ff169ee9e5e9 - - default default] http://10.0.0.241:8776/ returned with HTTP 300
2026-03-19 12:22:10.814 7 INFO cinder.api.openstack.wsgi [None req-e74e8fae-fdc2-426d-9eb2-bd95475d9ff5 87b3eaf59e9e4b5e8e844f85bdf0ae33 2879024e1d8145b08762ff169ee9e5e9 - - default default] http://10.0.0.241:8776/ returned with HTTP 300
2026-03-19 12:22:20.812 7 INFO cinder.api.openstack.wsgi [None req-e74e8fae-fdc2-426d-9eb2-bd95475d9ff5 87b3eaf59e9e4b5e8e844f85bdf0ae33 2879024e1d8145b08762ff169ee9e5e9 - - default default] GET http://10.0.0.241:8776/
2026-03-19 12:22:20.812 8 INFO cinder.api.openstack.wsgi [None req-b37c0ea5-5cc1-4958-a177-4840453ede33 87b3eaf59e9e4b5e8e844f85bdf0ae33 2879024e1d8145b08762ff169ee9e5e9 - - default default] GET http://10.0.0.241:8776/
2026-03-19 12:22:20.813 8 INFO cinder.api.openstack.wsgi [None req-b37c0ea5-5cc1-4958-a177-4840453ede33 87b3eaf59e9e4b5e8e844f85bdf0ae33 2879024e1d8145b08762ff169ee9e5e9 - - default default] http://10.0.0.241:8776/ returned with HTTP 300
2026-03-19 12:22:20.814 7 INFO cinder.api.openstack.wsgi [None req-e74e8fae-fdc2-426d-9eb2-bd95475d9ff5 87b3eaf59e9e4b5e8e844f85bdf0ae33 2879024e1d8145b08762ff169ee9e5e9 - - default default] http://10.0.0.241:8776/ returned with HTTP 300
2026-03-19 12:22:22.245 8 INFO cinder.api.openstack.wsgi [None req-f0c5c787-9f04-43bd-97e3-5616c5c30bab 08dba5c91e4348a3be7c2cb68ff9e504 12801964dec14b119b5d133006658741 - - default default] POST http://cinder-api.openstack.svc.cluster.local:8776/v3/12801964dec14b119b5d133006658741/volumes
2026-03-19 12:22:22.919 8 INFO cinder.api.v3.volumes [None req-f0c5c787-9f04-43bd-97e3-5616c5c30bab 08dba5c91e4348a3be7c2cb68ff9e504 12801964dec14b119b5d133006658741 - - default default] Create volume of 1 GB
2026-03-19 12:22:22.951 8 INFO cinder.volume.api [None req-f0c5c787-9f04-43bd-97e3-5616c5c30bab 08dba5c91e4348a3be7c2cb68ff9e504 12801964dec14b119b5d133006658741 - - default default] Availability Zones retrieved successfully.
2026-03-19 12:22:23.431 8 INFO cinder.volume.api [None req-f0c5c787-9f04-43bd-97e3-5616c5c30bab 08dba5c91e4348a3be7c2cb68ff9e504 12801964dec14b119b5d133006658741 - - default default] Create volume request issued successfully.
2026-03-19 12:22:23.432 8 INFO cinder.api.openstack.wsgi [None req-f0c5c787-9f04-43bd-97e3-5616c5c30bab 08dba5c91e4348a3be7c2cb68ff9e504 12801964dec14b119b5d133006658741 - - default default] http://cinder-api.openstack.svc.cluster.local:8776/v3/12801964dec14b119b5d133006658741/volumes returned with HTTP 202 [pid: 8|app: 0|req: 365/728] 10.0.0.128 () {34 vars in 723 bytes} [Thu Mar 19 12:22:22 2026] POST /v3/12801964dec14b119b5d133006658741/volumes => generated 865 bytes in 1193 msecs (HTTP/1.1 202) 7 headers in 291 bytes (1 switches on core 0)
2026-03-19 12:22:23.452 7 INFO cinder.api.openstack.wsgi [None req-81fdf009-2e60-4749-b747-2f7c7705774f 08dba5c91e4348a3be7c2cb68ff9e504 12801964dec14b119b5d133006658741 - - default default] GET http://cinder-api.openstack.svc.cluster.local:8776/v3/12801964dec14b119b5d133006658741/volumes/3ce46252-bf64-4ec1-8f7a-80ebefb9cbb5 /var/lib/openstack/lib/python3.12/site-packages/oslo_context/context.py:101: DeprecationWarning: Policy enforcement is depending on the value of is_admin. This key is deprecated. Please update your policy file to use the standard policy values. warnings.warn(
2026-03-19 12:22:23.504 7 INFO cinder.volume.api [None req-81fdf009-2e60-4749-b747-2f7c7705774f 08dba5c91e4348a3be7c2cb68ff9e504 12801964dec14b119b5d133006658741 - - default default] Volume info retrieved successfully.
2026-03-19 12:22:23.518 7 INFO cinder.api.openstack.wsgi [None req-81fdf009-2e60-4749-b747-2f7c7705774f 08dba5c91e4348a3be7c2cb68ff9e504 12801964dec14b119b5d133006658741 - - default default] http://cinder-api.openstack.svc.cluster.local:8776/v3/12801964dec14b119b5d133006658741/volumes/3ce46252-bf64-4ec1-8f7a-80ebefb9cbb5 returned with HTTP 200 [pid: 7|app: 0|req: 364/729] 10.0.0.128 () {32 vars in 775 bytes} [Thu Mar 19 12:22:23 2026] GET /v3/12801964dec14b119b5d133006658741/volumes/3ce46252-bf64-4ec1-8f7a-80ebefb9cbb5 => generated 933 bytes in 72 msecs (HTTP/1.1 200) 7 headers in 285 bytes (1 switches on core 0) /var/lib/openstack/lib/python3.12/site-packages/pycadf/identifier.py:70: UserWarning: Invalid uuid: cinderv3. To ensure interoperability, identifiers should be a valid uuid. warnings.warn(('Invalid uuid: %s. To ensure interoperability, '
2026-03-19 12:22:24.551 8 INFO cinder.api.openstack.wsgi [None req-c73717a3-714c-4a6e-b904-c43654976a05 08dba5c91e4348a3be7c2cb68ff9e504 12801964dec14b119b5d133006658741 - - default default] GET http://cinder-api.openstack.svc.cluster.local:8776/v3/12801964dec14b119b5d133006658741/volumes/3ce46252-bf64-4ec1-8f7a-80ebefb9cbb5 /var/lib/openstack/lib/python3.12/site-packages/oslo_context/context.py:101: DeprecationWarning: Policy enforcement is depending on the value of is_admin. This key is deprecated. Please update your policy file to use the standard policy values. warnings.warn(
2026-03-19 12:22:24.579 8 INFO cinder.volume.api [None req-c73717a3-714c-4a6e-b904-c43654976a05 08dba5c91e4348a3be7c2cb68ff9e504 12801964dec14b119b5d133006658741 - - default default] Volume info retrieved successfully.
2026-03-19 12:22:24.595 8 INFO cinder.api.openstack.wsgi [None req-c73717a3-714c-4a6e-b904-c43654976a05 08dba5c91e4348a3be7c2cb68ff9e504 12801964dec14b119b5d133006658741 - - default default] http://cinder-api.openstack.svc.cluster.local:8776/v3/12801964dec14b119b5d133006658741/volumes/3ce46252-bf64-4ec1-8f7a-80ebefb9cbb5 returned with HTTP 200 [pid: 8|app: 0|req: 366/730] 10.0.0.128 () {32 vars in 775 bytes} [Thu Mar 19 12:22:24 2026] GET /v3/12801964dec14b119b5d133006658741/volumes/3ce46252-bf64-4ec1-8f7a-80ebefb9cbb5 => generated 957 bytes in 55 msecs (HTTP/1.1 200) 7 headers in 285 bytes (1 switches on core 0) /var/lib/openstack/lib/python3.12/site-packages/pycadf/identifier.py:70: UserWarning: Invalid uuid: cinderv3. To ensure interoperability, identifiers should be a valid uuid. warnings.warn(('Invalid uuid: %s. To ensure interoperability, '
2026-03-19 12:22:25.625 7 INFO cinder.api.openstack.wsgi [None req-27fe999a-a798-4ecd-b49b-10e131ef9faa 08dba5c91e4348a3be7c2cb68ff9e504 12801964dec14b119b5d133006658741 - - default default] GET http://cinder-api.openstack.svc.cluster.local:8776/v3/12801964dec14b119b5d133006658741/volumes/3ce46252-bf64-4ec1-8f7a-80ebefb9cbb5 /var/lib/openstack/lib/python3.12/site-packages/oslo_context/context.py:101: DeprecationWarning: Policy enforcement is depending on the value of is_admin. This key is deprecated. Please update your policy file to use the standard policy values. warnings.warn(
2026-03-19 12:22:25.641 7 INFO cinder.volume.api [None req-27fe999a-a798-4ecd-b49b-10e131ef9faa 08dba5c91e4348a3be7c2cb68ff9e504 12801964dec14b119b5d133006658741 - - default default] Volume info retrieved successfully.
2026-03-19 12:22:25.646 7 INFO cinder.api.openstack.wsgi [None req-27fe999a-a798-4ecd-b49b-10e131ef9faa 08dba5c91e4348a3be7c2cb68ff9e504 12801964dec14b119b5d133006658741 - - default default] http://cinder-api.openstack.svc.cluster.local:8776/v3/12801964dec14b119b5d133006658741/volumes/3ce46252-bf64-4ec1-8f7a-80ebefb9cbb5 returned with HTTP 200 [pid: 7|app: 0|req: 365/731] 10.0.0.128 () {32 vars in 775 bytes} [Thu Mar 19 12:22:25 2026] GET /v3/12801964dec14b119b5d133006658741/volumes/3ce46252-bf64-4ec1-8f7a-80ebefb9cbb5 => generated 957 bytes in 29 msecs (HTTP/1.1 200) 7 headers in 285 bytes (1 switches on core 0) /var/lib/openstack/lib/python3.12/site-packages/pycadf/identifier.py:70: UserWarning: Invalid uuid: cinderv3. To ensure interoperability, identifiers should be a valid uuid. warnings.warn(('Invalid uuid: %s. To ensure interoperability, '
2026-03-19 12:22:26.672 8 INFO cinder.api.openstack.wsgi [None req-32396885-bc58-4a16-b214-f9d6b44449c7 08dba5c91e4348a3be7c2cb68ff9e504 12801964dec14b119b5d133006658741 - - default default] GET http://cinder-api.openstack.svc.cluster.local:8776/v3/12801964dec14b119b5d133006658741/volumes/3ce46252-bf64-4ec1-8f7a-80ebefb9cbb5 /var/lib/openstack/lib/python3.12/site-packages/oslo_context/context.py:101: DeprecationWarning: Policy enforcement is depending on the value of is_admin. This key is deprecated. Please update your policy file to use the standard policy values. warnings.warn(
2026-03-19 12:22:26.686 8 INFO cinder.volume.api [None req-32396885-bc58-4a16-b214-f9d6b44449c7 08dba5c91e4348a3be7c2cb68ff9e504 12801964dec14b119b5d133006658741 - - default default] Volume info retrieved successfully.
2026-03-19 12:22:26.691 8 INFO cinder.api.openstack.wsgi [None req-32396885-bc58-4a16-b214-f9d6b44449c7 08dba5c91e4348a3be7c2cb68ff9e504 12801964dec14b119b5d133006658741 - - default default] http://cinder-api.openstack.svc.cluster.local:8776/v3/12801964dec14b119b5d133006658741/volumes/3ce46252-bf64-4ec1-8f7a-80ebefb9cbb5 returned with HTTP 200 [pid: 8|app: 0|req: 367/732] 10.0.0.128 () {32 vars in 775 bytes} [Thu Mar 19 12:22:26 2026] GET /v3/12801964dec14b119b5d133006658741/volumes/3ce46252-bf64-4ec1-8f7a-80ebefb9cbb5 => generated 1342 bytes in 26 msecs (HTTP/1.1 200) 7 headers in 286 bytes (1 switches on core 0) /var/lib/openstack/lib/python3.12/site-packages/pycadf/identifier.py:70: UserWarning: Invalid uuid: cinderv3. To ensure interoperability, identifiers should be a valid uuid. warnings.warn(('Invalid uuid: %s. To ensure interoperability, '
2026-03-19 12:22:26.817 7 INFO cinder.api.openstack.wsgi [req-774407a8-627c-4efd-a6be-9bfacb6016ef req-f934ad01-0a80-49c1-b3e9-290db9398c20 08dba5c91e4348a3be7c2cb68ff9e504 12801964dec14b119b5d133006658741 - - default default] GET http://cinder-api.openstack.svc.cluster.local:8776/v3/12801964dec14b119b5d133006658741/volumes/3ce46252-bf64-4ec1-8f7a-80ebefb9cbb5 /var/lib/openstack/lib/python3.12/site-packages/oslo_context/context.py:101: DeprecationWarning: Policy enforcement is depending on the value of is_admin. This key is deprecated. Please update your policy file to use the standard policy values. warnings.warn(
2026-03-19 12:22:26.831 7 INFO cinder.volume.api [req-774407a8-627c-4efd-a6be-9bfacb6016ef req-f934ad01-0a80-49c1-b3e9-290db9398c20 08dba5c91e4348a3be7c2cb68ff9e504 12801964dec14b119b5d133006658741 - - default default] Volume info retrieved successfully.
2026-03-19 12:22:26.838 7 INFO cinder.api.openstack.wsgi [req-774407a8-627c-4efd-a6be-9bfacb6016ef req-f934ad01-0a80-49c1-b3e9-290db9398c20 08dba5c91e4348a3be7c2cb68ff9e504 12801964dec14b119b5d133006658741 - - default default] http://cinder-api.openstack.svc.cluster.local:8776/v3/12801964dec14b119b5d133006658741/volumes/3ce46252-bf64-4ec1-8f7a-80ebefb9cbb5 returned with HTTP 200 [pid: 7|app: 0|req: 366/733] 10.0.0.108 () {34 vars in 1028 bytes} [Thu Mar 19 12:22:26 2026] GET /v3/12801964dec14b119b5d133006658741/volumes/3ce46252-bf64-4ec1-8f7a-80ebefb9cbb5 => generated 1342 bytes in 35 msecs (HTTP/1.1 200) 7 headers in 286 bytes (1 switches on core 0) /var/lib/openstack/lib/python3.12/site-packages/pycadf/identifier.py:70: UserWarning: Invalid uuid: cinderv3. To ensure interoperability, identifiers should be a valid uuid. warnings.warn(('Invalid uuid: %s. To ensure interoperability, '
2026-03-19 12:22:27.323 8 INFO cinder.api.openstack.wsgi [req-774407a8-627c-4efd-a6be-9bfacb6016ef req-f1165c2f-c87e-429c-b24c-663f6ebf8726 08dba5c91e4348a3be7c2cb68ff9e504 12801964dec14b119b5d133006658741 - - default default] GET http://cinder-api.openstack.svc.cluster.local:8776/v3/12801964dec14b119b5d133006658741/volumes/3ce46252-bf64-4ec1-8f7a-80ebefb9cbb5 /var/lib/openstack/lib/python3.12/site-packages/oslo_context/context.py:101: DeprecationWarning: Policy enforcement is depending on the value of is_admin. This key is deprecated. Please update your policy file to use the standard policy values. warnings.warn(
2026-03-19 12:22:27.339 8 INFO cinder.volume.api [req-774407a8-627c-4efd-a6be-9bfacb6016ef req-f1165c2f-c87e-429c-b24c-663f6ebf8726 08dba5c91e4348a3be7c2cb68ff9e504 12801964dec14b119b5d133006658741 - - default default] Volume info retrieved successfully.
2026-03-19 12:22:27.345 8 INFO cinder.api.openstack.wsgi [req-774407a8-627c-4efd-a6be-9bfacb6016ef req-f1165c2f-c87e-429c-b24c-663f6ebf8726 08dba5c91e4348a3be7c2cb68ff9e504 12801964dec14b119b5d133006658741 - - default default] http://cinder-api.openstack.svc.cluster.local:8776/v3/12801964dec14b119b5d133006658741/volumes/3ce46252-bf64-4ec1-8f7a-80ebefb9cbb5 returned with HTTP 200 [pid: 8|app: 0|req: 368/734] 10.0.0.108 () {34 vars in 1028 bytes} [Thu Mar 19 12:22:27 2026] GET /v3/12801964dec14b119b5d133006658741/volumes/3ce46252-bf64-4ec1-8f7a-80ebefb9cbb5 => generated 1342 bytes in 32 msecs (HTTP/1.1 200) 7 headers in 286 bytes (1 switches on core 0)
2026-03-19 12:22:27.355 7 INFO cinder.api.openstack.wsgi [req-774407a8-627c-4efd-a6be-9bfacb6016ef req-f934ad01-0a80-49c1-b3e9-290db9398c20 08dba5c91e4348a3be7c2cb68ff9e504 12801964dec14b119b5d133006658741 - - default default] GET http://cinder-api.openstack.svc.cluster.local:8776/
2026-03-19 12:22:27.356 7 INFO cinder.api.openstack.wsgi [req-774407a8-627c-4efd-a6be-9bfacb6016ef req-f934ad01-0a80-49c1-b3e9-290db9398c20 08dba5c91e4348a3be7c2cb68ff9e504 12801964dec14b119b5d133006658741 - - default default] http://cinder-api.openstack.svc.cluster.local:8776/ returned with HTTP 300 [pid: 7|app: 0|req: 367/735] 10.0.0.108 () {32 vars in 829 bytes} [Thu Mar 19 12:22:27 2026] GET / => generated 411 bytes in 1 msecs (HTTP/1.1 300) 5 headers in 169 bytes (1 switches on core 0) /var/lib/openstack/lib/python3.12/site-packages/pycadf/identifier.py:70: UserWarning: Invalid uuid: cinderv3. To ensure interoperability, identifiers should be a valid uuid. warnings.warn(('Invalid uuid: %s. To ensure interoperability, '
2026-03-19 12:22:27.372 8 INFO cinder.api.openstack.wsgi [req-774407a8-627c-4efd-a6be-9bfacb6016ef req-ca04b4aa-07ad-4520-893f-3c170473512f 08dba5c91e4348a3be7c2cb68ff9e504 12801964dec14b119b5d133006658741 - - default default] POST http://cinder-api.openstack.svc.cluster.local:8776/v3/12801964dec14b119b5d133006658741/attachments /var/lib/openstack/lib/python3.12/site-packages/oslo_context/context.py:101: DeprecationWarning: Policy enforcement is depending on the value of is_admin. This key is deprecated. Please update your policy file to use the standard policy values. warnings.warn(
2026-03-19 12:22:27.552 8 INFO cinder.api.openstack.wsgi [req-774407a8-627c-4efd-a6be-9bfacb6016ef req-ca04b4aa-07ad-4520-893f-3c170473512f 08dba5c91e4348a3be7c2cb68ff9e504 12801964dec14b119b5d133006658741 - - default default] http://cinder-api.openstack.svc.cluster.local:8776/v3/12801964dec14b119b5d133006658741/attachments returned with HTTP 200 [pid: 8|app: 0|req: 369/736] 10.0.0.108 () {40 vars in 1057 bytes} [Thu Mar 19 12:22:27 2026] POST /v3/12801964dec14b119b5d133006658741/attachments => generated 273 bytes in 193 msecs (HTTP/1.1 200) 7 headers in 286 bytes (1 switches on core 0)
2026-03-19 12:22:30.817 7 INFO cinder.api.openstack.wsgi [req-774407a8-627c-4efd-a6be-9bfacb6016ef req-f934ad01-0a80-49c1-b3e9-290db9398c20 08dba5c91e4348a3be7c2cb68ff9e504 12801964dec14b119b5d133006658741 - - default default] GET http://10.0.0.241:8776/
2026-03-19 12:22:30.817 7 INFO cinder.api.openstack.wsgi [req-774407a8-627c-4efd-a6be-9bfacb6016ef req-f934ad01-0a80-49c1-b3e9-290db9398c20 08dba5c91e4348a3be7c2cb68ff9e504 12801964dec14b119b5d133006658741 - - default default] http://10.0.0.241:8776/ returned with HTTP 300
2026-03-19 12:22:30.818 8 INFO cinder.api.openstack.wsgi [req-774407a8-627c-4efd-a6be-9bfacb6016ef req-ca04b4aa-07ad-4520-893f-3c170473512f 08dba5c91e4348a3be7c2cb68ff9e504 12801964dec14b119b5d133006658741 - - default default] GET http://10.0.0.241:8776/
2026-03-19 12:22:30.819 8 INFO cinder.api.openstack.wsgi [req-774407a8-627c-4efd-a6be-9bfacb6016ef req-ca04b4aa-07ad-4520-893f-3c170473512f 08dba5c91e4348a3be7c2cb68ff9e504 12801964dec14b119b5d133006658741 - - default default] http://10.0.0.241:8776/ returned with HTTP 300
2026-03-19 12:22:33.709 7 INFO cinder.api.openstack.wsgi [req-774407a8-627c-4efd-a6be-9bfacb6016ef req-f934ad01-0a80-49c1-b3e9-290db9398c20 08dba5c91e4348a3be7c2cb68ff9e504 12801964dec14b119b5d133006658741 - - default default] GET http://cinder-api.openstack.svc.cluster.local:8776/
2026-03-19 12:22:33.710 7 INFO cinder.api.openstack.wsgi [req-774407a8-627c-4efd-a6be-9bfacb6016ef req-f934ad01-0a80-49c1-b3e9-290db9398c20 08dba5c91e4348a3be7c2cb68ff9e504 12801964dec14b119b5d133006658741 - - default default] http://cinder-api.openstack.svc.cluster.local:8776/ returned with HTTP 300 [pid: 7|app: 0|req: 369/739] 199.204.45.250 () {32 vars in 840 bytes} [Thu Mar 19 12:22:33 2026] GET / => generated 411 bytes in 2 msecs (HTTP/1.1 300) 5 headers in 169 bytes (1 switches on core 0) /var/lib/openstack/lib/python3.12/site-packages/pycadf/identifier.py:70: UserWarning: Invalid uuid: cinderv3. To ensure interoperability, identifiers should be a valid uuid. warnings.warn(('Invalid uuid: %s. To ensure interoperability, '
2026-03-19 12:22:33.767 8 INFO cinder.api.openstack.wsgi [req-774407a8-627c-4efd-a6be-9bfacb6016ef req-8d651d69-7f7e-41c7-b516-a9883b3c5c35 08dba5c91e4348a3be7c2cb68ff9e504 12801964dec14b119b5d133006658741 - - default default] GET http://cinder-api.openstack.svc.cluster.local:8776/v3/12801964dec14b119b5d133006658741/volumes/3ce46252-bf64-4ec1-8f7a-80ebefb9cbb5 /var/lib/openstack/lib/python3.12/site-packages/oslo_context/context.py:101: DeprecationWarning: Policy enforcement is depending on the value of is_admin. This key is deprecated. Please update your policy file to use the standard policy values. warnings.warn(
2026-03-19 12:22:33.809 8 INFO cinder.volume.api [req-774407a8-627c-4efd-a6be-9bfacb6016ef req-8d651d69-7f7e-41c7-b516-a9883b3c5c35 08dba5c91e4348a3be7c2cb68ff9e504 12801964dec14b119b5d133006658741 - - default default] Volume info retrieved successfully.
2026-03-19 12:22:33.817 8 INFO cinder.api.openstack.wsgi [req-774407a8-627c-4efd-a6be-9bfacb6016ef req-8d651d69-7f7e-41c7-b516-a9883b3c5c35 08dba5c91e4348a3be7c2cb68ff9e504 12801964dec14b119b5d133006658741 - - default default] http://cinder-api.openstack.svc.cluster.local:8776/v3/12801964dec14b119b5d133006658741/volumes/3ce46252-bf64-4ec1-8f7a-80ebefb9cbb5 returned with HTTP 200 [pid: 8|app: 0|req: 371/740] 199.204.45.250 () {36 vars in 1073 bytes} [Thu Mar 19 12:22:33 2026] GET /v3/12801964dec14b119b5d133006658741/volumes/3ce46252-bf64-4ec1-8f7a-80ebefb9cbb5 => generated 1522 bytes in 58 msecs (HTTP/1.1 200) 7 headers in 287 bytes (1 switches on core 0) /var/lib/openstack/lib/python3.12/site-packages/pycadf/identifier.py:70: UserWarning: Invalid uuid: cinderv3. To ensure interoperability, identifiers should be a valid uuid. warnings.warn(('Invalid uuid: %s. To ensure interoperability, '
2026-03-19 12:22:35.875 7 INFO cinder.api.openstack.wsgi [req-774407a8-627c-4efd-a6be-9bfacb6016ef req-04d8c3c4-07ef-4ffd-ab0a-ff81cb544caf 08dba5c91e4348a3be7c2cb68ff9e504 12801964dec14b119b5d133006658741 - - default default] PUT http://cinder-api.openstack.svc.cluster.local:8776/v3/12801964dec14b119b5d133006658741/attachments/081fb86a-129b-4b92-928b-fccdf18b2e7c /var/lib/openstack/lib/python3.12/site-packages/oslo_context/context.py:101: DeprecationWarning: Policy enforcement is depending on the value of is_admin. This key is deprecated. Please update your policy file to use the standard policy values. warnings.warn(
2026-03-19 12:22:36.946 7 INFO cinder.api.openstack.wsgi [req-774407a8-627c-4efd-a6be-9bfacb6016ef req-04d8c3c4-07ef-4ffd-ab0a-ff81cb544caf 08dba5c91e4348a3be7c2cb68ff9e504 12801964dec14b119b5d133006658741 - - default default] http://cinder-api.openstack.svc.cluster.local:8776/v3/12801964dec14b119b5d133006658741/attachments/081fb86a-129b-4b92-928b-fccdf18b2e7c returned with HTTP 200 [pid: 7|app: 0|req: 370/741] 199.204.45.250 () {40 vars in 1135 bytes} [Thu Mar 19 12:22:35 2026] PUT /v3/12801964dec14b119b5d133006658741/attachments/081fb86a-129b-4b92-928b-fccdf18b2e7c => generated 802 bytes in 1079 msecs (HTTP/1.1 200) 7 headers in 286 bytes (1 switches on core 0) /var/lib/openstack/lib/python3.12/site-packages/pycadf/identifier.py:70: UserWarning: Invalid uuid: cinderv3. To ensure interoperability, identifiers should be a valid uuid. warnings.warn(('Invalid uuid: %s. To ensure interoperability, '
2026-03-19 12:22:37.464 8 INFO cinder.api.openstack.wsgi [req-774407a8-627c-4efd-a6be-9bfacb6016ef req-f7cd8be6-311f-48e0-877b-58972cf14ad4 08dba5c91e4348a3be7c2cb68ff9e504 12801964dec14b119b5d133006658741 - - default default] POST http://cinder-api.openstack.svc.cluster.local:8776/v3/12801964dec14b119b5d133006658741/attachments/081fb86a-129b-4b92-928b-fccdf18b2e7c/action /var/lib/openstack/lib/python3.12/site-packages/oslo_context/context.py:101: DeprecationWarning: Policy enforcement is depending on the value of is_admin. This key is deprecated. Please update your policy file to use the standard policy values. warnings.warn(
2026-03-19 12:22:37.519 8 INFO cinder.api.openstack.wsgi [req-774407a8-627c-4efd-a6be-9bfacb6016ef req-f7cd8be6-311f-48e0-877b-58972cf14ad4 08dba5c91e4348a3be7c2cb68ff9e504 12801964dec14b119b5d133006658741 - - default default] http://cinder-api.openstack.svc.cluster.local:8776/v3/12801964dec14b119b5d133006658741/attachments/081fb86a-129b-4b92-928b-fccdf18b2e7c/action returned with HTTP 204 [pid: 8|app: 0|req: 372/742] 199.204.45.250 () {40 vars in 1148 bytes} [Thu Mar 19 12:22:37 2026] POST /v3/12801964dec14b119b5d133006658741/attachments/081fb86a-129b-4b92-928b-fccdf18b2e7c/action => generated 0 bytes in 63 msecs (HTTP/1.1 204) 7 headers in 292 bytes (1 switches on core 0)
2026-03-19 12:22:40.813 7 INFO cinder.api.openstack.wsgi [req-774407a8-627c-4efd-a6be-9bfacb6016ef req-04d8c3c4-07ef-4ffd-ab0a-ff81cb544caf 08dba5c91e4348a3be7c2cb68ff9e504 12801964dec14b119b5d133006658741 - - default default] GET http://10.0.0.241:8776/
2026-03-19 12:22:40.815 8 INFO cinder.api.openstack.wsgi [req-774407a8-627c-4efd-a6be-9bfacb6016ef req-f7cd8be6-311f-48e0-877b-58972cf14ad4 08dba5c91e4348a3be7c2cb68ff9e504 12801964dec14b119b5d133006658741 - - default default] GET http://10.0.0.241:8776/
2026-03-19 12:22:40.815 7 INFO cinder.api.openstack.wsgi [req-774407a8-627c-4efd-a6be-9bfacb6016ef req-04d8c3c4-07ef-4ffd-ab0a-ff81cb544caf 08dba5c91e4348a3be7c2cb68ff9e504 12801964dec14b119b5d133006658741 - - default default] http://10.0.0.241:8776/ returned with HTTP 300
2026-03-19 12:22:40.821 8 INFO cinder.api.openstack.wsgi [req-774407a8-627c-4efd-a6be-9bfacb6016ef req-f7cd8be6-311f-48e0-877b-58972cf14ad4 08dba5c91e4348a3be7c2cb68ff9e504 12801964dec14b119b5d133006658741 - - default default] http://10.0.0.241:8776/ returned with HTTP 300 /var/lib/openstack/lib/python3.12/site-packages/pycadf/identifier.py:70: UserWarning: Invalid uuid: cinderv3. To ensure interoperability, identifiers should be a valid uuid. warnings.warn(('Invalid uuid: %s. To ensure interoperability, '
2026-03-19 12:22:50.142 7 INFO cinder.api.openstack.wsgi [req-c3a32ce2-76db-4778-afdc-2a52924744ec req-4665b5a9-9464-4ee5-a9cb-d7745a2eadc3 08dba5c91e4348a3be7c2cb68ff9e504 12801964dec14b119b5d133006658741 - - default default] DELETE http://cinder-api.openstack.svc.cluster.local:8776/v3/12801964dec14b119b5d133006658741/attachments/081fb86a-129b-4b92-928b-fccdf18b2e7c /var/lib/openstack/lib/python3.12/site-packages/oslo_context/context.py:101: DeprecationWarning: Policy enforcement is depending on the value of is_admin. This key is deprecated. Please update your policy file to use the standard policy values. warnings.warn(
2026-03-19 12:22:50.709 7 INFO cinder.api.openstack.wsgi [req-c3a32ce2-76db-4778-afdc-2a52924744ec req-4665b5a9-9464-4ee5-a9cb-d7745a2eadc3 08dba5c91e4348a3be7c2cb68ff9e504 12801964dec14b119b5d133006658741 - - default default] http://cinder-api.openstack.svc.cluster.local:8776/v3/12801964dec14b119b5d133006658741/attachments/081fb86a-129b-4b92-928b-fccdf18b2e7c returned with HTTP 200 [pid: 7|app: 0|req: 372/745] 199.204.45.250 () {38 vars in 1103 bytes} [Thu Mar 19 12:22:50 2026] DELETE /v3/12801964dec14b119b5d133006658741/attachments/081fb86a-129b-4b92-928b-fccdf18b2e7c => generated 19 bytes in 578 msecs (HTTP/1.1 200) 7 headers in 285 bytes (1 switches on core 0) /var/lib/openstack/lib/python3.12/site-packages/pycadf/identifier.py:70: UserWarning: Invalid uuid: cinderv3. To ensure interoperability, identifiers should be a valid uuid. warnings.warn(('Invalid uuid: %s. To ensure interoperability, '
2026-03-19 12:22:50.726 8 INFO cinder.api.openstack.wsgi [req-c3a32ce2-76db-4778-afdc-2a52924744ec req-92f0904a-d2b2-44c3-9d98-346d0d6d40d0 08dba5c91e4348a3be7c2cb68ff9e504 12801964dec14b119b5d133006658741 - - default default] DELETE http://cinder-api.openstack.svc.cluster.local:8776/v3/12801964dec14b119b5d133006658741/volumes/3ce46252-bf64-4ec1-8f7a-80ebefb9cbb5
2026-03-19 12:22:50.727 8 INFO cinder.api.v3.volumes [req-c3a32ce2-76db-4778-afdc-2a52924744ec req-92f0904a-d2b2-44c3-9d98-346d0d6d40d0 08dba5c91e4348a3be7c2cb68ff9e504 12801964dec14b119b5d133006658741 - - default default] Delete volume with id: 3ce46252-bf64-4ec1-8f7a-80ebefb9cbb5 /var/lib/openstack/lib/python3.12/site-packages/oslo_context/context.py:101: DeprecationWarning: Policy enforcement is depending on the value of is_admin. This key is deprecated. Please update your policy file to use the standard policy values. warnings.warn(
2026-03-19 12:22:50.745 8 INFO cinder.volume.api [req-c3a32ce2-76db-4778-afdc-2a52924744ec req-92f0904a-d2b2-44c3-9d98-346d0d6d40d0 08dba5c91e4348a3be7c2cb68ff9e504 12801964dec14b119b5d133006658741 - - default default] Volume info retrieved successfully.
2026-03-19 12:22:50.775 8 INFO cinder.volume.api [req-c3a32ce2-76db-4778-afdc-2a52924744ec req-92f0904a-d2b2-44c3-9d98-346d0d6d40d0 08dba5c91e4348a3be7c2cb68ff9e504 12801964dec14b119b5d133006658741 - - default default] Delete volume request issued successfully.
2026-03-19 12:22:50.775 8 INFO cinder.api.openstack.wsgi [req-c3a32ce2-76db-4778-afdc-2a52924744ec req-92f0904a-d2b2-44c3-9d98-346d0d6d40d0 08dba5c91e4348a3be7c2cb68ff9e504 12801964dec14b119b5d133006658741 - - default default] http://cinder-api.openstack.svc.cluster.local:8776/v3/12801964dec14b119b5d133006658741/volumes/3ce46252-bf64-4ec1-8f7a-80ebefb9cbb5 returned with HTTP 202 [pid: 8|app: 0|req: 374/746] 199.204.45.250 () {36 vars in 1054 bytes} [Thu Mar 19 12:22:50 2026] DELETE /v3/12801964dec14b119b5d133006658741/volumes/3ce46252-bf64-4ec1-8f7a-80ebefb9cbb5 => generated 0 bytes in 58 msecs (HTTP/1.1 202) 6 headers in 233 bytes (1 switches on core 0)
2026-03-19 12:22:50.814 7 INFO cinder.api.openstack.wsgi [req-c3a32ce2-76db-4778-afdc-2a52924744ec req-4665b5a9-9464-4ee5-a9cb-d7745a2eadc3 08dba5c91e4348a3be7c2cb68ff9e504 12801964dec14b119b5d133006658741 - - default default] GET http://10.0.0.241:8776/
2026-03-19 12:22:50.815 8 INFO cinder.api.openstack.wsgi [req-c3a32ce2-76db-4778-afdc-2a52924744ec req-92f0904a-d2b2-44c3-9d98-346d0d6d40d0 08dba5c91e4348a3be7c2cb68ff9e504 12801964dec14b119b5d133006658741 - - default default] GET http://10.0.0.241:8776/
2026-03-19 12:22:50.815 7 INFO cinder.api.openstack.wsgi [req-c3a32ce2-76db-4778-afdc-2a52924744ec req-4665b5a9-9464-4ee5-a9cb-d7745a2eadc3 08dba5c91e4348a3be7c2cb68ff9e504 12801964dec14b119b5d133006658741 - - default default] http://10.0.0.241:8776/ returned with HTTP 300
