2026-03-19 12:27:26.040 7 INFO placement.requestlog [None req-43db4e9a-45db-4562-ae3e-b01419415ac8 e0becc1bfd60443a9b3d3a82d31f683d 22c816fabdab4fe39ad17fbc91a47ab4 - - 329e3e522080489380b5b02af4e0c616 329e3e522080489380b5b02af4e0c616] 10.0.0.252 "GET /resource_providers/4972c42e-1875-4e63-aa6a-277b501bfd11/aggregates" status: 404 len: 235 microversion: 1.1 [pid: 7|app: 0|req: 663/1321] 10.0.0.252 () {32 vars in 816 bytes} [Thu Mar 19 12:27:25 2026] GET /resource_providers/4972c42e-1875-4e63-aa6a-277b501bfd11/aggregates => generated 235 bytes in 48 msecs (HTTP/1.1 404) 5 headers in 202 bytes (1 switches on core 0)
2026-03-19 12:27:26.048 8 INFO placement.requestlog [None req-fbec4dab-c37b-4031-ba67-b6134acd64ef e0becc1bfd60443a9b3d3a82d31f683d 22c816fabdab4fe39ad17fbc91a47ab4 - - 329e3e522080489380b5b02af4e0c616 329e3e522080489380b5b02af4e0c616] 10.0.0.252 "GET /resource_providers/4972c42e-1875-4e63-aa6a-277b501bfd11/aggregates" status: 404 len: 235 microversion: 1.1 [pid: 8|app: 0|req: 659/1322] 10.0.0.252 () {32 vars in 816 bytes} [Thu Mar 19 12:27:25 2026] GET /resource_providers/4972c42e-1875-4e63-aa6a-277b501bfd11/aggregates => generated 235 bytes in 51 msecs (HTTP/1.1 404) 5 headers in 202 bytes (1 switches on core 0)
2026-03-19 12:27:26.064 7 INFO placement.requestlog [None req-17c74e20-5f8d-4237-aadd-441df2c1b8f3 e0becc1bfd60443a9b3d3a82d31f683d 22c816fabdab4fe39ad17fbc91a47ab4 - - 329e3e522080489380b5b02af4e0c616 329e3e522080489380b5b02af4e0c616] 10.0.0.252 "DELETE /resource_providers/4972c42e-1875-4e63-aa6a-277b501bfd11" status: 404 len: 246 microversion: 1.1 [pid: 7|app: 0|req: 664/1323] 10.0.0.252 () {34 vars in 816 bytes} [Thu Mar 19 12:27:26 2026] DELETE /resource_providers/4972c42e-1875-4e63-aa6a-277b501bfd11 => generated 246 bytes in 10 msecs (HTTP/1.1 404) 6 headers in 231 bytes (1 switches on core 0)
2026-03-19 12:27:26.065 8 INFO placement.requestlog [None req-9e20b869-d5a5-4afc-97f8-e7f98b56e7e8 e0becc1bfd60443a9b3d3a82d31f683d 22c816fabdab4fe39ad17fbc91a47ab4 - - 329e3e522080489380b5b02af4e0c616 329e3e522080489380b5b02af4e0c616] 10.0.0.252 "DELETE /resource_providers/4972c42e-1875-4e63-aa6a-277b501bfd11" status: 404 len: 246 microversion: 1.1 [pid: 8|app: 0|req: 660/1324] 10.0.0.252 () {34 vars in 816 bytes} [Thu Mar 19 12:27:26 2026] DELETE /resource_providers/4972c42e-1875-4e63-aa6a-277b501bfd11 => generated 246 bytes in 8 msecs (HTTP/1.1 404) 6 headers in 231 bytes (1 switches on core 0)
2026-03-19 12:27:26.353 8 INFO placement.requestlog [None req-1a01c66f-abc9-41af-871e-e67f1031feb8 e0becc1bfd60443a9b3d3a82d31f683d 22c816fabdab4fe39ad17fbc91a47ab4 - - 329e3e522080489380b5b02af4e0c616 329e3e522080489380b5b02af4e0c616] 10.0.0.252 "GET /resource_providers/01742bd1-7d0f-41d7-8d28-9f2d9ceb29db/aggregates" status: 404 len: 235 microversion: 1.1 [pid: 8|app: 0|req: 661/1325] 10.0.0.252 () {32 vars in 816 bytes} [Thu Mar 19 12:27:26 2026] GET /resource_providers/01742bd1-7d0f-41d7-8d28-9f2d9ceb29db/aggregates => generated 235 bytes in 47 msecs (HTTP/1.1 404) 5 headers in 202 bytes (1 switches on core 0)
2026-03-19 12:27:26.355 7 INFO placement.requestlog [None req-b33ea020-e39e-4471-86c1-49c4c5423760 e0becc1bfd60443a9b3d3a82d31f683d 22c816fabdab4fe39ad17fbc91a47ab4 - - 329e3e522080489380b5b02af4e0c616 329e3e522080489380b5b02af4e0c616] 10.0.0.252 "GET /resource_providers/01742bd1-7d0f-41d7-8d28-9f2d9ceb29db/aggregates" status: 404 len: 235 microversion: 1.1 [pid: 7|app: 0|req: 665/1326] 10.0.0.252 () {32 vars in 816 bytes} [Thu Mar 19 12:27:26 2026] GET /resource_providers/01742bd1-7d0f-41d7-8d28-9f2d9ceb29db/aggregates => generated 235 bytes in 49 msecs (HTTP/1.1 404) 5 headers in 202 bytes (1 switches on core 0)
2026-03-19 12:27:26.375 8 INFO placement.requestlog [None req-dadef49e-b233-421b-ae48-9bb8b48e1109 e0becc1bfd60443a9b3d3a82d31f683d 22c816fabdab4fe39ad17fbc91a47ab4 - - 329e3e522080489380b5b02af4e0c616 329e3e522080489380b5b02af4e0c616] 10.0.0.252 "DELETE /resource_providers/01742bd1-7d0f-41d7-8d28-9f2d9ceb29db" status: 404 len: 246 microversion: 1.1 [pid: 8|app: 0|req: 662/1327] 10.0.0.252 () {34 vars in 816 bytes} [Thu Mar 19 12:27:26 2026] DELETE /resource_providers/01742bd1-7d0f-41d7-8d28-9f2d9ceb29db => generated 246 bytes in 15 msecs (HTTP/1.1 404) 6 headers in 231 bytes (1 switches on core 0)
2026-03-19 12:27:26.379 7 INFO placement.requestlog [None req-096c5687-8a44-436c-8e64-c0dd7549550c e0becc1bfd60443a9b3d3a82d31f683d 22c816fabdab4fe39ad17fbc91a47ab4 - - 329e3e522080489380b5b02af4e0c616 329e3e522080489380b5b02af4e0c616] 10.0.0.252 "DELETE /resource_providers/01742bd1-7d0f-41d7-8d28-9f2d9ceb29db" status: 404 len: 246 microversion: 1.1 [pid: 7|app: 0|req: 666/1328] 10.0.0.252 () {34 vars in 816 bytes} [Thu Mar 19 12:27:26 2026] DELETE /resource_providers/01742bd1-7d0f-41d7-8d28-9f2d9ceb29db => generated 246 bytes in 15 msecs (HTTP/1.1 404) 6 headers in 231 bytes (1 switches on core 0)
2026-03-19 12:27:29.320 7 INFO placement.requestlog [None req-69f53706-83a4-477b-b026-9e92e1dce8c3 - - - - - -] 10.0.0.240 "GET /" status: 200 len: 136 microversion: 1.0
2026-03-19 12:27:29.320 8 INFO placement.requestlog [None req-605c2841-e27b-4b7b-b425-c470e7cf6c43 - - - - - -] 10.0.0.240 "GET /" status: 200 len: 136 microversion: 1.0
2026-03-19 12:27:39.320 7 INFO placement.requestlog [None req-1b4fd014-eeac-4fc6-87c5-08806731eaf7 - - - - - -] 10.0.0.240 "GET /" status: 200 len: 136 microversion: 1.0
2026-03-19 12:27:39.321 8 INFO placement.requestlog [None req-207adf3b-d0fe-42ce-8689-dfe5849a4e35 - - - - - -] 10.0.0.240 "GET /" status: 200 len: 136 microversion: 1.0
2026-03-19 12:27:44.331 7 INFO placement.requestlog [req-20cf5f05-add1-4911-8399-5922618548ea req-0b137b89-dcda-46e4-a34b-e68903383139 0321a27223ec4c72aa09cdd7ed5f52ce 22c816fabdab4fe39ad17fbc91a47ab4 - - 329e3e522080489380b5b02af4e0c616 329e3e522080489380b5b02af4e0c616] 199.204.45.250 "GET /resource_providers/8a6ac499-c85b-49bc-a053-45e8893db595/allocations" status: 200 len: 340 microversion: 1.0 [pid: 7|app: 0|req: 669/1333] 199.204.45.250 () {32 vars in 857 bytes} [Thu Mar 19 12:27:44 2026] GET /resource_providers/8a6ac499-c85b-49bc-a053-45e8893db595/allocations => generated 340 bytes in 155 msecs (HTTP/1.1 200) 6 headers in 224 bytes (1 switches on core 0)
2026-03-19 12:27:44.351 8 INFO placement.requestlog [req-20cf5f05-add1-4911-8399-5922618548ea req-b59aa3f9-e058-44a0-9a9d-ba09d0f2c1d0 0321a27223ec4c72aa09cdd7ed5f52ce 22c816fabdab4fe39ad17fbc91a47ab4 - - 329e3e522080489380b5b02af4e0c616 329e3e522080489380b5b02af4e0c616] 199.204.45.250 "GET /resource_providers?in_tree=8a6ac499-c85b-49bc-a053-45e8893db595" status: 200 len: 798 microversion: 1.14 [pid: 8|app: 0|req: 665/1334] 199.204.45.250 () {34 vars in 892 bytes} [Thu Mar 19 12:27:44 2026] GET /resource_providers?in_tree=8a6ac499-c85b-49bc-a053-45e8893db595 => generated 798 bytes in 15 msecs (HTTP/1.1 200) 6 headers in 225 bytes (1 switches on core 0)
2026-03-19 12:27:44.376 7 INFO placement.requestlog [req-20cf5f05-add1-4911-8399-5922618548ea req-4f051b07-455c-42a5-81c0-eb1ca27af3f4 0321a27223ec4c72aa09cdd7ed5f52ce 22c816fabdab4fe39ad17fbc91a47ab4 - - 329e3e522080489380b5b02af4e0c616 329e3e522080489380b5b02af4e0c616] 199.204.45.250 "GET /resource_providers/8a6ac499-c85b-49bc-a053-45e8893db595/inventories" status: 200 len: 401 microversion: 1.0 [pid: 7|app: 0|req: 670/1335] 199.204.45.250 () {32 vars in 857 bytes} [Thu Mar 19 12:27:44 2026] GET /resource_providers/8a6ac499-c85b-49bc-a053-45e8893db595/inventories => generated 401 bytes in 18 msecs (HTTP/1.1 200) 6 headers in 224 bytes (1 switches on core 0)
2026-03-19 12:27:44.398 8 INFO placement.requestlog [req-20cf5f05-add1-4911-8399-5922618548ea req-7e0dba3e-911a-48cd-99c9-34dd49a9e687 0321a27223ec4c72aa09cdd7ed5f52ce 22c816fabdab4fe39ad17fbc91a47ab4 - - 329e3e522080489380b5b02af4e0c616 329e3e522080489380b5b02af4e0c616] 199.204.45.250 "GET /resource_providers/8a6ac499-c85b-49bc-a053-45e8893db595/aggregates" status: 200 len: 54 microversion: 1.19 [pid: 8|app: 0|req: 666/1336] 199.204.45.250 () {34 vars in 899 bytes} [Thu Mar 19 12:27:44 2026] GET /resource_providers/8a6ac499-c85b-49bc-a053-45e8893db595/aggregates => generated 54 bytes in 13 msecs (HTTP/1.1 200) 8 headers in 295 bytes (1 switches on core 0)
2026-03-19 12:27:44.426 7 INFO placement.requestlog [req-20cf5f05-add1-4911-8399-5922618548ea req-13089df1-e50f-4a9b-91e5-bbbd729e231f 0321a27223ec4c72aa09cdd7ed5f52ce 22c816fabdab4fe39ad17fbc91a47ab4 - - 329e3e522080489380b5b02af4e0c616 329e3e522080489380b5b02af4e0c616] 199.204.45.250 "GET /resource_providers/8a6ac499-c85b-49bc-a053-45e8893db595/traits" status: 200 len: 2176 microversion: 1.6 [pid: 7|app: 0|req: 671/1337] 199.204.45.250 () {34 vars in 890 bytes} [Thu Mar 19 12:27:44 2026] GET /resource_providers/8a6ac499-c85b-49bc-a053-45e8893db595/traits => generated 2176 bytes in 20 msecs (HTTP/1.1 200) 6 headers in 225 bytes (1 switches on core 0)
2026-03-19 12:27:44.452 8 INFO placement.requestlog [req-20cf5f05-add1-4911-8399-5922618548ea req-546fa1d6-ceed-4702-ae21-e7a498ddd2ce 0321a27223ec4c72aa09cdd7ed5f52ce 22c816fabdab4fe39ad17fbc91a47ab4 - - 329e3e522080489380b5b02af4e0c616 329e3e522080489380b5b02af4e0c616] 199.204.45.250 "GET /resource_providers/8a6ac499-c85b-49bc-a053-45e8893db595/allocations" status: 200 len: 340 microversion: 1.0 [pid: 8|app: 0|req: 667/1338] 199.204.45.250 () {32 vars in 857 bytes} [Thu Mar 19 12:27:44 2026] GET /resource_providers/8a6ac499-c85b-49bc-a053-45e8893db595/allocations => generated 340 bytes in 18 msecs (HTTP/1.1 200) 6 headers in 224 bytes (1 switches on core 0)
2026-03-19 12:27:44.471 7 INFO placement.requestlog [req-20cf5f05-add1-4911-8399-5922618548ea req-8e215460-93fb-4925-95fe-f6b831f79e95 0321a27223ec4c72aa09cdd7ed5f52ce 22c816fabdab4fe39ad17fbc91a47ab4 - - 329e3e522080489380b5b02af4e0c616 329e3e522080489380b5b02af4e0c616] 199.204.45.250 "GET /allocations/84806bed-a9ec-45b6-8a15-0934dc2a1f1d" status: 200 len: 258 microversion: 1.28 [pid: 7|app: 0|req: 672/1339] 199.204.45.250 () {34 vars in 863 bytes} [Thu Mar 19 12:27:44 2026] GET /allocations/84806bed-a9ec-45b6-8a15-0934dc2a1f1d => generated 258 bytes in 13 msecs (HTTP/1.1 200) 8 headers in 296 bytes (1 switches on core 0)
2026-03-19 12:27:44.490 8 INFO placement.requestlog [req-20cf5f05-add1-4911-8399-5922618548ea req-16870169-cc19-4d87-bf13-7e001af329b8 0321a27223ec4c72aa09cdd7ed5f52ce 22c816fabdab4fe39ad17fbc91a47ab4 - - 329e3e522080489380b5b02af4e0c616 329e3e522080489380b5b02af4e0c616] 199.204.45.250 "GET /allocations/b631a2d1-8b04-4489-bded-dff7db58c7ae" status: 200 len: 245 microversion: 1.28 [pid: 8|app: 0|req: 668/1340] 199.204.45.250 () {34 vars in 863 bytes} [Thu Mar 19 12:27:44 2026] GET /allocations/b631a2d1-8b04-4489-bded-dff7db58c7ae => generated 245 bytes in 13 msecs (HTTP/1.1 200) 8 headers in 296 bytes (1 switches on core 0)
2026-03-19 12:27:44.508 7 INFO placement.requestlog [req-20cf5f05-add1-4911-8399-5922618548ea req-2e4eaf56-06b4-4334-bbf3-435545ebe344 0321a27223ec4c72aa09cdd7ed5f52ce 22c816fabdab4fe39ad17fbc91a47ab4 - - 329e3e522080489380b5b02af4e0c616 329e3e522080489380b5b02af4e0c616] 199.204.45.250 "GET /allocations/e242b35f-2266-4934-81da-d0601c5210c7" status: 200 len: 258 microversion: 1.28 [pid: 7|app: 0|req: 673/1341] 199.204.45.250 () {34 vars in 863 bytes} [Thu Mar 19 12:27:44 2026] GET /allocations/e242b35f-2266-4934-81da-d0601c5210c7 => generated 258 bytes in 13 msecs (HTTP/1.1 200) 8 headers in 296 bytes (1 switches on core 0)
2026-03-19 12:27:45.453 8 INFO placement.requestlog [None req-b0528e64-5aa5-4e37-86be-8c6fae30544b e0becc1bfd60443a9b3d3a82d31f683d 22c816fabdab4fe39ad17fbc91a47ab4 - - 329e3e522080489380b5b02af4e0c616 329e3e522080489380b5b02af4e0c616] 10.0.0.252 "GET /resource_providers/b11e4341-2617-4a57-8ad4-63fc3774552c/aggregates" status: 404 len: 235 microversion: 1.1 [pid: 8|app: 0|req: 669/1342] 10.0.0.252 () {32 vars in 816 bytes} [Thu Mar 19 12:27:45 2026] GET /resource_providers/b11e4341-2617-4a57-8ad4-63fc3774552c/aggregates => generated 235 bytes in 9 msecs (HTTP/1.1 404) 5 headers in 202 bytes (1 switches on core 0)
2026-03-19 12:27:45.459 7 INFO placement.requestlog [None req-38d9da5c-3d02-4a0a-a86f-0ce2a7788a9c e0becc1bfd60443a9b3d3a82d31f683d 22c816fabdab4fe39ad17fbc91a47ab4 - - 329e3e522080489380b5b02af4e0c616 329e3e522080489380b5b02af4e0c616] 10.0.0.252 "GET /resource_providers/b11e4341-2617-4a57-8ad4-63fc3774552c/aggregates" status: 404 len: 235 microversion: 1.1 [pid: 7|app: 0|req: 674/1343] 10.0.0.252 () {32 vars in 816 bytes} [Thu Mar 19 12:27:45 2026] GET /resource_providers/b11e4341-2617-4a57-8ad4-63fc3774552c/aggregates => generated 235 bytes in 13 msecs (HTTP/1.1 404) 5 headers in 202 bytes (1 switches on core 0)
2026-03-19 12:27:45.476 8 INFO placement.requestlog [None req-4b104c0b-e54d-4b35-b850-cde637bf56b6 e0becc1bfd60443a9b3d3a82d31f683d 22c816fabdab4fe39ad17fbc91a47ab4 - - 329e3e522080489380b5b02af4e0c616 329e3e522080489380b5b02af4e0c616] 10.0.0.252 "DELETE /resource_providers/b11e4341-2617-4a57-8ad4-63fc3774552c" status: 404 len: 246 microversion: 1.1 [pid: 8|app: 0|req: 670/1344] 10.0.0.252 () {34 vars in 816 bytes} [Thu Mar 19 12:27:45 2026] DELETE /resource_providers/b11e4341-2617-4a57-8ad4-63fc3774552c => generated 246 bytes in 8 msecs (HTTP/1.1 404) 6 headers in 231 bytes (1 switches on core 0)
2026-03-19 12:27:45.479 7 INFO placement.requestlog [None req-5b9a0d81-e5e7-4e8b-a9a1-4a1604280c26 e0becc1bfd60443a9b3d3a82d31f683d 22c816fabdab4fe39ad17fbc91a47ab4 - - 329e3e522080489380b5b02af4e0c616 329e3e522080489380b5b02af4e0c616] 10.0.0.252 "DELETE /resource_providers/b11e4341-2617-4a57-8ad4-63fc3774552c" status: 404 len: 246 microversion: 1.1 [pid: 7|app: 0|req: 675/1345] 10.0.0.252 () {34 vars in 816 bytes} [Thu Mar 19 12:27:45 2026] DELETE /resource_providers/b11e4341-2617-4a57-8ad4-63fc3774552c => generated 246 bytes in 11 msecs (HTTP/1.1 404) 6 headers in 231 bytes (1 switches on core 0)
2026-03-19 12:27:49.319 7 INFO placement.requestlog [None req-c877e8f0-c53a-4c17-b7e2-72870f0489b4 - - - - - -] 10.0.0.240 "GET /" status: 200 len: 136 microversion: 1.0
2026-03-19 12:27:49.320 8 INFO placement.requestlog [None req-2b4b79e1-a0ad-463a-ae2c-7116dc3df0da - - - - - -] 10.0.0.240 "GET /" status: 200 len: 136 microversion: 1.0
2026-03-19 12:27:56.465 7 INFO placement.requestlog [None req-4c44fc9c-d76f-4450-8149-fe2d512f16d7 87b3eaf59e9e4b5e8e844f85bdf0ae33 2879024e1d8145b08762ff169ee9e5e9 - - default default] 10.0.0.138 "GET /resource_providers" status: 200 len: 406 microversion: 1.0 [pid: 7|app: 0|req: 677/1348] 10.0.0.138 () {28 vars in 593 bytes} [Thu Mar 19 12:27:56 2026] GET /resource_providers => generated 406 bytes in 151 msecs (HTTP/1.1 200) 6 headers in 224 bytes (1 switches on core 0)
2026-03-19 12:27:56.493 8 INFO placement.requestlog [None req-e550df6b-6110-4ed3-8358-4ad6f504c3c6 87b3eaf59e9e4b5e8e844f85bdf0ae33 2879024e1d8145b08762ff169ee9e5e9 - - default default] 10.0.0.138 "GET /resource_providers/8a6ac499-c85b-49bc-a053-45e8893db595/inventories" status: 200 len: 401 microversion: 1.0 [pid: 8|app: 0|req: 672/1349] 10.0.0.138 () {28 vars in 691 bytes} [Thu Mar 19 12:27:56 2026] GET /resource_providers/8a6ac499-c85b-49bc-a053-45e8893db595/inventories => generated 401 bytes in 20 msecs (HTTP/1.1 200) 6 headers in 224 bytes (1 switches on core 0)
2026-03-19 12:27:56.517 7 INFO placement.requestlog [None req-c9992b3e-28c6-41e0-8bd9-7bbb3e454ed1 87b3eaf59e9e4b5e8e844f85bdf0ae33 2879024e1d8145b08762ff169ee9e5e9 - - default default] 10.0.0.138 "GET /resource_providers/8a6ac499-c85b-49bc-a053-45e8893db595/usages" status: 200 len: 92 microversion: 1.0 [pid: 7|app: 0|req: 678/1350] 10.0.0.138 () {28 vars in 681 bytes} [Thu Mar 19 12:27:56 2026] GET /resource_providers/8a6ac499-c85b-49bc-a053-45e8893db595/usages => generated 92 bytes in 15 msecs (HTTP/1.1 200) 6 headers in 223 bytes (1 switches on core 0)
2026-03-19 12:27:59.322 8 INFO placement.requestlog [None req-313fb18a-0783-4560-91bc-b216fe03d5b1 - - - - - -] 10.0.0.240 "GET /" status: 200 len: 136 microversion: 1.0
2026-03-19 12:27:59.323 7 INFO placement.requestlog [None req-59c0f93e-66c8-4388-97b5-5b93ac8dc984 - - - - - -] 10.0.0.240 "GET /" status: 200 len: 136 microversion: 1.0
2026-03-19 12:28:09.319 8 INFO placement.requestlog [None req-ac98e719-1676-4d6c-bc06-217cd1c57a55 - - - - - -] 10.0.0.240 "GET /" status: 200 len: 136 microversion: 1.0
2026-03-19 12:28:09.320 7 INFO placement.requestlog [None req-ff4e0be3-75df-4f67-90b3-37c622616b0e - - - - - -] 10.0.0.240 "GET /" status: 200 len: 136 microversion: 1.0
2026-03-19 12:28:19.319 8 INFO placement.requestlog [None req-47dc2778-bc51-4963-a38b-aeaa19c8f8cb - - - - - -] 10.0.0.240 "GET /" status: 200 len: 136 microversion: 1.0
2026-03-19 12:28:19.320 7 INFO placement.requestlog [None req-d2500876-08c4-4de8-b22e-a07b07d169c7 - - - - - -] 10.0.0.240 "GET /" status: 200 len: 136 microversion: 1.0
2026-03-19 12:28:29.320 8 INFO placement.requestlog [None req-998c0924-620f-4604-9f90-803a32f58a94 - - - - - -] 10.0.0.240 "GET /" status: 200 len: 136 microversion: 1.0
2026-03-19 12:28:29.320 7 INFO placement.requestlog [None req-c577f719-c461-4326-a430-3d325071ba5c - - - - - -] 10.0.0.240 "GET /" status: 200 len: 136 microversion: 1.0
2026-03-19 12:28:39.319 8 INFO placement.requestlog [None req-d6a11dd1-c4b3-4fbf-8f0f-60333913c922 - - - - - -] 10.0.0.240 "GET /" status: 200 len: 136 microversion: 1.0
2026-03-19 12:28:39.319 7 INFO placement.requestlog [None req-0cb9f98f-14bf-49cb-b043-8f8bbf653f81 - - - - - -] 10.0.0.240 "GET /" status: 200 len: 136 microversion: 1.0
2026-03-19 12:28:44.095 8 INFO placement.requestlog [req-6dff5fcd-cabe-42de-b890-893620413472 req-21ada677-6243-4128-9f0f-e28419fc873d 0321a27223ec4c72aa09cdd7ed5f52ce 22c816fabdab4fe39ad17fbc91a47ab4 - - 329e3e522080489380b5b02af4e0c616 329e3e522080489380b5b02af4e0c616] 199.204.45.250 "GET /resource_providers/8a6ac499-c85b-49bc-a053-45e8893db595/allocations" status: 200 len: 340 microversion: 1.0 [pid: 8|app: 0|req: 678/1361] 199.204.45.250 () {32 vars in 857 bytes} [Thu Mar 19 12:28:44 2026] GET /resource_providers/8a6ac499-c85b-49bc-a053-45e8893db595/allocations => generated 340 bytes in 16 msecs (HTTP/1.1 200) 6 headers in 224 bytes (1 switches on core 0)
2026-03-19 12:28:44.130 7 INFO placement.requestlog [req-6dff5fcd-cabe-42de-b890-893620413472 req-acac1741-e648-43b4-8616-626062b0c5c8 0321a27223ec4c72aa09cdd7ed5f52ce 22c816fabdab4fe39ad17fbc91a47ab4 - - 329e3e522080489380b5b02af4e0c616 329e3e522080489380b5b02af4e0c616] 199.204.45.250 "GET /resource_providers/8a6ac499-c85b-49bc-a053-45e8893db595/allocations" status: 200 len: 340 microversion: 1.0 [pid: 7|app: 0|req: 684/1362] 199.204.45.250 () {32 vars in 857 bytes} [Thu Mar 19 12:28:44 2026] GET /resource_providers/8a6ac499-c85b-49bc-a053-45e8893db595/allocations => generated 340 bytes in 28 msecs (HTTP/1.1 200) 6 headers in 224 bytes (1 switches on core 0)
2026-03-19 12:28:44.149 8 INFO placement.requestlog [req-6dff5fcd-cabe-42de-b890-893620413472 req-868f2875-6f8c-4350-956e-6a252392bdfc 0321a27223ec4c72aa09cdd7ed5f52ce 22c816fabdab4fe39ad17fbc91a47ab4 - - 329e3e522080489380b5b02af4e0c616 329e3e522080489380b5b02af4e0c616] 199.204.45.250 "GET /allocations/84806bed-a9ec-45b6-8a15-0934dc2a1f1d" status: 200 len: 258 microversion: 1.28 [pid: 8|app: 0|req: 679/1363] 199.204.45.250 () {34 vars in 863 bytes} [Thu Mar 19 12:28:44 2026] GET /allocations/84806bed-a9ec-45b6-8a15-0934dc2a1f1d => generated 258 bytes in 14 msecs (HTTP/1.1 200) 8 headers in 296 bytes (1 switches on core 0)
2026-03-19 12:28:44.170 7 INFO placement.requestlog [req-6dff5fcd-cabe-42de-b890-893620413472 req-ddec2066-b758-48dc-9ee8-21a22f5616a5 0321a27223ec4c72aa09cdd7ed5f52ce 22c816fabdab4fe39ad17fbc91a47ab4 - - 329e3e522080489380b5b02af4e0c616 329e3e522080489380b5b02af4e0c616] 199.204.45.250 "GET /allocations/b631a2d1-8b04-4489-bded-dff7db58c7ae" status: 200 len: 245 microversion: 1.28 [pid: 7|app: 0|req: 685/1364] 199.204.45.250 () {34 vars in 863 bytes} [Thu Mar 19 12:28:44 2026] GET /allocations/b631a2d1-8b04-4489-bded-dff7db58c7ae => generated 245 bytes in 14 msecs (HTTP/1.1 200) 8 headers in 296 bytes (1 switches on core 0)
2026-03-19 12:28:44.193 8 INFO placement.requestlog [req-6dff5fcd-cabe-42de-b890-893620413472 req-ae1f532c-9224-43c4-b75d-df56f1ec4e14 0321a27223ec4c72aa09cdd7ed5f52ce 22c816fabdab4fe39ad17fbc91a47ab4 - - 329e3e522080489380b5b02af4e0c616 329e3e522080489380b5b02af4e0c616] 199.204.45.250 "GET /allocations/e242b35f-2266-4934-81da-d0601c5210c7" status: 200 len: 258 microversion: 1.28 [pid: 8|app: 0|req: 680/1365] 199.204.45.250 () {34 vars in 863 bytes} [Thu Mar 19 12:28:44 2026] GET /allocations/e242b35f-2266-4934-81da-d0601c5210c7 => generated 258 bytes in 14 msecs (HTTP/1.1 200) 8 headers in 296 bytes (1 switches on core 0)
2026-03-19 12:28:49.322 8 INFO placement.requestlog [None req-13cf179c-869d-4e58-983f-80e748a52721 - - - - - -] 10.0.0.240 "GET /" status: 200 len: 136 microversion: 1.0
2026-03-19 12:28:49.322 7 INFO placement.requestlog [None req-a8447995-6c8d-4d06-bd96-232dd92193ca - - - - - -] 10.0.0.240 "GET /" status: 200 len: 136 microversion: 1.0
2026-03-19 12:28:56.309 8 INFO placement.requestlog [None req-dca5975e-439c-46d4-bdde-0daab01ad9b8 87b3eaf59e9e4b5e8e844f85bdf0ae33 2879024e1d8145b08762ff169ee9e5e9 - - default default] 10.0.0.138 "GET /resource_providers" status: 200 len: 406 microversion: 1.0 [pid: 8|app: 0|req: 682/1368] 10.0.0.138 () {28 vars in 593 bytes} [Thu Mar 19 12:28:56 2026] GET /resource_providers => generated 406 bytes in 197 msecs (HTTP/1.1 200) 6 headers in 224 bytes (1 switches on core 0)
2026-03-19 12:28:56.334 7 INFO placement.requestlog [None req-35fecb12-c9a9-47f0-9d97-bb49302e7815 87b3eaf59e9e4b5e8e844f85bdf0ae33 2879024e1d8145b08762ff169ee9e5e9 - - default default] 10.0.0.138 "GET /resource_providers/8a6ac499-c85b-49bc-a053-45e8893db595/inventories" status: 200 len: 401 microversion: 1.0 [pid: 7|app: 0|req: 687/1369] 10.0.0.138 () {28 vars in 691 bytes} [Thu Mar 19 12:28:56 2026] GET /resource_providers/8a6ac499-c85b-49bc-a053-45e8893db595/inventories => generated 401 bytes in 21 msecs (HTTP/1.1 200) 6 headers in 224 bytes (1 switches on core 0)
2026-03-19 12:28:56.355 8 INFO placement.requestlog [None req-233c1844-21a3-49de-87cb-1ce627a172e4 87b3eaf59e9e4b5e8e844f85bdf0ae33 2879024e1d8145b08762ff169ee9e5e9 - - default default] 10.0.0.138 "GET /resource_providers/8a6ac499-c85b-49bc-a053-45e8893db595/usages" status: 200 len: 92 microversion: 1.0 [pid: 8|app: 0|req: 683/1370] 10.0.0.138 () {28 vars in 681 bytes} [Thu Mar 19 12:28:56 2026] GET /resource_providers/8a6ac499-c85b-49bc-a053-45e8893db595/usages => generated 92 bytes in 16 msecs (HTTP/1.1 200) 6 headers in 223 bytes (1 switches on core 0)
2026-03-19 12:28:59.320 8 INFO placement.requestlog [None req-9561e449-f7e1-4b61-a32a-675bc4ece36d - - - - - -] 10.0.0.240 "GET /" status: 200 len: 136 microversion: 1.0
2026-03-19 12:28:59.320 7 INFO placement.requestlog [None req-9e2ccc61-56c6-4448-a2fa-e29b6b76cbd7 - - - - - -] 10.0.0.240 "GET /" status: 200 len: 136 microversion: 1.0
2026-03-19 12:29:09.319 7 INFO placement.requestlog [None req-516298d2-ff0c-4972-926f-0f105fee6379 - - - - - -] 10.0.0.240 "GET /" status: 200 len: 136 microversion: 1.0
2026-03-19 12:29:09.320 8 INFO placement.requestlog [None req-8326ada6-bb89-4c50-944d-9e596ba79b64 - - - - - -] 10.0.0.240 "GET /" status: 200 len: 136 microversion: 1.0
2026-03-19 12:29:19.320 7 INFO placement.requestlog [None req-3bae67c6-630a-48f8-b6b5-a24845af0bb8 - - - - - -] 10.0.0.240 "GET /" status: 200 len: 136 microversion: 1.0
2026-03-19 12:29:19.320 8 INFO placement.requestlog [None req-c2f084f3-2a2e-47a7-a47c-c70203206843 - - - - - -] 10.0.0.240 "GET /" status: 200 len: 136 microversion: 1.0
2026-03-19 12:29:29.320 7 INFO placement.requestlog [None req-441fa0e7-0813-409d-85f1-737bd74dcc45 - - - - - -] 10.0.0.240 "GET /" status: 200 len: 136 microversion: 1.0
2026-03-19 12:29:29.320 8 INFO placement.requestlog [None req-cec4ba1d-4e5c-43dd-b738-db7e57e61801 - - - - - -] 10.0.0.240 "GET /" status: 200 len: 136 microversion: 1.0
2026-03-19 12:29:39.320 7 INFO placement.requestlog [None req-e5e1955c-4a3b-481a-b6b4-6c0defef80ce - - - - - -] 10.0.0.240 "GET /" status: 200 len: 136 microversion: 1.0
2026-03-19 12:29:39.321 8 INFO placement.requestlog [None req-5cb23e77-26da-47a0-a083-af0d594cfccd - - - - - -] 10.0.0.240 "GET /" status: 200 len: 136 microversion: 1.0
2026-03-19 12:29:46.311 7 INFO placement.requestlog [req-3879c1ea-1b64-4134-a7ba-4399565b4c2b req-e0df968b-b00f-432a-894d-92e600a22b5b 0321a27223ec4c72aa09cdd7ed5f52ce 22c816fabdab4fe39ad17fbc91a47ab4 - - 329e3e522080489380b5b02af4e0c616 329e3e522080489380b5b02af4e0c616] 199.204.45.250 "GET /resource_providers/8a6ac499-c85b-49bc-a053-45e8893db595/allocations" status: 200 len: 340 microversion: 1.0 [pid: 7|app: 0|req: 693/1381] 199.204.45.250 () {32 vars in 857 bytes} [Thu Mar 19 12:29:46 2026] GET /resource_providers/8a6ac499-c85b-49bc-a053-45e8893db595/allocations => generated 340 bytes in 25 msecs (HTTP/1.1 200) 6 headers in 224 bytes (1 switches on core 0)
2026-03-19 12:29:46.339 8 INFO placement.requestlog [req-3879c1ea-1b64-4134-a7ba-4399565b4c2b req-62299d3f-d841-47ee-a79d-c971e3a070e1 0321a27223ec4c72aa09cdd7ed5f52ce 22c816fabdab4fe39ad17fbc91a47ab4 - - 329e3e522080489380b5b02af4e0c616 329e3e522080489380b5b02af4e0c616] 199.204.45.250 "GET /resource_providers/8a6ac499-c85b-49bc-a053-45e8893db595/allocations" status: 200 len: 340 microversion: 1.0 [pid: 8|app: 0|req: 689/1382] 199.204.45.250 () {32 vars in 857 bytes} [Thu Mar 19 12:29:46 2026] GET /resource_providers/8a6ac499-c85b-49bc-a053-45e8893db595/allocations => generated 340 bytes in 19 msecs (HTTP/1.1 200) 6 headers in 224 bytes (1 switches on core 0)
2026-03-19 12:29:46.359 7 INFO placement.requestlog [req-3879c1ea-1b64-4134-a7ba-4399565b4c2b req-db7b5060-31c1-4287-85f3-e77299324744 0321a27223ec4c72aa09cdd7ed5f52ce 22c816fabdab4fe39ad17fbc91a47ab4 - - 329e3e522080489380b5b02af4e0c616 329e3e522080489380b5b02af4e0c616] 199.204.45.250 "GET /allocations/84806bed-a9ec-45b6-8a15-0934dc2a1f1d" status: 200 len: 258 microversion: 1.28 [pid: 7|app: 0|req: 694/1383] 199.204.45.250 () {34 vars in 863 bytes} [Thu Mar 19 12:29:46 2026] GET /allocations/84806bed-a9ec-45b6-8a15-0934dc2a1f1d => generated 258 bytes in 15 msecs (HTTP/1.1 200) 8 headers in 296 bytes (1 switches on core 0)
2026-03-19 12:29:46.387 8 INFO placement.requestlog [req-3879c1ea-1b64-4134-a7ba-4399565b4c2b req-2dbb863b-c777-4ee4-8a00-afaaf8017293 0321a27223ec4c72aa09cdd7ed5f52ce 22c816fabdab4fe39ad17fbc91a47ab4 - - 329e3e522080489380b5b02af4e0c616 329e3e522080489380b5b02af4e0c616] 199.204.45.250 "GET /allocations/b631a2d1-8b04-4489-bded-dff7db58c7ae" status: 200 len: 245 microversion: 1.28 [pid: 8|app: 0|req: 690/1384] 199.204.45.250 () {34 vars in 863 bytes} [Thu Mar 19 12:29:46 2026] GET /allocations/b631a2d1-8b04-4489-bded-dff7db58c7ae => generated 245 bytes in 19 msecs (HTTP/1.1 200) 8 headers in 296 bytes (1 switches on core 0)
2026-03-19 12:29:46.426 7 INFO placement.requestlog [req-3879c1ea-1b64-4134-a7ba-4399565b4c2b req-7e14bdeb-b834-468f-9e3f-14dde26854a1 0321a27223ec4c72aa09cdd7ed5f52ce 22c816fabdab4fe39ad17fbc91a47ab4 - - 329e3e522080489380b5b02af4e0c616 329e3e522080489380b5b02af4e0c616] 199.204.45.250 "GET /allocations/e242b35f-2266-4934-81da-d0601c5210c7" status: 200 len: 258 microversion: 1.28 [pid: 7|app: 0|req: 695/1385] 199.204.45.250 () {34 vars in 863 bytes} [Thu Mar 19 12:29:46 2026] GET /allocations/e242b35f-2266-4934-81da-d0601c5210c7 => generated 258 bytes in 34 msecs (HTTP/1.1 200) 8 headers in 296 bytes (1 switches on core 0)
2026-03-19 12:29:49.320 8 INFO placement.requestlog [None req-a3333c0b-d9b2-463a-914d-b72c419bdb73 - - - - - -] 10.0.0.240 "GET /" status: 200 len: 136 microversion: 1.0
2026-03-19 12:29:49.320 7 INFO placement.requestlog [None req-bbc8da2e-8def-47dd-920c-d244ec50e114 - - - - - -] 10.0.0.240 "GET /" status: 200 len: 136 microversion: 1.0
2026-03-19 12:29:56.028 8 INFO placement.requestlog [None req-d353bb28-5886-4380-b032-1635f6344b2e 87b3eaf59e9e4b5e8e844f85bdf0ae33 2879024e1d8145b08762ff169ee9e5e9 - - default default] 10.0.0.138 "GET /resource_providers" status: 200 len: 406 microversion: 1.0 [pid: 8|app: 0|req: 692/1388] 10.0.0.138 () {28 vars in 593 bytes} [Thu Mar 19 12:29:55 2026] GET /resource_providers => generated 406 bytes in 72 msecs (HTTP/1.1 200) 6 headers in 224 bytes (1 switches on core 0)
2026-03-19 12:29:56.051 7 INFO placement.requestlog [None req-476d9522-2780-4b7e-a205-f023fd3899a2 87b3eaf59e9e4b5e8e844f85bdf0ae33 2879024e1d8145b08762ff169ee9e5e9 - - default default] 10.0.0.138 "GET /resource_providers/8a6ac499-c85b-49bc-a053-45e8893db595/inventories" status: 200 len: 401 microversion: 1.0 [pid: 7|app: 0|req: 697/1389] 10.0.0.138 () {28 vars in 691 bytes} [Thu Mar 19 12:29:56 2026] GET /resource_providers/8a6ac499-c85b-49bc-a053-45e8893db595/inventories => generated 401 bytes in 19 msecs (HTTP/1.1 200) 6 headers in 224 bytes (1 switches on core 0)
2026-03-19 12:29:56.078 8 INFO placement.requestlog [None req-d819d527-5e45-4482-9edf-9b1d62cac03b 87b3eaf59e9e4b5e8e844f85bdf0ae33 2879024e1d8145b08762ff169ee9e5e9 - - default default] 10.0.0.138 "GET /resource_providers/8a6ac499-c85b-49bc-a053-45e8893db595/usages" status: 200 len: 92 microversion: 1.0 [pid: 8|app: 0|req: 693/1390] 10.0.0.138 () {28 vars in 681 bytes} [Thu Mar 19 12:29:56 2026] GET /resource_providers/8a6ac499-c85b-49bc-a053-45e8893db595/usages => generated 92 bytes in 13 msecs (HTTP/1.1 200) 6 headers in 223 bytes (1 switches on core 0)
2026-03-19 12:29:59.320 7 INFO placement.requestlog [None req-d44ce787-2cb7-4b04-a8a1-02b374fb3c4f - - - - - -] 10.0.0.240 "GET /" status: 200 len: 136 microversion: 1.0
2026-03-19 12:29:59.320 8 INFO placement.requestlog [None req-ed913b2f-40b8-4996-92ab-ea18f9fe96eb - - - - - -] 10.0.0.240 "GET /" status: 200 len: 136 microversion: 1.0
2026-03-19 12:30:09.321 7 INFO placement.requestlog [None req-d2ea678b-86ab-486d-ac2a-7b4c664af544 - - - - - -] 10.0.0.240 "GET /" status: 200 len: 136 microversion: 1.0
2026-03-19 12:30:09.322 8 INFO placement.requestlog [None req-f87d8dc8-9c1b-40bf-9c68-f4111ee09708 - - - - - -] 10.0.0.240 "GET /" status: 200 len: 136 microversion: 1.0
2026-03-19 12:30:19.320 7 INFO placement.requestlog [None req-2fb52d61-4c8f-4e09-be37-efc81ce5aee7 - - - - - -] 10.0.0.240 "GET /" status: 200 len: 136 microversion: 1.0
2026-03-19 12:30:19.321 8 INFO placement.requestlog [None req-0dbfddc9-6af5-4392-940b-ef6442da1edc - - - - - -] 10.0.0.240 "GET /" status: 200 len: 136 microversion: 1.0
2026-03-19 12:30:29.319 7 INFO placement.requestlog [None req-754b8f5b-dddf-427b-ac84-ab7ed96c6976 - - - - - -] 10.0.0.240 "GET /" status: 200 len: 136 microversion: 1.0
2026-03-19 12:30:29.320 8 INFO placement.requestlog [None req-e5194fe6-682f-44bc-b6f0-e9b433662abe - - - - - -] 10.0.0.240 "GET /" status: 200 len: 136 microversion: 1.0
2026-03-19 12:30:39.320 7 INFO placement.requestlog [None req-d297ecb0-7a8c-4320-8f73-78e24b3299c6 - - - - - -] 10.0.0.240 "GET /" status: 200 len: 136 microversion: 1.0
2026-03-19 12:30:39.320 8 INFO placement.requestlog [None req-287ca53b-9fd1-469e-b477-1b351d1f8447 - - - - - -] 10.0.0.240 "GET /" status: 200 len: 136 microversion: 1.0
2026-03-19 12:30:47.331 7 INFO placement.requestlog [req-a2b837ae-f913-45ab-9f1e-34dc445560ec req-35131ffd-0304-4e91-a3cc-7ff85669de38 0321a27223ec4c72aa09cdd7ed5f52ce 22c816fabdab4fe39ad17fbc91a47ab4 - - 329e3e522080489380b5b02af4e0c616 329e3e522080489380b5b02af4e0c616] 199.204.45.250 "GET /resource_providers/8a6ac499-c85b-49bc-a053-45e8893db595/allocations" status: 200 len: 340 microversion: 1.0 [pid: 7|app: 0|req: 703/1401] 199.204.45.250 () {32 vars in 857 bytes} [Thu Mar 19 12:30:47 2026] GET /resource_providers/8a6ac499-c85b-49bc-a053-45e8893db595/allocations => generated 340 bytes in 28 msecs (HTTP/1.1 200) 6 headers in 224 bytes (1 switches on core 0)
2026-03-19 12:30:47.367 8 INFO placement.requestlog [req-a2b837ae-f913-45ab-9f1e-34dc445560ec req-257cb1a3-9b81-4ba2-88a0-06bb01796ef2 0321a27223ec4c72aa09cdd7ed5f52ce 22c816fabdab4fe39ad17fbc91a47ab4 - - 329e3e522080489380b5b02af4e0c616 329e3e522080489380b5b02af4e0c616] 199.204.45.250 "GET /resource_providers/8a6ac499-c85b-49bc-a053-45e8893db595/allocations" status: 200 len: 340 microversion: 1.0 [pid: 8|app: 0|req: 699/1402] 199.204.45.250 () {32 vars in 857 bytes} [Thu Mar 19 12:30:47 2026] GET /resource_providers/8a6ac499-c85b-49bc-a053-45e8893db595/allocations => generated 340 bytes in 28 msecs (HTTP/1.1 200) 6 headers in 224 bytes (1 switches on core 0)
2026-03-19 12:30:47.393 7 INFO placement.requestlog [req-a2b837ae-f913-45ab-9f1e-34dc445560ec req-4749401d-10bc-41ef-b019-e786b37898e2 0321a27223ec4c72aa09cdd7ed5f52ce 22c816fabdab4fe39ad17fbc91a47ab4 - - 329e3e522080489380b5b02af4e0c616 329e3e522080489380b5b02af4e0c616] 199.204.45.250 "GET /allocations/84806bed-a9ec-45b6-8a15-0934dc2a1f1d" status: 200 len: 258 microversion: 1.28 [pid: 7|app: 0|req: 704/1403] 199.204.45.250 () {34 vars in 863 bytes} [Thu Mar 19 12:30:47 2026] GET /allocations/84806bed-a9ec-45b6-8a15-0934dc2a1f1d => generated 258 bytes in 12 msecs (HTTP/1.1 200) 8 headers in 296 bytes (1 switches on core 0)
2026-03-19 12:30:47.416 8 INFO placement.requestlog [req-a2b837ae-f913-45ab-9f1e-34dc445560ec req-d8188f9d-089c-4c56-9173-ab51ddaa24c9 0321a27223ec4c72aa09cdd7ed5f52ce 22c816fabdab4fe39ad17fbc91a47ab4 - - 329e3e522080489380b5b02af4e0c616 329e3e522080489380b5b02af4e0c616] 199.204.45.250 "GET /allocations/b631a2d1-8b04-4489-bded-dff7db58c7ae" status: 200 len: 245 microversion: 1.28 [pid: 8|app: 0|req: 700/1404] 199.204.45.250 () {34 vars in 863 bytes} [Thu Mar 19 12:30:47 2026] GET /allocations/b631a2d1-8b04-4489-bded-dff7db58c7ae => generated 245 bytes in 17 msecs (HTTP/1.1 200) 8 headers in 296 bytes (1 switches on core 0)
2026-03-19 12:30:47.434 7 INFO placement.requestlog [req-a2b837ae-f913-45ab-9f1e-34dc445560ec req-13274e88-62b4-4076-b92d-49c1e9d702f3 0321a27223ec4c72aa09cdd7ed5f52ce 22c816fabdab4fe39ad17fbc91a47ab4 - - 329e3e522080489380b5b02af4e0c616 329e3e522080489380b5b02af4e0c616] 199.204.45.250 "GET /allocations/e242b35f-2266-4934-81da-d0601c5210c7" status: 200 len: 258 microversion: 1.28 [pid: 7|app: 0|req: 705/1405] 199.204.45.250 () {34 vars in 863 bytes} [Thu Mar 19 12:30:47 2026] GET /allocations/e242b35f-2266-4934-81da-d0601c5210c7 => generated 258 bytes in 12 msecs (HTTP/1.1 200) 8 headers in 296 bytes (1 switches on core 0)
2026-03-19 12:30:49.319 8 INFO placement.requestlog [None req-d888cb25-81cd-42cc-a9b4-5ca252433eb7 - - - - - -] 10.0.0.240 "GET /" status: 200 len: 136 microversion: 1.0
2026-03-19 12:30:49.319 7 INFO placement.requestlog [None req-8e080755-86cf-4f77-8f6c-21e31779aee8 - - - - - -] 10.0.0.240 "GET /" status: 200 len: 136 microversion: 1.0
2026-03-19 12:30:56.161 8 INFO placement.requestlog [None req-57618d78-aace-4d09-be15-4603906d0a49 87b3eaf59e9e4b5e8e844f85bdf0ae33 2879024e1d8145b08762ff169ee9e5e9 - - default default] 10.0.0.138 "GET /resource_providers" status: 200 len: 406 microversion: 1.0 [pid: 8|app: 0|req: 702/1408] 10.0.0.138 () {28 vars in 593 bytes} [Thu Mar 19 12:30:56 2026] GET /resource_providers => generated 406 bytes in 64 msecs (HTTP/1.1 200) 6 headers in 224 bytes (1 switches on core 0)
2026-03-19 12:30:56.183 7 INFO placement.requestlog [None req-37c2153d-0cb4-4dae-b698-bf192475a452 87b3eaf59e9e4b5e8e844f85bdf0ae33 2879024e1d8145b08762ff169ee9e5e9 - - default default] 10.0.0.138 "GET /resource_providers/8a6ac499-c85b-49bc-a053-45e8893db595/inventories" status: 200 len: 401 microversion: 1.0 [pid: 7|app: 0|req: 707/1409] 10.0.0.138 () {28 vars in 691 bytes} [Thu Mar 19 12:30:56 2026] GET /resource_providers/8a6ac499-c85b-49bc-a053-45e8893db595/inventories => generated 401 bytes in 18 msecs (HTTP/1.1 200) 6 headers in 224 bytes (1 switches on core 0)
2026-03-19 12:30:56.229 8 INFO placement.requestlog [None req-968e640e-a906-42bc-bfe5-559ce05c8a42 87b3eaf59e9e4b5e8e844f85bdf0ae33 2879024e1d8145b08762ff169ee9e5e9 - - default default] 10.0.0.138 "GET /resource_providers/8a6ac499-c85b-49bc-a053-45e8893db595/usages" status: 200 len: 92 microversion: 1.0 [pid: 8|app: 0|req: 703/1410] 10.0.0.138 () {28 vars in 681 bytes} [Thu Mar 19 12:30:56 2026] GET /resource_providers/8a6ac499-c85b-49bc-a053-45e8893db595/usages => generated 92 bytes in 40 msecs (HTTP/1.1 200) 6 headers in 223 bytes (1 switches on core 0)
2026-03-19 12:30:59.319 7 INFO placement.requestlog [None req-798d5f3d-b9a3-454d-b838-9539e9dc8107 - - - - - -] 10.0.0.240 "GET /" status: 200 len: 136 microversion: 1.0
2026-03-19 12:30:59.320 8 INFO placement.requestlog [None req-a0255eec-7f93-4519-9963-3451612e4e34 - - - - - -] 10.0.0.240 "GET /" status: 200 len: 136 microversion: 1.0
2026-03-19 12:30:59.776 7 INFO placement.requestlog [req-0a830260-6377-4b88-9631-24e1e10b2df3 req-a4b145d6-20f5-4bc4-a617-2c802e9f7e1e 0321a27223ec4c72aa09cdd7ed5f52ce 22c816fabdab4fe39ad17fbc91a47ab4 - - 329e3e522080489380b5b02af4e0c616 329e3e522080489380b5b02af4e0c616] 199.204.45.250 "GET /resource_providers/8a6ac499-c85b-49bc-a053-45e8893db595/allocations" status: 200 len: 340 microversion: 1.0 [pid: 7|app: 0|req: 709/1413] 199.204.45.250 () {32 vars in 857 bytes} [Thu Mar 19 12:30:59 2026] GET /resource_providers/8a6ac499-c85b-49bc-a053-45e8893db595/allocations => generated 340 bytes in 19 msecs (HTTP/1.1 200) 6 headers in 224 bytes (1 switches on core 0)
2026-03-19 12:30:59.794 8 INFO placement.requestlog [req-0a830260-6377-4b88-9631-24e1e10b2df3 req-68526f68-8097-4238-a104-13d991550e09 0321a27223ec4c72aa09cdd7ed5f52ce 22c816fabdab4fe39ad17fbc91a47ab4 - - 329e3e522080489380b5b02af4e0c616 329e3e522080489380b5b02af4e0c616] 199.204.45.250 "GET /allocations/84806bed-a9ec-45b6-8a15-0934dc2a1f1d" status: 200 len: 258 microversion: 1.28 [pid: 8|app: 0|req: 705/1414] 199.204.45.250 () {34 vars in 863 bytes} [Thu Mar 19 12:30:59 2026] GET /allocations/84806bed-a9ec-45b6-8a15-0934dc2a1f1d => generated 258 bytes in 12 msecs (HTTP/1.1 200) 8 headers in 296 bytes (1 switches on core 0)
2026-03-19 12:30:59.813 7 INFO placement.requestlog [req-0a830260-6377-4b88-9631-24e1e10b2df3 req-754e8d44-b515-49a3-ba1b-40d3f9c2e21d 0321a27223ec4c72aa09cdd7ed5f52ce 22c816fabdab4fe39ad17fbc91a47ab4 - - 329e3e522080489380b5b02af4e0c616 329e3e522080489380b5b02af4e0c616] 199.204.45.250 "GET /allocations/b631a2d1-8b04-4489-bded-dff7db58c7ae" status: 200 len: 245 microversion: 1.28 [pid: 7|app: 0|req: 710/1415] 199.204.45.250 () {34 vars in 863 bytes} [Thu Mar 19 12:30:59 2026] GET /allocations/b631a2d1-8b04-4489-bded-dff7db58c7ae => generated 245 bytes in 12 msecs (HTTP/1.1 200) 8 headers in 296 bytes (1 switches on core 0)
2026-03-19 12:30:59.837 8 INFO placement.requestlog [req-0a830260-6377-4b88-9631-24e1e10b2df3 req-20b23ef7-f487-4831-b232-7d85834f3875 0321a27223ec4c72aa09cdd7ed5f52ce 22c816fabdab4fe39ad17fbc91a47ab4 - - 329e3e522080489380b5b02af4e0c616 329e3e522080489380b5b02af4e0c616] 199.204.45.250 "GET /allocations/e242b35f-2266-4934-81da-d0601c5210c7" status: 200 len: 258 microversion: 1.28 [pid: 8|app: 0|req: 706/1416] 199.204.45.250 () {34 vars in 863 bytes} [Thu Mar 19 12:30:59 2026] GET /allocations/e242b35f-2266-4934-81da-d0601c5210c7 => generated 258 bytes in 14 msecs (HTTP/1.1 200) 8 headers in 296 bytes (1 switches on core 0)
2026-03-19 12:31:00.935 7 INFO placement.requestlog [req-0a830260-6377-4b88-9631-24e1e10b2df3 req-8c83f558-cbb4-41c7-98b9-bd0e94c9adc8 0321a27223ec4c72aa09cdd7ed5f52ce 22c816fabdab4fe39ad17fbc91a47ab4 - - 329e3e522080489380b5b02af4e0c616 329e3e522080489380b5b02af4e0c616] 199.204.45.250 "DELETE /allocations/b631a2d1-8b04-4489-bded-dff7db58c7ae" status: 204 len: 0 microversion: 1.0 [pid: 7|app: 0|req: 711/1417] 199.204.45.250 () {34 vars in 841 bytes} [Thu Mar 19 12:31:00 2026] DELETE /allocations/b631a2d1-8b04-4489-bded-dff7db58c7ae => generated 0 bytes in 55 msecs (HTTP/1.1 204) 5 headers in 198 bytes (1 switches on core 0)
2026-03-19 12:31:02.540 8 INFO placement.requestlog [req-b186f0e7-d4b1-4e2d-b555-08b8756edf13 req-60b9c70d-f4f1-4c5c-9857-bcb13128b196 0321a27223ec4c72aa09cdd7ed5f52ce 22c816fabdab4fe39ad17fbc91a47ab4 - - 329e3e522080489380b5b02af4e0c616 329e3e522080489380b5b02af4e0c616] 199.204.45.250 "GET /resource_providers/8a6ac499-c85b-49bc-a053-45e8893db595/allocations" status: 200 len: 253 microversion: 1.0 [pid: 8|app: 0|req: 707/1418] 199.204.45.250 () {32 vars in 857 bytes} [Thu Mar 19 12:31:02 2026] GET /resource_providers/8a6ac499-c85b-49bc-a053-45e8893db595/allocations => generated 253 bytes in 22 msecs (HTTP/1.1 200) 6 headers in 224 bytes (1 switches on core 0)
2026-03-19 12:31:02.566 7 INFO placement.requestlog [req-b186f0e7-d4b1-4e2d-b555-08b8756edf13 req-cc638148-b71d-43b7-bf59-00cc8c8c09ec 0321a27223ec4c72aa09cdd7ed5f52ce 22c816fabdab4fe39ad17fbc91a47ab4 - - 329e3e522080489380b5b02af4e0c616 329e3e522080489380b5b02af4e0c616] 199.204.45.250 "GET /allocations/84806bed-a9ec-45b6-8a15-0934dc2a1f1d" status: 200 len: 258 microversion: 1.28 [pid: 7|app: 0|req: 712/1419] 199.204.45.250 () {34 vars in 863 bytes} [Thu Mar 19 12:31:02 2026] GET /allocations/84806bed-a9ec-45b6-8a15-0934dc2a1f1d => generated 258 bytes in 19 msecs (HTTP/1.1 200) 8 headers in 296 bytes (1 switches on core 0)
2026-03-19 12:31:02.589 8 INFO placement.requestlog [req-b186f0e7-d4b1-4e2d-b555-08b8756edf13 req-cd5fcf24-dcf6-41d8-855d-4dbc70655f9c 0321a27223ec4c72aa09cdd7ed5f52ce 22c816fabdab4fe39ad17fbc91a47ab4 - - 329e3e522080489380b5b02af4e0c616 329e3e522080489380b5b02af4e0c616] 199.204.45.250 "GET /allocations/e242b35f-2266-4934-81da-d0601c5210c7" status: 200 len: 258 microversion: 1.28 [pid: 8|app: 0|req: 708/1420] 199.204.45.250 () {34 vars in 863 bytes} [Thu Mar 19 12:31:02 2026] GET /allocations/e242b35f-2266-4934-81da-d0601c5210c7 => generated 258 bytes in 15 msecs (HTTP/1.1 200) 8 headers in 296 bytes (1 switches on core 0)
2026-03-19 12:31:03.732 7 INFO placement.requestlog [req-b186f0e7-d4b1-4e2d-b555-08b8756edf13 req-dc6bcbcf-5a59-4163-92eb-5babefdb79c9 0321a27223ec4c72aa09cdd7ed5f52ce 22c816fabdab4fe39ad17fbc91a47ab4 - - 329e3e522080489380b5b02af4e0c616 329e3e522080489380b5b02af4e0c616] 199.204.45.250 "DELETE /allocations/84806bed-a9ec-45b6-8a15-0934dc2a1f1d" status: 204 len: 0 microversion: 1.0 [pid: 7|app: 0|req: 713/1421] 199.204.45.250 () {34 vars in 841 bytes} [Thu Mar 19 12:31:03 2026] DELETE /allocations/84806bed-a9ec-45b6-8a15-0934dc2a1f1d => generated 0 bytes in 114 msecs (HTTP/1.1 204) 5 headers in 198 bytes (1 switches on core 0)
2026-03-19 12:31:09.320 8 INFO placement.requestlog [None req-11366eaf-acf1-4b7b-ae3e-7e6eae710bc3 - - - - - -] 10.0.0.240 "GET /" status: 200 len: 136 microversion: 1.0
2026-03-19 12:31:09.320 7 INFO placement.requestlog [None req-26550ea5-cae1-4f60-8b1b-6de01d098d77 - - - - - -] 10.0.0.240 "GET /" status: 200 len: 136 microversion: 1.0
2026-03-19 12:31:14.391 7 INFO placement.requestlog [req-844a3e98-6661-4141-b7ba-a0cb85213a44 req-d41fc800-d453-48f3-8385-f02030ef2661 0321a27223ec4c72aa09cdd7ed5f52ce 22c816fabdab4fe39ad17fbc91a47ab4 - - 329e3e522080489380b5b02af4e0c616 329e3e522080489380b5b02af4e0c616] 199.204.45.250 "GET /resource_providers/8a6ac499-c85b-49bc-a053-45e8893db595/allocations" status: 200 len: 153 microversion: 1.0 [pid: 7|app: 0|req: 715/1424] 199.204.45.250 () {32 vars in 857 bytes} [Thu Mar 19 12:31:14 2026] GET /resource_providers/8a6ac499-c85b-49bc-a053-45e8893db595/allocations => generated 153 bytes in 26 msecs (HTTP/1.1 200) 6 headers in 224 bytes (1 switches on core 0)
2026-03-19 12:31:14.409 8 INFO placement.requestlog [req-844a3e98-6661-4141-b7ba-a0cb85213a44 req-055e36f6-81d7-4083-8b32-1256954d1058 0321a27223ec4c72aa09cdd7ed5f52ce 22c816fabdab4fe39ad17fbc91a47ab4 - - 329e3e522080489380b5b02af4e0c616 329e3e522080489380b5b02af4e0c616] 199.204.45.250 "GET /allocations/e242b35f-2266-4934-81da-d0601c5210c7" status: 200 len: 258 microversion: 1.28 [pid: 8|app: 0|req: 710/1425] 199.204.45.250 () {34 vars in 863 bytes} [Thu Mar 19 12:31:14 2026] GET /allocations/e242b35f-2266-4934-81da-d0601c5210c7 => generated 258 bytes in 13 msecs (HTTP/1.1 200) 8 headers in 296 bytes (1 switches on core 0)
2026-03-19 12:31:15.532 7 INFO placement.requestlog [req-844a3e98-6661-4141-b7ba-a0cb85213a44 req-488991a2-eae7-4404-8c2a-a3b46c02c40b 0321a27223ec4c72aa09cdd7ed5f52ce 22c816fabdab4fe39ad17fbc91a47ab4 - - 329e3e522080489380b5b02af4e0c616 329e3e522080489380b5b02af4e0c616] 199.204.45.250 "DELETE /allocations/e242b35f-2266-4934-81da-d0601c5210c7" status: 204 len: 0 microversion: 1.0 [pid: 7|app: 0|req: 716/1426] 199.204.45.250 () {34 vars in 841 bytes} [Thu Mar 19 12:31:15 2026] DELETE /allocations/e242b35f-2266-4934-81da-d0601c5210c7 => generated 0 bytes in 100 msecs (HTTP/1.1 204) 5 headers in 198 bytes (1 switches on core 0)
2026-03-19 12:31:19.319 7 INFO placement.requestlog [None req-5ba2f2d6-fe9f-4fa8-a636-1fd1ddb3d915 - - - - - -] 10.0.0.240 "GET /" status: 200 len: 136 microversion: 1.0
2026-03-19 12:31:19.320 8 INFO placement.requestlog [None req-89f3179a-dcba-4082-979a-50ae295df9ec - - - - - -] 10.0.0.240 "GET /" status: 200 len: 136 microversion: 1.0
2026-03-19 12:31:27.750 8 INFO placement.requestlog [None req-b10e061b-1854-4a1d-b859-447b8e2a398d e0becc1bfd60443a9b3d3a82d31f683d 22c816fabdab4fe39ad17fbc91a47ab4 - - 329e3e522080489380b5b02af4e0c616 329e3e522080489380b5b02af4e0c616] 10.0.0.252 "GET /resource_providers/508107c6-ff81-4499-8811-b8c0bdd93a03/aggregates" status: 404 len: 235 microversion: 1.1 [pid: 8|app: 0|req: 712/1429] 10.0.0.252 () {32 vars in 816 bytes} [Thu Mar 19 12:31:27 2026] GET /resource_providers/508107c6-ff81-4499-8811-b8c0bdd93a03/aggregates => generated 235 bytes in 9 msecs (HTTP/1.1 404) 5 headers in 202 bytes (1 switches on core 0)
2026-03-19 12:31:27.751 7 INFO placement.requestlog [None req-86512340-dc78-4da2-98a3-53724eda8b0a e0becc1bfd60443a9b3d3a82d31f683d 22c816fabdab4fe39ad17fbc91a47ab4 - - 329e3e522080489380b5b02af4e0c616 329e3e522080489380b5b02af4e0c616] 10.0.0.252 "GET /resource_providers/508107c6-ff81-4499-8811-b8c0bdd93a03/aggregates" status: 404 len: 235 microversion: 1.1 [pid: 7|app: 0|req: 718/1430] 10.0.0.252 () {32 vars in 816 bytes} [Thu Mar 19 12:31:27 2026] GET /resource_providers/508107c6-ff81-4499-8811-b8c0bdd93a03/aggregates => generated 235 bytes in 13 msecs (HTTP/1.1 404) 5 headers in 202 bytes (1 switches on core 0)
2026-03-19 12:31:27.785 8 INFO placement.requestlog [None req-b9569058-02ea-4f9a-88e5-5efb5da27ae6 e0becc1bfd60443a9b3d3a82d31f683d 22c816fabdab4fe39ad17fbc91a47ab4 - - 329e3e522080489380b5b02af4e0c616 329e3e522080489380b5b02af4e0c616] 10.0.0.252 "DELETE /resource_providers/508107c6-ff81-4499-8811-b8c0bdd93a03" status: 404 len: 246 microversion: 1.1 [pid: 8|app: 0|req: 713/1431] 10.0.0.252 () {34 vars in 816 bytes} [Thu Mar 19 12:31:27 2026] DELETE /resource_providers/508107c6-ff81-4499-8811-b8c0bdd93a03 => generated 246 bytes in 10 msecs (HTTP/1.1 404) 6 headers in 231 bytes (1 switches on core 0)
2026-03-19 12:31:27.786 7 INFO placement.requestlog [None req-81e1f7c0-9071-4388-9fca-b1f65e466fc4 e0becc1bfd60443a9b3d3a82d31f683d 22c816fabdab4fe39ad17fbc91a47ab4 - - 329e3e522080489380b5b02af4e0c616 329e3e522080489380b5b02af4e0c616] 10.0.0.252 "DELETE /resource_providers/508107c6-ff81-4499-8811-b8c0bdd93a03" status: 404 len: 246 microversion: 1.1 [pid: 7|app: 0|req: 719/1432] 10.0.0.252 () {34 vars in 816 bytes} [Thu Mar 19 12:31:27 2026] DELETE /resource_providers/508107c6-ff81-4499-8811-b8c0bdd93a03 => generated 246 bytes in 10 msecs (HTTP/1.1 404) 6 headers in 231 bytes (1 switches on core 0)
2026-03-19 12:31:29.320 7 INFO placement.requestlog [None req-38188648-9fd8-431a-8a0a-8544f82d23bf - - - - - -] 10.0.0.240 "GET /" status: 200 len: 136 microversion: 1.0
2026-03-19 12:31:29.321 8 INFO placement.requestlog [None req-97b5336e-ccf5-4a50-b82d-eb37290bf299 - - - - - -] 10.0.0.240 "GET /" status: 200 len: 136 microversion: 1.0
2026-03-19 12:31:29.805 8 INFO placement.requestlog [None req-d15b40dc-3fe5-4559-9dda-21a13a479c5b e0becc1bfd60443a9b3d3a82d31f683d 22c816fabdab4fe39ad17fbc91a47ab4 - - 329e3e522080489380b5b02af4e0c616 329e3e522080489380b5b02af4e0c616] 10.0.0.252 "GET /resource_providers/cd80b710-34c3-41fa-9bcc-d279e75653b2/aggregates" status: 404 len: 235 microversion: 1.1 [pid: 8|app: 0|req: 715/1435] 10.0.0.252 () {32 vars in 816 bytes} [Thu Mar 19 12:31:29 2026] GET /resource_providers/cd80b710-34c3-41fa-9bcc-d279e75653b2/aggregates => generated 235 bytes in 10 msecs (HTTP/1.1 404) 5 headers in 202 bytes (1 switches on core 0)
2026-03-19 12:31:29.811 7 INFO placement.requestlog [None req-3efb0ad8-cf86-4ad3-8366-9fb01021cef6 e0becc1bfd60443a9b3d3a82d31f683d 22c816fabdab4fe39ad17fbc91a47ab4 - - 329e3e522080489380b5b02af4e0c616 329e3e522080489380b5b02af4e0c616] 10.0.0.252 "GET /resource_providers/cd80b710-34c3-41fa-9bcc-d279e75653b2/aggregates" status: 404 len: 235 microversion: 1.1 [pid: 7|app: 0|req: 721/1436] 10.0.0.252 () {32 vars in 816 bytes} [Thu Mar 19 12:31:29 2026] GET /resource_providers/cd80b710-34c3-41fa-9bcc-d279e75653b2/aggregates => generated 235 bytes in 17 msecs (HTTP/1.1 404) 5 headers in 202 bytes (1 switches on core 0)
2026-03-19 12:31:29.821 8 INFO placement.requestlog [None req-124661ae-b084-410d-8480-bce5b68e2c65 e0becc1bfd60443a9b3d3a82d31f683d 22c816fabdab4fe39ad17fbc91a47ab4 - - 329e3e522080489380b5b02af4e0c616 329e3e522080489380b5b02af4e0c616] 10.0.0.252 "DELETE /resource_providers/cd80b710-34c3-41fa-9bcc-d279e75653b2" status: 404 len: 246 microversion: 1.1 [pid: 8|app: 0|req: 716/1437] 10.0.0.252 () {34 vars in 816 bytes} [Thu Mar 19 12:31:29 2026] DELETE /resource_providers/cd80b710-34c3-41fa-9bcc-d279e75653b2 => generated 246 bytes in 11 msecs (HTTP/1.1 404) 6 headers in 231 bytes (1 switches on core 0)
