2026-05-21 15:46:43.352 8 INFO neutron.db.ovn_revision_numbers_db [None req-6455900b-6836-468e-8163-06c6b51b321d 768e5fa956444ba2a0accd62a6eafc05 f1147573c9d54828af2fb0895a4c45ef - - default default] Successfully bumped revision number for resource e7298659-58b2-478c-9c9c-ce05501e0868 (type: security_group_rules) to 0 [pid: 8|app: 0|req: 842/1649] 10.0.0.212 () {34 vars in 695 bytes} [Thu May 21 15:46:43 2026] POST /v2.0/security-group-rules => generated 607 bytes in 387 msecs (HTTP/1.1 201) 4 headers in 162 bytes (1 switches on core 0) [pid: 8|app: 0|req: 843/1650] 10.0.0.212 () {32 vars in 717 bytes} [Thu May 21 15:46:43 2026] GET /v2.0/ports/ff675dcf-3d76-462b-a8dd-41f08a4e83e0 => generated 943 bytes in 84 msecs (HTTP/1.1 200) 4 headers in 157 bytes (1 switches on core 0) [pid: 8|app: 0|req: 846/1653] 10.0.0.212 () {32 vars in 747 bytes} [Thu May 21 15:46:43 2026] GET /v2.0/security-group-rules/e7298659-58b2-478c-9c9c-ce05501e0868 => generated 607 bytes in 12 msecs (HTTP/1.1 200) 4 headers in 157 bytes (1 switches on core 0)
2026-05-21 15:46:43.600 7 WARNING neutron.scheduler.dhcp_agent_scheduler [None req-94948659-0c6b-4ae2-8d55-addfc35c66e5 d117e4e4a1884bea943eac620fe27c60 f66d84f384904422b8414952487c4cd4 - - default default] No more DHCP agents
2026-05-21 15:46:43.601 7 WARNING neutron.api.rpc.agentnotifiers.dhcp_rpc_agent_api [None req-94948659-0c6b-4ae2-8d55-addfc35c66e5 d117e4e4a1884bea943eac620fe27c60 f66d84f384904422b8414952487c4cd4 - - default default] Unable to schedule network 322210d4-ca66-48f8-b5a9-7a40788122d9: no agents available; will retry on subsequent port and subnet creation events.
2026-05-21 15:46:43.832 8 INFO neutron_taas.services.taas.taas_plugin [None req-925bc6ff-2804-47dc-977f-8e18f3318b82 3744a99af4a649c9a3badddce0a4d54a 51b7e06ced354188ae61c72506a7ff9e - - default default] TaaS: Handle Delete Port: ff675dcf-3d76-462b-a8dd-41f08a4e83e0
2026-05-21 15:46:43.835 8 INFO neutron_taas.services.taas.tap_mirror_plugin [None req-925bc6ff-2804-47dc-977f-8e18f3318b82 3744a99af4a649c9a3badddce0a4d54a 51b7e06ced354188ae61c72506a7ff9e - - default default] Tap Mirror: Handle Delete Port: ff675dcf-3d76-462b-a8dd-41f08a4e83e0
2026-05-21 15:46:44.057 7 INFO neutron.db.ovn_revision_numbers_db [None req-de31c241-9f4c-470f-bc40-0a8e3e861ac0 - - - - - -] Successfully bumped revision number for resource 861699e4-0372-45f3-9c95-ff1f299b194d (type: ports) to 2
2026-05-21 15:46:44.085 7 INFO neutron.db.ovn_revision_numbers_db [None req-de31c241-9f4c-470f-bc40-0a8e3e861ac0 - - - - - -] Successfully bumped revision number for resource d4f201c4-9c41-4030-8fa1-9b7d03f55417 (type: subnets) to 0
2026-05-21 15:46:44.110 7 WARNING neutron.scheduler.dhcp_agent_scheduler [None req-94948659-0c6b-4ae2-8d55-addfc35c66e5 d117e4e4a1884bea943eac620fe27c60 f66d84f384904422b8414952487c4cd4 - - default default] No more DHCP agents
2026-05-21 15:46:44.111 7 WARNING neutron.api.rpc.agentnotifiers.dhcp_rpc_agent_api [None req-94948659-0c6b-4ae2-8d55-addfc35c66e5 d117e4e4a1884bea943eac620fe27c60 f66d84f384904422b8414952487c4cd4 - - default default] Unable to schedule network d2002327-41f7-4304-ae82-be807fb6534d: no agents available; will retry on subsequent port and subnet creation events. [pid: 8|app: 0|req: 847/1654] 10.0.0.212 () {34 vars in 789 bytes} [Thu May 21 15:46:43 2026] PUT /v2.0/routers/e9b05ad0-fb7c-43ad-ad84-5c85a776d658/remove_router_interface => generated 309 bytes in 621 msecs (HTTP/1.1 200) 4 headers in 157 bytes (1 switches on core 0) /var/lib/openstack/lib/python3.12/site-packages/pycadf/identifier.py:70: UserWarning: Invalid uuid: neutron. To ensure interoperability, identifiers should be a valid uuid. warnings.warn(('Invalid uuid: %s. To ensure interoperability, ' [pid: 8|app: 0|req: 848/1655] 10.0.0.212 () {32 vars in 673 bytes} [Thu May 21 15:46:44 2026] GET /v2.0/security-group-rules => generated 4144 bytes in 60 msecs (HTTP/1.1 200) 4 headers in 158 bytes (1 switches on core 0)
2026-05-21 15:46:44.547 8 INFO neutron.db.ovn_revision_numbers_db [None req-a71e60c9-df87-4c46-b262-3bfa76bfbc56 a439fc145e544fe6a4f328d1098bad93 93bc5360450d4c999f0b3b5cfd72f7ca - - default default] Successfully bumped revision number for resource 2a2659e4-ddd6-42ca-a47a-8c9504e66c08 (type: security_groups) to 1
2026-05-21 15:46:44.549 7 INFO neutron.db.ovn_revision_numbers_db [None req-b4bf7b18-a4c8-4e6b-ae04-6a95071a5af1 - - - - - -] Successfully bumped revision number for resource 66011921-149c-45ef-986f-c1d4e6f91abc (type: ports) to 2
2026-05-21 15:46:44.559 8 INFO neutron.db.ovn_revision_numbers_db [None req-a71e60c9-df87-4c46-b262-3bfa76bfbc56 a439fc145e544fe6a4f328d1098bad93 93bc5360450d4c999f0b3b5cfd72f7ca - - default default] Successfully bumped revision number for resource 25f48485-0b6b-46ae-8443-686eee43b63f (type: security_group_rules) to 0
2026-05-21 15:46:44.570 8 INFO neutron.db.ovn_revision_numbers_db [None req-a71e60c9-df87-4c46-b262-3bfa76bfbc56 a439fc145e544fe6a4f328d1098bad93 93bc5360450d4c999f0b3b5cfd72f7ca - - default default] Successfully bumped revision number for resource 89a5348d-3287-4cd2-b10d-d2d04d07ae89 (type: security_group_rules) to 0
2026-05-21 15:46:44.581 8 INFO neutron.db.ovn_revision_numbers_db [None req-a71e60c9-df87-4c46-b262-3bfa76bfbc56 a439fc145e544fe6a4f328d1098bad93 93bc5360450d4c999f0b3b5cfd72f7ca - - default default] Successfully bumped revision number for resource 90aa4b77-3b95-444d-ba4f-86b4c345f0d4 (type: security_group_rules) to 0
2026-05-21 15:46:44.583 7 INFO neutron.db.ovn_revision_numbers_db [None req-b4bf7b18-a4c8-4e6b-ae04-6a95071a5af1 - - - - - -] Successfully bumped revision number for resource ca584393-533b-4184-8605-402128e3e331 (type: subnets) to 0 [pid: 7|app: 0|req: 808/1656] 10.0.0.212 () {34 vars in 669 bytes} [Thu May 21 15:46:43 2026] POST /v2.0/subnets => generated 1274 bytes in 1304 msecs (HTTP/1.1 201) 4 headers in 163 bytes (1 switches on core 0)
2026-05-21 15:46:44.597 8 INFO neutron.db.ovn_revision_numbers_db [None req-a71e60c9-df87-4c46-b262-3bfa76bfbc56 a439fc145e544fe6a4f328d1098bad93 93bc5360450d4c999f0b3b5cfd72f7ca - - default default] Successfully bumped revision number for resource eac75443-4015-4d15-a201-2b3eb25bc62b (type: security_group_rules) to 0 [pid: 7|app: 0|req: 809/1657] 10.0.0.212 () {32 vars in 736 bytes} [Thu May 21 15:46:44 2026] GET /v2.0/ports?device_id=e9b05ad0-fb7c-43ad-ad84-5c85a776d658 => generated 12 bytes in 17 msecs (HTTP/1.1 200) 4 headers in 156 bytes (1 switches on core 0)
2026-05-21 15:46:44.680 8 INFO neutron.db.segments_db [None req-a71e60c9-df87-4c46-b262-3bfa76bfbc56 a439fc145e544fe6a4f328d1098bad93 93bc5360450d4c999f0b3b5cfd72f7ca - - default default] Added segment 63f62670-2382-4a12-923d-c84d08cc17a1 of type geneve for network 26f5ad64-cea8-406c-a7b4-81aad932d90f [pid: 7|app: 0|req: 810/1658] 10.0.0.212 () {32 vars in 750 bytes} [Thu May 21 15:46:44 2026] DELETE /v2.0/security-group-rules/e7298659-58b2-478c-9c9c-ce05501e0868 => generated 0 bytes in 109 msecs (HTTP/1.1 204) 2 headers in 112 bytes (1 switches on core 0) [pid: 7|app: 0|req: 811/1659] 10.0.0.212 () {32 vars in 647 bytes} [Thu May 21 15:46:44 2026] GET /v2.0/subnets => generated 1910 bytes in 42 msecs (HTTP/1.1 200) 4 headers in 158 bytes (1 switches on core 0)
2026-05-21 15:46:44.812 8 INFO neutron.db.ovn_revision_numbers_db [None req-a71e60c9-df87-4c46-b262-3bfa76bfbc56 a439fc145e544fe6a4f328d1098bad93 93bc5360450d4c999f0b3b5cfd72f7ca - - default default] Successfully bumped revision number for resource 26f5ad64-cea8-406c-a7b4-81aad932d90f (type: networks) to 1 [pid: 7|app: 0|req: 812/1660] 10.0.0.212 () {32 vars in 724 bytes} [Thu May 21 15:46:44 2026] DELETE /v2.0/routers/e9b05ad0-fb7c-43ad-ad84-5c85a776d658 => generated 0 bytes in 161 msecs (HTTP/1.1 204) 2 headers in 112 bytes (1 switches on core 0) [pid: 7|app: 0|req: 813/1661] 10.0.0.212 () {32 vars in 673 bytes} [Thu May 21 15:46:44 2026] GET /v2.0/security-group-rules => generated 3560 bytes in 44 msecs (HTTP/1.1 200) 4 headers in 158 bytes (1 switches on core 0)
2026-05-21 15:46:44.994 8 WARNING neutron.scheduler.dhcp_agent_scheduler [None req-a71e60c9-df87-4c46-b262-3bfa76bfbc56 a439fc145e544fe6a4f328d1098bad93 93bc5360450d4c999f0b3b5cfd72f7ca - - default default] No more DHCP agents
2026-05-21 15:46:44.995 8 WARNING neutron.api.rpc.agentnotifiers.dhcp_rpc_agent_api [None req-a71e60c9-df87-4c46-b262-3bfa76bfbc56 a439fc145e544fe6a4f328d1098bad93 93bc5360450d4c999f0b3b5cfd72f7ca - - default default] Unable to schedule network 26f5ad64-cea8-406c-a7b4-81aad932d90f: no agents available; will retry on subsequent port and subnet creation events.
2026-05-21 15:46:45.059 7 INFO neutron.plugins.ml2.drivers.ovn.mech_driver.mech_driver [None req-ab1c600c-7e2f-4675-8e48-725e526dcc4a - - - - - -] OVN reports status down for port: caf803f0-dd90-4ddb-a50d-cc147119a2b3
2026-05-21 15:46:45.078 8 INFO neutron.db.ovn_revision_numbers_db [None req-a71e60c9-df87-4c46-b262-3bfa76bfbc56 a439fc145e544fe6a4f328d1098bad93 93bc5360450d4c999f0b3b5cfd72f7ca - - default default] Successfully bumped revision number for resource caf803f0-dd90-4ddb-a50d-cc147119a2b3 (type: ports) to 1 [pid: 8|app: 0|req: 849/1662] 10.0.0.212 () {34 vars in 670 bytes} [Thu May 21 15:46:44 2026] POST /v2.0/networks => generated 684 bytes in 871 msecs (HTTP/1.1 201) 4 headers in 162 bytes (1 switches on core 0) [pid: 7|app: 0|req: 814/1663] 10.0.0.212 () {32 vars in 724 bytes} [Thu May 21 15:46:44 2026] DELETE /v2.0/subnets/d4f201c4-9c41-4030-8fa1-9b7d03f55417 => generated 0 bytes in 255 msecs (HTTP/1.1 204) 3 headers in 131 bytes (1 switches on core 0) [pid: 8|app: 0|req: 850/1664] 10.0.0.212 () {32 vars in 724 bytes} [Thu May 21 15:46:45 2026] DELETE /v2.0/subnets/5d2167fe-b9e4-4136-95bc-31594e7a46ca => generated 0 bytes in 155 msecs (HTTP/1.1 204) 3 headers in 131 bytes (1 switches on core 0) [pid: 7|app: 0|req: 815/1665] 10.0.0.212 () {32 vars in 740 bytes} [Thu May 21 15:46:45 2026] DELETE /v2.0/security-groups/6590f548-8a47-4f0d-895d-c9d6fb14c94e => generated 0 bytes in 117 msecs (HTTP/1.1 204) 2 headers in 112 bytes (1 switches on core 0) [pid: 8|app: 0|req: 851/1666] 10.0.0.212 () {32 vars in 724 bytes} [Thu May 21 15:46:45 2026] DELETE /v2.0/subnets/ca584393-533b-4184-8605-402128e3e331 => generated 0 bytes in 147 msecs (HTTP/1.1 204) 3 headers in 131 bytes (1 switches on core 0) [pid: 8|app: 0|req: 852/1667] 10.0.0.212 () {32 vars in 663 bytes} [Thu May 21 15:46:45 2026] GET /v2.0/security-groups => generated 2925 bytes in 42 msecs (HTTP/1.1 200) 4 headers in 158 bytes (1 switches on core 0) [pid: 8|app: 0|req: 853/1668] 10.0.0.212 () {32 vars in 647 bytes} [Thu May 21 15:46:45 2026] GET /v2.0/subnets => generated 649 bytes in 24 msecs (HTTP/1.1 200) 4 headers in 157 bytes (1 switches on core 0)
2026-05-21 15:46:45.480 7 INFO neutron_taas.services.taas.taas_plugin [None req-7ccc377b-06de-430f-be9c-1404a3acd284 3744a99af4a649c9a3badddce0a4d54a 51b7e06ced354188ae61c72506a7ff9e - - default default] TaaS: Handle Delete Port: 3d79309e-27d8-430a-94c6-e737e319ddc1
2026-05-21 15:46:45.483 7 INFO neutron_taas.services.taas.tap_mirror_plugin [None req-7ccc377b-06de-430f-be9c-1404a3acd284 3744a99af4a649c9a3badddce0a4d54a 51b7e06ced354188ae61c72506a7ff9e - - default default] Tap Mirror: Handle Delete Port: 3d79309e-27d8-430a-94c6-e737e319ddc1 [pid: 8|app: 0|req: 854/1669] 10.0.0.212 () {32 vars in 663 bytes} [Thu May 21 15:46:45 2026] GET /v2.0/security-groups => generated 2925 bytes in 26 msecs (HTTP/1.1 200) 4 headers in 158 bytes (1 switches on core 0)
2026-05-21 15:46:45.646 8 INFO neutron_taas.services.taas.taas_plugin [None req-56ce1bbc-249d-40fc-83ba-9878e5dedc7f d117e4e4a1884bea943eac620fe27c60 f66d84f384904422b8414952487c4cd4 - - default default] TaaS: Handle Delete Port: 66011921-149c-45ef-986f-c1d4e6f91abc
2026-05-21 15:46:45.650 8 INFO neutron_taas.services.taas.tap_mirror_plugin [None req-56ce1bbc-249d-40fc-83ba-9878e5dedc7f d117e4e4a1884bea943eac620fe27c60 f66d84f384904422b8414952487c4cd4 - - default default] Tap Mirror: Handle Delete Port: 66011921-149c-45ef-986f-c1d4e6f91abc
2026-05-21 15:46:45.683 7 INFO neutron.services.segments.plugin [-] Segment 04d07104-7092-4777-8288-2593ce458bf6 resource provider aggregate not found
2026-05-21 15:46:45.693 7 INFO neutron.services.segments.plugin [-] Segment 04d07104-7092-4777-8288-2593ce458bf6 resource provider aggregate not found
2026-05-21 15:46:45.698 7 INFO neutron.services.segments.plugin [-] Segment 04d07104-7092-4777-8288-2593ce458bf6 resource provider not found; error: Placement Client Error (4xx): {"errors": [{"status": 404, "title": "Not Found", "detail": "The resource could not be found.\n\n No resource provider with uuid 04d07104-7092-4777-8288-2593ce458bf6 found for delete ", "request_id": "req-3de3a58b-165c-4455-af92-ba94bc8534f8"}]}
2026-05-21 15:46:45.712 7 INFO neutron.services.segments.plugin [-] Segment 04d07104-7092-4777-8288-2593ce458bf6 resource provider not found; error: Placement Client Error (4xx): {"errors": [{"status": 404, "title": "Not Found", "detail": "The resource could not be found.\n\n No resource provider with uuid 04d07104-7092-4777-8288-2593ce458bf6 found for delete ", "request_id": "req-109c362b-dae1-48b3-9e67-6873bc6723e0"}]} [pid: 7|app: 0|req: 816/1670] 10.0.0.212 () {32 vars in 726 bytes} [Thu May 21 15:46:45 2026] DELETE /v2.0/networks/c9662100-624b-45a9-bfa5-0feed5166e01 => generated 0 bytes in 380 msecs (HTTP/1.1 204) 3 headers in 131 bytes (1 switches on core 0)
2026-05-21 15:46:45.847 8 INFO neutron.services.segments.plugin [-] Segment fdc792d7-5b62-46d8-bd89-521a2f95a67b resource provider aggregate not found
2026-05-21 15:46:45.859 8 INFO neutron.services.segments.plugin [-] Segment fdc792d7-5b62-46d8-bd89-521a2f95a67b resource provider aggregate not found
2026-05-21 15:46:45.868 8 INFO neutron.services.segments.plugin [-] Segment fdc792d7-5b62-46d8-bd89-521a2f95a67b resource provider not found; error: Placement Client Error (4xx): {"errors": [{"status": 404, "title": "Not Found", "detail": "The resource could not be found.\n\n No resource provider with uuid fdc792d7-5b62-46d8-bd89-521a2f95a67b found for delete ", "request_id": "req-1df42c8e-1cee-4734-8357-346960c0541a"}]}
2026-05-21 15:46:45.874 8 INFO neutron.services.segments.plugin [-] Segment fdc792d7-5b62-46d8-bd89-521a2f95a67b resource provider not found; error: Placement Client Error (4xx): {"errors": [{"status": 404, "title": "Not Found", "detail": "The resource could not be found.\n\n No resource provider with uuid fdc792d7-5b62-46d8-bd89-521a2f95a67b found for delete ", "request_id": "req-b78f487b-0d4f-4b94-a44e-72513240937b"}]} [pid: 8|app: 0|req: 855/1671] 10.0.0.212 () {32 vars in 726 bytes} [Thu May 21 15:46:45 2026] DELETE /v2.0/networks/d2002327-41f7-4304-ae82-be807fb6534d => generated 0 bytes in 410 msecs (HTTP/1.1 204) 3 headers in 131 bytes (1 switches on core 0)
2026-05-21 15:46:45.952 7 WARNING neutron.scheduler.dhcp_agent_scheduler [None req-08e25290-058e-4cd8-9875-0dfe6a7f69c1 a439fc145e544fe6a4f328d1098bad93 93bc5360450d4c999f0b3b5cfd72f7ca - - default default] No more DHCP agents
2026-05-21 15:46:45.953 7 WARNING neutron.api.rpc.agentnotifiers.dhcp_rpc_agent_api [None req-08e25290-058e-4cd8-9875-0dfe6a7f69c1 a439fc145e544fe6a4f328d1098bad93 93bc5360450d4c999f0b3b5cfd72f7ca - - default default] Unable to schedule network 26f5ad64-cea8-406c-a7b4-81aad932d90f: no agents available; will retry on subsequent port and subnet creation events.
2026-05-21 15:46:45.986 7 INFO neutron.db.ovn_revision_numbers_db [None req-08e25290-058e-4cd8-9875-0dfe6a7f69c1 a439fc145e544fe6a4f328d1098bad93 93bc5360450d4c999f0b3b5cfd72f7ca - - default default] Successfully bumped revision number for resource 7b800b72-fa25-43cf-8915-f457a2f7a1a3 (type: subnets) to 0 [pid: 7|app: 0|req: 817/1672] 10.0.0.212 () {34 vars in 669 bytes} [Thu May 21 15:46:45 2026] POST /v2.0/subnets => generated 673 bytes in 276 msecs (HTTP/1.1 201) 4 headers in 162 bytes (1 switches on core 0)
2026-05-21 15:46:46.130 7 INFO neutron_taas.services.taas.taas_plugin [None req-2ca85954-9c04-490b-ac44-9c68b9238c82 d117e4e4a1884bea943eac620fe27c60 f66d84f384904422b8414952487c4cd4 - - default default] TaaS: Handle Delete Port: 861699e4-0372-45f3-9c95-ff1f299b194d
2026-05-21 15:46:46.133 7 INFO neutron_taas.services.taas.tap_mirror_plugin [None req-2ca85954-9c04-490b-ac44-9c68b9238c82 d117e4e4a1884bea943eac620fe27c60 f66d84f384904422b8414952487c4cd4 - - default default] Tap Mirror: Handle Delete Port: 861699e4-0372-45f3-9c95-ff1f299b194d
2026-05-21 15:46:46.344 8 WARNING neutron.scheduler.dhcp_agent_scheduler [None req-f49aa313-192b-4843-b59a-960dc392481f 3744a99af4a649c9a3badddce0a4d54a 51b7e06ced354188ae61c72506a7ff9e - - default default] No more DHCP agents
2026-05-21 15:46:46.345 8 WARNING neutron.api.rpc.agentnotifiers.dhcp_rpc_agent_api [None req-f49aa313-192b-4843-b59a-960dc392481f 3744a99af4a649c9a3badddce0a4d54a 51b7e06ced354188ae61c72506a7ff9e - - default default] Unable to schedule network cfdb733d-b118-400f-bcd0-7d48c4f3ab55: no agents available; will retry on subsequent port and subnet creation events. [pid: 7|app: 0|req: 818/1673] 10.0.0.212 () {32 vars in 726 bytes} [Thu May 21 15:46:46 2026] DELETE /v2.0/networks/322210d4-ca66-48f8-b5a9-7a40788122d9 => generated 0 bytes in 342 msecs (HTTP/1.1 204) 3 headers in 131 bytes (1 switches on core 0)
2026-05-21 15:46:46.450 7 INFO neutron.db.segments_db [None req-bdc1b33e-139a-42a2-9a29-87e7e7f2af59 a439fc145e544fe6a4f328d1098bad93 93bc5360450d4c999f0b3b5cfd72f7ca - - default default] Added segment b83e94e4-47ec-41b8-bf9f-0bb9c9b5fe31 of type geneve for network 56c0dc34-eb57-42d7-94cc-3281a3b04197
2026-05-21 15:46:46.484 8 INFO neutron.db.ovn_revision_numbers_db [None req-f49aa313-192b-4843-b59a-960dc392481f 3744a99af4a649c9a3badddce0a4d54a 51b7e06ced354188ae61c72506a7ff9e - - default default] Successfully bumped revision number for resource 5589f058-6b51-4a73-b6c1-24eda66bbe67 (type: ports) to 1
2026-05-21 15:46:46.576 7 INFO neutron.db.ovn_revision_numbers_db [None req-bdc1b33e-139a-42a2-9a29-87e7e7f2af59 a439fc145e544fe6a4f328d1098bad93 93bc5360450d4c999f0b3b5cfd72f7ca - - default default] Successfully bumped revision number for resource 56c0dc34-eb57-42d7-94cc-3281a3b04197 (type: networks) to 1
2026-05-21 15:46:46.735 7 WARNING neutron.scheduler.dhcp_agent_scheduler [None req-bdc1b33e-139a-42a2-9a29-87e7e7f2af59 a439fc145e544fe6a4f328d1098bad93 93bc5360450d4c999f0b3b5cfd72f7ca - - default default] No more DHCP agents
2026-05-21 15:46:46.737 7 WARNING neutron.api.rpc.agentnotifiers.dhcp_rpc_agent_api [None req-bdc1b33e-139a-42a2-9a29-87e7e7f2af59 a439fc145e544fe6a4f328d1098bad93 93bc5360450d4c999f0b3b5cfd72f7ca - - default default] Unable to schedule network 56c0dc34-eb57-42d7-94cc-3281a3b04197: no agents available; will retry on subsequent port and subnet creation events.
2026-05-21 15:46:46.829 7 INFO neutron.db.ovn_revision_numbers_db [None req-bdc1b33e-139a-42a2-9a29-87e7e7f2af59 a439fc145e544fe6a4f328d1098bad93 93bc5360450d4c999f0b3b5cfd72f7ca - - default default] Successfully bumped revision number for resource cf2777fb-e3ae-4e08-bdd8-e5613532392e (type: ports) to 1 [pid: 7|app: 0|req: 819/1674] 10.0.0.212 () {34 vars in 670 bytes} [Thu May 21 15:46:46 2026] POST /v2.0/networks => generated 685 bytes in 507 msecs (HTTP/1.1 201) 4 headers in 162 bytes (1 switches on core 0) [pid: 7|app: 0|req: 820/1675] 10.0.0.212 () {32 vars in 774 bytes} [Thu May 21 15:46:46 2026] GET /v2.0/security-groups?tenant_id=f1147573c9d54828af2fb0895a4c45ef&name=default => generated 2925 bytes in 125 msecs (HTTP/1.1 200) 4 headers in 158 bytes (1 switches on core 0)
2026-05-21 15:46:47.089 7 INFO neutron_taas.services.taas.taas_plugin [None req-ea919175-d928-402a-a97f-c4dc7c03e5c7 d117e4e4a1884bea943eac620fe27c60 f66d84f384904422b8414952487c4cd4 - - default default] TaaS: Handle Delete Port: b355cb84-07dd-452b-92ac-3d7fcf970f82
2026-05-21 15:46:47.095 7 INFO neutron_taas.services.taas.tap_mirror_plugin [None req-ea919175-d928-402a-a97f-c4dc7c03e5c7 d117e4e4a1884bea943eac620fe27c60 f66d84f384904422b8414952487c4cd4 - - default default] Tap Mirror: Handle Delete Port: b355cb84-07dd-452b-92ac-3d7fcf970f82
2026-05-21 15:46:47.101 8 INFO neutron.plugins.ml2.drivers.ovn.mech_driver.ovsdb.commands [None req-0fc96a56-2d52-44b9-a506-8bde1ee33a41 - - - - - -] Schedule LRP lrp-5589f058-6b51-4a73-b6c1-24eda66bbe67 on gateway 0185af93-aa14-437b-8fba-f02968015a68 with priority 1
2026-05-21 15:46:47.177 8 INFO neutron.db.ovn_revision_numbers_db [None req-f49aa313-192b-4843-b59a-960dc392481f 3744a99af4a649c9a3badddce0a4d54a 51b7e06ced354188ae61c72506a7ff9e - - default default] Successfully bumped revision number for resource 5589f058-6b51-4a73-b6c1-24eda66bbe67 (type: router_ports) to 1
2026-05-21 15:46:47.286 8 INFO neutron.db.ovn_revision_numbers_db [None req-f49aa313-192b-4843-b59a-960dc392481f 3744a99af4a649c9a3badddce0a4d54a 51b7e06ced354188ae61c72506a7ff9e - - default default] Successfully bumped revision number for resource d164e5bd-c962-4b8b-b9a5-5f84f0ec6b24 (type: routers) to 2 [pid: 8|app: 0|req: 856/1676] 10.0.0.212 () {34 vars in 669 bytes} [Thu May 21 15:46:45 2026] POST /v2.0/routers => generated 948 bytes in 1394 msecs (HTTP/1.1 201) 4 headers in 162 bytes (1 switches on core 0) [pid: 7|app: 0|req: 821/1677] 10.0.0.212 () {32 vars in 726 bytes} [Thu May 21 15:46:46 2026] DELETE /v2.0/networks/96548096-b88b-4b1d-96ac-659d7e2178f7 => generated 0 bytes in 417 msecs (HTTP/1.1 204) 3 headers in 131 bytes (1 switches on core 0)
2026-05-21 15:46:47.464 8 INFO neutron.db.ovn_revision_numbers_db [None req-cd75336a-04f5-4264-956a-74f7bce0179f a439fc145e544fe6a4f328d1098bad93 93bc5360450d4c999f0b3b5cfd72f7ca - - default default] Successfully bumped revision number for resource 56c0dc34-eb57-42d7-94cc-3281a3b04197 (type: networks) to 2 [pid: 8|app: 0|req: 857/1678] 10.0.0.212 () {34 vars in 743 bytes} [Thu May 21 15:46:47 2026] PUT /v2.0/networks/56c0dc34-eb57-42d7-94cc-3281a3b04197 => generated 636 bytes in 164 msecs (HTTP/1.1 200) 4 headers in 157 bytes (1 switches on core 0) [pid: 8|app: 0|req: 858/1679] 10.0.0.212 () {32 vars in 721 bytes} [Thu May 21 15:46:47 2026] GET /v2.0/routers/d164e5bd-c962-4b8b-b9a5-5f84f0ec6b24 => generated 954 bytes in 69 msecs (HTTP/1.1 200) 4 headers in 157 bytes (1 switches on core 0)
2026-05-21 15:46:47.667 8 INFO neutron_taas.services.taas.taas_plugin [None req-e9627dbf-0d4b-4aa8-92cb-96e0e4d38c1f d117e4e4a1884bea943eac620fe27c60 f66d84f384904422b8414952487c4cd4 - - default default] TaaS: Handle Delete Port: b94f73d9-b728-4332-ad1f-fa25e73883df
2026-05-21 15:46:47.669 8 INFO neutron_taas.services.taas.tap_mirror_plugin [None req-e9627dbf-0d4b-4aa8-92cb-96e0e4d38c1f d117e4e4a1884bea943eac620fe27c60 f66d84f384904422b8414952487c4cd4 - - default default] Tap Mirror: Handle Delete Port: b94f73d9-b728-4332-ad1f-fa25e73883df [pid: 7|app: 0|req: 822/1680] 10.0.0.212 () {32 vars in 740 bytes} [Thu May 21 15:46:47 2026] DELETE /v2.0/security-groups/6b6db662-25b3-4d2a-8b1e-5fa843cbe656 => generated 0 bytes in 296 msecs (HTTP/1.1 204) 2 headers in 112 bytes (1 switches on core 0)
2026-05-21 15:46:47.734 7 INFO neutron.services.segments.plugin [-] Segment 05bd84a1-114c-4d94-a69f-9b6a307ec436 resource provider aggregate not found
2026-05-21 15:46:47.739 7 INFO neutron.services.segments.plugin [-] Segment 05bd84a1-114c-4d94-a69f-9b6a307ec436 resource provider aggregate not found
2026-05-21 15:46:47.757 7 INFO neutron.services.segments.plugin [-] Segment 05bd84a1-114c-4d94-a69f-9b6a307ec436 resource provider not found; error: Placement Client Error (4xx): {"errors": [{"status": 404, "title": "Not Found", "detail": "The resource could not be found.\n\n No resource provider with uuid 05bd84a1-114c-4d94-a69f-9b6a307ec436 found for delete ", "request_id": "req-75751bc0-9847-415d-8477-db2e3b24cede"}]}
2026-05-21 15:46:47.765 7 INFO neutron.services.segments.plugin [-] Segment 05bd84a1-114c-4d94-a69f-9b6a307ec436 resource provider not found; error: Placement Client Error (4xx): {"errors": [{"status": 404, "title": "Not Found", "detail": "The resource could not be found.\n\n No resource provider with uuid 05bd84a1-114c-4d94-a69f-9b6a307ec436 found for delete ", "request_id": "req-d627e3e5-8daf-4bcb-9529-5018a3387dcd"}]}
2026-05-21 15:46:47.779 7 INFO neutron.services.segments.plugin [-] Segment 19af55a5-6e72-4567-8aec-71708c055cc8 resource provider aggregate not found
2026-05-21 15:46:47.786 7 INFO neutron.services.segments.plugin [-] Segment 19af55a5-6e72-4567-8aec-71708c055cc8 resource provider aggregate not found
2026-05-21 15:46:47.800 7 INFO neutron.services.segments.plugin [-] Segment 19af55a5-6e72-4567-8aec-71708c055cc8 resource provider not found; error: Placement Client Error (4xx): {"errors": [{"status": 404, "title": "Not Found", "detail": "The resource could not be found.\n\n No resource provider with uuid 19af55a5-6e72-4567-8aec-71708c055cc8 found for delete ", "request_id": "req-9ea32e20-a14a-4049-a0b2-bc9a36dc1f29"}]}
2026-05-21 15:46:47.804 7 INFO neutron.services.segments.plugin [-] Segment 19af55a5-6e72-4567-8aec-71708c055cc8 resource provider not found; error: Placement Client Error (4xx): {"errors": [{"status": 404, "title": "Not Found", "detail": "The resource could not be found.\n\n No resource provider with uuid 19af55a5-6e72-4567-8aec-71708c055cc8 found for delete ", "request_id": "req-e4f62d23-5cc8-4031-8627-ade61d49b63c"}]}
2026-05-21 15:46:47.894 8 INFO neutron.services.segments.plugin [-] Segment c2c06d9b-1a47-4043-b9c3-a0fbf7cb094c resource provider aggregate not found
2026-05-21 15:46:47.901 8 INFO neutron.services.segments.plugin [-] Segment c2c06d9b-1a47-4043-b9c3-a0fbf7cb094c resource provider aggregate not found
2026-05-21 15:46:47.908 8 INFO neutron.services.segments.plugin [-] Segment c2c06d9b-1a47-4043-b9c3-a0fbf7cb094c resource provider not found; error: Placement Client Error (4xx): {"errors": [{"status": 404, "title": "Not Found", "detail": "The resource could not be found.\n\n No resource provider with uuid c2c06d9b-1a47-4043-b9c3-a0fbf7cb094c found for delete ", "request_id": "req-eefeeb3c-9162-4254-a920-9f1f0861a62d"}]} [pid: 8|app: 0|req: 859/1681] 10.0.0.212 () {32 vars in 726 bytes} [Thu May 21 15:46:47 2026] DELETE /v2.0/networks/4fd42fe9-8be3-4a84-b1ee-975623e700d3 => generated 0 bytes in 381 msecs (HTTP/1.1 204) 3 headers in 131 bytes (1 switches on core 0)
2026-05-21 15:46:47.920 8 INFO neutron.services.segments.plugin [-] Segment c2c06d9b-1a47-4043-b9c3-a0fbf7cb094c resource provider not found; error: Placement Client Error (4xx): {"errors": [{"status": 404, "title": "Not Found", "detail": "The resource could not be found.\n\n No resource provider with uuid c2c06d9b-1a47-4043-b9c3-a0fbf7cb094c found for delete ", "request_id": "req-74061457-4ecb-4916-8fad-90ffa34cd394"}]}
2026-05-21 15:46:47.946 7 WARNING neutron.scheduler.dhcp_agent_scheduler [None req-934b3db0-abbe-4683-9993-d14d45cc5c6f a439fc145e544fe6a4f328d1098bad93 93bc5360450d4c999f0b3b5cfd72f7ca - - default default] No more DHCP agents
2026-05-21 15:46:47.947 7 WARNING neutron.api.rpc.agentnotifiers.dhcp_rpc_agent_api [None req-934b3db0-abbe-4683-9993-d14d45cc5c6f a439fc145e544fe6a4f328d1098bad93 93bc5360450d4c999f0b3b5cfd72f7ca - - default default] Unable to schedule network 56c0dc34-eb57-42d7-94cc-3281a3b04197: no agents available; will retry on subsequent port and subnet creation events.
2026-05-21 15:46:47.981 7 INFO neutron.db.ovn_revision_numbers_db [None req-934b3db0-abbe-4683-9993-d14d45cc5c6f a439fc145e544fe6a4f328d1098bad93 93bc5360450d4c999f0b3b5cfd72f7ca - - default default] Successfully bumped revision number for resource 8fcda6fb-d6ba-4bee-9424-30d1579f0ba1 (type: subnets) to 0 [pid: 8|app: 0|req: 860/1682] 10.0.0.212 () {32 vars in 647 bytes} [Thu May 21 15:46:47 2026] GET /v2.0/routers => generated 957 bytes in 69 msecs (HTTP/1.1 200) 4 headers in 157 bytes (1 switches on core 0) [pid: 7|app: 0|req: 823/1683] 10.0.0.212 () {34 vars in 669 bytes} [Thu May 21 15:46:47 2026] POST /v2.0/subnets => generated 646 bytes in 305 msecs (HTTP/1.1 201) 4 headers in 162 bytes (1 switches on core 0)
2026-05-21 15:46:48.391 8 INFO neutron.db.ovn_revision_numbers_db [None req-9e5ed361-1dd0-4c0e-b5e1-acffc9e7eae1 3744a99af4a649c9a3badddce0a4d54a 51b7e06ced354188ae61c72506a7ff9e - - default default] Successfully bumped revision number for resource d164e5bd-c962-4b8b-b9a5-5f84f0ec6b24 (type: routers) to 3 [pid: 8|app: 0|req: 861/1684] 10.0.0.212 () {34 vars in 741 bytes} [Thu May 21 15:46:47 2026] PUT /v2.0/routers/d164e5bd-c962-4b8b-b9a5-5f84f0ec6b24 => generated 961 bytes in 403 msecs (HTTP/1.1 200) 4 headers in 157 bytes (1 switches on core 0) [pid: 8|app: 0|req: 862/1685] 10.0.0.212 () {32 vars in 774 bytes} [Thu May 21 15:46:48 2026] GET /v2.0/security-groups?tenant_id=f66d84f384904422b8414952487c4cd4&name=default => generated 2925 bytes in 120 msecs (HTTP/1.1 200) 4 headers in 158 bytes (1 switches on core 0)
2026-05-21 15:46:48.554 7 INFO neutron.db.ovn_revision_numbers_db [None req-5fc14ab4-ed6b-4bcc-b91d-c69f332a0422 - - - - - -] Successfully bumped revision number for resource cf2777fb-e3ae-4e08-bdd8-e5613532392e (type: ports) to 2
2026-05-21 15:46:48.598 7 INFO neutron.db.ovn_revision_numbers_db [None req-5fc14ab4-ed6b-4bcc-b91d-c69f332a0422 - - - - - -] Successfully bumped revision number for resource 8fcda6fb-d6ba-4bee-9424-30d1579f0ba1 (type: subnets) to 1 [pid: 7|app: 0|req: 824/1686] 10.0.0.212 () {34 vars in 741 bytes} [Thu May 21 15:46:48 2026] PUT /v2.0/subnets/8fcda6fb-d6ba-4bee-9424-30d1579f0ba1 => generated 656 bytes in 597 msecs (HTTP/1.1 200) 4 headers in 157 bytes (1 switches on core 0) [pid: 8|app: 0|req: 863/1687] 10.0.0.212 () {32 vars in 721 bytes} [Thu May 21 15:46:48 2026] GET /v2.0/routers/d164e5bd-c962-4b8b-b9a5-5f84f0ec6b24 => generated 961 bytes in 97 msecs (HTTP/1.1 200) 4 headers in 157 bytes (1 switches on core 0)
2026-05-21 15:46:48.726 8 WARNING neutron.plugins.ml2.drivers.ovn.mech_driver.ovsdb.ovn_client [None req-f5198cda-8d41-4586-a03f-45d109073775 - - - - - -] No port found with ID ff675dcf-3d76-462b-a8dd-41f08a4e83e0: RuntimeError: No port found with ID ff675dcf-3d76-462b-a8dd-41f08a4e83e0
2026-05-21 15:46:48.727 8 INFO neutron.plugins.ml2.drivers.ovn.mech_driver.mech_driver [None req-f5198cda-8d41-4586-a03f-45d109073775 - - - - - -] OVN reports status down for port: 861699e4-0372-45f3-9c95-ff1f299b194d
2026-05-21 15:46:48.810 8 INFO neutron.plugins.ml2.drivers.ovn.mech_driver.mech_driver [None req-f5198cda-8d41-4586-a03f-45d109073775 - - - - - -] OVN reports status down for port: 5589f058-6b51-4a73-b6c1-24eda66bbe67 [pid: 7|app: 0|req: 825/1688] 10.0.0.212 () {32 vars in 740 bytes} [Thu May 21 15:46:48 2026] DELETE /v2.0/security-groups/ef94f710-a061-488f-932d-6a5f6feab014 => generated 0 bytes in 218 msecs (HTTP/1.1 204) 2 headers in 112 bytes (1 switches on core 0) [pid: 7|app: 0|req: 826/1689] 10.0.0.212 () {32 vars in 736 bytes} [Thu May 21 15:46:48 2026] GET /v2.0/ports?device_id=d164e5bd-c962-4b8b-b9a5-5f84f0ec6b24 => generated 12 bytes in 16 msecs (HTTP/1.1 200) 4 headers in 156 bytes (1 switches on core 0)
2026-05-21 15:46:48.843 8 INFO neutron_taas.services.taas.taas_plugin [None req-9885c0f3-060c-41fd-8d24-5b4ce1b5cb39 a439fc145e544fe6a4f328d1098bad93 93bc5360450d4c999f0b3b5cfd72f7ca - - default default] TaaS: Handle Delete Port: cf2777fb-e3ae-4e08-bdd8-e5613532392e
2026-05-21 15:46:48.847 8 INFO neutron_taas.services.taas.tap_mirror_plugin [None req-9885c0f3-060c-41fd-8d24-5b4ce1b5cb39 a439fc145e544fe6a4f328d1098bad93 93bc5360450d4c999f0b3b5cfd72f7ca - - default default] Tap Mirror: Handle Delete Port: cf2777fb-e3ae-4e08-bdd8-e5613532392e
2026-05-21 15:46:48.939 8 WARNING neutron.plugins.ml2.drivers.ovn.mech_driver.ovsdb.ovn_client [None req-f5198cda-8d41-4586-a03f-45d109073775 - - - - - -] Logical_Switch_Port 5589f058-6b51-4a73-b6c1-24eda66bbe67 host information not removed, the port state is up
2026-05-21 15:46:48.941 8 INFO neutron.plugins.ml2.drivers.ovn.mech_driver.mech_driver [None req-f5198cda-8d41-4586-a03f-45d109073775 - - - - - -] OVN reports status down for port: cf2777fb-e3ae-4e08-bdd8-e5613532392e
2026-05-21 15:46:49.006 8 INFO neutron.plugins.ml2.db [None req-f5198cda-8d41-4586-a03f-45d109073775 - - - - - -] No ports have port_id starting with cf2777fb-e3ae-4e08-bdd8-e5613532392e
2026-05-21 15:46:49.011 8 INFO neutron.plugins.ml2.drivers.ovn.mech_driver.mech_driver [None req-f5198cda-8d41-4586-a03f-45d109073775 - - - - - -] OVN reports status up for port: 5589f058-6b51-4a73-b6c1-24eda66bbe67
2026-05-21 15:46:49.032 8 INFO neutron.plugins.ml2.plugin [None req-f5198cda-8d41-4586-a03f-45d109073775 - - - - - -] Attempt 1 to provision port 5589f058-6b51-4a73-b6c1-24eda66bbe67
2026-05-21 15:46:49.175 7 INFO neutron_taas.services.taas.taas_plugin [None req-45931032-99c0-483e-82e1-eef32ad7cb04 3744a99af4a649c9a3badddce0a4d54a 51b7e06ced354188ae61c72506a7ff9e - - default default] TaaS: Handle Delete Port: 5589f058-6b51-4a73-b6c1-24eda66bbe67
2026-05-21 15:46:49.178 7 INFO neutron_taas.services.taas.tap_mirror_plugin [None req-45931032-99c0-483e-82e1-eef32ad7cb04 3744a99af4a649c9a3badddce0a4d54a 51b7e06ced354188ae61c72506a7ff9e - - default default] Tap Mirror: Handle Delete Port: 5589f058-6b51-4a73-b6c1-24eda66bbe67 [pid: 8|app: 0|req: 864/1690] 10.0.0.212 () {32 vars in 726 bytes} [Thu May 21 15:46:48 2026] DELETE /v2.0/networks/56c0dc34-eb57-42d7-94cc-3281a3b04197 => generated 0 bytes in 635 msecs (HTTP/1.1 204) 3 headers in 131 bytes (1 switches on core 0)
2026-05-21 15:46:49.266 8 INFO neutron.pecan_wsgi.hooks.translation [None req-f2b3c2ea-b099-45e1-88e0-3050d8c8726d a439fc145e544fe6a4f328d1098bad93 93bc5360450d4c999f0b3b5cfd72f7ca - - default default] DELETE failed (client error): The resource could not be found. [pid: 8|app: 0|req: 865/1691] 10.0.0.212 () {32 vars in 726 bytes} [Thu May 21 15:46:49 2026] DELETE /v2.0/networks/56c0dc34-eb57-42d7-94cc-3281a3b04197 => generated 138 bytes in 13 msecs (HTTP/1.1 404) 4 headers in 164 bytes (1 switches on core 0) [pid: 8|app: 0|req: 866/1692] 10.0.0.212 () {32 vars in 694 bytes} [Thu May 21 15:46:49 2026] GET /v2.0/networks?router%3Aexternal=True => generated 689 bytes in 41 msecs (HTTP/1.1 200) 4 headers in 157 bytes (1 switches on core 0) [pid: 8|app: 0|req: 867/1693] 10.0.0.212 () {32 vars in 742 bytes} [Thu May 21 15:46:49 2026] GET /v2.0/subnets?network_id=cfdb733d-b118-400f-bcd0-7d48c4f3ab55 => generated 649 bytes in 62 msecs (HTTP/1.1 200) 4 headers in 157 bytes (1 switches on core 0) [pid: 7|app: 0|req: 827/1694] 10.0.0.212 () {32 vars in 724 bytes} [Thu May 21 15:46:48 2026] DELETE /v2.0/routers/d164e5bd-c962-4b8b-b9a5-5f84f0ec6b24 => generated 0 bytes in 743 msecs (HTTP/1.1 204) 2 headers in 112 bytes (1 switches on core 0) [pid: 7|app: 0|req: 828/1695] 10.0.0.212 () {32 vars in 653 bytes} [Thu May 21 15:46:49 2026] GET /v2.0/extensions => generated 20541 bytes in 6 msecs (HTTP/1.1 200) 4 headers in 159 bytes (1 switches on core 0) [pid: 7|app: 0|req: 829/1696] 10.0.0.212 () {32 vars in 736 bytes} [Thu May 21 15:46:49 2026] GET /v2.0/ports?device_id=d164e5bd-c962-4b8b-b9a5-5f84f0ec6b24 => generated 12 bytes in 14 msecs (HTTP/1.1 200) 4 headers in 156 bytes (1 switches on core 0)
2026-05-21 15:46:49.643 8 INFO neutron.db.ovn_revision_numbers_db [None req-5dac95af-6bc3-4a36-8910-c16b47e9d91e 43391b9944ca426196a26129c43deed3 6ac4b2c7ad0a4ff0bfae2e0b3715c5fb - - default default] Successfully bumped revision number for resource 43369378-eefb-43f9-8cdd-2d1ac6ae19ec (type: security_groups) to 1
2026-05-21 15:46:49.652 8 INFO neutron.db.ovn_revision_numbers_db [None req-5dac95af-6bc3-4a36-8910-c16b47e9d91e 43391b9944ca426196a26129c43deed3 6ac4b2c7ad0a4ff0bfae2e0b3715c5fb - - default default] Successfully bumped revision number for resource 0ee743cf-2e39-44e7-bb77-2295cfe3763a (type: security_group_rules) to 0
2026-05-21 15:46:49.663 8 INFO neutron.db.ovn_revision_numbers_db [None req-5dac95af-6bc3-4a36-8910-c16b47e9d91e 43391b9944ca426196a26129c43deed3 6ac4b2c7ad0a4ff0bfae2e0b3715c5fb - - default default] Successfully bumped revision number for resource 797b3bb8-ba7f-4cd7-9b65-60980f4c9ef3 (type: security_group_rules) to 0 [pid: 7|app: 0|req: 830/1697] 10.0.0.212 () {32 vars in 649 bytes} [Thu May 21 15:46:49 2026] GET /v2.0/networks => generated 1387 bytes in 59 msecs (HTTP/1.1 200) 4 headers in 158 bytes (1 switches on core 0)
2026-05-21 15:46:49.676 8 INFO neutron.db.ovn_revision_numbers_db [None req-5dac95af-6bc3-4a36-8910-c16b47e9d91e 43391b9944ca426196a26129c43deed3 6ac4b2c7ad0a4ff0bfae2e0b3715c5fb - - default default] Successfully bumped revision number for resource a89cdd85-f28c-4d83-9fd5-346524e832c8 (type: security_group_rules) to 0
2026-05-21 15:46:49.679 7 INFO neutron.api.v2.resource [None req-55a4b018-0ae8-4b19-ae19-95a5e7b03f3b 3744a99af4a649c9a3badddce0a4d54a 51b7e06ced354188ae61c72506a7ff9e - - default default] delete failed (client error): The resource could not be found. [pid: 7|app: 0|req: 831/1698] 10.0.0.212 () {32 vars in 724 bytes} [Thu May 21 15:46:49 2026] DELETE /v2.0/routers/d164e5bd-c962-4b8b-b9a5-5f84f0ec6b24 => generated 135 bytes in 13 msecs (HTTP/1.1 404) 4 headers in 164 bytes (1 switches on core 0)
2026-05-21 15:46:49.686 8 INFO neutron.db.ovn_revision_numbers_db [None req-5dac95af-6bc3-4a36-8910-c16b47e9d91e 43391b9944ca426196a26129c43deed3 6ac4b2c7ad0a4ff0bfae2e0b3715c5fb - - default default] Successfully bumped revision number for resource c99ce49a-5bc6-43b7-9010-585c58df042a (type: security_group_rules) to 0 [pid: 7|app: 0|req: 832/1699] 10.0.0.212 () {32 vars in 647 bytes} [Thu May 21 15:46:49 2026] GET /v2.0/subnets => generated 1312 bytes in 23 msecs (HTTP/1.1 200) 4 headers in 158 bytes (1 switches on core 0) [pid: 7|app: 0|req: 833/1700] 10.0.0.212 () {32 vars in 736 bytes} [Thu May 21 15:46:49 2026] GET /v2.0/ports?device_id=e9b05ad0-fb7c-43ad-ad84-5c85a776d658 => generated 12 bytes in 15 msecs (HTTP/1.1 200) 4 headers in 156 bytes (1 switches on core 0) [pid: 7|app: 0|req: 834/1701] 10.0.0.212 () {32 vars in 723 bytes} [Thu May 21 15:46:49 2026] GET /v2.0/networks/26f5ad64-cea8-406c-a7b4-81aad932d90f => generated 709 bytes in 38 msecs (HTTP/1.1 200) 4 headers in 157 bytes (1 switches on core 0)
2026-05-21 15:46:49.774 7 INFO neutron.api.v2.resource [None req-4dbb9b25-9732-4615-8f0e-142932b1cac0 3744a99af4a649c9a3badddce0a4d54a 51b7e06ced354188ae61c72506a7ff9e - - default default] delete failed (client error): The resource could not be found. [pid: 7|app: 0|req: 835/1702] 10.0.0.212 () {32 vars in 724 bytes} [Thu May 21 15:46:49 2026] DELETE /v2.0/routers/e9b05ad0-fb7c-43ad-ad84-5c85a776d658 => generated 135 bytes in 19 msecs (HTTP/1.1 404) 4 headers in 164 bytes (1 switches on core 0)
2026-05-21 15:46:49.786 8 INFO neutron.db.ovn_revision_numbers_db [None req-5dac95af-6bc3-4a36-8910-c16b47e9d91e 43391b9944ca426196a26129c43deed3 6ac4b2c7ad0a4ff0bfae2e0b3715c5fb - - default default] Successfully bumped revision number for resource 03eae6ec-f979-418a-9c35-6f652e70e74c (type: security_groups) to 1
2026-05-21 15:46:49.797 8 INFO neutron.db.ovn_revision_numbers_db [None req-5dac95af-6bc3-4a36-8910-c16b47e9d91e 43391b9944ca426196a26129c43deed3 6ac4b2c7ad0a4ff0bfae2e0b3715c5fb - - default default] Successfully bumped revision number for resource 526bf3aa-5c95-4d6f-85b1-d39fdc3ba2da (type: security_group_rules) to 0 [pid: 7|app: 0|req: 836/1703] 10.0.0.212 () {32 vars in 721 bytes} [Thu May 21 15:46:49 2026] GET /v2.0/subnets/7b800b72-fa25-43cf-8915-f457a2f7a1a3 => generated 673 bytes in 26 msecs (HTTP/1.1 200) 4 headers in 157 bytes (1 switches on core 0)
2026-05-21 15:46:49.810 8 INFO neutron.db.ovn_revision_numbers_db [None req-5dac95af-6bc3-4a36-8910-c16b47e9d91e 43391b9944ca426196a26129c43deed3 6ac4b2c7ad0a4ff0bfae2e0b3715c5fb - - default default] Successfully bumped revision number for resource ff9d2843-c148-45f8-8ec5-b6f9da88fc31 (type: security_group_rules) to 0
2026-05-21 15:46:49.812 7 INFO neutron.pecan_wsgi.hooks.translation [None req-81abb7ad-7305-42bd-be91-621bd17bce97 3744a99af4a649c9a3badddce0a4d54a 51b7e06ced354188ae61c72506a7ff9e - - default default] DELETE failed (client error): The resource could not be found. [pid: 7|app: 0|req: 837/1704] 10.0.0.212 () {32 vars in 724 bytes} [Thu May 21 15:46:49 2026] DELETE /v2.0/subnets/5d2167fe-b9e4-4136-95bc-31594e7a46ca => generated 136 bytes in 10 msecs (HTTP/1.1 404) 4 headers in 164 bytes (1 switches on core 0)
2026-05-21 15:46:49.822 7 INFO neutron.pecan_wsgi.hooks.translation [None req-8df92fc1-9bfb-4d02-ab4c-af026acf7ae5 a439fc145e544fe6a4f328d1098bad93 93bc5360450d4c999f0b3b5cfd72f7ca - - default default] DELETE failed (client error): The resource could not be found. [pid: 7|app: 0|req: 838/1705] 10.0.0.212 () {32 vars in 724 bytes} [Thu May 21 15:46:49 2026] DELETE /v2.0/subnets/8fcda6fb-d6ba-4bee-9424-30d1579f0ba1 => generated 136 bytes in 11 msecs (HTTP/1.1 404) 4 headers in 164 bytes (1 switches on core 0) [pid: 7|app: 0|req: 839/1706] 10.0.0.212 () {32 vars in 736 bytes} [Thu May 21 15:46:49 2026] GET /v2.0/ports?device_id=4e91079e-038b-48ba-93b4-be8148b46f25 => generated 12 bytes in 14 msecs (HTTP/1.1 200) 4 headers in 156 bytes (1 switches on core 0)
2026-05-21 15:46:49.846 7 INFO neutron.pecan_wsgi.hooks.translation [None req-6d2e518f-35a9-48f4-a014-0d14550a1da8 a439fc145e544fe6a4f328d1098bad93 93bc5360450d4c999f0b3b5cfd72f7ca - - default default] DELETE failed (client error): The resource could not be found. [pid: 7|app: 0|req: 840/1707] 10.0.0.212 () {32 vars in 726 bytes} [Thu May 21 15:46:49 2026] DELETE /v2.0/networks/56c0dc34-eb57-42d7-94cc-3281a3b04197 => generated 138 bytes in 8 msecs (HTTP/1.1 404) 4 headers in 164 bytes (1 switches on core 0) [pid: 8|app: 0|req: 868/1708] 10.0.0.212 () {34 vars in 684 bytes} [Thu May 21 15:46:49 2026] POST /v2.0/security-groups => generated 1625 bytes in 467 msecs (HTTP/1.1 201) 4 headers in 163 bytes (1 switches on core 0)
2026-05-21 15:46:49.860 7 INFO neutron.api.v2.resource [None req-9e38a162-620c-4e1b-baae-5b86963b6618 3744a99af4a649c9a3badddce0a4d54a 51b7e06ced354188ae61c72506a7ff9e - - default default] delete failed (client error): The resource could not be found. [pid: 7|app: 0|req: 841/1709] 10.0.0.212 () {32 vars in 724 bytes} [Thu May 21 15:46:49 2026] DELETE /v2.0/routers/4e91079e-038b-48ba-93b4-be8148b46f25 => generated 135 bytes in 12 msecs (HTTP/1.1 404) 4 headers in 164 bytes (1 switches on core 0) [pid: 7|app: 0|req: 842/1710] 10.0.0.212 () {32 vars in 663 bytes} [Thu May 21 15:46:49 2026] GET /v2.0/security-groups => generated 4530 bytes in 25 msecs (HTTP/1.1 200) 4 headers in 158 bytes (1 switches on core 0)
2026-05-21 15:46:49.897 7 INFO neutron.pecan_wsgi.hooks.translation [None req-2c18767e-d5ff-40db-a045-6a682f0c591f 3744a99af4a649c9a3badddce0a4d54a 51b7e06ced354188ae61c72506a7ff9e - - default default] DELETE failed (client error): The resource could not be found. [pid: 7|app: 0|req: 843/1711] 10.0.0.212 () {32 vars in 724 bytes} [Thu May 21 15:46:49 2026] DELETE /v2.0/subnets/4a32b406-7f4b-47a9-95fa-f2469e5b9cc6 => generated 136 bytes in 13 msecs (HTTP/1.1 404) 4 headers in 164 bytes (1 switches on core 0)
2026-05-21 15:46:49.934 8 INFO neutron.services.segments.plugin [-] Segment b83e94e4-47ec-41b8-bf9f-0bb9c9b5fe31 resource provider aggregate not found
2026-05-21 15:46:49.943 8 INFO neutron.services.segments.plugin [-] Segment b83e94e4-47ec-41b8-bf9f-0bb9c9b5fe31 resource provider aggregate not found
2026-05-21 15:46:49.957 8 INFO neutron.services.segments.plugin [-] Segment b83e94e4-47ec-41b8-bf9f-0bb9c9b5fe31 resource provider not found; error: Placement Client Error (4xx): {"errors": [{"status": 404, "title": "Not Found", "detail": "The resource could not be found.\n\n No resource provider with uuid b83e94e4-47ec-41b8-bf9f-0bb9c9b5fe31 found for delete ", "request_id": "req-36355fcb-53c1-46c3-b3c5-f0611fbf16b9"}]}
2026-05-21 15:46:49.960 8 INFO neutron.services.segments.plugin [-] Segment b83e94e4-47ec-41b8-bf9f-0bb9c9b5fe31 resource provider not found; error: Placement Client Error (4xx): {"errors": [{"status": 404, "title": "Not Found", "detail": "The resource could not be found.\n\n No resource provider with uuid b83e94e4-47ec-41b8-bf9f-0bb9c9b5fe31 found for delete ", "request_id": "req-4a2df624-013e-4560-9dd5-321500e78359"}]}
2026-05-21 15:46:49.967 7 INFO neutron.db.ovn_revision_numbers_db [None req-f3b52afa-3ff9-4285-99c4-f588bee575a3 43391b9944ca426196a26129c43deed3 6ac4b2c7ad0a4ff0bfae2e0b3715c5fb - - default default] Successfully bumped revision number for resource 03eae6ec-f979-418a-9c35-6f652e70e74c (type: security_groups) to 2 [pid: 7|app: 0|req: 844/1712] 10.0.0.212 () {34 vars in 758 bytes} [Thu May 21 15:46:49 2026] PUT /v2.0/security-groups/03eae6ec-f979-418a-9c35-6f652e70e74c => generated 1663 bytes in 87 msecs (HTTP/1.1 200) 4 headers in 158 bytes (1 switches on core 0) [pid: 7|app: 0|req: 845/1713] 10.0.0.212 () {32 vars in 736 bytes} [Thu May 21 15:46:49 2026] GET /v2.0/ports?device_id=7cfa1a8f-d848-4d45-861a-2e80cae7f183 => generated 12 bytes in 22 msecs (HTTP/1.1 200) 4 headers in 156 bytes (1 switches on core 0) [pid: 8|app: 0|req: 869/1714] 10.0.0.212 () {32 vars in 724 bytes} [Thu May 21 15:46:49 2026] DELETE /v2.0/subnets/7b800b72-fa25-43cf-8915-f457a2f7a1a3 => generated 0 bytes in 162 msecs (HTTP/1.1 204) 3 headers in 131 bytes (1 switches on core 0) [pid: 7|app: 0|req: 846/1715] 10.0.0.212 () {32 vars in 737 bytes} [Thu May 21 15:46:50 2026] GET /v2.0/security-groups/03eae6ec-f979-418a-9c35-6f652e70e74c => generated 1663 bytes in 19 msecs (HTTP/1.1 200) 4 headers in 158 bytes (1 switches on core 0)
2026-05-21 15:46:50.031 8 INFO neutron.api.v2.resource [None req-8130c6e1-9a45-4acd-b767-841f812f04a6 3744a99af4a649c9a3badddce0a4d54a 51b7e06ced354188ae61c72506a7ff9e - - default default] delete failed (client error): The resource could not be found. [pid: 8|app: 0|req: 870/1716] 10.0.0.212 () {32 vars in 724 bytes} [Thu May 21 15:46:50 2026] DELETE /v2.0/routers/7cfa1a8f-d848-4d45-861a-2e80cae7f183 => generated 135 bytes in 17 msecs (HTTP/1.1 404) 4 headers in 164 bytes (1 switches on core 0)
2026-05-21 15:46:50.146 7 INFO neutron_taas.services.taas.taas_plugin [None req-66884abc-d711-4a0a-8667-7dee65f1c290 a439fc145e544fe6a4f328d1098bad93 93bc5360450d4c999f0b3b5cfd72f7ca - - default default] TaaS: Handle Delete Port: caf803f0-dd90-4ddb-a50d-cc147119a2b3
2026-05-21 15:46:50.148 7 INFO neutron_taas.services.taas.tap_mirror_plugin [None req-66884abc-d711-4a0a-8667-7dee65f1c290 a439fc145e544fe6a4f328d1098bad93 93bc5360450d4c999f0b3b5cfd72f7ca - - default default] Tap Mirror: Handle Delete Port: caf803f0-dd90-4ddb-a50d-cc147119a2b3 [pid: 8|app: 0|req: 871/1717] 10.0.0.212 () {32 vars in 740 bytes} [Thu May 21 15:46:50 2026] DELETE /v2.0/security-groups/03eae6ec-f979-418a-9c35-6f652e70e74c => generated 0 bytes in 122 msecs (HTTP/1.1 204) 2 headers in 112 bytes (1 switches on core 0)
2026-05-21 15:46:50.170 8 INFO neutron.pecan_wsgi.hooks.translation [None req-0cc51e0b-9e9c-4894-80f9-3640442a5ff5 3744a99af4a649c9a3badddce0a4d54a 51b7e06ced354188ae61c72506a7ff9e - - default default] DELETE failed (client error): The resource could not be found. [pid: 8|app: 0|req: 872/1718] 10.0.0.212 () {32 vars in 724 bytes} [Thu May 21 15:46:50 2026] DELETE /v2.0/subnets/0fc3e09a-c0d9-42e1-b155-b580ed114d25 => generated 136 bytes in 15 msecs (HTTP/1.1 404) 4 headers in 164 bytes (1 switches on core 0) [pid: 8|app: 0|req: 873/1719] 10.0.0.212 () {32 vars in 663 bytes} [Thu May 21 15:46:50 2026] GET /v2.0/security-groups => generated 2925 bytes in 23 msecs (HTTP/1.1 200) 4 headers in 158 bytes (1 switches on core 0)
2026-05-21 15:46:50.205 8 INFO neutron.pecan_wsgi.hooks.translation [None req-43230854-c6a7-4a54-8126-44e06e246d33 3744a99af4a649c9a3badddce0a4d54a 51b7e06ced354188ae61c72506a7ff9e - - default default] DELETE failed (client error): The resource could not be found. [pid: 8|app: 0|req: 874/1720] 10.0.0.212 () {32 vars in 724 bytes} [Thu May 21 15:46:50 2026] DELETE /v2.0/subnets/09e32f0f-372e-447a-8141-2772d266875b => generated 136 bytes in 11 msecs (HTTP/1.1 404) 4 headers in 164 bytes (1 switches on core 0)
2026-05-21 15:46:50.232 8 INFO neutron.api.v2.resource [None req-e3fa3f21-59e5-4384-aec5-af9263e3c1c6 43391b9944ca426196a26129c43deed3 6ac4b2c7ad0a4ff0bfae2e0b3715c5fb - - default default] delete failed (client error): The resource could not be found. [pid: 8|app: 0|req: 875/1721] 10.0.0.212 () {32 vars in 740 bytes} [Thu May 21 15:46:50 2026] DELETE /v2.0/security-groups/03eae6ec-f979-418a-9c35-6f652e70e74c => generated 146 bytes in 27 msecs (HTTP/1.1 404) 4 headers in 164 bytes (1 switches on core 0)
2026-05-21 15:46:50.307 7 INFO neutron.services.segments.plugin [-] Segment 63f62670-2382-4a12-923d-c84d08cc17a1 resource provider aggregate not found
2026-05-21 15:46:50.308 7 INFO neutron.services.segments.plugin [-] Segment 63f62670-2382-4a12-923d-c84d08cc17a1 resource provider aggregate not found
2026-05-21 15:46:50.325 7 INFO neutron.services.segments.plugin [-] Segment 63f62670-2382-4a12-923d-c84d08cc17a1 resource provider not found; error: Placement Client Error (4xx): {"errors": [{"status": 404, "title": "Not Found", "detail": "The resource could not be found.\n\n No resource provider with uuid 63f62670-2382-4a12-923d-c84d08cc17a1 found for delete ", "request_id": "req-ce919ceb-aacb-4313-8cce-6c2edc890624"}]}
