2026-05-21 15:45:49.419 7 INFO neutron.db.ovn_revision_numbers_db [None req-86bf05bf-46b4-4d7f-8570-f11f05155110 0fa411218e254d8ca042369fa6cf26e6 89d915b428c54b1dbebed2cfb5fe47d6 - - default default] Successfully bumped revision number for resource 8e08f17c-e0a1-4e1e-9650-e8570f63fdd3 (type: subnets) to 0 [pid: 7|app: 0|req: 615/1248] 10.0.0.212 () {34 vars in 669 bytes} [Thu May 21 15:45:49 2026] POST /v2.0/subnets => generated 646 bytes in 254 msecs (HTTP/1.1 201) 4 headers in 162 bytes (1 switches on core 0) [pid: 8|app: 0|req: 634/1249] 10.0.0.212 () {32 vars in 740 bytes} [Thu May 21 15:45:49 2026] DELETE /v2.0/security-groups/73e78766-e153-4578-b37d-e456ac255249 => generated 0 bytes in 232 msecs (HTTP/1.1 204) 2 headers in 112 bytes (1 switches on core 0)
2026-05-21 15:45:49.637 7 WARNING neutron.scheduler.dhcp_agent_scheduler [None req-366ded7f-cd52-4bbb-88b0-35e6c1299663 0fa411218e254d8ca042369fa6cf26e6 89d915b428c54b1dbebed2cfb5fe47d6 - - default default] No more DHCP agents
2026-05-21 15:45:49.638 7 WARNING neutron.api.rpc.agentnotifiers.dhcp_rpc_agent_api [None req-366ded7f-cd52-4bbb-88b0-35e6c1299663 0fa411218e254d8ca042369fa6cf26e6 89d915b428c54b1dbebed2cfb5fe47d6 - - default default] Unable to schedule network bac49396-bdc6-486e-af33-56963aa1aced: no agents available; will retry on subsequent port and subnet creation events.
2026-05-21 15:45:49.667 7 INFO neutron.db.ovn_revision_numbers_db [None req-366ded7f-cd52-4bbb-88b0-35e6c1299663 0fa411218e254d8ca042369fa6cf26e6 89d915b428c54b1dbebed2cfb5fe47d6 - - default default] Successfully bumped revision number for resource 51ccd122-2adb-4ebc-952a-4e4b554eda46 (type: subnets) to 0 [pid: 7|app: 0|req: 616/1250] 10.0.0.212 () {34 vars in 669 bytes} [Thu May 21 15:45:49 2026] POST /v2.0/subnets => generated 655 bytes in 244 msecs (HTTP/1.1 201) 4 headers in 162 bytes (1 switches on core 0) [pid: 8|app: 0|req: 635/1251] 10.0.0.158 () {34 vars in 990 bytes} [Thu May 21 15:45:49 2026] GET /v2.0/ports?device_id=cfe60ddf-bf86-491d-adf1-f62da194c7c1 => generated 12 bytes in 21 msecs (HTTP/1.1 200) 4 headers in 156 bytes (1 switches on core 0)
2026-05-21 15:45:49.819 7 INFO neutron.db.ovn_revision_numbers_db [None req-f2e914b9-1164-4e1b-9cc8-212421ec0988 0fa411218e254d8ca042369fa6cf26e6 89d915b428c54b1dbebed2cfb5fe47d6 - - default default] Successfully bumped revision number for resource 8c7b64a1-3d16-481e-9a03-399a70d2ed88 (type: routers) to 1 [pid: 7|app: 0|req: 617/1252] 10.0.0.212 () {34 vars in 669 bytes} [Thu May 21 15:45:49 2026] POST /v2.0/routers => generated 606 bytes in 149 msecs (HTTP/1.1 201) 4 headers in 162 bytes (1 switches on core 0)
2026-05-21 15:45:50.726 7 INFO neutron.db.ovn_revision_numbers_db [None req-f6d9249c-1134-4a8d-ac04-c89c46a3122f 6b702dd289c949649ae850fd2484385b aa012c9c8c02425387e30c8ac0774080 - - default default] Successfully bumped revision number for resource 28a842c2-a0ef-45c2-a348-8507909ddf86 (type: security_groups) to 1
2026-05-21 15:45:50.742 7 INFO neutron.db.ovn_revision_numbers_db [None req-f6d9249c-1134-4a8d-ac04-c89c46a3122f 6b702dd289c949649ae850fd2484385b aa012c9c8c02425387e30c8ac0774080 - - default default] Successfully bumped revision number for resource 347a6920-cb1b-4be9-b4ad-ed028158de2e (type: security_group_rules) to 0
2026-05-21 15:45:50.755 7 INFO neutron.db.ovn_revision_numbers_db [None req-f6d9249c-1134-4a8d-ac04-c89c46a3122f 6b702dd289c949649ae850fd2484385b aa012c9c8c02425387e30c8ac0774080 - - default default] Successfully bumped revision number for resource 3d973bea-485f-42c9-810f-9512469bbd12 (type: security_group_rules) to 0
2026-05-21 15:45:50.766 7 INFO neutron.db.ovn_revision_numbers_db [None req-f6d9249c-1134-4a8d-ac04-c89c46a3122f 6b702dd289c949649ae850fd2484385b aa012c9c8c02425387e30c8ac0774080 - - default default] Successfully bumped revision number for resource 5800087d-1a15-487d-8aef-09cb594e7f5f (type: security_group_rules) to 0
2026-05-21 15:45:50.780 7 INFO neutron.db.ovn_revision_numbers_db [None req-f6d9249c-1134-4a8d-ac04-c89c46a3122f 6b702dd289c949649ae850fd2484385b aa012c9c8c02425387e30c8ac0774080 - - default default] Successfully bumped revision number for resource 8a8e0ea9-d861-48fd-ab69-d57431f4a804 (type: security_group_rules) to 0 [pid: 7|app: 0|req: 618/1253] 10.0.0.212 () {32 vars in 774 bytes} [Thu May 21 15:45:50 2026] GET /v2.0/security-groups?tenant_id=9ff2849b67f24e578b2dc097c337b469&name=default => generated 2925 bytes in 385 msecs (HTTP/1.1 200) 4 headers in 158 bytes (1 switches on core 0)
2026-05-21 15:45:50.838 8 WARNING neutron.scheduler.dhcp_agent_scheduler [None req-094ccd37-04df-49bc-a1d6-9d9d36eb51d2 0fa411218e254d8ca042369fa6cf26e6 89d915b428c54b1dbebed2cfb5fe47d6 - - default default] No more DHCP agents
2026-05-21 15:45:50.839 8 WARNING neutron.api.rpc.agentnotifiers.dhcp_rpc_agent_api [None req-094ccd37-04df-49bc-a1d6-9d9d36eb51d2 0fa411218e254d8ca042369fa6cf26e6 89d915b428c54b1dbebed2cfb5fe47d6 - - default default] Unable to schedule network 1f466735-b3a4-4f1a-96fb-405b641be40c: no agents available; will retry on subsequent port and subnet creation events. [pid: 7|app: 0|req: 619/1254] 10.0.0.158 () {34 vars in 990 bytes} [Thu May 21 15:45:50 2026] GET /v2.0/ports?device_id=cfe60ddf-bf86-491d-adf1-f62da194c7c1 => generated 12 bytes in 28 msecs (HTTP/1.1 200) 4 headers in 156 bytes (1 switches on core 0)
2026-05-21 15:45:50.930 7 INFO neutron.plugins.ml2.drivers.ovn.mech_driver.mech_driver [None req-8b4f6286-289f-422a-8d1c-d340ab0e9374 - - - - - -] OVN reports status down for port: e439556f-b5c5-4214-86bd-b5c26ce53edd
2026-05-21 15:45:50.941 8 INFO neutron.db.ovn_revision_numbers_db [None req-094ccd37-04df-49bc-a1d6-9d9d36eb51d2 0fa411218e254d8ca042369fa6cf26e6 89d915b428c54b1dbebed2cfb5fe47d6 - - default default] Successfully bumped revision number for resource e439556f-b5c5-4214-86bd-b5c26ce53edd (type: ports) to 1 [pid: 7|app: 0|req: 620/1255] 10.0.0.212 () {32 vars in 740 bytes} [Thu May 21 15:45:50 2026] DELETE /v2.0/security-groups/28a842c2-a0ef-45c2-a348-8507909ddf86 => generated 0 bytes in 316 msecs (HTTP/1.1 204) 2 headers in 112 bytes (1 switches on core 0)
2026-05-21 15:45:51.431 7 INFO neutron.plugins.ml2.drivers.ovn.mech_driver.mech_driver [None req-8b4f6286-289f-422a-8d1c-d340ab0e9374 - - - - - -] OVN reports status up for port: e439556f-b5c5-4214-86bd-b5c26ce53edd
2026-05-21 15:45:51.450 7 INFO neutron.plugins.ml2.plugin [None req-8b4f6286-289f-422a-8d1c-d340ab0e9374 - - - - - -] Attempt 1 to provision port e439556f-b5c5-4214-86bd-b5c26ce53edd
2026-05-21 15:45:51.508 8 WARNING neutron.scheduler.dhcp_agent_scheduler [None req-094ccd37-04df-49bc-a1d6-9d9d36eb51d2 0fa411218e254d8ca042369fa6cf26e6 89d915b428c54b1dbebed2cfb5fe47d6 - - default default] No more DHCP agents
2026-05-21 15:45:51.510 8 WARNING neutron.api.rpc.agentnotifiers.dhcp_rpc_agent_api [None req-094ccd37-04df-49bc-a1d6-9d9d36eb51d2 0fa411218e254d8ca042369fa6cf26e6 89d915b428c54b1dbebed2cfb5fe47d6 - - default default] Unable to schedule network 1f466735-b3a4-4f1a-96fb-405b641be40c: no agents available; will retry on subsequent port and subnet creation events.
2026-05-21 15:45:51.517 7 INFO neutron.db.ovn_revision_numbers_db [None req-9142481f-61e6-4fae-909e-3e38058f8c13 6b702dd289c949649ae850fd2484385b aa012c9c8c02425387e30c8ac0774080 - - default default] Successfully bumped revision number for resource da5d377b-0c18-49b0-8f7e-d10ca0dcd47e (type: security_groups) to 1
2026-05-21 15:45:51.542 7 INFO neutron.db.ovn_revision_numbers_db [None req-9142481f-61e6-4fae-909e-3e38058f8c13 6b702dd289c949649ae850fd2484385b aa012c9c8c02425387e30c8ac0774080 - - default default] Successfully bumped revision number for resource 24bb2ef0-6417-4604-86a2-7bb17da3015a (type: security_group_rules) to 0
2026-05-21 15:45:51.566 7 INFO neutron.db.ovn_revision_numbers_db [None req-9142481f-61e6-4fae-909e-3e38058f8c13 6b702dd289c949649ae850fd2484385b aa012c9c8c02425387e30c8ac0774080 - - default default] Successfully bumped revision number for resource 26d1430f-6a50-4844-a668-01a200d163c1 (type: security_group_rules) to 0
2026-05-21 15:45:51.587 7 INFO neutron.db.ovn_revision_numbers_db [None req-9142481f-61e6-4fae-909e-3e38058f8c13 6b702dd289c949649ae850fd2484385b aa012c9c8c02425387e30c8ac0774080 - - default default] Successfully bumped revision number for resource 93b5c03a-888c-4e08-9366-a265d775b5e7 (type: security_group_rules) to 0
2026-05-21 15:45:51.618 7 INFO neutron.db.ovn_revision_numbers_db [None req-9142481f-61e6-4fae-909e-3e38058f8c13 6b702dd289c949649ae850fd2484385b aa012c9c8c02425387e30c8ac0774080 - - default default] Successfully bumped revision number for resource c9317019-009f-4ac3-b934-91f2038efb31 (type: security_group_rules) to 0 [pid: 7|app: 0|req: 621/1256] 10.0.0.212 () {32 vars in 774 bytes} [Thu May 21 15:45:51 2026] GET /v2.0/security-groups?tenant_id=3e8cc8e41d64483aa8d4b3d76967cbe4&name=default => generated 2925 bytes in 380 msecs (HTTP/1.1 200) 4 headers in 158 bytes (1 switches on core 0)
2026-05-21 15:45:51.745 8 INFO neutron.db.ovn_revision_numbers_db [None req-094ccd37-04df-49bc-a1d6-9d9d36eb51d2 0fa411218e254d8ca042369fa6cf26e6 89d915b428c54b1dbebed2cfb5fe47d6 - - default default] Successfully bumped revision number for resource e439556f-b5c5-4214-86bd-b5c26ce53edd (type: router_ports) to 1 [pid: 8|app: 0|req: 636/1257] 10.0.0.212 () {34 vars in 783 bytes} [Thu May 21 15:45:49 2026] PUT /v2.0/routers/8c7b64a1-3d16-481e-9a03-399a70d2ed88/add_router_interface => generated 309 bytes in 1904 msecs (HTTP/1.1 200) 4 headers in 157 bytes (1 switches on core 0) [pid: 8|app: 0|req: 637/1258] 10.0.0.212 () {32 vars in 717 bytes} [Thu May 21 15:45:51 2026] GET /v2.0/ports/e439556f-b5c5-4214-86bd-b5c26ce53edd => generated 947 bytes in 78 msecs (HTTP/1.1 200) 4 headers in 157 bytes (1 switches on core 0) [pid: 7|app: 0|req: 622/1259] 10.0.0.212 () {32 vars in 740 bytes} [Thu May 21 15:45:51 2026] DELETE /v2.0/security-groups/da5d377b-0c18-49b0-8f7e-d10ca0dcd47e => generated 0 bytes in 455 msecs (HTTP/1.1 204) 2 headers in 112 bytes (1 switches on core 0)
2026-05-21 15:45:52.163 7 INFO neutron.db.ovn_revision_numbers_db [None req-8b4f6286-289f-422a-8d1c-d340ab0e9374 - - - - - -] Successfully bumped revision number for resource e439556f-b5c5-4214-86bd-b5c26ce53edd (type: ports) to 2 [pid: 7|app: 0|req: 623/1260] 10.0.0.158 () {34 vars in 990 bytes} [Thu May 21 15:45:52 2026] GET /v2.0/ports?device_id=cfe60ddf-bf86-491d-adf1-f62da194c7c1 => generated 12 bytes in 25 msecs (HTTP/1.1 200) 4 headers in 156 bytes (1 switches on core 0)
2026-05-21 15:45:52.292 8 WARNING neutron.scheduler.dhcp_agent_scheduler [None req-290d86af-73a3-47eb-a310-b22ac3e0c703 0fa411218e254d8ca042369fa6cf26e6 89d915b428c54b1dbebed2cfb5fe47d6 - - default default] No more DHCP agents
2026-05-21 15:45:52.293 8 WARNING neutron.api.rpc.agentnotifiers.dhcp_rpc_agent_api [None req-290d86af-73a3-47eb-a310-b22ac3e0c703 0fa411218e254d8ca042369fa6cf26e6 89d915b428c54b1dbebed2cfb5fe47d6 - - default default] Unable to schedule network bac49396-bdc6-486e-af33-56963aa1aced: no agents available; will retry on subsequent port and subnet creation events.
2026-05-21 15:45:52.374 8 INFO neutron.plugins.ml2.drivers.ovn.mech_driver.mech_driver [None req-16da7bd3-edb5-48b5-919c-bc5f73acc4ff - - - - - -] OVN reports status down for port: 7c26e407-a874-41e6-ae15-c34eb52f5e7d
2026-05-21 15:45:52.448 8 INFO neutron.db.ovn_revision_numbers_db [None req-290d86af-73a3-47eb-a310-b22ac3e0c703 0fa411218e254d8ca042369fa6cf26e6 89d915b428c54b1dbebed2cfb5fe47d6 - - default default] Successfully bumped revision number for resource 7c26e407-a874-41e6-ae15-c34eb52f5e7d (type: ports) to 1
2026-05-21 15:45:53.027 8 INFO neutron.plugins.ml2.drivers.ovn.mech_driver.mech_driver [None req-16da7bd3-edb5-48b5-919c-bc5f73acc4ff - - - - - -] OVN reports status up for port: 7c26e407-a874-41e6-ae15-c34eb52f5e7d
2026-05-21 15:45:53.055 8 INFO neutron.plugins.ml2.plugin [None req-16da7bd3-edb5-48b5-919c-bc5f73acc4ff - - - - - -] Attempt 1 to provision port 7c26e407-a874-41e6-ae15-c34eb52f5e7d
2026-05-21 15:45:53.182 8 WARNING neutron.scheduler.dhcp_agent_scheduler [None req-290d86af-73a3-47eb-a310-b22ac3e0c703 0fa411218e254d8ca042369fa6cf26e6 89d915b428c54b1dbebed2cfb5fe47d6 - - default default] No more DHCP agents
2026-05-21 15:45:53.185 8 WARNING neutron.api.rpc.agentnotifiers.dhcp_rpc_agent_api [None req-290d86af-73a3-47eb-a310-b22ac3e0c703 0fa411218e254d8ca042369fa6cf26e6 89d915b428c54b1dbebed2cfb5fe47d6 - - default default] Unable to schedule network bac49396-bdc6-486e-af33-56963aa1aced: no agents available; will retry on subsequent port and subnet creation events. [pid: 7|app: 0|req: 624/1261] 10.0.0.212 () {32 vars in 740 bytes} [Thu May 21 15:45:53 2026] DELETE /v2.0/security-groups/9d356618-f8d3-4ec4-bc8e-a2328a4acfe5 => generated 0 bytes in 177 msecs (HTTP/1.1 204) 2 headers in 112 bytes (1 switches on core 0)
2026-05-21 15:45:53.491 7 INFO neutron.api.v2.resource [None req-94176292-a551-4aaa-a8b9-72a76f2904e1 830c4c32f15d4a33a22ebd6ba9f0c2da bbfc261b3cbd42c29bbeac2bb9435394 - - default default] show failed (client error): The resource could not be found. [pid: 7|app: 0|req: 625/1262] 10.0.0.212 () {32 vars in 737 bytes} [Thu May 21 15:45:53 2026] GET /v2.0/security-groups/9d356618-f8d3-4ec4-bc8e-a2328a4acfe5 => generated 146 bytes in 32 msecs (HTTP/1.1 404) 4 headers in 164 bytes (1 switches on core 0)
2026-05-21 15:45:53.651 8 INFO neutron.db.ovn_revision_numbers_db [None req-290d86af-73a3-47eb-a310-b22ac3e0c703 0fa411218e254d8ca042369fa6cf26e6 89d915b428c54b1dbebed2cfb5fe47d6 - - default default] Successfully bumped revision number for resource 7c26e407-a874-41e6-ae15-c34eb52f5e7d (type: router_ports) to 1
2026-05-21 15:45:53.653 7 INFO neutron_taas.services.taas.taas_plugin [None req-1e070b27-0f01-4a00-aae4-8146a2f3e0aa 830c4c32f15d4a33a22ebd6ba9f0c2da bbfc261b3cbd42c29bbeac2bb9435394 - - default default] TaaS: Handle Delete Port: f8d80d8a-52b4-4c95-b143-d31595092dc6
2026-05-21 15:45:53.655 7 INFO neutron_taas.services.taas.tap_mirror_plugin [None req-1e070b27-0f01-4a00-aae4-8146a2f3e0aa 830c4c32f15d4a33a22ebd6ba9f0c2da bbfc261b3cbd42c29bbeac2bb9435394 - - default default] Tap Mirror: Handle Delete Port: f8d80d8a-52b4-4c95-b143-d31595092dc6 [pid: 8|app: 0|req: 638/1263] 10.0.0.212 () {34 vars in 783 bytes} [Thu May 21 15:45:51 2026] PUT /v2.0/routers/8c7b64a1-3d16-481e-9a03-399a70d2ed88/add_router_interface => generated 309 bytes in 1820 msecs (HTTP/1.1 200) 4 headers in 157 bytes (1 switches on core 0)
2026-05-21 15:45:53.834 8 INFO neutron.db.ovn_revision_numbers_db [None req-16da7bd3-edb5-48b5-919c-bc5f73acc4ff - - - - - -] Successfully bumped revision number for resource 7c26e407-a874-41e6-ae15-c34eb52f5e7d (type: ports) to 2 [pid: 7|app: 0|req: 626/1264] 10.0.0.212 () {32 vars in 732 bytes} [Thu May 21 15:45:53 2026] DELETE /v2.0/floatingips/365d88b1-1437-4897-b04c-c2fdeb012d9c => generated 0 bytes in 348 msecs (HTTP/1.1 204) 2 headers in 112 bytes (1 switches on core 0) [pid: 8|app: 0|req: 639/1265] 10.0.0.212 () {32 vars in 717 bytes} [Thu May 21 15:45:53 2026] GET /v2.0/ports/7c26e407-a874-41e6-ae15-c34eb52f5e7d => generated 955 bytes in 190 msecs (HTTP/1.1 200) 4 headers in 157 bytes (1 switches on core 0) [pid: 8|app: 0|req: 640/1266] 10.0.0.212 () {32 vars in 717 bytes} [Thu May 21 15:45:53 2026] GET /v2.0/ports/7c26e407-a874-41e6-ae15-c34eb52f5e7d => generated 955 bytes in 69 msecs (HTTP/1.1 200) 4 headers in 157 bytes (1 switches on core 0)
2026-05-21 15:45:54.109 7 INFO neutron_taas.services.taas.taas_plugin [None req-c7c557ac-b4c7-40e3-b7ea-cc7c4acf04f1 6b702dd289c949649ae850fd2484385b aa012c9c8c02425387e30c8ac0774080 - - default default] TaaS: Handle Delete Port: 8657c3b4-4cab-4b64-9804-ef387aa41cfd
2026-05-21 15:45:54.112 7 INFO neutron_taas.services.taas.tap_mirror_plugin [None req-c7c557ac-b4c7-40e3-b7ea-cc7c4acf04f1 6b702dd289c949649ae850fd2484385b aa012c9c8c02425387e30c8ac0774080 - - default default] Tap Mirror: Handle Delete Port: 8657c3b4-4cab-4b64-9804-ef387aa41cfd
2026-05-21 15:45:54.179 8 INFO neutron_taas.services.taas.taas_plugin [None req-a06e2475-a4e8-4d50-af6a-602be01e0981 0fa411218e254d8ca042369fa6cf26e6 89d915b428c54b1dbebed2cfb5fe47d6 - - default default] TaaS: Handle Delete Port: 7c26e407-a874-41e6-ae15-c34eb52f5e7d
2026-05-21 15:45:54.182 8 INFO neutron_taas.services.taas.tap_mirror_plugin [None req-a06e2475-a4e8-4d50-af6a-602be01e0981 0fa411218e254d8ca042369fa6cf26e6 89d915b428c54b1dbebed2cfb5fe47d6 - - default default] Tap Mirror: Handle Delete Port: 7c26e407-a874-41e6-ae15-c34eb52f5e7d [pid: 8|app: 0|req: 641/1267] 10.0.0.212 () {34 vars in 789 bytes} [Thu May 21 15:45:53 2026] PUT /v2.0/routers/8c7b64a1-3d16-481e-9a03-399a70d2ed88/remove_router_interface => generated 309 bytes in 561 msecs (HTTP/1.1 200) 4 headers in 157 bytes (1 switches on core 0) /var/lib/openstack/lib/python3.12/site-packages/pycadf/identifier.py:70: UserWarning: Invalid uuid: neutron. To ensure interoperability, identifiers should be a valid uuid. warnings.warn(('Invalid uuid: %s. To ensure interoperability, ' [pid: 8|app: 0|req: 642/1268] 10.0.0.212 () {32 vars in 717 bytes} [Thu May 21 15:45:54 2026] GET /v2.0/ports/e439556f-b5c5-4214-86bd-b5c26ce53edd => generated 947 bytes in 35 msecs (HTTP/1.1 200) 4 headers in 157 bytes (1 switches on core 0) [pid: 7|app: 0|req: 627/1269] 10.0.0.212 () {34 vars in 789 bytes} [Thu May 21 15:45:53 2026] PUT /v2.0/routers/cc81b320-3ee1-41a2-83a2-7228f3484671/remove_router_interface => generated 309 bytes in 883 msecs (HTTP/1.1 200) 4 headers in 157 bytes (1 switches on core 0) /var/lib/openstack/lib/python3.12/site-packages/pycadf/identifier.py:70: UserWarning: Invalid uuid: neutron. To ensure interoperability, identifiers should be a valid uuid. warnings.warn(('Invalid uuid: %s. To ensure interoperability, '
2026-05-21 15:45:54.838 8 INFO neutron_taas.services.taas.taas_plugin [None req-05aaa3df-1007-4b8b-9ca0-03aebef6d996 0fa411218e254d8ca042369fa6cf26e6 89d915b428c54b1dbebed2cfb5fe47d6 - - default default] TaaS: Handle Delete Port: e439556f-b5c5-4214-86bd-b5c26ce53edd
2026-05-21 15:45:54.843 8 INFO neutron_taas.services.taas.tap_mirror_plugin [None req-05aaa3df-1007-4b8b-9ca0-03aebef6d996 0fa411218e254d8ca042369fa6cf26e6 89d915b428c54b1dbebed2cfb5fe47d6 - - default default] Tap Mirror: Handle Delete Port: e439556f-b5c5-4214-86bd-b5c26ce53edd
2026-05-21 15:45:55.109 7 INFO neutron_taas.services.taas.taas_plugin [None req-49f1ac10-6bff-42c0-8c69-878056a3ff99 6b702dd289c949649ae850fd2484385b aa012c9c8c02425387e30c8ac0774080 - - default default] TaaS: Handle Delete Port: 81770840-e5ef-42ca-a845-146575c29c9d
2026-05-21 15:45:55.113 7 INFO neutron_taas.services.taas.tap_mirror_plugin [None req-49f1ac10-6bff-42c0-8c69-878056a3ff99 6b702dd289c949649ae850fd2484385b aa012c9c8c02425387e30c8ac0774080 - - default default] Tap Mirror: Handle Delete Port: 81770840-e5ef-42ca-a845-146575c29c9d [pid: 8|app: 0|req: 643/1270] 10.0.0.212 () {34 vars in 789 bytes} [Thu May 21 15:45:54 2026] PUT /v2.0/routers/8c7b64a1-3d16-481e-9a03-399a70d2ed88/remove_router_interface => generated 309 bytes in 623 msecs (HTTP/1.1 200) 4 headers in 157 bytes (1 switches on core 0) /var/lib/openstack/lib/python3.12/site-packages/pycadf/identifier.py:70: UserWarning: Invalid uuid: neutron. To ensure interoperability, identifiers should be a valid uuid. warnings.warn(('Invalid uuid: %s. To ensure interoperability, ' [pid: 8|app: 0|req: 644/1271] 10.0.0.212 () {32 vars in 736 bytes} [Thu May 21 15:45:55 2026] GET /v2.0/ports?device_id=8c7b64a1-3d16-481e-9a03-399a70d2ed88 => generated 12 bytes in 26 msecs (HTTP/1.1 200) 4 headers in 156 bytes (1 switches on core 0) [pid: 8|app: 0|req: 645/1272] 10.0.0.212 () {32 vars in 724 bytes} [Thu May 21 15:45:55 2026] DELETE /v2.0/routers/8c7b64a1-3d16-481e-9a03-399a70d2ed88 => generated 0 bytes in 225 msecs (HTTP/1.1 204) 2 headers in 112 bytes (1 switches on core 0) [pid: 7|app: 0|req: 628/1273] 10.0.0.212 () {32 vars in 724 bytes} [Thu May 21 15:45:54 2026] DELETE /v2.0/routers/cc81b320-3ee1-41a2-83a2-7228f3484671 => generated 0 bytes in 796 msecs (HTTP/1.1 204) 2 headers in 112 bytes (1 switches on core 0) [pid: 8|app: 0|req: 646/1274] 10.0.0.212 () {32 vars in 724 bytes} [Thu May 21 15:45:55 2026] DELETE /v2.0/subnets/51ccd122-2adb-4ebc-952a-4e4b554eda46 => generated 0 bytes in 143 msecs (HTTP/1.1 204) 3 headers in 131 bytes (1 switches on core 0) [pid: 7|app: 0|req: 629/1275] 10.0.0.212 () {32 vars in 724 bytes} [Thu May 21 15:45:55 2026] DELETE /v2.0/subnets/6ff6f394-6cf4-40ac-b74c-2c5edf8840ec => generated 0 bytes in 144 msecs (HTTP/1.1 204) 3 headers in 131 bytes (1 switches on core 0) [pid: 8|app: 0|req: 647/1276] 10.0.0.212 () {32 vars in 724 bytes} [Thu May 21 15:45:55 2026] DELETE /v2.0/subnets/8e08f17c-e0a1-4e1e-9650-e8570f63fdd3 => generated 0 bytes in 135 msecs (HTTP/1.1 204) 3 headers in 131 bytes (1 switches on core 0)
2026-05-21 15:45:55.808 7 INFO neutron_taas.services.taas.taas_plugin [None req-64b8611b-c03f-4a14-ab64-0213907138bf 6b702dd289c949649ae850fd2484385b aa012c9c8c02425387e30c8ac0774080 - - default default] TaaS: Handle Delete Port: 7497f293-5570-4d9e-a0b5-26a14cc922ce
2026-05-21 15:45:55.812 7 INFO neutron_taas.services.taas.tap_mirror_plugin [None req-64b8611b-c03f-4a14-ab64-0213907138bf 6b702dd289c949649ae850fd2484385b aa012c9c8c02425387e30c8ac0774080 - - default default] Tap Mirror: Handle Delete Port: 7497f293-5570-4d9e-a0b5-26a14cc922ce
2026-05-21 15:45:55.841 8 INFO neutron_taas.services.taas.taas_plugin [None req-7e7b1729-7af5-4a09-91f0-1f45851ef37b 0fa411218e254d8ca042369fa6cf26e6 89d915b428c54b1dbebed2cfb5fe47d6 - - default default] TaaS: Handle Delete Port: 82e66397-c170-4e00-b4ce-b415d7d1cc66
2026-05-21 15:45:55.845 8 INFO neutron_taas.services.taas.tap_mirror_plugin [None req-7e7b1729-7af5-4a09-91f0-1f45851ef37b 0fa411218e254d8ca042369fa6cf26e6 89d915b428c54b1dbebed2cfb5fe47d6 - - default default] Tap Mirror: Handle Delete Port: 82e66397-c170-4e00-b4ce-b415d7d1cc66
2026-05-21 15:45:55.989 7 INFO neutron.services.segments.plugin [-] Segment fa4a7b2c-89e9-4852-8ca7-90b1ece86bcf resource provider aggregate not found
2026-05-21 15:45:55.992 7 INFO neutron.services.segments.plugin [-] Segment fa4a7b2c-89e9-4852-8ca7-90b1ece86bcf resource provider aggregate not found
2026-05-21 15:45:56.017 7 INFO neutron.services.segments.plugin [-] Segment fa4a7b2c-89e9-4852-8ca7-90b1ece86bcf resource provider not found; error: Placement Client Error (4xx): {"errors": [{"status": 404, "title": "Not Found", "detail": "The resource could not be found.\n\n No resource provider with uuid fa4a7b2c-89e9-4852-8ca7-90b1ece86bcf found for delete ", "request_id": "req-44cd7eac-b6bf-49c3-8184-2e4a34872c35"}]}
2026-05-21 15:45:56.027 7 INFO neutron.services.segments.plugin [-] Segment fa4a7b2c-89e9-4852-8ca7-90b1ece86bcf resource provider not found; error: Placement Client Error (4xx): {"errors": [{"status": 404, "title": "Not Found", "detail": "The resource could not be found.\n\n No resource provider with uuid fa4a7b2c-89e9-4852-8ca7-90b1ece86bcf found for delete ", "request_id": "req-5efbd23a-fbe9-4548-ae16-eb8336b322db"}]} [pid: 7|app: 0|req: 630/1277] 10.0.0.212 () {32 vars in 726 bytes} [Thu May 21 15:45:55 2026] DELETE /v2.0/networks/8d5b0759-9b27-4bcb-b80e-bcda57d50d4c => generated 0 bytes in 361 msecs (HTTP/1.1 204) 3 headers in 131 bytes (1 switches on core 0)
2026-05-21 15:45:56.103 8 INFO neutron.services.segments.plugin [-] Segment 48a5ceaf-8710-4306-a309-d37dfd25b435 resource provider aggregate not found
2026-05-21 15:45:56.107 8 INFO neutron.services.segments.plugin [-] Segment 48a5ceaf-8710-4306-a309-d37dfd25b435 resource provider aggregate not found
2026-05-21 15:45:56.124 8 INFO neutron.services.segments.plugin [-] Segment 48a5ceaf-8710-4306-a309-d37dfd25b435 resource provider not found; error: Placement Client Error (4xx): {"errors": [{"status": 404, "title": "Not Found", "detail": "The resource could not be found.\n\n No resource provider with uuid 48a5ceaf-8710-4306-a309-d37dfd25b435 found for delete ", "request_id": "req-59d88dde-7bcd-41cb-aa73-b0c5a293794d"}]}
2026-05-21 15:45:56.136 8 INFO neutron.services.segments.plugin [-] Segment 48a5ceaf-8710-4306-a309-d37dfd25b435 resource provider not found; error: Placement Client Error (4xx): {"errors": [{"status": 404, "title": "Not Found", "detail": "The resource could not be found.\n\n No resource provider with uuid 48a5ceaf-8710-4306-a309-d37dfd25b435 found for delete ", "request_id": "req-d33fe83e-4bbc-45d1-bc8f-5eaddda65bab"}]} [pid: 8|app: 0|req: 648/1278] 10.0.0.212 () {32 vars in 726 bytes} [Thu May 21 15:45:55 2026] DELETE /v2.0/networks/bac49396-bdc6-486e-af33-56963aa1aced => generated 0 bytes in 426 msecs (HTTP/1.1 204) 3 headers in 131 bytes (1 switches on core 0) [pid: 8|app: 0|req: 649/1279] 10.0.0.212 () {32 vars in 774 bytes} [Thu May 21 15:45:56 2026] GET /v2.0/security-groups?tenant_id=bbfc261b3cbd42c29bbeac2bb9435394&name=default => generated 2925 bytes in 35 msecs (HTTP/1.1 200) 4 headers in 158 bytes (1 switches on core 0)
2026-05-21 15:45:56.295 7 INFO neutron_taas.services.taas.taas_plugin [None req-ee004ecd-a2e1-4375-adf0-b1654b254f1b 0fa411218e254d8ca042369fa6cf26e6 89d915b428c54b1dbebed2cfb5fe47d6 - - default default] TaaS: Handle Delete Port: 651688c5-e35b-4e97-ac67-04f7fd217f74
2026-05-21 15:45:56.297 7 INFO neutron_taas.services.taas.tap_mirror_plugin [None req-ee004ecd-a2e1-4375-adf0-b1654b254f1b 0fa411218e254d8ca042369fa6cf26e6 89d915b428c54b1dbebed2cfb5fe47d6 - - default default] Tap Mirror: Handle Delete Port: 651688c5-e35b-4e97-ac67-04f7fd217f74 [pid: 8|app: 0|req: 650/1280] 10.0.0.212 () {32 vars in 740 bytes} [Thu May 21 15:45:56 2026] DELETE /v2.0/security-groups/ae51190c-5712-4897-a9b2-f948fb47101a => generated 0 bytes in 256 msecs (HTTP/1.1 204) 2 headers in 112 bytes (1 switches on core 0) [pid: 7|app: 0|req: 631/1281] 10.0.0.212 () {32 vars in 726 bytes} [Thu May 21 15:45:56 2026] DELETE /v2.0/networks/1f466735-b3a4-4f1a-96fb-405b641be40c => generated 0 bytes in 361 msecs (HTTP/1.1 204) 3 headers in 131 bytes (1 switches on core 0)
2026-05-21 15:45:56.615 7 INFO neutron.db.segments_db [None req-da820355-a5a7-4152-9e73-b65a830694df 0fa411218e254d8ca042369fa6cf26e6 89d915b428c54b1dbebed2cfb5fe47d6 - - default default] Added segment cfa7efa0-c81f-44d8-b790-8c2eba1ac7a8 of type geneve for network 2d1c974c-9331-4593-8ace-905bf2fff99e
2026-05-21 15:45:56.716 7 INFO neutron.db.ovn_revision_numbers_db [None req-da820355-a5a7-4152-9e73-b65a830694df 0fa411218e254d8ca042369fa6cf26e6 89d915b428c54b1dbebed2cfb5fe47d6 - - default default] Successfully bumped revision number for resource 2d1c974c-9331-4593-8ace-905bf2fff99e (type: networks) to 1
2026-05-21 15:45:56.739 8 WARNING keystonemiddleware.audit [None req-97245c72-00db-4985-b3bb-205ada7edf35 6b702dd289c949649ae850fd2484385b aa012c9c8c02425387e30c8ac0774080 - - default default] Skipping service tempest-service-242853545 as it have no endpoints.
2026-05-21 15:45:56.887 8 INFO neutron.db.ovn_revision_numbers_db [None req-2ed11696-f3bc-4e96-8b63-4e066fffb0bd 6b702dd289c949649ae850fd2484385b aa012c9c8c02425387e30c8ac0774080 - - default default] Successfully bumped revision number for resource a23822ca-9406-4da2-bb64-881dc9daa90d (type: security_groups) to 1
2026-05-21 15:45:56.898 7 WARNING neutron.scheduler.dhcp_agent_scheduler [None req-da820355-a5a7-4152-9e73-b65a830694df 0fa411218e254d8ca042369fa6cf26e6 89d915b428c54b1dbebed2cfb5fe47d6 - - default default] No more DHCP agents
2026-05-21 15:45:56.900 7 WARNING neutron.api.rpc.agentnotifiers.dhcp_rpc_agent_api [None req-da820355-a5a7-4152-9e73-b65a830694df 0fa411218e254d8ca042369fa6cf26e6 89d915b428c54b1dbebed2cfb5fe47d6 - - default default] Unable to schedule network 2d1c974c-9331-4593-8ace-905bf2fff99e: no agents available; will retry on subsequent port and subnet creation events.
2026-05-21 15:45:56.900 8 INFO neutron.db.ovn_revision_numbers_db [None req-2ed11696-f3bc-4e96-8b63-4e066fffb0bd 6b702dd289c949649ae850fd2484385b aa012c9c8c02425387e30c8ac0774080 - - default default] Successfully bumped revision number for resource 05a45912-c2e0-47b9-9a5c-f9803e06952e (type: security_group_rules) to 0
2026-05-21 15:45:56.914 8 INFO neutron.db.ovn_revision_numbers_db [None req-2ed11696-f3bc-4e96-8b63-4e066fffb0bd 6b702dd289c949649ae850fd2484385b aa012c9c8c02425387e30c8ac0774080 - - default default] Successfully bumped revision number for resource 33706598-2ecf-4386-be56-5c921feba407 (type: security_group_rules) to 0
2026-05-21 15:45:56.928 8 INFO neutron.db.ovn_revision_numbers_db [None req-2ed11696-f3bc-4e96-8b63-4e066fffb0bd 6b702dd289c949649ae850fd2484385b aa012c9c8c02425387e30c8ac0774080 - - default default] Successfully bumped revision number for resource 3ba5f3c4-af16-41fd-9290-92960e44b1da (type: security_group_rules) to 0
2026-05-21 15:45:56.956 8 INFO neutron.db.ovn_revision_numbers_db [None req-2ed11696-f3bc-4e96-8b63-4e066fffb0bd 6b702dd289c949649ae850fd2484385b aa012c9c8c02425387e30c8ac0774080 - - default default] Successfully bumped revision number for resource 5d4d0a9f-6d68-4cc1-aec5-c523ed5269e2 (type: security_group_rules) to 0
2026-05-21 15:45:56.985 7 INFO neutron.db.ovn_revision_numbers_db [None req-da820355-a5a7-4152-9e73-b65a830694df 0fa411218e254d8ca042369fa6cf26e6 89d915b428c54b1dbebed2cfb5fe47d6 - - default default] Successfully bumped revision number for resource c39126ef-4bbf-42af-b07c-8c8548d784ad (type: ports) to 1 [pid: 8|app: 0|req: 651/1282] 10.0.0.212 () {32 vars in 774 bytes} [Thu May 21 15:45:56 2026] GET /v2.0/security-groups?tenant_id=d57fbbb0d28b491aa3953bb41bf2ab88&name=default => generated 2925 bytes in 513 msecs (HTTP/1.1 200) 4 headers in 158 bytes (1 switches on core 0)
2026-05-21 15:45:57.021 8 WARNING keystonemiddleware.audit [None req-2ed11696-f3bc-4e96-8b63-4e066fffb0bd 6b702dd289c949649ae850fd2484385b aa012c9c8c02425387e30c8ac0774080 - - default default] Skipping service tempest-service-242853545 as it have no endpoints. [pid: 7|app: 0|req: 632/1283] 10.0.0.212 () {34 vars in 670 bytes} [Thu May 21 15:45:56 2026] POST /v2.0/networks => generated 671 bytes in 493 msecs (HTTP/1.1 201) 4 headers in 162 bytes (1 switches on core 0)
2026-05-21 15:45:57.348 7 WARNING neutron.scheduler.dhcp_agent_scheduler [None req-83e5561b-571a-4fae-a227-a89f717cd2eb 0fa411218e254d8ca042369fa6cf26e6 89d915b428c54b1dbebed2cfb5fe47d6 - - default default] No more DHCP agents
2026-05-21 15:45:57.350 7 WARNING neutron.api.rpc.agentnotifiers.dhcp_rpc_agent_api [None req-83e5561b-571a-4fae-a227-a89f717cd2eb 0fa411218e254d8ca042369fa6cf26e6 89d915b428c54b1dbebed2cfb5fe47d6 - - default default] Unable to schedule network 2d1c974c-9331-4593-8ace-905bf2fff99e: no agents available; will retry on subsequent port and subnet creation events. [pid: 8|app: 0|req: 652/1284] 10.0.0.212 () {32 vars in 740 bytes} [Thu May 21 15:45:57 2026] DELETE /v2.0/security-groups/a23822ca-9406-4da2-bb64-881dc9daa90d => generated 0 bytes in 345 msecs (HTTP/1.1 204) 2 headers in 112 bytes (1 switches on core 0)
2026-05-21 15:45:57.397 7 INFO neutron.db.ovn_revision_numbers_db [None req-83e5561b-571a-4fae-a227-a89f717cd2eb 0fa411218e254d8ca042369fa6cf26e6 89d915b428c54b1dbebed2cfb5fe47d6 - - default default] Successfully bumped revision number for resource 07ea2a08-d525-4e8f-aa51-078949180339 (type: subnets) to 0 [pid: 7|app: 0|req: 633/1285] 10.0.0.212 () {34 vars in 669 bytes} [Thu May 21 15:45:57 2026] POST /v2.0/subnets => generated 646 bytes in 386 msecs (HTTP/1.1 201) 4 headers in 162 bytes (1 switches on core 0)
2026-05-21 15:45:57.448 7 WARNING neutron.plugins.ml2.drivers.ovn.mech_driver.ovsdb.ovn_client [None req-833d407a-6588-4566-9722-8cf4244e154a - - - - - -] No port found with ID e439556f-b5c5-4214-86bd-b5c26ce53edd: RuntimeError: No port found with ID e439556f-b5c5-4214-86bd-b5c26ce53edd
2026-05-21 15:45:57.549 8 INFO neutron.db.ovn_revision_numbers_db [None req-a7dda9a7-2a6d-4c04-bdb0-0e5979578c96 0fa411218e254d8ca042369fa6cf26e6 89d915b428c54b1dbebed2cfb5fe47d6 - - default default] Successfully bumped revision number for resource 5469e6c7-a534-4dc5-821d-612272db68f4 (type: routers) to 1
2026-05-21 15:45:57.559 7 WARNING keystonemiddleware.audit [None req-83e5561b-571a-4fae-a227-a89f717cd2eb 0fa411218e254d8ca042369fa6cf26e6 89d915b428c54b1dbebed2cfb5fe47d6 - - default default] Skipping service tempest-service-242853545 as it have no endpoints. [pid: 8|app: 0|req: 653/1286] 10.0.0.212 () {34 vars in 669 bytes} [Thu May 21 15:45:57 2026] POST /v2.0/routers => generated 605 bytes in 141 msecs (HTTP/1.1 201) 4 headers in 162 bytes (1 switches on core 0)
2026-05-21 15:45:57.717 7 INFO neutron.db.ovn_revision_numbers_db [None req-c3223d56-f8af-4e11-a5da-3fa18ce228c9 6b702dd289c949649ae850fd2484385b aa012c9c8c02425387e30c8ac0774080 - - default default] Successfully bumped revision number for resource 63e74cc3-c63e-4a36-b446-c13f1b1259fb (type: security_groups) to 1
2026-05-21 15:45:57.731 7 INFO neutron.db.ovn_revision_numbers_db [None req-c3223d56-f8af-4e11-a5da-3fa18ce228c9 6b702dd289c949649ae850fd2484385b aa012c9c8c02425387e30c8ac0774080 - - default default] Successfully bumped revision number for resource 2806d3a9-f02d-46ac-a74b-20e95fe13134 (type: security_group_rules) to 0
2026-05-21 15:45:57.760 7 INFO neutron.db.ovn_revision_numbers_db [None req-c3223d56-f8af-4e11-a5da-3fa18ce228c9 6b702dd289c949649ae850fd2484385b aa012c9c8c02425387e30c8ac0774080 - - default default] Successfully bumped revision number for resource 397bc593-2821-46b5-95f4-0a80ea266bab (type: security_group_rules) to 0
2026-05-21 15:45:57.770 7 INFO neutron.db.ovn_revision_numbers_db [None req-c3223d56-f8af-4e11-a5da-3fa18ce228c9 6b702dd289c949649ae850fd2484385b aa012c9c8c02425387e30c8ac0774080 - - default default] Successfully bumped revision number for resource 57baff3b-4373-4f8c-8b9e-d810e2bbc8b2 (type: security_group_rules) to 0
2026-05-21 15:45:57.781 7 INFO neutron.db.ovn_revision_numbers_db [None req-c3223d56-f8af-4e11-a5da-3fa18ce228c9 6b702dd289c949649ae850fd2484385b aa012c9c8c02425387e30c8ac0774080 - - default default] Successfully bumped revision number for resource d36e37c2-1e76-4eb1-86c6-f7dda22b7e17 (type: security_group_rules) to 0 [pid: 7|app: 0|req: 634/1287] 10.0.0.212 () {32 vars in 774 bytes} [Thu May 21 15:45:57 2026] GET /v2.0/security-groups?tenant_id=c66ce1d3b2da4c79a7b34d6243b4aa62&name=default => generated 2925 bytes in 265 msecs (HTTP/1.1 200) 4 headers in 158 bytes (1 switches on core 0)
2026-05-21 15:45:57.858 8 INFO neutron.db.ovn_revision_numbers_db [None req-cde3eca5-40f0-4bf8-8d74-23bf83fe2ae6 6b702dd289c949649ae850fd2484385b aa012c9c8c02425387e30c8ac0774080 - - default default] Successfully bumped revision number for resource 306d5c9a-04ab-4c42-bbe9-871760f715e9 (type: security_groups) to 1
2026-05-21 15:45:57.869 8 INFO neutron.db.ovn_revision_numbers_db [None req-cde3eca5-40f0-4bf8-8d74-23bf83fe2ae6 6b702dd289c949649ae850fd2484385b aa012c9c8c02425387e30c8ac0774080 - - default default] Successfully bumped revision number for resource 0f56a25d-6fc3-4d02-b78f-1487ca7ee7a3 (type: security_group_rules) to 0
2026-05-21 15:45:57.880 8 INFO neutron.db.ovn_revision_numbers_db [None req-cde3eca5-40f0-4bf8-8d74-23bf83fe2ae6 6b702dd289c949649ae850fd2484385b aa012c9c8c02425387e30c8ac0774080 - - default default] Successfully bumped revision number for resource 30a9c466-4a6e-4498-895b-29a130ba624f (type: security_group_rules) to 0
2026-05-21 15:45:57.890 8 INFO neutron.db.ovn_revision_numbers_db [None req-cde3eca5-40f0-4bf8-8d74-23bf83fe2ae6 6b702dd289c949649ae850fd2484385b aa012c9c8c02425387e30c8ac0774080 - - default default] Successfully bumped revision number for resource 4fc36e80-d329-494a-b45e-bac7f51088f9 (type: security_group_rules) to 0
2026-05-21 15:45:57.901 8 INFO neutron.db.ovn_revision_numbers_db [None req-cde3eca5-40f0-4bf8-8d74-23bf83fe2ae6 6b702dd289c949649ae850fd2484385b aa012c9c8c02425387e30c8ac0774080 - - default default] Successfully bumped revision number for resource de280daa-ee73-43cb-9156-355080cc6e77 (type: security_group_rules) to 0 [pid: 8|app: 0|req: 654/1288] 10.0.0.212 () {32 vars in 774 bytes} [Thu May 21 15:45:57 2026] GET /v2.0/security-groups?tenant_id=5fd01ccc8c4945379047f1a26eb7010a&name=default => generated 2925 bytes in 369 msecs (HTTP/1.1 200) 4 headers in 158 bytes (1 switches on core 0)
2026-05-21 15:45:57.935 8 WARNING keystonemiddleware.audit [None req-cde3eca5-40f0-4bf8-8d74-23bf83fe2ae6 6b702dd289c949649ae850fd2484385b aa012c9c8c02425387e30c8ac0774080 - - default default] Skipping service tempest-service-242853545 as it have no endpoints.
2026-05-21 15:45:58.039 7 INFO neutron.services.segments.plugin [-] Segment a09b4871-baf0-4e68-ae11-42b3d9590fc7 resource provider aggregate not found
2026-05-21 15:45:58.050 7 INFO neutron.services.segments.plugin [-] Segment a09b4871-baf0-4e68-ae11-42b3d9590fc7 resource provider aggregate not found
2026-05-21 15:45:58.057 7 INFO neutron.services.segments.plugin [-] Segment a09b4871-baf0-4e68-ae11-42b3d9590fc7 resource provider not found; error: Placement Client Error (4xx): {"errors": [{"status": 404, "title": "Not Found", "detail": "The resource could not be found.\n\n No resource provider with uuid a09b4871-baf0-4e68-ae11-42b3d9590fc7 found for delete ", "request_id": "req-7f486717-de7c-400e-895e-a3114ac02430"}]}
2026-05-21 15:45:58.074 7 INFO neutron.services.segments.plugin [-] Segment a09b4871-baf0-4e68-ae11-42b3d9590fc7 resource provider not found; error: Placement Client Error (4xx): {"errors": [{"status": 404, "title": "Not Found", "detail": "The resource could not be found.\n\n No resource provider with uuid a09b4871-baf0-4e68-ae11-42b3d9590fc7 found for delete ", "request_id": "req-6787de06-7b18-44ea-a755-24224dfdc25f"}]}
2026-05-21 15:45:58.129 7 WARNING neutron.scheduler.dhcp_agent_scheduler [None req-6106c6f6-6f35-4fba-821c-d74f2dd75ab8 0fa411218e254d8ca042369fa6cf26e6 89d915b428c54b1dbebed2cfb5fe47d6 - - default default] No more DHCP agents
2026-05-21 15:45:58.130 7 WARNING neutron.api.rpc.agentnotifiers.dhcp_rpc_agent_api [None req-6106c6f6-6f35-4fba-821c-d74f2dd75ab8 0fa411218e254d8ca042369fa6cf26e6 89d915b428c54b1dbebed2cfb5fe47d6 - - default default] Unable to schedule network 2d1c974c-9331-4593-8ace-905bf2fff99e: no agents available; will retry on subsequent port and subnet creation events. [pid: 8|app: 0|req: 655/1289] 10.0.0.212 () {32 vars in 740 bytes} [Thu May 21 15:45:57 2026] DELETE /v2.0/security-groups/63e74cc3-c63e-4a36-b446-c13f1b1259fb => generated 0 bytes in 220 msecs (HTTP/1.1 204) 2 headers in 112 bytes (1 switches on core 0)
2026-05-21 15:45:58.214 7 INFO neutron.plugins.ml2.drivers.ovn.mech_driver.mech_driver [None req-833d407a-6588-4566-9722-8cf4244e154a - - - - - -] OVN reports status down for port: 5a94b385-b8c4-4c4b-aab5-381dd4fd5936
2026-05-21 15:45:58.273 7 INFO neutron.db.ovn_revision_numbers_db [None req-6106c6f6-6f35-4fba-821c-d74f2dd75ab8 0fa411218e254d8ca042369fa6cf26e6 89d915b428c54b1dbebed2cfb5fe47d6 - - default default] Successfully bumped revision number for resource 5a94b385-b8c4-4c4b-aab5-381dd4fd5936 (type: ports) to 1 [pid: 7|app: 0|req: 635/1290] 10.0.0.212 () {34 vars in 665 bytes} [Thu May 21 15:45:57 2026] POST /v2.0/ports => generated 964 bytes in 533 msecs (HTTP/1.1 201) 4 headers in 162 bytes (1 switches on core 0) /var/lib/openstack/lib/python3.12/site-packages/pycadf/identifier.py:70: UserWarning: Invalid uuid: neutron. To ensure interoperability, identifiers should be a valid uuid. warnings.warn(('Invalid uuid: %s. To ensure interoperability, ' [pid: 8|app: 0|req: 656/1291] 10.0.0.212 () {32 vars in 740 bytes} [Thu May 21 15:45:58 2026] DELETE /v2.0/security-groups/306d5c9a-04ab-4c42-bbe9-871760f715e9 => generated 0 bytes in 252 msecs (HTTP/1.1 204) 2 headers in 112 bytes (1 switches on core 0)
2026-05-21 15:45:58.768 8 INFO neutron.db.ovn_revision_numbers_db [None req-8e674b87-e665-41cf-85f1-216aa48049a1 6b702dd289c949649ae850fd2484385b aa012c9c8c02425387e30c8ac0774080 - - default default] Successfully bumped revision number for resource c995619b-5fec-4946-bb69-69764fb2f52b (type: security_groups) to 1
2026-05-21 15:45:58.781 8 INFO neutron.db.ovn_revision_numbers_db [None req-8e674b87-e665-41cf-85f1-216aa48049a1 6b702dd289c949649ae850fd2484385b aa012c9c8c02425387e30c8ac0774080 - - default default] Successfully bumped revision number for resource 6e89bba4-4545-4301-bd92-5eb2af94642f (type: security_group_rules) to 0
2026-05-21 15:45:58.791 8 INFO neutron.db.ovn_revision_numbers_db [None req-8e674b87-e665-41cf-85f1-216aa48049a1 6b702dd289c949649ae850fd2484385b aa012c9c8c02425387e30c8ac0774080 - - default default] Successfully bumped revision number for resource 9b914ab6-37fb-4506-aa68-26cd7328cf7c (type: security_group_rules) to 0
2026-05-21 15:45:58.803 8 INFO neutron.db.ovn_revision_numbers_db [None req-8e674b87-e665-41cf-85f1-216aa48049a1 6b702dd289c949649ae850fd2484385b aa012c9c8c02425387e30c8ac0774080 - - default default] Successfully bumped revision number for resource d5f81d0a-681a-4397-959f-c796b60ce51d (type: security_group_rules) to 0
2026-05-21 15:45:58.816 8 INFO neutron.db.ovn_revision_numbers_db [None req-8e674b87-e665-41cf-85f1-216aa48049a1 6b702dd289c949649ae850fd2484385b aa012c9c8c02425387e30c8ac0774080 - - default default] Successfully bumped revision number for resource f21a5ca1-a85c-485d-8c36-ec04193f7845 (type: security_group_rules) to 0
2026-05-21 15:45:58.878 7 INFO neutron.plugins.ml2.drivers.ovn.mech_driver.mech_driver [None req-833d407a-6588-4566-9722-8cf4244e154a - - - - - -] OVN reports status up for port: 5a94b385-b8c4-4c4b-aab5-381dd4fd5936
2026-05-21 15:45:58.908 7 INFO neutron.plugins.ml2.plugin [None req-833d407a-6588-4566-9722-8cf4244e154a - - - - - -] Attempt 1 to provision port 5a94b385-b8c4-4c4b-aab5-381dd4fd5936
2026-05-21 15:45:58.913 8 INFO neutron.db.segments_db [None req-8e674b87-e665-41cf-85f1-216aa48049a1 6b702dd289c949649ae850fd2484385b aa012c9c8c02425387e30c8ac0774080 - - default default] Added segment e1211c15-0662-4329-bd35-74c576c34297 of type geneve for network 00762d3d-0876-4a87-8637-9bfbf29c2f8b
2026-05-21 15:45:58.925 7 INFO neutron.db.ovn_revision_numbers_db [None req-66e1279b-7113-4928-89b4-e3618b20a52d 0fa411218e254d8ca042369fa6cf26e6 89d915b428c54b1dbebed2cfb5fe47d6 - - default default] Successfully bumped revision number for resource 5a94b385-b8c4-4c4b-aab5-381dd4fd5936 (type: ports) to 2
2026-05-21 15:45:59.050 8 INFO neutron.db.ovn_revision_numbers_db [None req-8e674b87-e665-41cf-85f1-216aa48049a1 6b702dd289c949649ae850fd2484385b aa012c9c8c02425387e30c8ac0774080 - - default default] Successfully bumped revision number for resource 00762d3d-0876-4a87-8637-9bfbf29c2f8b (type: networks) to 1
2026-05-21 15:45:59.198 8 WARNING neutron.scheduler.dhcp_agent_scheduler [None req-8e674b87-e665-41cf-85f1-216aa48049a1 6b702dd289c949649ae850fd2484385b aa012c9c8c02425387e30c8ac0774080 - - default default] No more DHCP agents
2026-05-21 15:45:59.199 8 WARNING neutron.api.rpc.agentnotifiers.dhcp_rpc_agent_api [None req-8e674b87-e665-41cf-85f1-216aa48049a1 6b702dd289c949649ae850fd2484385b aa012c9c8c02425387e30c8ac0774080 - - default default] Unable to schedule network 00762d3d-0876-4a87-8637-9bfbf29c2f8b: no agents available; will retry on subsequent port and subnet creation events.
2026-05-21 15:45:59.305 8 INFO neutron.db.ovn_revision_numbers_db [None req-8e674b87-e665-41cf-85f1-216aa48049a1 6b702dd289c949649ae850fd2484385b aa012c9c8c02425387e30c8ac0774080 - - default default] Successfully bumped revision number for resource 940868f4-9b99-40d2-8559-32813ccbd4f8 (type: ports) to 1 [pid: 8|app: 0|req: 659/1294] 10.0.0.212 () {34 vars in 671 bytes} [Thu May 21 15:45:58 2026] POST /v2.0/networks => generated 787 bytes in 917 msecs (HTTP/1.1 201) 4 headers in 162 bytes (1 switches on core 0)
2026-05-21 15:45:59.494 8 INFO neutron.db.ovn_revision_numbers_db [None req-d22890d8-2cf8-48e8-8676-c15cc66736f9 6b702dd289c949649ae850fd2484385b aa012c9c8c02425387e30c8ac0774080 - - default default] Successfully bumped revision number for resource 90cf720e-4cfb-4153-b854-1f71d3b145e1 (type: security_groups) to 1
2026-05-21 15:45:59.496 8 WARNING neutron.plugins.ml2.drivers.ovn.mech_driver.ovsdb.ovn_client [None req-f5f81f4e-7e1f-43f3-9eeb-83c3e025b386 - - - - - -] No port found with ID 7c26e407-a874-41e6-ae15-c34eb52f5e7d: RuntimeError: No port found with ID 7c26e407-a874-41e6-ae15-c34eb52f5e7d
2026-05-21 15:45:59.530 8 INFO neutron.plugins.ml2.drivers.ovn.mech_driver.mech_driver [None req-f5f81f4e-7e1f-43f3-9eeb-83c3e025b386 - - - - - -] OVN reports status down for port: c39126ef-4bbf-42af-b07c-8c8548d784ad
2026-05-21 15:45:59.530 8 INFO neutron.db.ovn_revision_numbers_db [None req-d22890d8-2cf8-48e8-8676-c15cc66736f9 6b702dd289c949649ae850fd2484385b aa012c9c8c02425387e30c8ac0774080 - - default default] Successfully bumped revision number for resource 04b6fdf9-76b1-478d-b159-8b8d6643eb0b (type: security_group_rules) to 0
2026-05-21 15:45:59.558 8 INFO neutron.db.ovn_revision_numbers_db [None req-d22890d8-2cf8-48e8-8676-c15cc66736f9 6b702dd289c949649ae850fd2484385b aa012c9c8c02425387e30c8ac0774080 - - default default] Successfully bumped revision number for resource 2f560d4f-133a-4e70-9820-4e8b38f30e0a (type: security_group_rules) to 0
2026-05-21 15:45:59.577 8 INFO neutron.db.ovn_revision_numbers_db [None req-d22890d8-2cf8-48e8-8676-c15cc66736f9 6b702dd289c949649ae850fd2484385b aa012c9c8c02425387e30c8ac0774080 - - default default] Successfully bumped revision number for resource 7961f48d-29d6-4709-9323-5c283dbd9cfe (type: security_group_rules) to 0
2026-05-21 15:45:59.597 8 INFO neutron.db.ovn_revision_numbers_db [None req-d22890d8-2cf8-48e8-8676-c15cc66736f9 6b702dd289c949649ae850fd2484385b aa012c9c8c02425387e30c8ac0774080 - - default default] Successfully bumped revision number for resource 79e089a8-86e4-4421-ad65-e8cd21628b14 (type: security_group_rules) to 0
2026-05-21 15:45:59.610 7 INFO neutron.db.ovn_revision_numbers_db [None req-833d407a-6588-4566-9722-8cf4244e154a - - - - - -] Successfully bumped revision number for resource 5a94b385-b8c4-4c4b-aab5-381dd4fd5936 (type: ports) to 3
2026-05-21 15:45:59.622 8 INFO neutron.plugins.ml2.drivers.ovn.mech_driver.mech_driver [None req-f5f81f4e-7e1f-43f3-9eeb-83c3e025b386 - - - - - -] OVN reports status down for port: 940868f4-9b99-40d2-8559-32813ccbd4f8 [pid: 8|app: 0|req: 660/1295] 10.0.0.212 () {32 vars in 774 bytes} [Thu May 21 15:45:59 2026] GET /v2.0/security-groups?tenant_id=7907024af340455cad4a2affb4d76f08&name=default => generated 2925 bytes in 342 msecs (HTTP/1.1 200) 4 headers in 158 bytes (1 switches on core 0)
2026-05-21 15:45:59.829 8 WARNING neutron.scheduler.dhcp_agent_scheduler [None req-bc0aa3c1-32db-435a-87e8-416f67c53110 6b702dd289c949649ae850fd2484385b aa012c9c8c02425387e30c8ac0774080 - - default default] No more DHCP agents
2026-05-21 15:45:59.831 8 WARNING neutron.api.rpc.agentnotifiers.dhcp_rpc_agent_api [None req-bc0aa3c1-32db-435a-87e8-416f67c53110 6b702dd289c949649ae850fd2484385b aa012c9c8c02425387e30c8ac0774080 - - default default] Unable to schedule network 00762d3d-0876-4a87-8637-9bfbf29c2f8b: no agents available; will retry on subsequent port and subnet creation events.
2026-05-21 15:45:59.859 7 WARNING neutron.scheduler.dhcp_agent_scheduler [None req-66e1279b-7113-4928-89b4-e3618b20a52d 0fa411218e254d8ca042369fa6cf26e6 89d915b428c54b1dbebed2cfb5fe47d6 - - default default] No more DHCP agents
2026-05-21 15:45:59.860 7 WARNING neutron.api.rpc.agentnotifiers.dhcp_rpc_agent_api [None req-66e1279b-7113-4928-89b4-e3618b20a52d 0fa411218e254d8ca042369fa6cf26e6 89d915b428c54b1dbebed2cfb5fe47d6 - - default default] Unable to schedule network 2d1c974c-9331-4593-8ace-905bf2fff99e: no agents available; will retry on subsequent port and subnet creation events.
2026-05-21 15:46:00.084 7 INFO neutron.db.ovn_revision_numbers_db [None req-66e1279b-7113-4928-89b4-e3618b20a52d 0fa411218e254d8ca042369fa6cf26e6 89d915b428c54b1dbebed2cfb5fe47d6 - - default default] Successfully bumped revision number for resource 5a94b385-b8c4-4c4b-aab5-381dd4fd5936 (type: router_ports) to 3 [pid: 7|app: 0|req: 636/1296] 10.0.0.212 () {34 vars in 783 bytes} [Thu May 21 15:45:58 2026] PUT /v2.0/routers/5469e6c7-a534-4dc5-821d-612272db68f4/add_router_interface => generated 309 bytes in 1732 msecs (HTTP/1.1 200) 4 headers in 157 bytes (1 switches on core 0) /var/lib/openstack/lib/python3.12/site-packages/pycadf/identifier.py:70: UserWarning: Invalid uuid: neutron. To ensure interoperability, identifiers should be a valid uuid. warnings.warn(('Invalid uuid: %s. To ensure interoperability, ' [pid: 7|app: 0|req: 637/1297] 10.0.0.212 () {32 vars in 740 bytes} [Thu May 21 15:46:00 2026] DELETE /v2.0/security-groups/90cf720e-4cfb-4153-b854-1f71d3b145e1 => generated 0 bytes in 216 msecs (HTTP/1.1 204) 2 headers in 112 bytes (1 switches on core 0)
2026-05-21 15:46:00.315 8 INFO neutron.db.ovn_revision_numbers_db [None req-5014eb60-d6f2-4b1a-8e72-fac49047ca10 - - - - - -] Successfully bumped revision number for resource 940868f4-9b99-40d2-8559-32813ccbd4f8 (type: ports) to 2 [pid: 7|app: 0|req: 638/1298] 10.0.0.212 () {32 vars in 717 bytes} [Thu May 21 15:46:00 2026] GET /v2.0/ports/5a94b385-b8c4-4c4b-aab5-381dd4fd5936 => generated 1026 bytes in 31 msecs (HTTP/1.1 200) 4 headers in 158 bytes (1 switches on core 0)
2026-05-21 15:46:00.348 8 INFO neutron.db.ovn_revision_numbers_db [None req-5014eb60-d6f2-4b1a-8e72-fac49047ca10 - - - - - -] Successfully bumped revision number for resource 35666182-a0da-4317-b53f-51c2cf67d4b6 (type: subnets) to 0 [pid: 8|app: 0|req: 661/1299] 10.0.0.212 () {34 vars in 669 bytes} [Thu May 21 15:45:59 2026] POST /v2.0/subnets => generated 693 bytes in 696 msecs (HTTP/1.1 201) 4 headers in 162 bytes (1 switches on core 0)
