2026-05-21 15:50:47.194 8 INFO placement.requestlog [None req-8077d0f7-44ea-4117-84bf-b62125180015 04721697fe854e1686581b9f31d36408 a07b773054f04a10b1223bf04805da9e - - 67e7eb199b0b415cb686fcb3c1f61129 67e7eb199b0b415cb686fcb3c1f61129] 10.0.0.165 "DELETE /resource_providers/3b960cf9-8809-4fc1-9c43-894b243c1d30" status: 404 len: 246 microversion: 1.1 [pid: 8|app: 0|req: 560/1122] 10.0.0.165 () {34 vars in 815 bytes} [Thu May 21 15:50:47 2026] DELETE /resource_providers/3b960cf9-8809-4fc1-9c43-894b243c1d30 => generated 246 bytes in 6 msecs (HTTP/1.1 404) 6 headers in 231 bytes (1 switches on core 0)
2026-05-21 15:50:47.202 7 INFO placement.requestlog [None req-50ab580c-7ac7-4be3-ad53-f8d1921bc24b 04721697fe854e1686581b9f31d36408 a07b773054f04a10b1223bf04805da9e - - 67e7eb199b0b415cb686fcb3c1f61129 67e7eb199b0b415cb686fcb3c1f61129] 10.0.0.165 "DELETE /resource_providers/3b960cf9-8809-4fc1-9c43-894b243c1d30" status: 404 len: 246 microversion: 1.1 [pid: 7|app: 0|req: 563/1123] 10.0.0.165 () {34 vars in 815 bytes} [Thu May 21 15:50:47 2026] DELETE /resource_providers/3b960cf9-8809-4fc1-9c43-894b243c1d30 => generated 246 bytes in 8 msecs (HTTP/1.1 404) 6 headers in 231 bytes (1 switches on core 0)
2026-05-21 15:50:52.403 8 INFO placement.requestlog [None req-cda6b57b-1784-4a37-b655-ea903cf82526 - - - - - -] 10.0.0.227 "GET /" status: 200 len: 136 microversion: 1.0
2026-05-21 15:50:52.404 7 INFO placement.requestlog [None req-f73091de-f472-4999-8bc7-66692fb953dc - - - - - -] 10.0.0.227 "GET /" status: 200 len: 136 microversion: 1.0
2026-05-21 15:51:02.403 8 INFO placement.requestlog [None req-be69a644-5d24-43cb-a90f-685ba7d62390 - - - - - -] 10.0.0.227 "GET /" status: 200 len: 136 microversion: 1.0
2026-05-21 15:51:02.403 7 INFO placement.requestlog [None req-ee48975b-7bc1-4b47-9f29-86dbbbc7859f - - - - - -] 10.0.0.227 "GET /" status: 200 len: 136 microversion: 1.0
2026-05-21 15:51:11.233 8 INFO placement.requestlog [req-fc06fceb-b7f2-45e9-a090-12a89138f800 req-5b14ed3b-6fbb-4fe3-b48d-f819f4bf71bc b45074dd3859410ab9446d47a4cde758 a07b773054f04a10b1223bf04805da9e - - 67e7eb199b0b415cb686fcb3c1f61129 67e7eb199b0b415cb686fcb3c1f61129] 10.0.0.169 "GET /allocation_candidates?limit=1000&resources=DISK_GB%3A1%2CMEMORY_MB%3A512%2CVCPU%3A1&root_required=%21COMPUTE_STATUS_DISABLED" status: 200 len: 2640 microversion: 1.36 [pid: 8|app: 0|req: 563/1128] 10.0.0.169 () {34 vars in 1011 bytes} [Thu May 21 15:51:11 2026] GET /allocation_candidates?limit=1000&resources=DISK_GB%3A1%2CMEMORY_MB%3A512%2CVCPU%3A1&root_required=%21COMPUTE_STATUS_DISABLED => generated 2640 bytes in 141 msecs (HTTP/1.1 200) 8 headers in 297 bytes (1 switches on core 0)
2026-05-21 15:51:11.261 7 INFO placement.requestlog [req-fc06fceb-b7f2-45e9-a090-12a89138f800 req-a69c03e8-17a1-49dc-bbed-5e9c76d3336d b45074dd3859410ab9446d47a4cde758 a07b773054f04a10b1223bf04805da9e - - 67e7eb199b0b415cb686fcb3c1f61129 67e7eb199b0b415cb686fcb3c1f61129] 10.0.0.169 "GET /allocations/b596f301-9431-46fb-ba54-6a323172d15f" status: 200 len: 19 microversion: 1.28 [pid: 7|app: 0|req: 566/1129] 10.0.0.169 () {34 vars in 860 bytes} [Thu May 21 15:51:11 2026] GET /allocations/b596f301-9431-46fb-ba54-6a323172d15f => generated 19 bytes in 11 msecs (HTTP/1.1 200) 8 headers in 295 bytes (1 switches on core 0)
2026-05-21 15:51:11.325 8 INFO placement.requestlog [req-fc06fceb-b7f2-45e9-a090-12a89138f800 req-fef0abd8-1741-4fda-af96-a8328c85bec3 b45074dd3859410ab9446d47a4cde758 a07b773054f04a10b1223bf04805da9e - - 67e7eb199b0b415cb686fcb3c1f61129 67e7eb199b0b415cb686fcb3c1f61129] 10.0.0.169 "PUT /allocations/b596f301-9431-46fb-ba54-6a323172d15f" status: 204 len: 0 microversion: 1.36 [pid: 8|app: 0|req: 564/1130] 10.0.0.169 () {38 vars in 913 bytes} [Thu May 21 15:51:11 2026] PUT /allocations/b596f301-9431-46fb-ba54-6a323172d15f => generated 0 bytes in 60 msecs (HTTP/1.1 204) 5 headers in 199 bytes (1 switches on core 0)
2026-05-21 15:51:12.404 7 INFO placement.requestlog [None req-87e96cc7-3074-41e1-b2f6-13d6e264e862 - - - - - -] 10.0.0.227 "GET /" status: 200 len: 136 microversion: 1.0
2026-05-21 15:51:12.404 8 INFO placement.requestlog [None req-a265ff20-2aa2-45c0-930a-785d237feecc - - - - - -] 10.0.0.227 "GET /" status: 200 len: 136 microversion: 1.0
2026-05-21 15:51:12.745 7 INFO placement.requestlog [req-fc06fceb-b7f2-45e9-a090-12a89138f800 req-3e3135f6-9bce-4d93-a39b-f57bdb5000a4 b45074dd3859410ab9446d47a4cde758 a07b773054f04a10b1223bf04805da9e - - 67e7eb199b0b415cb686fcb3c1f61129 67e7eb199b0b415cb686fcb3c1f61129] 199.204.45.23 "GET /allocations/b596f301-9431-46fb-ba54-6a323172d15f" status: 200 len: 258 microversion: 1.28 [pid: 7|app: 0|req: 568/1133] 199.204.45.23 () {34 vars in 861 bytes} [Thu May 21 15:51:12 2026] GET /allocations/b596f301-9431-46fb-ba54-6a323172d15f => generated 258 bytes in 13 msecs (HTTP/1.1 200) 8 headers in 296 bytes (1 switches on core 0)
2026-05-21 15:51:13.780 8 INFO placement.requestlog [req-fc06fceb-b7f2-45e9-a090-12a89138f800 req-e63fd22f-d0f3-4134-bcc3-58c04ebb4276 b45074dd3859410ab9446d47a4cde758 a07b773054f04a10b1223bf04805da9e - - 67e7eb199b0b415cb686fcb3c1f61129 67e7eb199b0b415cb686fcb3c1f61129] 199.204.45.23 "GET /resource_providers/735cf75e-b2e8-41c5-8684-fb90f9e439ff/allocations" status: 200 len: 153 microversion: 1.0 [pid: 8|app: 0|req: 566/1134] 199.204.45.23 () {32 vars in 855 bytes} [Thu May 21 15:51:13 2026] GET /resource_providers/735cf75e-b2e8-41c5-8684-fb90f9e439ff/allocations => generated 153 bytes in 16 msecs (HTTP/1.1 200) 6 headers in 224 bytes (1 switches on core 0)
2026-05-21 15:51:13.801 7 INFO placement.requestlog [req-fc06fceb-b7f2-45e9-a090-12a89138f800 req-a67f6dfe-c595-4447-be5d-9c6b03149a53 b45074dd3859410ab9446d47a4cde758 a07b773054f04a10b1223bf04805da9e - - 67e7eb199b0b415cb686fcb3c1f61129 67e7eb199b0b415cb686fcb3c1f61129] 199.204.45.23 "GET /allocations/b596f301-9431-46fb-ba54-6a323172d15f" status: 200 len: 258 microversion: 1.28 [pid: 7|app: 0|req: 569/1135] 199.204.45.23 () {34 vars in 861 bytes} [Thu May 21 15:51:13 2026] GET /allocations/b596f301-9431-46fb-ba54-6a323172d15f => generated 258 bytes in 14 msecs (HTTP/1.1 200) 8 headers in 296 bytes (1 switches on core 0)
2026-05-21 15:51:22.403 7 INFO placement.requestlog [None req-400fcadc-c5d3-424e-b2d7-9fa59745fae5 - - - - - -] 10.0.0.227 "GET /" status: 200 len: 136 microversion: 1.0
2026-05-21 15:51:22.403 8 INFO placement.requestlog [None req-9abec99c-eba0-4ede-a01e-b1f5672208ff - - - - - -] 10.0.0.227 "GET /" status: 200 len: 136 microversion: 1.0
2026-05-21 15:51:29.132 7 INFO placement.requestlog [req-5d2643ca-a865-48ca-abe0-6549c40821b9 req-f0c0a87a-8e36-4bb1-bd2d-934f4d8f2cdb b45074dd3859410ab9446d47a4cde758 a07b773054f04a10b1223bf04805da9e - - 67e7eb199b0b415cb686fcb3c1f61129 67e7eb199b0b415cb686fcb3c1f61129] 10.0.0.169 "GET /allocation_candidates?limit=1000&resources=DISK_GB%3A1%2CMEMORY_MB%3A512%2CVCPU%3A1&root_required=%21COMPUTE_STATUS_DISABLED" status: 200 len: 2642 microversion: 1.36 [pid: 7|app: 0|req: 571/1138] 10.0.0.169 () {34 vars in 1011 bytes} [Thu May 21 15:51:29 2026] GET /allocation_candidates?limit=1000&resources=DISK_GB%3A1%2CMEMORY_MB%3A512%2CVCPU%3A1&root_required=%21COMPUTE_STATUS_DISABLED => generated 2642 bytes in 49 msecs (HTTP/1.1 200) 8 headers in 297 bytes (1 switches on core 0)
2026-05-21 15:51:29.157 8 INFO placement.requestlog [req-5d2643ca-a865-48ca-abe0-6549c40821b9 req-d8ca7b1f-ca46-467e-9197-e1d0c37de4ff b45074dd3859410ab9446d47a4cde758 a07b773054f04a10b1223bf04805da9e - - 67e7eb199b0b415cb686fcb3c1f61129 67e7eb199b0b415cb686fcb3c1f61129] 10.0.0.169 "GET /allocations/69ba642e-24ed-4d59-b724-8433359f80af" status: 200 len: 19 microversion: 1.28 [pid: 8|app: 0|req: 568/1139] 10.0.0.169 () {34 vars in 860 bytes} [Thu May 21 15:51:29 2026] GET /allocations/69ba642e-24ed-4d59-b724-8433359f80af => generated 19 bytes in 10 msecs (HTTP/1.1 200) 8 headers in 295 bytes (1 switches on core 0)
2026-05-21 15:51:29.218 7 INFO placement.requestlog [req-5d2643ca-a865-48ca-abe0-6549c40821b9 req-df928f19-0c4a-4672-84e8-507fc6fd99dc b45074dd3859410ab9446d47a4cde758 a07b773054f04a10b1223bf04805da9e - - 67e7eb199b0b415cb686fcb3c1f61129 67e7eb199b0b415cb686fcb3c1f61129] 10.0.0.169 "PUT /allocations/69ba642e-24ed-4d59-b724-8433359f80af" status: 204 len: 0 microversion: 1.36 [pid: 7|app: 0|req: 572/1140] 10.0.0.169 () {38 vars in 913 bytes} [Thu May 21 15:51:29 2026] PUT /allocations/69ba642e-24ed-4d59-b724-8433359f80af => generated 0 bytes in 56 msecs (HTTP/1.1 204) 5 headers in 199 bytes (1 switches on core 0)
2026-05-21 15:51:30.715 8 INFO placement.requestlog [req-5d2643ca-a865-48ca-abe0-6549c40821b9 req-190143e7-92c0-431c-8551-28c0de807d50 b45074dd3859410ab9446d47a4cde758 a07b773054f04a10b1223bf04805da9e - - 67e7eb199b0b415cb686fcb3c1f61129 67e7eb199b0b415cb686fcb3c1f61129] 199.204.45.23 "GET /allocations/69ba642e-24ed-4d59-b724-8433359f80af" status: 200 len: 258 microversion: 1.28 [pid: 8|app: 0|req: 569/1141] 199.204.45.23 () {34 vars in 861 bytes} [Thu May 21 15:51:30 2026] GET /allocations/69ba642e-24ed-4d59-b724-8433359f80af => generated 258 bytes in 15 msecs (HTTP/1.1 200) 8 headers in 296 bytes (1 switches on core 0)
2026-05-21 15:51:31.761 7 INFO placement.requestlog [req-5d2643ca-a865-48ca-abe0-6549c40821b9 req-94cdea60-56e6-4683-b5f3-c67ff63fec1d b45074dd3859410ab9446d47a4cde758 a07b773054f04a10b1223bf04805da9e - - 67e7eb199b0b415cb686fcb3c1f61129 67e7eb199b0b415cb686fcb3c1f61129] 199.204.45.23 "GET /resource_providers/735cf75e-b2e8-41c5-8684-fb90f9e439ff/allocations" status: 200 len: 253 microversion: 1.0 [pid: 7|app: 0|req: 573/1142] 199.204.45.23 () {32 vars in 855 bytes} [Thu May 21 15:51:31 2026] GET /resource_providers/735cf75e-b2e8-41c5-8684-fb90f9e439ff/allocations => generated 253 bytes in 17 msecs (HTTP/1.1 200) 6 headers in 224 bytes (1 switches on core 0)
2026-05-21 15:51:31.777 8 INFO placement.requestlog [req-5d2643ca-a865-48ca-abe0-6549c40821b9 req-23257cb7-d58c-433d-872d-7c5e9bbd6997 b45074dd3859410ab9446d47a4cde758 a07b773054f04a10b1223bf04805da9e - - 67e7eb199b0b415cb686fcb3c1f61129 67e7eb199b0b415cb686fcb3c1f61129] 199.204.45.23 "GET /allocations/b596f301-9431-46fb-ba54-6a323172d15f" status: 200 len: 258 microversion: 1.28 [pid: 8|app: 0|req: 570/1143] 199.204.45.23 () {34 vars in 861 bytes} [Thu May 21 15:51:31 2026] GET /allocations/b596f301-9431-46fb-ba54-6a323172d15f => generated 258 bytes in 10 msecs (HTTP/1.1 200) 8 headers in 296 bytes (1 switches on core 0)
2026-05-21 15:51:31.794 7 INFO placement.requestlog [req-5d2643ca-a865-48ca-abe0-6549c40821b9 req-f964bee8-fad9-4928-9259-73ea85b2694a b45074dd3859410ab9446d47a4cde758 a07b773054f04a10b1223bf04805da9e - - 67e7eb199b0b415cb686fcb3c1f61129 67e7eb199b0b415cb686fcb3c1f61129] 199.204.45.23 "GET /allocations/69ba642e-24ed-4d59-b724-8433359f80af" status: 200 len: 258 microversion: 1.28 [pid: 7|app: 0|req: 574/1144] 199.204.45.23 () {34 vars in 861 bytes} [Thu May 21 15:51:31 2026] GET /allocations/69ba642e-24ed-4d59-b724-8433359f80af => generated 258 bytes in 12 msecs (HTTP/1.1 200) 8 headers in 296 bytes (1 switches on core 0)
2026-05-21 15:51:32.404 7 INFO placement.requestlog [None req-d1713a66-ec64-4f57-8b6f-32d13c1b04ee - - - - - -] 10.0.0.227 "GET /" status: 200 len: 136 microversion: 1.0
2026-05-21 15:51:32.404 8 INFO placement.requestlog [None req-e8dbb927-c4e9-45dd-a049-2a0101ecb502 - - - - - -] 10.0.0.227 "GET /" status: 200 len: 136 microversion: 1.0
2026-05-21 15:51:41.248 7 INFO placement.requestlog [req-6134a389-46b9-4b1f-87ff-0c11047ae54c req-c47e8ceb-db31-4d0a-b9cf-12c8f2fdd7b3 b45074dd3859410ab9446d47a4cde758 a07b773054f04a10b1223bf04805da9e - - 67e7eb199b0b415cb686fcb3c1f61129 67e7eb199b0b415cb686fcb3c1f61129] 199.204.45.23 "GET /resource_providers/735cf75e-b2e8-41c5-8684-fb90f9e439ff/allocations" status: 200 len: 253 microversion: 1.0 [pid: 7|app: 0|req: 576/1147] 199.204.45.23 () {32 vars in 855 bytes} [Thu May 21 15:51:41 2026] GET /resource_providers/735cf75e-b2e8-41c5-8684-fb90f9e439ff/allocations => generated 253 bytes in 13 msecs (HTTP/1.1 200) 6 headers in 224 bytes (1 switches on core 0)
2026-05-21 15:51:41.267 8 INFO placement.requestlog [req-6134a389-46b9-4b1f-87ff-0c11047ae54c req-ff99a1d6-d876-43cb-a2cc-66267c33149e b45074dd3859410ab9446d47a4cde758 a07b773054f04a10b1223bf04805da9e - - 67e7eb199b0b415cb686fcb3c1f61129 67e7eb199b0b415cb686fcb3c1f61129] 199.204.45.23 "GET /resource_providers/735cf75e-b2e8-41c5-8684-fb90f9e439ff/allocations" status: 200 len: 253 microversion: 1.0 [pid: 8|app: 0|req: 572/1148] 199.204.45.23 () {32 vars in 855 bytes} [Thu May 21 15:51:41 2026] GET /resource_providers/735cf75e-b2e8-41c5-8684-fb90f9e439ff/allocations => generated 253 bytes in 14 msecs (HTTP/1.1 200) 6 headers in 224 bytes (1 switches on core 0)
2026-05-21 15:51:41.286 7 INFO placement.requestlog [req-6134a389-46b9-4b1f-87ff-0c11047ae54c req-6e60fca5-0176-42d2-91ac-5fd13e62a44e b45074dd3859410ab9446d47a4cde758 a07b773054f04a10b1223bf04805da9e - - 67e7eb199b0b415cb686fcb3c1f61129 67e7eb199b0b415cb686fcb3c1f61129] 199.204.45.23 "GET /allocations/b596f301-9431-46fb-ba54-6a323172d15f" status: 200 len: 258 microversion: 1.28 [pid: 7|app: 0|req: 577/1149] 199.204.45.23 () {34 vars in 861 bytes} [Thu May 21 15:51:41 2026] GET /allocations/b596f301-9431-46fb-ba54-6a323172d15f => generated 258 bytes in 12 msecs (HTTP/1.1 200) 8 headers in 296 bytes (1 switches on core 0)
2026-05-21 15:51:41.303 8 INFO placement.requestlog [req-6134a389-46b9-4b1f-87ff-0c11047ae54c req-1756cd99-97f2-43af-b9fd-750a9723148a b45074dd3859410ab9446d47a4cde758 a07b773054f04a10b1223bf04805da9e - - 67e7eb199b0b415cb686fcb3c1f61129 67e7eb199b0b415cb686fcb3c1f61129] 199.204.45.23 "GET /allocations/69ba642e-24ed-4d59-b724-8433359f80af" status: 200 len: 258 microversion: 1.28 [pid: 8|app: 0|req: 573/1150] 199.204.45.23 () {34 vars in 861 bytes} [Thu May 21 15:51:41 2026] GET /allocations/69ba642e-24ed-4d59-b724-8433359f80af => generated 258 bytes in 14 msecs (HTTP/1.1 200) 8 headers in 296 bytes (1 switches on core 0)
2026-05-21 15:51:42.404 7 INFO placement.requestlog [None req-56a4089b-aa0a-4bb7-93b9-a8a207745fa2 - - - - - -] 10.0.0.227 "GET /" status: 200 len: 136 microversion: 1.0
2026-05-21 15:51:42.404 8 INFO placement.requestlog [None req-1cb04c85-3508-4f44-9d05-ad89ab7191d0 - - - - - -] 10.0.0.227 "GET /" status: 200 len: 136 microversion: 1.0
2026-05-21 15:51:52.403 7 INFO placement.requestlog [None req-ed59d4fe-8fa9-4b57-80be-8283204ac644 - - - - - -] 10.0.0.227 "GET /" status: 200 len: 136 microversion: 1.0
2026-05-21 15:51:52.403 8 INFO placement.requestlog [None req-7cafcf90-4d3c-4eb0-a3be-40354db7798a - - - - - -] 10.0.0.227 "GET /" status: 200 len: 136 microversion: 1.0
2026-05-21 15:52:02.403 7 INFO placement.requestlog [None req-0dad49f8-6673-432c-a997-3727d3990cd6 - - - - - -] 10.0.0.227 "GET /" status: 200 len: 136 microversion: 1.0
2026-05-21 15:52:02.403 8 INFO placement.requestlog [None req-96407b48-f9e8-4c0b-b547-581c5e7bdd60 - - - - - -] 10.0.0.227 "GET /" status: 200 len: 136 microversion: 1.0
2026-05-21 15:52:09.686 7 INFO placement.requestlog [req-3f35223e-6597-4996-9678-60314594512a req-54625088-4614-4c4b-9fa8-26e86760baee b45074dd3859410ab9446d47a4cde758 a07b773054f04a10b1223bf04805da9e - - 67e7eb199b0b415cb686fcb3c1f61129 67e7eb199b0b415cb686fcb3c1f61129] 10.0.0.169 "GET /allocation_candidates?limit=1000&resources=MEMORY_MB%3A2048%2CVCPU%3A2&root_required=%21COMPUTE_STATUS_DISABLED" status: 200 len: 2630 microversion: 1.36 [pid: 7|app: 0|req: 581/1157] 10.0.0.169 () {34 vars in 985 bytes} [Thu May 21 15:52:09 2026] GET /allocation_candidates?limit=1000&resources=MEMORY_MB%3A2048%2CVCPU%3A2&root_required=%21COMPUTE_STATUS_DISABLED => generated 2630 bytes in 73 msecs (HTTP/1.1 200) 8 headers in 297 bytes (1 switches on core 0)
2026-05-21 15:52:09.710 8 INFO placement.requestlog [req-3f35223e-6597-4996-9678-60314594512a req-aec564fa-93bd-46d7-be4e-e1ca3083706c b45074dd3859410ab9446d47a4cde758 a07b773054f04a10b1223bf04805da9e - - 67e7eb199b0b415cb686fcb3c1f61129 67e7eb199b0b415cb686fcb3c1f61129] 10.0.0.169 "GET /allocations/b82e2324-cc28-4b41-886a-17a4c508178f" status: 200 len: 19 microversion: 1.28 [pid: 8|app: 0|req: 577/1158] 10.0.0.169 () {34 vars in 860 bytes} [Thu May 21 15:52:09 2026] GET /allocations/b82e2324-cc28-4b41-886a-17a4c508178f => generated 19 bytes in 7 msecs (HTTP/1.1 200) 8 headers in 295 bytes (1 switches on core 0)
2026-05-21 15:52:09.784 7 INFO placement.requestlog [req-3f35223e-6597-4996-9678-60314594512a req-141ba284-8c6f-471b-80b5-06eefc437905 b45074dd3859410ab9446d47a4cde758 a07b773054f04a10b1223bf04805da9e - - 67e7eb199b0b415cb686fcb3c1f61129 67e7eb199b0b415cb686fcb3c1f61129] 10.0.0.169 "PUT /allocations/b82e2324-cc28-4b41-886a-17a4c508178f" status: 204 len: 0 microversion: 1.36 [pid: 7|app: 0|req: 582/1159] 10.0.0.169 () {38 vars in 913 bytes} [Thu May 21 15:52:09 2026] PUT /allocations/b82e2324-cc28-4b41-886a-17a4c508178f => generated 0 bytes in 70 msecs (HTTP/1.1 204) 5 headers in 199 bytes (1 switches on core 0)
2026-05-21 15:52:11.252 8 INFO placement.requestlog [req-3f35223e-6597-4996-9678-60314594512a req-1993b708-53c5-4fd2-9ede-0800ecaad24f b45074dd3859410ab9446d47a4cde758 a07b773054f04a10b1223bf04805da9e - - 67e7eb199b0b415cb686fcb3c1f61129 67e7eb199b0b415cb686fcb3c1f61129] 199.204.45.23 "GET /allocations/b82e2324-cc28-4b41-886a-17a4c508178f" status: 200 len: 245 microversion: 1.28 [pid: 8|app: 0|req: 578/1160] 199.204.45.23 () {34 vars in 861 bytes} [Thu May 21 15:52:11 2026] GET /allocations/b82e2324-cc28-4b41-886a-17a4c508178f => generated 245 bytes in 13 msecs (HTTP/1.1 200) 8 headers in 296 bytes (1 switches on core 0)
2026-05-21 15:52:12.292 7 INFO placement.requestlog [req-3f35223e-6597-4996-9678-60314594512a req-07150604-3278-4757-89d9-3b2035505a73 b45074dd3859410ab9446d47a4cde758 a07b773054f04a10b1223bf04805da9e - - 67e7eb199b0b415cb686fcb3c1f61129 67e7eb199b0b415cb686fcb3c1f61129] 199.204.45.23 "GET /resource_providers/735cf75e-b2e8-41c5-8684-fb90f9e439ff/allocations" status: 200 len: 340 microversion: 1.0 [pid: 7|app: 0|req: 583/1161] 199.204.45.23 () {32 vars in 855 bytes} [Thu May 21 15:52:12 2026] GET /resource_providers/735cf75e-b2e8-41c5-8684-fb90f9e439ff/allocations => generated 340 bytes in 16 msecs (HTTP/1.1 200) 6 headers in 224 bytes (1 switches on core 0)
2026-05-21 15:52:12.309 8 INFO placement.requestlog [req-3f35223e-6597-4996-9678-60314594512a req-cbabd40a-f6b7-4783-a2a9-2a525bd071cf b45074dd3859410ab9446d47a4cde758 a07b773054f04a10b1223bf04805da9e - - 67e7eb199b0b415cb686fcb3c1f61129 67e7eb199b0b415cb686fcb3c1f61129] 199.204.45.23 "GET /allocations/b596f301-9431-46fb-ba54-6a323172d15f" status: 200 len: 258 microversion: 1.28 [pid: 8|app: 0|req: 579/1162] 199.204.45.23 () {34 vars in 861 bytes} [Thu May 21 15:52:12 2026] GET /allocations/b596f301-9431-46fb-ba54-6a323172d15f => generated 258 bytes in 10 msecs (HTTP/1.1 200) 8 headers in 296 bytes (1 switches on core 0)
2026-05-21 15:52:12.325 7 INFO placement.requestlog [req-3f35223e-6597-4996-9678-60314594512a req-611d9104-498e-429f-b850-b52d0614c944 b45074dd3859410ab9446d47a4cde758 a07b773054f04a10b1223bf04805da9e - - 67e7eb199b0b415cb686fcb3c1f61129 67e7eb199b0b415cb686fcb3c1f61129] 199.204.45.23 "GET /allocations/69ba642e-24ed-4d59-b724-8433359f80af" status: 200 len: 258 microversion: 1.28 [pid: 7|app: 0|req: 584/1163] 199.204.45.23 () {34 vars in 861 bytes} [Thu May 21 15:52:12 2026] GET /allocations/69ba642e-24ed-4d59-b724-8433359f80af => generated 258 bytes in 10 msecs (HTTP/1.1 200) 8 headers in 296 bytes (1 switches on core 0)
2026-05-21 15:52:12.342 8 INFO placement.requestlog [req-3f35223e-6597-4996-9678-60314594512a req-b8dfff0a-e389-450e-906d-43b5ede1316f b45074dd3859410ab9446d47a4cde758 a07b773054f04a10b1223bf04805da9e - - 67e7eb199b0b415cb686fcb3c1f61129 67e7eb199b0b415cb686fcb3c1f61129] 199.204.45.23 "GET /allocations/b82e2324-cc28-4b41-886a-17a4c508178f" status: 200 len: 245 microversion: 1.28 [pid: 8|app: 0|req: 580/1164] 199.204.45.23 () {34 vars in 861 bytes} [Thu May 21 15:52:12 2026] GET /allocations/b82e2324-cc28-4b41-886a-17a4c508178f => generated 245 bytes in 9 msecs (HTTP/1.1 200) 8 headers in 296 bytes (1 switches on core 0)
2026-05-21 15:52:12.404 7 INFO placement.requestlog [None req-36d348fe-0dab-4c4a-9c11-2a715318dde4 - - - - - -] 10.0.0.227 "GET /" status: 200 len: 136 microversion: 1.0
2026-05-21 15:52:12.404 8 INFO placement.requestlog [None req-a85e0e14-1317-4212-b023-7a38f08a3519 - - - - - -] 10.0.0.227 "GET /" status: 200 len: 136 microversion: 1.0
2026-05-21 15:52:22.403 8 INFO placement.requestlog [None req-032e58d3-e3ed-42ca-bbbe-15eee458a7ed - - - - - -] 10.0.0.227 "GET /" status: 200 len: 136 microversion: 1.0
2026-05-21 15:52:22.403 7 INFO placement.requestlog [None req-a274e6b8-46ed-4ceb-b6b4-c381692e4348 - - - - - -] 10.0.0.227 "GET /" status: 200 len: 136 microversion: 1.0
2026-05-21 15:52:32.403 7 INFO placement.requestlog [None req-62986480-bcc3-42e5-993d-e06c0ef54147 - - - - - -] 10.0.0.227 "GET /" status: 200 len: 136 microversion: 1.0
2026-05-21 15:52:32.404 8 INFO placement.requestlog [None req-1761e0f5-e1b3-48b1-a1a7-c1c1b680ae6a - - - - - -] 10.0.0.227 "GET /" status: 200 len: 136 microversion: 1.0
2026-05-21 15:52:41.269 7 INFO placement.requestlog [req-4c1da623-f3e6-4d81-92bc-36ff24d90966 req-9b15f008-f0a1-46f8-b26f-20c58d1cf7f8 b45074dd3859410ab9446d47a4cde758 a07b773054f04a10b1223bf04805da9e - - 67e7eb199b0b415cb686fcb3c1f61129 67e7eb199b0b415cb686fcb3c1f61129] 199.204.45.23 "GET /resource_providers/735cf75e-b2e8-41c5-8684-fb90f9e439ff/allocations" status: 200 len: 340 microversion: 1.0 [pid: 7|app: 0|req: 588/1171] 199.204.45.23 () {32 vars in 855 bytes} [Thu May 21 15:52:41 2026] GET /resource_providers/735cf75e-b2e8-41c5-8684-fb90f9e439ff/allocations => generated 340 bytes in 27 msecs (HTTP/1.1 200) 6 headers in 224 bytes (1 switches on core 0)
2026-05-21 15:52:41.296 8 INFO placement.requestlog [req-4c1da623-f3e6-4d81-92bc-36ff24d90966 req-845675d6-3850-43b0-bc6f-15c2ba9a3157 b45074dd3859410ab9446d47a4cde758 a07b773054f04a10b1223bf04805da9e - - 67e7eb199b0b415cb686fcb3c1f61129 67e7eb199b0b415cb686fcb3c1f61129] 199.204.45.23 "GET /resource_providers/735cf75e-b2e8-41c5-8684-fb90f9e439ff/allocations" status: 200 len: 340 microversion: 1.0 [pid: 8|app: 0|req: 584/1172] 199.204.45.23 () {32 vars in 855 bytes} [Thu May 21 15:52:41 2026] GET /resource_providers/735cf75e-b2e8-41c5-8684-fb90f9e439ff/allocations => generated 340 bytes in 16 msecs (HTTP/1.1 200) 6 headers in 224 bytes (1 switches on core 0)
2026-05-21 15:52:41.317 7 INFO placement.requestlog [req-4c1da623-f3e6-4d81-92bc-36ff24d90966 req-b414a30c-6412-440d-a3bb-23785978e610 b45074dd3859410ab9446d47a4cde758 a07b773054f04a10b1223bf04805da9e - - 67e7eb199b0b415cb686fcb3c1f61129 67e7eb199b0b415cb686fcb3c1f61129] 199.204.45.23 "GET /allocations/b596f301-9431-46fb-ba54-6a323172d15f" status: 200 len: 258 microversion: 1.28 [pid: 7|app: 0|req: 589/1173] 199.204.45.23 () {34 vars in 861 bytes} [Thu May 21 15:52:41 2026] GET /allocations/b596f301-9431-46fb-ba54-6a323172d15f => generated 258 bytes in 14 msecs (HTTP/1.1 200) 8 headers in 296 bytes (1 switches on core 0)
2026-05-21 15:52:41.338 8 INFO placement.requestlog [req-4c1da623-f3e6-4d81-92bc-36ff24d90966 req-1ab1e7d8-3b0a-4e50-9dbb-371a943fc6e7 b45074dd3859410ab9446d47a4cde758 a07b773054f04a10b1223bf04805da9e - - 67e7eb199b0b415cb686fcb3c1f61129 67e7eb199b0b415cb686fcb3c1f61129] 199.204.45.23 "GET /allocations/69ba642e-24ed-4d59-b724-8433359f80af" status: 200 len: 258 microversion: 1.28 [pid: 8|app: 0|req: 585/1174] 199.204.45.23 () {34 vars in 861 bytes} [Thu May 21 15:52:41 2026] GET /allocations/69ba642e-24ed-4d59-b724-8433359f80af => generated 258 bytes in 11 msecs (HTTP/1.1 200) 8 headers in 296 bytes (1 switches on core 0)
2026-05-21 15:52:41.358 7 INFO placement.requestlog [req-4c1da623-f3e6-4d81-92bc-36ff24d90966 req-9fe48d65-3d8e-4588-aece-7bfd452bc9a0 b45074dd3859410ab9446d47a4cde758 a07b773054f04a10b1223bf04805da9e - - 67e7eb199b0b415cb686fcb3c1f61129 67e7eb199b0b415cb686fcb3c1f61129] 199.204.45.23 "GET /allocations/b82e2324-cc28-4b41-886a-17a4c508178f" status: 200 len: 245 microversion: 1.28 [pid: 7|app: 0|req: 590/1175] 199.204.45.23 () {34 vars in 861 bytes} [Thu May 21 15:52:41 2026] GET /allocations/b82e2324-cc28-4b41-886a-17a4c508178f => generated 245 bytes in 14 msecs (HTTP/1.1 200) 8 headers in 296 bytes (1 switches on core 0)
2026-05-21 15:52:42.403 8 INFO placement.requestlog [None req-60f1464a-d11e-40f1-a52c-88bac8a1d1fa - - - - - -] 10.0.0.227 "GET /" status: 200 len: 136 microversion: 1.0
2026-05-21 15:52:42.403 7 INFO placement.requestlog [None req-0bf44e5b-bfd3-4aa3-af86-fc0bb7f90f87 - - - - - -] 10.0.0.227 "GET /" status: 200 len: 136 microversion: 1.0
2026-05-21 15:52:52.404 7 INFO placement.requestlog [None req-78c5738c-3ffa-46a8-bd4a-a37d9d041445 - - - - - -] 10.0.0.227 "GET /" status: 200 len: 136 microversion: 1.0
2026-05-21 15:52:52.404 8 INFO placement.requestlog [None req-9168b94f-3d82-4cff-a09b-90f463d29704 - - - - - -] 10.0.0.227 "GET /" status: 200 len: 136 microversion: 1.0
2026-05-21 15:53:02.403 7 INFO placement.requestlog [None req-9c173513-553f-4448-a82a-92d5e7fc70e8 - - - - - -] 10.0.0.227 "GET /" status: 200 len: 136 microversion: 1.0
2026-05-21 15:53:02.403 8 INFO placement.requestlog [None req-940281f2-66c9-4360-a4d0-642065deb364 - - - - - -] 10.0.0.227 "GET /" status: 200 len: 136 microversion: 1.0
2026-05-21 15:53:12.403 7 INFO placement.requestlog [None req-4084398f-188b-4b67-8671-90e104663d25 - - - - - -] 10.0.0.227 "GET /" status: 200 len: 136 microversion: 1.0
2026-05-21 15:53:12.404 8 INFO placement.requestlog [None req-0668e65e-efcd-491c-958e-729dbd733700 - - - - - -] 10.0.0.227 "GET /" status: 200 len: 136 microversion: 1.0
2026-05-21 15:53:22.403 7 INFO placement.requestlog [None req-1a3aef85-7589-4136-83e8-a71543c7c6f3 - - - - - -] 10.0.0.227 "GET /" status: 200 len: 136 microversion: 1.0
2026-05-21 15:53:22.403 8 INFO placement.requestlog [None req-30fd0027-3a6b-47b5-8e8d-9d79de648b25 - - - - - -] 10.0.0.227 "GET /" status: 200 len: 136 microversion: 1.0
2026-05-21 15:53:32.403 7 INFO placement.requestlog [None req-9b2eac42-d50b-4f8e-93b3-b3b2839b33ff - - - - - -] 10.0.0.227 "GET /" status: 200 len: 136 microversion: 1.0
2026-05-21 15:53:32.404 8 INFO placement.requestlog [None req-b7375060-d6d7-413d-a132-1aa6c089fabf - - - - - -] 10.0.0.227 "GET /" status: 200 len: 136 microversion: 1.0
2026-05-21 15:53:42.403 7 INFO placement.requestlog [None req-84b03474-df14-4580-8dba-34dd5371a05f - - - - - -] 10.0.0.227 "GET /" status: 200 len: 136 microversion: 1.0
2026-05-21 15:53:42.404 8 INFO placement.requestlog [None req-dc526dcb-548d-4246-88cf-3f5d34c46632 - - - - - -] 10.0.0.227 "GET /" status: 200 len: 136 microversion: 1.0
2026-05-21 15:53:43.093 7 INFO placement.requestlog [req-25670b88-2c31-4d49-aa42-1479d4483453 req-50a88173-495b-42d9-bfae-08d4ce0e1db9 b45074dd3859410ab9446d47a4cde758 a07b773054f04a10b1223bf04805da9e - - 67e7eb199b0b415cb686fcb3c1f61129 67e7eb199b0b415cb686fcb3c1f61129] 199.204.45.23 "GET /resource_providers/735cf75e-b2e8-41c5-8684-fb90f9e439ff/allocations" status: 200 len: 340 microversion: 1.0 [pid: 7|app: 0|req: 598/1190] 199.204.45.23 () {32 vars in 855 bytes} [Thu May 21 15:53:43 2026] GET /resource_providers/735cf75e-b2e8-41c5-8684-fb90f9e439ff/allocations => generated 340 bytes in 66 msecs (HTTP/1.1 200) 6 headers in 224 bytes (1 switches on core 0)
2026-05-21 15:53:43.126 8 INFO placement.requestlog [req-25670b88-2c31-4d49-aa42-1479d4483453 req-6cd6232e-0cab-4725-9f32-dafb5a7a0f18 b45074dd3859410ab9446d47a4cde758 a07b773054f04a10b1223bf04805da9e - - 67e7eb199b0b415cb686fcb3c1f61129 67e7eb199b0b415cb686fcb3c1f61129] 199.204.45.23 "GET /resource_providers?in_tree=735cf75e-b2e8-41c5-8684-fb90f9e439ff" status: 200 len: 798 microversion: 1.14 [pid: 8|app: 0|req: 593/1191] 199.204.45.23 () {34 vars in 890 bytes} [Thu May 21 15:53:43 2026] GET /resource_providers?in_tree=735cf75e-b2e8-41c5-8684-fb90f9e439ff => generated 798 bytes in 27 msecs (HTTP/1.1 200) 6 headers in 225 bytes (1 switches on core 0)
2026-05-21 15:53:43.145 7 INFO placement.requestlog [req-25670b88-2c31-4d49-aa42-1479d4483453 req-f143862b-2d97-49ac-a6a3-fabd18464e8c b45074dd3859410ab9446d47a4cde758 a07b773054f04a10b1223bf04805da9e - - 67e7eb199b0b415cb686fcb3c1f61129 67e7eb199b0b415cb686fcb3c1f61129] 199.204.45.23 "GET /resource_providers/735cf75e-b2e8-41c5-8684-fb90f9e439ff/inventories" status: 200 len: 401 microversion: 1.0 [pid: 7|app: 0|req: 599/1192] 199.204.45.23 () {32 vars in 855 bytes} [Thu May 21 15:53:43 2026] GET /resource_providers/735cf75e-b2e8-41c5-8684-fb90f9e439ff/inventories => generated 401 bytes in 12 msecs (HTTP/1.1 200) 6 headers in 224 bytes (1 switches on core 0)
2026-05-21 15:53:43.164 8 INFO placement.requestlog [req-25670b88-2c31-4d49-aa42-1479d4483453 req-dce1babe-9c6d-4c46-8e90-4c4149f17ba9 b45074dd3859410ab9446d47a4cde758 a07b773054f04a10b1223bf04805da9e - - 67e7eb199b0b415cb686fcb3c1f61129 67e7eb199b0b415cb686fcb3c1f61129] 199.204.45.23 "GET /resource_providers/735cf75e-b2e8-41c5-8684-fb90f9e439ff/aggregates" status: 200 len: 54 microversion: 1.19 [pid: 8|app: 0|req: 594/1193] 199.204.45.23 () {34 vars in 897 bytes} [Thu May 21 15:53:43 2026] GET /resource_providers/735cf75e-b2e8-41c5-8684-fb90f9e439ff/aggregates => generated 54 bytes in 13 msecs (HTTP/1.1 200) 8 headers in 295 bytes (1 switches on core 0)
2026-05-21 15:53:43.188 7 INFO placement.requestlog [req-25670b88-2c31-4d49-aa42-1479d4483453 req-1f5ace45-979b-49c0-8a1e-cd80c6353116 b45074dd3859410ab9446d47a4cde758 a07b773054f04a10b1223bf04805da9e - - 67e7eb199b0b415cb686fcb3c1f61129 67e7eb199b0b415cb686fcb3c1f61129] 199.204.45.23 "GET /resource_providers/735cf75e-b2e8-41c5-8684-fb90f9e439ff/traits" status: 200 len: 2176 microversion: 1.6 [pid: 7|app: 0|req: 600/1194] 199.204.45.23 () {34 vars in 888 bytes} [Thu May 21 15:53:43 2026] GET /resource_providers/735cf75e-b2e8-41c5-8684-fb90f9e439ff/traits => generated 2176 bytes in 17 msecs (HTTP/1.1 200) 6 headers in 225 bytes (1 switches on core 0)
2026-05-21 15:53:43.210 8 INFO placement.requestlog [req-25670b88-2c31-4d49-aa42-1479d4483453 req-3341ab44-4197-4fb2-8469-e8421102aa7b b45074dd3859410ab9446d47a4cde758 a07b773054f04a10b1223bf04805da9e - - 67e7eb199b0b415cb686fcb3c1f61129 67e7eb199b0b415cb686fcb3c1f61129] 199.204.45.23 "GET /resource_providers/735cf75e-b2e8-41c5-8684-fb90f9e439ff/allocations" status: 200 len: 340 microversion: 1.0 [pid: 8|app: 0|req: 595/1195] 199.204.45.23 () {32 vars in 855 bytes} [Thu May 21 15:53:43 2026] GET /resource_providers/735cf75e-b2e8-41c5-8684-fb90f9e439ff/allocations => generated 340 bytes in 15 msecs (HTTP/1.1 200) 6 headers in 224 bytes (1 switches on core 0)
2026-05-21 15:53:43.225 7 INFO placement.requestlog [req-25670b88-2c31-4d49-aa42-1479d4483453 req-a91ae6e0-c77e-4e22-9cd9-3fd945b5acba b45074dd3859410ab9446d47a4cde758 a07b773054f04a10b1223bf04805da9e - - 67e7eb199b0b415cb686fcb3c1f61129 67e7eb199b0b415cb686fcb3c1f61129] 199.204.45.23 "GET /allocations/b596f301-9431-46fb-ba54-6a323172d15f" status: 200 len: 258 microversion: 1.28 [pid: 7|app: 0|req: 601/1196] 199.204.45.23 () {34 vars in 861 bytes} [Thu May 21 15:53:43 2026] GET /allocations/b596f301-9431-46fb-ba54-6a323172d15f => generated 258 bytes in 9 msecs (HTTP/1.1 200) 8 headers in 296 bytes (1 switches on core 0)
2026-05-21 15:53:43.244 8 INFO placement.requestlog [req-25670b88-2c31-4d49-aa42-1479d4483453 req-9550ca72-9b55-4418-a6bc-92acc0cf3ab6 b45074dd3859410ab9446d47a4cde758 a07b773054f04a10b1223bf04805da9e - - 67e7eb199b0b415cb686fcb3c1f61129 67e7eb199b0b415cb686fcb3c1f61129] 199.204.45.23 "GET /allocations/69ba642e-24ed-4d59-b724-8433359f80af" status: 200 len: 258 microversion: 1.28 [pid: 8|app: 0|req: 596/1197] 199.204.45.23 () {34 vars in 861 bytes} [Thu May 21 15:53:43 2026] GET /allocations/69ba642e-24ed-4d59-b724-8433359f80af => generated 258 bytes in 12 msecs (HTTP/1.1 200) 8 headers in 296 bytes (1 switches on core 0)
2026-05-21 15:53:43.262 7 INFO placement.requestlog [req-25670b88-2c31-4d49-aa42-1479d4483453 req-0b6e27b3-e61a-4f89-ac91-b211f8b47403 b45074dd3859410ab9446d47a4cde758 a07b773054f04a10b1223bf04805da9e - - 67e7eb199b0b415cb686fcb3c1f61129 67e7eb199b0b415cb686fcb3c1f61129] 199.204.45.23 "GET /allocations/b82e2324-cc28-4b41-886a-17a4c508178f" status: 200 len: 245 microversion: 1.28 [pid: 7|app: 0|req: 602/1198] 199.204.45.23 () {34 vars in 861 bytes} [Thu May 21 15:53:43 2026] GET /allocations/b82e2324-cc28-4b41-886a-17a4c508178f => generated 245 bytes in 12 msecs (HTTP/1.1 200) 8 headers in 296 bytes (1 switches on core 0)
2026-05-21 15:53:52.404 8 INFO placement.requestlog [None req-ad043c5e-c119-48ab-b8e2-af8cc8ca8596 - - - - - -] 10.0.0.227 "GET /" status: 200 len: 136 microversion: 1.0
2026-05-21 15:53:52.404 7 INFO placement.requestlog [None req-8e3f3d8f-032e-49b0-bb0e-95c9d9070de9 - - - - - -] 10.0.0.227 "GET /" status: 200 len: 136 microversion: 1.0
2026-05-21 15:54:02.403 7 INFO placement.requestlog [None req-887c68d8-0192-4e99-b37a-2527675a7cff - - - - - -] 10.0.0.227 "GET /" status: 200 len: 136 microversion: 1.0
2026-05-21 15:54:02.403 8 INFO placement.requestlog [None req-ac3d624b-6c04-4b79-ada8-fe4a7b193541 - - - - - -] 10.0.0.227 "GET /" status: 200 len: 136 microversion: 1.0
2026-05-21 15:54:12.404 7 INFO placement.requestlog [None req-5e84e454-ac5d-4c28-a0a9-6e220f858ff6 - - - - - -] 10.0.0.227 "GET /" status: 200 len: 136 microversion: 1.0
2026-05-21 15:54:12.404 8 INFO placement.requestlog [None req-fd4136fe-7dc8-46c2-b3e7-9460dff9a1e0 - - - - - -] 10.0.0.227 "GET /" status: 200 len: 136 microversion: 1.0
2026-05-21 15:54:22.404 7 INFO placement.requestlog [None req-b370ecee-f2c3-4668-8b59-3b265a220148 - - - - - -] 10.0.0.227 "GET /" status: 200 len: 136 microversion: 1.0
2026-05-21 15:54:22.404 8 INFO placement.requestlog [None req-e198b55c-fc94-4e76-a401-064cad733d99 - - - - - -] 10.0.0.227 "GET /" status: 200 len: 136 microversion: 1.0
2026-05-21 15:54:32.404 7 INFO placement.requestlog [None req-45dcd030-63ea-42ca-897d-a22bafd6a307 - - - - - -] 10.0.0.227 "GET /" status: 200 len: 136 microversion: 1.0
2026-05-21 15:54:32.404 8 INFO placement.requestlog [None req-b19624ad-80f0-4319-aa97-09ab6b76e0e9 - - - - - -] 10.0.0.227 "GET /" status: 200 len: 136 microversion: 1.0
2026-05-21 15:54:42.404 7 INFO placement.requestlog [None req-516b51bd-5b81-4def-a96b-a5b44aa56c09 - - - - - -] 10.0.0.227 "GET /" status: 200 len: 136 microversion: 1.0
2026-05-21 15:54:42.404 8 INFO placement.requestlog [None req-19176628-fb37-4fe7-bf54-5e6cb5c42dc2 - - - - - -] 10.0.0.227 "GET /" status: 200 len: 136 microversion: 1.0
2026-05-21 15:54:45.199 7 INFO placement.requestlog [req-1d075f09-96e6-49d3-a2f9-8af5b1c645ba req-b1553d42-2762-42f6-83e9-5ccb269efe89 b45074dd3859410ab9446d47a4cde758 a07b773054f04a10b1223bf04805da9e - - 67e7eb199b0b415cb686fcb3c1f61129 67e7eb199b0b415cb686fcb3c1f61129] 199.204.45.23 "GET /resource_providers/735cf75e-b2e8-41c5-8684-fb90f9e439ff/allocations" status: 200 len: 340 microversion: 1.0 [pid: 7|app: 0|req: 609/1211] 199.204.45.23 () {32 vars in 855 bytes} [Thu May 21 15:54:45 2026] GET /resource_providers/735cf75e-b2e8-41c5-8684-fb90f9e439ff/allocations => generated 340 bytes in 27 msecs (HTTP/1.1 200) 6 headers in 224 bytes (1 switches on core 0)
2026-05-21 15:54:45.228 8 INFO placement.requestlog [req-1d075f09-96e6-49d3-a2f9-8af5b1c645ba req-22c98f14-e210-4821-8e53-c59f23fe8d8e b45074dd3859410ab9446d47a4cde758 a07b773054f04a10b1223bf04805da9e - - 67e7eb199b0b415cb686fcb3c1f61129 67e7eb199b0b415cb686fcb3c1f61129] 199.204.45.23 "GET /resource_providers/735cf75e-b2e8-41c5-8684-fb90f9e439ff/allocations" status: 200 len: 340 microversion: 1.0 [pid: 8|app: 0|req: 603/1212] 199.204.45.23 () {32 vars in 855 bytes} [Thu May 21 15:54:45 2026] GET /resource_providers/735cf75e-b2e8-41c5-8684-fb90f9e439ff/allocations => generated 340 bytes in 21 msecs (HTTP/1.1 200) 6 headers in 224 bytes (1 switches on core 0)
2026-05-21 15:54:45.248 7 INFO placement.requestlog [req-1d075f09-96e6-49d3-a2f9-8af5b1c645ba req-21cf6c71-ca42-4605-9590-1e9e51657ca0 b45074dd3859410ab9446d47a4cde758 a07b773054f04a10b1223bf04805da9e - - 67e7eb199b0b415cb686fcb3c1f61129 67e7eb199b0b415cb686fcb3c1f61129] 199.204.45.23 "GET /allocations/b596f301-9431-46fb-ba54-6a323172d15f" status: 200 len: 258 microversion: 1.28 [pid: 7|app: 0|req: 610/1213] 199.204.45.23 () {34 vars in 861 bytes} [Thu May 21 15:54:45 2026] GET /allocations/b596f301-9431-46fb-ba54-6a323172d15f => generated 258 bytes in 14 msecs (HTTP/1.1 200) 8 headers in 296 bytes (1 switches on core 0)
2026-05-21 15:54:45.272 8 INFO placement.requestlog [req-1d075f09-96e6-49d3-a2f9-8af5b1c645ba req-e1db2f23-b58d-4430-a674-c074fb081ac4 b45074dd3859410ab9446d47a4cde758 a07b773054f04a10b1223bf04805da9e - - 67e7eb199b0b415cb686fcb3c1f61129 67e7eb199b0b415cb686fcb3c1f61129] 199.204.45.23 "GET /allocations/69ba642e-24ed-4d59-b724-8433359f80af" status: 200 len: 258 microversion: 1.28 [pid: 8|app: 0|req: 604/1214] 199.204.45.23 () {34 vars in 861 bytes} [Thu May 21 15:54:45 2026] GET /allocations/69ba642e-24ed-4d59-b724-8433359f80af => generated 258 bytes in 17 msecs (HTTP/1.1 200) 8 headers in 296 bytes (1 switches on core 0)
2026-05-21 15:54:45.298 7 INFO placement.requestlog [req-1d075f09-96e6-49d3-a2f9-8af5b1c645ba req-21c06728-0a0e-4f76-8b8a-e982cb087156 b45074dd3859410ab9446d47a4cde758 a07b773054f04a10b1223bf04805da9e - - 67e7eb199b0b415cb686fcb3c1f61129 67e7eb199b0b415cb686fcb3c1f61129] 199.204.45.23 "GET /allocations/b82e2324-cc28-4b41-886a-17a4c508178f" status: 200 len: 245 microversion: 1.28 [pid: 7|app: 0|req: 611/1215] 199.204.45.23 () {34 vars in 861 bytes} [Thu May 21 15:54:45 2026] GET /allocations/b82e2324-cc28-4b41-886a-17a4c508178f => generated 245 bytes in 20 msecs (HTTP/1.1 200) 8 headers in 296 bytes (1 switches on core 0)
2026-05-21 15:54:52.403 7 INFO placement.requestlog [None req-da5147ec-6dd1-45c3-8c77-b6512c4757b0 - - - - - -] 10.0.0.227 "GET /" status: 200 len: 136 microversion: 1.0
2026-05-21 15:54:52.403 8 INFO placement.requestlog [None req-c434ab48-2d2e-4610-a706-aacf9c6a4a79 - - - - - -] 10.0.0.227 "GET /" status: 200 len: 136 microversion: 1.0
2026-05-21 15:55:02.403 7 INFO placement.requestlog [None req-3c2ecc76-ea29-4cf3-94dd-151919cc2917 - - - - - -] 10.0.0.227 "GET /" status: 200 len: 136 microversion: 1.0
2026-05-21 15:55:02.404 8 INFO placement.requestlog [None req-a7bad284-3750-48ac-a99f-232c5263daff - - - - - -] 10.0.0.227 "GET /" status: 200 len: 136 microversion: 1.0
2026-05-21 15:55:12.405 8 INFO placement.requestlog [None req-d7eb6486-9b51-43c3-8c1b-1f819faf4f15 - - - - - -] 10.0.0.227 "GET /" status: 200 len: 136 microversion: 1.0
2026-05-21 15:55:12.406 7 INFO placement.requestlog [None req-d2ee56c5-affc-4527-af38-d1c5748eaa10 - - - - - -] 10.0.0.227 "GET /" status: 200 len: 136 microversion: 1.0
2026-05-21 15:55:14.323 8 INFO placement.requestlog [req-824bae53-7c89-4fa5-8d7e-d77a6e841b4a req-3bfb4ddb-3b8b-4fca-9002-f38164958137 b45074dd3859410ab9446d47a4cde758 a07b773054f04a10b1223bf04805da9e - - 67e7eb199b0b415cb686fcb3c1f61129 67e7eb199b0b415cb686fcb3c1f61129] 199.204.45.23 "GET /resource_providers/735cf75e-b2e8-41c5-8684-fb90f9e439ff/allocations" status: 200 len: 340 microversion: 1.0 [pid: 8|app: 0|req: 608/1222] 199.204.45.23 () {32 vars in 855 bytes} [Thu May 21 15:55:14 2026] GET /resource_providers/735cf75e-b2e8-41c5-8684-fb90f9e439ff/allocations => generated 340 bytes in 17 msecs (HTTP/1.1 200) 6 headers in 224 bytes (1 switches on core 0)
2026-05-21 15:55:14.344 7 INFO placement.requestlog [req-824bae53-7c89-4fa5-8d7e-d77a6e841b4a req-248d9eb6-dfbd-46ee-86a2-8235fd15f87d b45074dd3859410ab9446d47a4cde758 a07b773054f04a10b1223bf04805da9e - - 67e7eb199b0b415cb686fcb3c1f61129 67e7eb199b0b415cb686fcb3c1f61129] 199.204.45.23 "GET /allocations/b596f301-9431-46fb-ba54-6a323172d15f" status: 200 len: 258 microversion: 1.28 [pid: 7|app: 0|req: 615/1223] 199.204.45.23 () {34 vars in 861 bytes} [Thu May 21 15:55:14 2026] GET /allocations/b596f301-9431-46fb-ba54-6a323172d15f => generated 258 bytes in 15 msecs (HTTP/1.1 200) 8 headers in 296 bytes (1 switches on core 0)
2026-05-21 15:55:14.364 8 INFO placement.requestlog [req-824bae53-7c89-4fa5-8d7e-d77a6e841b4a req-3d027d41-bbd2-43ea-bb94-5c18fe0ef9b9 b45074dd3859410ab9446d47a4cde758 a07b773054f04a10b1223bf04805da9e - - 67e7eb199b0b415cb686fcb3c1f61129 67e7eb199b0b415cb686fcb3c1f61129] 199.204.45.23 "GET /allocations/69ba642e-24ed-4d59-b724-8433359f80af" status: 200 len: 258 microversion: 1.28 [pid: 8|app: 0|req: 609/1224] 199.204.45.23 () {34 vars in 861 bytes} [Thu May 21 15:55:14 2026] GET /allocations/69ba642e-24ed-4d59-b724-8433359f80af => generated 258 bytes in 11 msecs (HTTP/1.1 200) 8 headers in 296 bytes (1 switches on core 0)
2026-05-21 15:55:14.382 7 INFO placement.requestlog [req-824bae53-7c89-4fa5-8d7e-d77a6e841b4a req-85b8c7ff-3c52-41b9-9055-67cfbc1fd625 b45074dd3859410ab9446d47a4cde758 a07b773054f04a10b1223bf04805da9e - - 67e7eb199b0b415cb686fcb3c1f61129 67e7eb199b0b415cb686fcb3c1f61129] 199.204.45.23 "GET /allocations/b82e2324-cc28-4b41-886a-17a4c508178f" status: 200 len: 245 microversion: 1.28 [pid: 7|app: 0|req: 616/1225] 199.204.45.23 () {34 vars in 861 bytes} [Thu May 21 15:55:14 2026] GET /allocations/b82e2324-cc28-4b41-886a-17a4c508178f => generated 245 bytes in 12 msecs (HTTP/1.1 200) 8 headers in 296 bytes (1 switches on core 0)
2026-05-21 15:55:15.451 8 INFO placement.requestlog [req-824bae53-7c89-4fa5-8d7e-d77a6e841b4a req-06141662-11ea-4c03-996e-478d5ce78134 b45074dd3859410ab9446d47a4cde758 a07b773054f04a10b1223bf04805da9e - - 67e7eb199b0b415cb686fcb3c1f61129 67e7eb199b0b415cb686fcb3c1f61129] 199.204.45.23 "DELETE /allocations/b82e2324-cc28-4b41-886a-17a4c508178f" status: 204 len: 0 microversion: 1.0 [pid: 8|app: 0|req: 610/1226] 199.204.45.23 () {34 vars in 839 bytes} [Thu May 21 15:55:15 2026] DELETE /allocations/b82e2324-cc28-4b41-886a-17a4c508178f => generated 0 bytes in 30 msecs (HTTP/1.1 204) 5 headers in 198 bytes (1 switches on core 0)
2026-05-21 15:55:17.829 7 INFO placement.requestlog [req-2449a8bc-bb7c-4f61-adb6-d71527087931 req-13d9338e-7973-4994-9e66-0b2c3589c2fd b45074dd3859410ab9446d47a4cde758 a07b773054f04a10b1223bf04805da9e - - 67e7eb199b0b415cb686fcb3c1f61129 67e7eb199b0b415cb686fcb3c1f61129] 199.204.45.23 "GET /resource_providers/735cf75e-b2e8-41c5-8684-fb90f9e439ff/allocations" status: 200 len: 253 microversion: 1.0 [pid: 7|app: 0|req: 617/1227] 199.204.45.23 () {32 vars in 855 bytes} [Thu May 21 15:55:17 2026] GET /resource_providers/735cf75e-b2e8-41c5-8684-fb90f9e439ff/allocations => generated 253 bytes in 18 msecs (HTTP/1.1 200) 6 headers in 224 bytes (1 switches on core 0)
2026-05-21 15:55:17.846 8 INFO placement.requestlog [req-2449a8bc-bb7c-4f61-adb6-d71527087931 req-32e1ce2b-0bc4-4938-b920-e18dcfa10d4d b45074dd3859410ab9446d47a4cde758 a07b773054f04a10b1223bf04805da9e - - 67e7eb199b0b415cb686fcb3c1f61129 67e7eb199b0b415cb686fcb3c1f61129] 199.204.45.23 "GET /allocations/b596f301-9431-46fb-ba54-6a323172d15f" status: 200 len: 258 microversion: 1.28 [pid: 8|app: 0|req: 611/1228] 199.204.45.23 () {34 vars in 861 bytes} [Thu May 21 15:55:17 2026] GET /allocations/b596f301-9431-46fb-ba54-6a323172d15f => generated 258 bytes in 14 msecs (HTTP/1.1 200) 8 headers in 296 bytes (1 switches on core 0)
2026-05-21 15:55:17.865 7 INFO placement.requestlog [req-2449a8bc-bb7c-4f61-adb6-d71527087931 req-e4c74cbf-3067-43bf-ae76-98ea7f56887a b45074dd3859410ab9446d47a4cde758 a07b773054f04a10b1223bf04805da9e - - 67e7eb199b0b415cb686fcb3c1f61129 67e7eb199b0b415cb686fcb3c1f61129] 199.204.45.23 "GET /allocations/69ba642e-24ed-4d59-b724-8433359f80af" status: 200 len: 258 microversion: 1.28 [pid: 7|app: 0|req: 618/1229] 199.204.45.23 () {34 vars in 861 bytes} [Thu May 21 15:55:17 2026] GET /allocations/69ba642e-24ed-4d59-b724-8433359f80af => generated 258 bytes in 13 msecs (HTTP/1.1 200) 8 headers in 296 bytes (1 switches on core 0)
2026-05-21 15:55:18.919 8 INFO placement.requestlog [req-2449a8bc-bb7c-4f61-adb6-d71527087931 req-09fce8fe-d4d7-4f2c-80eb-c8fa710014d9 b45074dd3859410ab9446d47a4cde758 a07b773054f04a10b1223bf04805da9e - - 67e7eb199b0b415cb686fcb3c1f61129 67e7eb199b0b415cb686fcb3c1f61129] 199.204.45.23 "DELETE /allocations/69ba642e-24ed-4d59-b724-8433359f80af" status: 204 len: 0 microversion: 1.0 [pid: 8|app: 0|req: 612/1230] 199.204.45.23 () {34 vars in 839 bytes} [Thu May 21 15:55:18 2026] DELETE /allocations/69ba642e-24ed-4d59-b724-8433359f80af => generated 0 bytes in 26 msecs (HTTP/1.1 204) 5 headers in 198 bytes (1 switches on core 0)
2026-05-21 15:55:22.404 8 INFO placement.requestlog [None req-67a86aa0-61ed-4b44-9bd1-764871e0e345 - - - - - -] 10.0.0.227 "GET /" status: 200 len: 136 microversion: 1.0
2026-05-21 15:55:22.404 7 INFO placement.requestlog [None req-0845f560-9caa-4d50-82c1-9dc7bca06386 - - - - - -] 10.0.0.227 "GET /" status: 200 len: 136 microversion: 1.0
2026-05-21 15:55:28.613 8 INFO placement.requestlog [req-986e7584-5284-4a2a-b227-177cd9b1fe36 req-3d665768-e12d-4aa3-a3d1-77bd19d2d978 b45074dd3859410ab9446d47a4cde758 a07b773054f04a10b1223bf04805da9e - - 67e7eb199b0b415cb686fcb3c1f61129 67e7eb199b0b415cb686fcb3c1f61129] 199.204.45.23 "GET /resource_providers/735cf75e-b2e8-41c5-8684-fb90f9e439ff/allocations" status: 200 len: 153 microversion: 1.0 [pid: 8|app: 0|req: 614/1233] 199.204.45.23 () {32 vars in 855 bytes} [Thu May 21 15:55:28 2026] GET /resource_providers/735cf75e-b2e8-41c5-8684-fb90f9e439ff/allocations => generated 153 bytes in 16 msecs (HTTP/1.1 200) 6 headers in 224 bytes (1 switches on core 0)
2026-05-21 15:55:28.633 7 INFO placement.requestlog [req-986e7584-5284-4a2a-b227-177cd9b1fe36 req-627c8f6b-3209-4542-abcd-a4c227a93d21 b45074dd3859410ab9446d47a4cde758 a07b773054f04a10b1223bf04805da9e - - 67e7eb199b0b415cb686fcb3c1f61129 67e7eb199b0b415cb686fcb3c1f61129] 199.204.45.23 "GET /allocations/b596f301-9431-46fb-ba54-6a323172d15f" status: 200 len: 258 microversion: 1.28 [pid: 7|app: 0|req: 620/1234] 199.204.45.23 () {34 vars in 861 bytes} [Thu May 21 15:55:28 2026] GET /allocations/b596f301-9431-46fb-ba54-6a323172d15f => generated 258 bytes in 14 msecs (HTTP/1.1 200) 8 headers in 296 bytes (1 switches on core 0)
2026-05-21 15:55:29.682 8 INFO placement.requestlog [req-986e7584-5284-4a2a-b227-177cd9b1fe36 req-5ab50431-19dc-4bbf-881a-481d2216baef b45074dd3859410ab9446d47a4cde758 a07b773054f04a10b1223bf04805da9e - - 67e7eb199b0b415cb686fcb3c1f61129 67e7eb199b0b415cb686fcb3c1f61129] 199.204.45.23 "DELETE /allocations/b596f301-9431-46fb-ba54-6a323172d15f" status: 204 len: 0 microversion: 1.0 [pid: 8|app: 0|req: 615/1235] 199.204.45.23 () {34 vars in 839 bytes} [Thu May 21 15:55:29 2026] DELETE /allocations/b596f301-9431-46fb-ba54-6a323172d15f => generated 0 bytes in 24 msecs (HTTP/1.1 204) 5 headers in 198 bytes (1 switches on core 0)
2026-05-21 15:55:32.403 8 INFO placement.requestlog [None req-1459a63d-180a-4473-9ed4-7136c2329ccd - - - - - -] 10.0.0.227 "GET /" status: 200 len: 136 microversion: 1.0
2026-05-21 15:55:32.404 7 INFO placement.requestlog [None req-354a14bd-528c-4ad1-9a1c-04df2705e723 - - - - - -] 10.0.0.227 "GET /" status: 200 len: 136 microversion: 1.0
2026-05-21 15:55:40.691 8 INFO placement.requestlog [None req-580fa3c3-daf7-4332-b344-d0bd3153a671 04721697fe854e1686581b9f31d36408 a07b773054f04a10b1223bf04805da9e - - 67e7eb199b0b415cb686fcb3c1f61129 67e7eb199b0b415cb686fcb3c1f61129] 10.0.0.165 "GET /resource_providers/25a2d8ca-c329-46df-a0a6-df76fa75d860/aggregates" status: 404 len: 235 microversion: 1.1 [pid: 8|app: 0|req: 617/1238] 10.0.0.165 () {32 vars in 815 bytes} [Thu May 21 15:55:40 2026] GET /resource_providers/25a2d8ca-c329-46df-a0a6-df76fa75d860/aggregates => generated 235 bytes in 10 msecs (HTTP/1.1 404) 5 headers in 202 bytes (1 switches on core 0)
2026-05-21 15:55:40.698 7 INFO placement.requestlog [None req-16ba1f28-6a5b-4328-bc6b-22294ced6d0f 04721697fe854e1686581b9f31d36408 a07b773054f04a10b1223bf04805da9e - - 67e7eb199b0b415cb686fcb3c1f61129 67e7eb199b0b415cb686fcb3c1f61129] 10.0.0.165 "GET /resource_providers/25a2d8ca-c329-46df-a0a6-df76fa75d860/aggregates" status: 404 len: 235 microversion: 1.1 [pid: 7|app: 0|req: 622/1239] 10.0.0.165 () {32 vars in 815 bytes} [Thu May 21 15:55:40 2026] GET /resource_providers/25a2d8ca-c329-46df-a0a6-df76fa75d860/aggregates => generated 235 bytes in 10 msecs (HTTP/1.1 404) 5 headers in 202 bytes (1 switches on core 0)
2026-05-21 15:55:40.711 8 INFO placement.requestlog [None req-2c517e94-7a39-47b2-8af0-b467690ce662 04721697fe854e1686581b9f31d36408 a07b773054f04a10b1223bf04805da9e - - 67e7eb199b0b415cb686fcb3c1f61129 67e7eb199b0b415cb686fcb3c1f61129] 10.0.0.165 "DELETE /resource_providers/25a2d8ca-c329-46df-a0a6-df76fa75d860" status: 404 len: 246 microversion: 1.1 [pid: 8|app: 0|req: 618/1240] 10.0.0.165 () {34 vars in 815 bytes} [Thu May 21 15:55:40 2026] DELETE /resource_providers/25a2d8ca-c329-46df-a0a6-df76fa75d860 => generated 246 bytes in 10 msecs (HTTP/1.1 404) 6 headers in 231 bytes (1 switches on core 0)
2026-05-21 15:55:40.722 7 INFO placement.requestlog [None req-e76724e5-d2d8-4100-894f-a84fd3492548 04721697fe854e1686581b9f31d36408 a07b773054f04a10b1223bf04805da9e - - 67e7eb199b0b415cb686fcb3c1f61129 67e7eb199b0b415cb686fcb3c1f61129] 10.0.0.165 "DELETE /resource_providers/25a2d8ca-c329-46df-a0a6-df76fa75d860" status: 404 len: 246 microversion: 1.1 [pid: 7|app: 0|req: 623/1241] 10.0.0.165 () {34 vars in 815 bytes} [Thu May 21 15:55:40 2026] DELETE /resource_providers/25a2d8ca-c329-46df-a0a6-df76fa75d860 => generated 246 bytes in 11 msecs (HTTP/1.1 404) 6 headers in 231 bytes (1 switches on core 0)
2026-05-21 15:55:42.404 8 INFO placement.requestlog [None req-c075a0c7-79cb-4c7c-b26d-85a2cd8ed781 - - - - - -] 10.0.0.227 "GET /" status: 200 len: 136 microversion: 1.0
