Feb 25 03:13:52.159319 np0000156874 neutron-periodic-workers[104887]: DEBUG cotyledon.oslo_config_glue [-] network_log.rate_limit = 100 {{(pid=104887) log_opt_values /opt/stack/data/venv/lib/python3.12/site-packages/oslo_config/cfg.py:3006}}
Feb 25 03:13:52.159319 np0000156874 neutron-periodic-workers[104887]: DEBUG cotyledon.oslo_config_glue [-] database.asyncio_connection = **** {{(pid=104887) log_opt_values /opt/stack/data/venv/lib/python3.12/site-packages/oslo_config/cfg.py:3006}}
Feb 25 03:13:52.159319 np0000156874 neutron-periodic-workers[104887]: DEBUG cotyledon.oslo_config_glue [-] database.asyncio_slave_connection = **** {{(pid=104887) log_opt_values /opt/stack/data/venv/lib/python3.12/site-packages/oslo_config/cfg.py:3006}}
Feb 25 03:13:52.159319 np0000156874 neutron-periodic-workers[104887]: DEBUG cotyledon.oslo_config_glue [-] database.backend = sqlalchemy {{(pid=104887) log_opt_values /opt/stack/data/venv/lib/python3.12/site-packages/oslo_config/cfg.py:3006}}
Feb 25 03:13:52.159319 np0000156874 neutron-periodic-workers[104887]: DEBUG cotyledon.oslo_config_glue [-] database.connection = **** {{(pid=104887) log_opt_values /opt/stack/data/venv/lib/python3.12/site-packages/oslo_config/cfg.py:3006}}
Feb 25 03:13:52.159691 np0000156874 neutron-periodic-workers[104887]: DEBUG cotyledon.oslo_config_glue [-] database.connection_debug = 0 {{(pid=104887) log_opt_values /opt/stack/data/venv/lib/python3.12/site-packages/oslo_config/cfg.py:3006}}
Feb 25 03:13:52.159691 np0000156874 neutron-periodic-workers[104887]: DEBUG cotyledon.oslo_config_glue [-] database.connection_parameters = {{(pid=104887) log_opt_values /opt/stack/data/venv/lib/python3.12/site-packages/oslo_config/cfg.py:3006}}
Feb 25 03:13:52.159691 np0000156874 neutron-periodic-workers[104887]: DEBUG cotyledon.oslo_config_glue [-] database.connection_recycle_time = 3600 {{(pid=104887) log_opt_values /opt/stack/data/venv/lib/python3.12/site-packages/oslo_config/cfg.py:3006}}
Feb 25 03:13:52.159691 np0000156874 neutron-periodic-workers[104887]: DEBUG cotyledon.oslo_config_glue [-] database.connection_trace = False {{(pid=104887) log_opt_values /opt/stack/data/venv/lib/python3.12/site-packages/oslo_config/cfg.py:3006}}
Feb 25 03:13:52.159691 np0000156874 neutron-periodic-workers[104887]: DEBUG cotyledon.oslo_config_glue [-] database.db_inc_retry_interval = True {{(pid=104887) log_opt_values /opt/stack/data/venv/lib/python3.12/site-packages/oslo_config/cfg.py:3006}}
Feb 25 03:13:52.159691 np0000156874 neutron-periodic-workers[104887]: DEBUG cotyledon.oslo_config_glue [-] database.db_max_retries = 20 {{(pid=104887) log_opt_values /opt/stack/data/venv/lib/python3.12/site-packages/oslo_config/cfg.py:3006}}
Feb 25 03:13:52.159691 np0000156874 neutron-periodic-workers[104887]: DEBUG cotyledon.oslo_config_glue [-] database.db_max_retry_interval = 10 {{(pid=104887) log_opt_values /opt/stack/data/venv/lib/python3.12/site-packages/oslo_config/cfg.py:3006}}
Feb 25 03:13:52.159691 np0000156874 neutron-periodic-workers[104887]: DEBUG cotyledon.oslo_config_glue [-] database.db_retry_interval = 1 {{(pid=104887) log_opt_values /opt/stack/data/venv/lib/python3.12/site-packages/oslo_config/cfg.py:3006}}
Feb 25 03:13:52.159691 np0000156874 neutron-periodic-workers[104887]: DEBUG cotyledon.oslo_config_glue [-] database.max_overflow = 50 {{(pid=104887) log_opt_values /opt/stack/data/venv/lib/python3.12/site-packages/oslo_config/cfg.py:3006}}
Feb 25 03:13:52.160046 np0000156874 neutron-periodic-workers[104887]: DEBUG cotyledon.oslo_config_glue [-] database.max_pool_size = 5 {{(pid=104887) log_opt_values /opt/stack/data/venv/lib/python3.12/site-packages/oslo_config/cfg.py:3006}}
Feb 25 03:13:52.160046 np0000156874 neutron-periodic-workers[104887]: DEBUG cotyledon.oslo_config_glue [-] database.max_retries = 10 {{(pid=104887) log_opt_values /opt/stack/data/venv/lib/python3.12/site-packages/oslo_config/cfg.py:3006}}
Feb 25 03:13:52.160046 np0000156874 neutron-periodic-workers[104887]: DEBUG cotyledon.oslo_config_glue [-] database.mysql_sql_mode = TRADITIONAL {{(pid=104887) log_opt_values /opt/stack/data/venv/lib/python3.12/site-packages/oslo_config/cfg.py:3006}}
Feb 25 03:13:52.160046 np0000156874 neutron-periodic-workers[104887]: DEBUG cotyledon.oslo_config_glue [-] database.mysql_wsrep_sync_wait = None {{(pid=104887) log_opt_values /opt/stack/data/venv/lib/python3.12/site-packages/oslo_config/cfg.py:3006}}
Feb 25 03:13:52.160046 np0000156874 neutron-periodic-workers[104887]: DEBUG cotyledon.oslo_config_glue [-] database.pool_timeout = None {{(pid=104887) log_opt_values /opt/stack/data/venv/lib/python3.12/site-packages/oslo_config/cfg.py:3006}}
Feb 25 03:13:52.160046 np0000156874 neutron-periodic-workers[104887]: DEBUG cotyledon.oslo_config_glue [-] database.retry_interval = 10 {{(pid=104887) log_opt_values /opt/stack/data/venv/lib/python3.12/site-packages/oslo_config/cfg.py:3006}}
Feb 25 03:13:52.160046 np0000156874 neutron-periodic-workers[104887]: DEBUG cotyledon.oslo_config_glue [-] database.slave_connection = **** {{(pid=104887) log_opt_values /opt/stack/data/venv/lib/python3.12/site-packages/oslo_config/cfg.py:3006}}
Feb 25 03:13:52.160046 np0000156874 neutron-periodic-workers[104887]: DEBUG cotyledon.oslo_config_glue [-] database.sqlite_synchronous = True {{(pid=104887) log_opt_values /opt/stack/data/venv/lib/python3.12/site-packages/oslo_config/cfg.py:3006}}
Feb 25 03:13:52.160046 np0000156874 neutron-periodic-workers[104887]: DEBUG cotyledon.oslo_config_glue [-] database.synchronous_reader = True {{(pid=104887) log_opt_values /opt/stack/data/venv/lib/python3.12/site-packages/oslo_config/cfg.py:3006}}
Feb 25 03:13:52.160378 np0000156874 neutron-periodic-workers[104887]: DEBUG cotyledon.oslo_config_glue [-] database.use_db_reconnect = False {{(pid=104887) log_opt_values /opt/stack/data/venv/lib/python3.12/site-packages/oslo_config/cfg.py:3006}}
Feb 25 03:13:52.160378 np0000156874 neutron-periodic-workers[104887]: DEBUG cotyledon.oslo_config_glue [-] ovn.broadcast_arps_to_all_routers = True {{(pid=104887) log_opt_values /opt/stack/data/venv/lib/python3.12/site-packages/oslo_config/cfg.py:3006}}
Feb 25 03:13:52.160378 np0000156874 neutron-periodic-workers[104887]: DEBUG cotyledon.oslo_config_glue [-] ovn.dhcp_default_lease_time = 43200 {{(pid=104887) log_opt_values /opt/stack/data/venv/lib/python3.12/site-packages/oslo_config/cfg.py:3006}}
Feb 25 03:13:52.160378 np0000156874 neutron-periodic-workers[104887]: DEBUG cotyledon.oslo_config_glue [-] ovn.disable_ovn_dhcp_for_baremetal_ports = False {{(pid=104887) log_opt_values /opt/stack/data/venv/lib/python3.12/site-packages/oslo_config/cfg.py:3006}}
Feb 25 03:13:52.160378 np0000156874 neutron-periodic-workers[104887]: DEBUG cotyledon.oslo_config_glue [-] ovn.dns_records_ovn_owned = False {{(pid=104887) log_opt_values /opt/stack/data/venv/lib/python3.12/site-packages/oslo_config/cfg.py:3006}}
Feb 25 03:13:52.160378 np0000156874 neutron-periodic-workers[104887]: DEBUG cotyledon.oslo_config_glue [-] ovn.dns_servers = [] {{(pid=104887) log_opt_values /opt/stack/data/venv/lib/python3.12/site-packages/oslo_config/cfg.py:3006}}
Feb 25 03:13:52.160378 np0000156874 neutron-periodic-workers[104887]: DEBUG cotyledon.oslo_config_glue [-] ovn.enable_distributed_floating_ip = False {{(pid=104887) log_opt_values /opt/stack/data/venv/lib/python3.12/site-packages/oslo_config/cfg.py:3006}}
Feb 25 03:13:52.160378 np0000156874 neutron-periodic-workers[104887]: DEBUG cotyledon.oslo_config_glue [-] ovn.fdb_age_threshold = 0 {{(pid=104887) log_opt_values /opt/stack/data/venv/lib/python3.12/site-packages/oslo_config/cfg.py:3006}}
Feb 25 03:13:52.160378 np0000156874 neutron-periodic-workers[104887]: DEBUG cotyledon.oslo_config_glue [-] ovn.live_migration_activation_strategy = rarp {{(pid=104887) log_opt_values /opt/stack/data/venv/lib/python3.12/site-packages/oslo_config/cfg.py:3006}}
Feb 25 03:13:52.160764 np0000156874 neutron-periodic-workers[104887]: DEBUG cotyledon.oslo_config_glue [-] ovn.localnet_learn_fdb = False {{(pid=104887) log_opt_values /opt/stack/data/venv/lib/python3.12/site-packages/oslo_config/cfg.py:3006}}
Feb 25 03:13:52.160764 np0000156874 neutron-periodic-workers[104887]: DEBUG cotyledon.oslo_config_glue [-] ovn.mac_binding_age_threshold = 0 {{(pid=104887) log_opt_values /opt/stack/data/venv/lib/python3.12/site-packages/oslo_config/cfg.py:3006}}
Feb 25 03:13:52.160764 np0000156874 neutron-periodic-workers[104887]: DEBUG cotyledon.oslo_config_glue [-] ovn.neutron_sync_mode = log {{(pid=104887) log_opt_values /opt/stack/data/venv/lib/python3.12/site-packages/oslo_config/cfg.py:3006}}
Feb 25 03:13:52.160764 np0000156874 neutron-periodic-workers[104887]: DEBUG cotyledon.oslo_config_glue [-] ovn.ovn_dhcp4_global_options = {} {{(pid=104887) log_opt_values /opt/stack/data/venv/lib/python3.12/site-packages/oslo_config/cfg.py:3006}}
Feb 25 03:13:52.160764 np0000156874 neutron-periodic-workers[104887]: DEBUG cotyledon.oslo_config_glue [-] ovn.ovn_dhcp6_global_options = {} {{(pid=104887) log_opt_values /opt/stack/data/venv/lib/python3.12/site-packages/oslo_config/cfg.py:3006}}
Feb 25 03:13:52.160764 np0000156874 neutron-periodic-workers[104887]: DEBUG cotyledon.oslo_config_glue [-] ovn.ovn_l3_scheduler = leastloaded {{(pid=104887) log_opt_values /opt/stack/data/venv/lib/python3.12/site-packages/oslo_config/cfg.py:3006}}
Feb 25 03:13:52.160764 np0000156874 neutron-periodic-workers[104887]: DEBUG cotyledon.oslo_config_glue [-] ovn.ovn_metadata_enabled = True {{(pid=104887) log_opt_values /opt/stack/data/venv/lib/python3.12/site-packages/oslo_config/cfg.py:3006}}
Feb 25 03:13:52.160764 np0000156874 neutron-periodic-workers[104887]: DEBUG cotyledon.oslo_config_glue [-] ovn.ovn_nb_ca_cert = /opt/stack/data/CA/int-ca/ca-chain.pem {{(pid=104887) log_opt_values /opt/stack/data/venv/lib/python3.12/site-packages/oslo_config/cfg.py:3006}}
Feb 25 03:13:52.160764 np0000156874 neutron-periodic-workers[104887]: DEBUG cotyledon.oslo_config_glue [-] ovn.ovn_nb_certificate = /opt/stack/data/CA/int-ca/devstack-cert.crt {{(pid=104887) log_opt_values /opt/stack/data/venv/lib/python3.12/site-packages/oslo_config/cfg.py:3006}}
Feb 25 03:13:52.161137 np0000156874 neutron-periodic-workers[104887]: DEBUG cotyledon.oslo_config_glue [-] ovn.ovn_nb_connection = ['ssl:162.253.55.74:6641'] {{(pid=104887) log_opt_values /opt/stack/data/venv/lib/python3.12/site-packages/oslo_config/cfg.py:3006}}
Feb 25 03:13:52.161137 np0000156874 neutron-periodic-workers[104887]: DEBUG cotyledon.oslo_config_glue [-] ovn.ovn_nb_private_key = /opt/stack/data/CA/int-ca/private/devstack-cert.key {{(pid=104887) log_opt_values /opt/stack/data/venv/lib/python3.12/site-packages/oslo_config/cfg.py:3006}}
Feb 25 03:13:52.161137 np0000156874 neutron-periodic-workers[104887]: DEBUG cotyledon.oslo_config_glue [-] ovn.ovn_router_indirect_snat = False {{(pid=104887) log_opt_values /opt/stack/data/venv/lib/python3.12/site-packages/oslo_config/cfg.py:3006}}
Feb 25 03:13:52.161137 np0000156874 neutron-periodic-workers[104887]: DEBUG cotyledon.oslo_config_glue [-] ovn.ovn_sb_ca_cert = /opt/stack/data/CA/int-ca/ca-chain.pem {{(pid=104887) log_opt_values /opt/stack/data/venv/lib/python3.12/site-packages/oslo_config/cfg.py:3006}}
Feb 25 03:13:52.161137 np0000156874 neutron-periodic-workers[104887]: DEBUG cotyledon.oslo_config_glue [-] ovn.ovn_sb_certificate = /opt/stack/data/CA/int-ca/devstack-cert.crt {{(pid=104887) log_opt_values /opt/stack/data/venv/lib/python3.12/site-packages/oslo_config/cfg.py:3006}}
Feb 25 03:13:52.161137 np0000156874 neutron-periodic-workers[104887]: DEBUG cotyledon.oslo_config_glue [-] ovn.ovn_sb_connection = ['ssl:162.253.55.74:6642'] {{(pid=104887) log_opt_values /opt/stack/data/venv/lib/python3.12/site-packages/oslo_config/cfg.py:3006}}
Feb 25 03:13:52.161137 np0000156874 neutron-periodic-workers[104887]: DEBUG cotyledon.oslo_config_glue [-] ovn.ovn_sb_private_key = /opt/stack/data/CA/int-ca/private/devstack-cert.key {{(pid=104887) log_opt_values /opt/stack/data/venv/lib/python3.12/site-packages/oslo_config/cfg.py:3006}}
Feb 25 03:13:52.161137 np0000156874 neutron-periodic-workers[104887]: DEBUG cotyledon.oslo_config_glue [-] ovn.ovs_create_tap = False {{(pid=104887) log_opt_values /opt/stack/data/venv/lib/python3.12/site-packages/oslo_config/cfg.py:3006}}
Feb 25 03:13:52.161386 np0000156874 neutron-periodic-workers[104887]: DEBUG cotyledon.oslo_config_glue [-] ovn.ovsdb_connection_timeout = 180 {{(pid=104887) log_opt_values /opt/stack/data/venv/lib/python3.12/site-packages/oslo_config/cfg.py:3006}}
Feb 25 03:13:52.161386 np0000156874 neutron-periodic-workers[104887]: DEBUG cotyledon.oslo_config_glue [-] ovn.ovsdb_log_level = INFO {{(pid=104887) log_opt_values /opt/stack/data/venv/lib/python3.12/site-packages/oslo_config/cfg.py:3006}}
Feb 25 03:13:52.161386 np0000156874 neutron-periodic-workers[104887]: DEBUG cotyledon.oslo_config_glue [-] ovn.ovsdb_probe_interval = 60000 {{(pid=104887) log_opt_values /opt/stack/data/venv/lib/python3.12/site-packages/oslo_config/cfg.py:3006}}
Feb 25 03:13:52.161386 np0000156874 neutron-periodic-workers[104887]: DEBUG cotyledon.oslo_config_glue [-] ovn.ovsdb_retry_max_interval = 180 {{(pid=104887) log_opt_values /opt/stack/data/venv/lib/python3.12/site-packages/oslo_config/cfg.py:3006}}
Feb 25 03:13:52.161386 np0000156874 neutron-periodic-workers[104887]: DEBUG cotyledon.oslo_config_glue [-] ovn.stateless_nat_enabled = False {{(pid=104887) log_opt_values /opt/stack/data/venv/lib/python3.12/site-packages/oslo_config/cfg.py:3006}}
Feb 25 03:13:52.161386 np0000156874 neutron-periodic-workers[104887]: DEBUG cotyledon.oslo_config_glue [-] ovn.vhost_sock_dir = /var/run/openvswitch {{(pid=104887) log_opt_values /opt/stack/data/venv/lib/python3.12/site-packages/oslo_config/cfg.py:3006}}
Feb 25 03:13:52.161386 np0000156874 neutron-periodic-workers[104887]: DEBUG cotyledon.oslo_config_glue [-] OVS.bridge_mac_table_size = 50000 {{(pid=104887) log_opt_values /opt/stack/data/venv/lib/python3.12/site-packages/oslo_config/cfg.py:3006}}
Feb 25 03:13:52.161386 np0000156874 neutron-periodic-workers[104887]: DEBUG cotyledon.oslo_config_glue [-] OVS.igmp_flood = False {{(pid=104887) log_opt_values /opt/stack/data/venv/lib/python3.12/site-packages/oslo_config/cfg.py:3006}}
Feb 25 03:13:52.161386 np0000156874 neutron-periodic-workers[104887]: DEBUG cotyledon.oslo_config_glue [-] OVS.igmp_flood_reports = True {{(pid=104887) log_opt_values /opt/stack/data/venv/lib/python3.12/site-packages/oslo_config/cfg.py:3006}}
Feb 25 03:13:52.161733 np0000156874 neutron-periodic-workers[104887]: DEBUG cotyledon.oslo_config_glue [-] OVS.igmp_flood_unregistered = False {{(pid=104887) log_opt_values /opt/stack/data/venv/lib/python3.12/site-packages/oslo_config/cfg.py:3006}}
Feb 25 03:13:52.161733 np0000156874 neutron-periodic-workers[104887]: DEBUG cotyledon.oslo_config_glue [-] OVS.igmp_snooping_enable = False {{(pid=104887) log_opt_values /opt/stack/data/venv/lib/python3.12/site-packages/oslo_config/cfg.py:3006}}
Feb 25 03:13:52.161733 np0000156874 neutron-periodic-workers[104887]: DEBUG cotyledon.oslo_config_glue [-] OVS.ovsdb_timeout = 10 {{(pid=104887) log_opt_values /opt/stack/data/venv/lib/python3.12/site-packages/oslo_config/cfg.py:3006}}
Feb 25 03:13:52.161733 np0000156874 neutron-periodic-workers[104887]: DEBUG cotyledon.oslo_config_glue [-] ovn_nb_global.fdb_removal_limit = 0 {{(pid=104887) log_opt_values /opt/stack/data/venv/lib/python3.12/site-packages/oslo_config/cfg.py:3006}}
Feb 25 03:13:52.161733 np0000156874 neutron-periodic-workers[104887]: DEBUG cotyledon.oslo_config_glue [-] ovn_nb_global.ignore_lsp_down = False {{(pid=104887) log_opt_values /opt/stack/data/venv/lib/python3.12/site-packages/oslo_config/cfg.py:3006}}
Feb 25 03:13:52.161733 np0000156874 neutron-periodic-workers[104887]: DEBUG cotyledon.oslo_config_glue [-] ovn_nb_global.mac_binding_removal_limit = 0 {{(pid=104887) log_opt_values /opt/stack/data/venv/lib/python3.12/site-packages/oslo_config/cfg.py:3006}}
Feb 25 03:13:52.161733 np0000156874 neutron-periodic-workers[104887]: DEBUG cotyledon.oslo_config_glue [-] ******************************************************************************** {{(pid=104887) log_opt_values /opt/stack/data/venv/lib/python3.12/site-packages/oslo_config/cfg.py:3013}}
Feb 25 03:13:52.161733 np0000156874 neutron-periodic-workers[104887]: DEBUG cotyledon._service_worker [-] Run service ServiceWrapper(0) [104887] {{(pid=104887) wait_forever /opt/stack/data/venv/lib/python3.12/site-packages/cotyledon/_service_worker.py:218}}
Feb 25 03:14:01.648753 np0000156874 neutron-periodic-workers[104147]: DEBUG dbcounter [-] [104147] Writing DB stats neutron:SELECT=4 {{(pid=104147) stat_writer /opt/stack/data/venv/lib/python3.12/site-packages/dbcounter.py:115}}
Feb 25 03:14:40.092953 np0000156874 neutron-periodic-workers[104844]: DEBUG oslo_db.sqlalchemy.engines [None req-dbeb43a8-9a3a-424c-861e-68d8e0d29067 None None] Parent process 104147 forked (104844) with an open database connection, which is being discarded and recreated. {{(pid=104844) checkout /opt/stack/data/venv/lib/python3.12/site-packages/oslo_db/sqlalchemy/engines.py:402}}
Feb 25 03:14:40.101185 np0000156874 neutron-periodic-workers[104844]: DEBUG dbcounter [-] [104844] Writer thread running {{(pid=104844) stat_writer /opt/stack/data/venv/lib/python3.12/site-packages/dbcounter.py:102}}
Feb 25 03:14:40.109368 np0000156874 neutron-periodic-workers[104844]: DEBUG oslo.service.backend._threading.loopingcall [None req-dbeb43a8-9a3a-424c-861e-68d8e0d29067 None None] Fixed interval looping call 'neutron.plugins.ml2.plugin.DhcpAgentSchedulerDbMixin.remove_networks_from_down_agents' sleeping for 36.98 seconds {{(pid=104844) _run_loop /opt/stack/data/venv/lib/python3.12/site-packages/oslo_service/backend/_threading/loopingcall.py:125}}
Feb 25 03:14:43.116727 np0000156874 neutron-periodic-workers[104853]: DEBUG dbcounter [-] [104853] Writer thread running {{(pid=104853) stat_writer /opt/stack/data/venv/lib/python3.12/site-packages/dbcounter.py:102}}
Feb 25 03:14:43.119714 np0000156874 neutron-periodic-workers[104853]: DEBUG neutron.db.agents_db [None req-011fd525-3063-4b0b-873c-cc36517bbd9c None None] Agent healthcheck: found 0 active agents {{(pid=104853) agent_health_check /opt/stack/neutron/neutron/db/agents_db.py:317}}
Feb 25 03:14:43.119876 np0000156874 neutron-periodic-workers[104853]: DEBUG oslo.service.backend._threading.loopingcall [None req-011fd525-3063-4b0b-873c-cc36517bbd9c None None] Fixed interval looping call 'neutron.plugins.ml2.plugin.AgentDbMixin.agent_health_check' sleeping for 36.99 seconds {{(pid=104853) _run_loop /opt/stack/data/venv/lib/python3.12/site-packages/oslo_service/backend/_threading/loopingcall.py:125}}
Feb 25 03:14:50.112253 np0000156874 neutron-periodic-workers[104844]: DEBUG dbcounter [-] [104844] Writing DB stats neutron:SELECT=3 {{(pid=104844) stat_writer /opt/stack/data/venv/lib/python3.12/site-packages/dbcounter.py:115}}
Feb 25 03:14:53.117360 np0000156874 neutron-periodic-workers[104853]: DEBUG dbcounter [-] [104853] Writing DB stats neutron:SELECT=1 {{(pid=104853) stat_writer /opt/stack/data/venv/lib/python3.12/site-packages/dbcounter.py:115}}
Feb 25 03:15:17.100935 np0000156874 neutron-periodic-workers[104844]: DEBUG oslo.service.backend._threading.loopingcall [None req-dbeb43a8-9a3a-424c-861e-68d8e0d29067 None None] Fixed interval looping call 'neutron.plugins.ml2.plugin.DhcpAgentSchedulerDbMixin.remove_networks_from_down_agents' sleeping for 36.99 seconds {{(pid=104844) _run_loop /opt/stack/data/venv/lib/python3.12/site-packages/oslo_service/backend/_threading/loopingcall.py:125}}
Feb 25 03:15:20.115603 np0000156874 neutron-periodic-workers[104853]: DEBUG neutron.db.agents_db [None req-011fd525-3063-4b0b-873c-cc36517bbd9c None None] Agent healthcheck: found 0 active agents {{(pid=104853) agent_health_check /opt/stack/neutron/neutron/db/agents_db.py:317}}
Feb 25 03:15:20.116393 np0000156874 neutron-periodic-workers[104853]: DEBUG oslo.service.backend._threading.loopingcall [None req-011fd525-3063-4b0b-873c-cc36517bbd9c None None] Fixed interval looping call 'neutron.plugins.ml2.plugin.AgentDbMixin.agent_health_check' sleeping for 36.99 seconds {{(pid=104853) _run_loop /opt/stack/data/venv/lib/python3.12/site-packages/oslo_service/backend/_threading/loopingcall.py:125}}
Feb 25 03:15:27.099955 np0000156874 neutron-periodic-workers[104844]: DEBUG dbcounter [-] [104844] Writing DB stats neutron:SELECT=3 {{(pid=104844) stat_writer /opt/stack/data/venv/lib/python3.12/site-packages/dbcounter.py:115}}
Feb 25 03:15:30.113865 np0000156874 neutron-periodic-workers[104853]: DEBUG dbcounter [-] [104853] Writing DB stats neutron:SELECT=1 {{(pid=104853) stat_writer /opt/stack/data/venv/lib/python3.12/site-packages/dbcounter.py:115}}
Feb 25 03:15:52.129017 np0000156874 neutron-periodic-workers[104862]: DEBUG dbcounter [-] [104862] Writer thread running {{(pid=104862) stat_writer /opt/stack/data/venv/lib/python3.12/site-packages/dbcounter.py:102}}
Feb 25 03:15:52.135154 np0000156874 neutron-periodic-workers[104862]: DEBUG oslo.service.backend._threading.loopingcall [None req-5a095bdb-527c-4331-bc22-9a3f816c970b None None] Fixed interval looping call 'neutron.db.quota.driver_nolock.DbQuotaNoLockDriver._remove_expired_reservations' sleeping for 119.98 seconds {{(pid=104862) _run_loop /opt/stack/data/venv/lib/python3.12/site-packages/oslo_service/backend/_threading/loopingcall.py:125}}
Feb 25 03:15:54.106877 np0000156874 neutron-periodic-workers[104844]: DEBUG oslo.service.backend._threading.loopingcall [None req-dbeb43a8-9a3a-424c-861e-68d8e0d29067 None None] Fixed interval looping call 'neutron.plugins.ml2.plugin.DhcpAgentSchedulerDbMixin.remove_networks_from_down_agents' sleeping for 36.98 seconds {{(pid=104844) _run_loop /opt/stack/data/venv/lib/python3.12/site-packages/oslo_service/backend/_threading/loopingcall.py:125}}
Feb 25 03:15:57.110712 np0000156874 neutron-periodic-workers[104853]: DEBUG neutron.db.agents_db [None req-011fd525-3063-4b0b-873c-cc36517bbd9c None None] Agent healthcheck: found 0 active agents {{(pid=104853) agent_health_check /opt/stack/neutron/neutron/db/agents_db.py:317}}
Feb 25 03:15:57.111487 np0000156874 neutron-periodic-workers[104853]: DEBUG oslo.service.backend._threading.loopingcall [None req-011fd525-3063-4b0b-873c-cc36517bbd9c None None] Fixed interval looping call 'neutron.plugins.ml2.plugin.AgentDbMixin.agent_health_check' sleeping for 37.00 seconds {{(pid=104853) _run_loop /opt/stack/data/venv/lib/python3.12/site-packages/oslo_service/backend/_threading/loopingcall.py:125}}
Feb 25 03:16:02.129700 np0000156874 neutron-periodic-workers[104862]: DEBUG dbcounter [-] [104862] Writing DB stats neutron:DELETE=1 {{(pid=104862) stat_writer /opt/stack/data/venv/lib/python3.12/site-packages/dbcounter.py:115}}
Feb 25 03:16:04.102023 np0000156874 neutron-periodic-workers[104844]: DEBUG dbcounter [-] [104844] Writing DB stats neutron:SELECT=3 {{(pid=104844) stat_writer /opt/stack/data/venv/lib/python3.12/site-packages/dbcounter.py:115}}
Feb 25 03:16:07.170262 np0000156874 neutron-periodic-workers[104853]: DEBUG dbcounter [-] [104853] Writing DB stats neutron:SELECT=1 {{(pid=104853) stat_writer /opt/stack/data/venv/lib/python3.12/site-packages/dbcounter.py:115}}
Feb 25 03:16:31.097433 np0000156874 neutron-periodic-workers[104844]: DEBUG oslo.service.backend._threading.loopingcall [None req-dbeb43a8-9a3a-424c-861e-68d8e0d29067 None None] Fixed interval looping call 'neutron.plugins.ml2.plugin.DhcpAgentSchedulerDbMixin.remove_networks_from_down_agents' sleeping for 36.99 seconds {{(pid=104844) _run_loop /opt/stack/data/venv/lib/python3.12/site-packages/oslo_service/backend/_threading/loopingcall.py:125}}
Feb 25 03:16:34.117013 np0000156874 neutron-periodic-workers[104853]: DEBUG neutron.db.agents_db [None req-011fd525-3063-4b0b-873c-cc36517bbd9c None None] Agent healthcheck: found 0 active agents {{(pid=104853) agent_health_check /opt/stack/neutron/neutron/db/agents_db.py:317}}
Feb 25 03:16:34.117509 np0000156874 neutron-periodic-workers[104853]: DEBUG oslo.service.backend._threading.loopingcall [None req-011fd525-3063-4b0b-873c-cc36517bbd9c None None] Fixed interval looping call 'neutron.plugins.ml2.plugin.AgentDbMixin.agent_health_check' sleeping for 36.99 seconds {{(pid=104853) _run_loop /opt/stack/data/venv/lib/python3.12/site-packages/oslo_service/backend/_threading/loopingcall.py:125}}
Feb 25 03:16:41.678989 np0000156874 neutron-periodic-workers[104844]: DEBUG dbcounter [-] [104844] Writing DB stats neutron:SELECT=3 {{(pid=104844) stat_writer /opt/stack/data/venv/lib/python3.12/site-packages/dbcounter.py:115}}
Feb 25 03:16:44.115340 np0000156874 neutron-periodic-workers[104853]: DEBUG dbcounter [-] [104853] Writing DB stats neutron:SELECT=1 {{(pid=104853) stat_writer /opt/stack/data/venv/lib/python3.12/site-packages/dbcounter.py:115}}
Feb 25 03:17:08.151525 np0000156874 neutron-periodic-workers[104844]: DEBUG oslo.service.backend._threading.loopingcall [None req-dbeb43a8-9a3a-424c-861e-68d8e0d29067 None None] Fixed interval looping call 'neutron.plugins.ml2.plugin.DhcpAgentSchedulerDbMixin.remove_networks_from_down_agents' sleeping for 36.94 seconds {{(pid=104844) _run_loop /opt/stack/data/venv/lib/python3.12/site-packages/oslo_service/backend/_threading/loopingcall.py:125}}
Feb 25 03:17:11.111307 np0000156874 neutron-periodic-workers[104853]: DEBUG neutron.db.agents_db [None req-011fd525-3063-4b0b-873c-cc36517bbd9c None None] Agent healthcheck: found 0 active agents {{(pid=104853) agent_health_check /opt/stack/neutron/neutron/db/agents_db.py:317}}
Feb 25 03:17:11.111870 np0000156874 neutron-periodic-workers[104853]: DEBUG oslo.service.backend._threading.loopingcall [None req-011fd525-3063-4b0b-873c-cc36517bbd9c None None] Fixed interval looping call 'neutron.plugins.ml2.plugin.AgentDbMixin.agent_health_check' sleeping for 37.00 seconds {{(pid=104853) _run_loop /opt/stack/data/venv/lib/python3.12/site-packages/oslo_service/backend/_threading/loopingcall.py:125}}
Feb 25 03:17:18.150451 np0000156874 neutron-periodic-workers[104844]: DEBUG dbcounter [-] [104844] Writing DB stats neutron:SELECT=3 {{(pid=104844) stat_writer /opt/stack/data/venv/lib/python3.12/site-packages/dbcounter.py:115}}
Feb 25 03:17:21.110543 np0000156874 neutron-periodic-workers[104853]: DEBUG dbcounter [-] [104853] Writing DB stats neutron:SELECT=1 {{(pid=104853) stat_writer /opt/stack/data/venv/lib/python3.12/site-packages/dbcounter.py:115}}
Feb 25 03:17:45.098578 np0000156874 neutron-periodic-workers[104844]: DEBUG oslo.service.backend._threading.loopingcall [None req-dbeb43a8-9a3a-424c-861e-68d8e0d29067 None None] Fixed interval looping call 'neutron.plugins.ml2.plugin.DhcpAgentSchedulerDbMixin.remove_networks_from_down_agents' sleeping for 36.99 seconds {{(pid=104844) _run_loop /opt/stack/data/venv/lib/python3.12/site-packages/oslo_service/backend/_threading/loopingcall.py:125}}
Feb 25 03:17:47.200805 np0000156874 neutron-periodic-workers[104887]: DEBUG dbcounter [-] [104887] Writer thread running {{(pid=104887) stat_writer /opt/stack/data/venv/lib/python3.12/site-packages/dbcounter.py:102}}
Feb 25 03:17:47.218698 np0000156874 neutron-periodic-workers[104887]: DEBUG oslo.service.backend._threading.loopingcall [None req-4e27c4f9-c565-49ae-8a50-9892bec20076 None None] Fixed interval looping call 'neutron.services.ovn_l3.plugin.L3_NAT_dbonly_mixin._clean_garbage' sleeping for 299.94 seconds {{(pid=104887) _run_loop /opt/stack/data/venv/lib/python3.12/site-packages/oslo_service/backend/_threading/loopingcall.py:125}}
Feb 25 03:17:48.116655 np0000156874 neutron-periodic-workers[104853]: DEBUG neutron.db.agents_db [None req-011fd525-3063-4b0b-873c-cc36517bbd9c None None] Agent healthcheck: found 0 active agents {{(pid=104853) agent_health_check /opt/stack/neutron/neutron/db/agents_db.py:317}}
Feb 25 03:17:48.116655 np0000156874 neutron-periodic-workers[104853]: DEBUG oslo.service.backend._threading.loopingcall [None req-011fd525-3063-4b0b-873c-cc36517bbd9c None None] Fixed interval looping call 'neutron.plugins.ml2.plugin.AgentDbMixin.agent_health_check' sleeping for 36.99 seconds {{(pid=104853) _run_loop /opt/stack/data/venv/lib/python3.12/site-packages/oslo_service/backend/_threading/loopingcall.py:125}}
Feb 25 03:17:52.119825 np0000156874 neutron-periodic-workers[104862]: DEBUG oslo.service.backend._threading.loopingcall [None req-5a095bdb-527c-4331-bc22-9a3f816c970b None None] Fixed interval looping call 'neutron.db.quota.driver_nolock.DbQuotaNoLockDriver._remove_expired_reservations' sleeping for 120.00 seconds {{(pid=104862) _run_loop /opt/stack/data/venv/lib/python3.12/site-packages/oslo_service/backend/_threading/loopingcall.py:125}}
Feb 25 03:17:55.097226 np0000156874 neutron-periodic-workers[104844]: DEBUG dbcounter [-] [104844] Writing DB stats neutron:SELECT=3 {{(pid=104844) stat_writer /opt/stack/data/venv/lib/python3.12/site-packages/dbcounter.py:115}}
Feb 25 03:17:57.201552 np0000156874 neutron-periodic-workers[104887]: DEBUG dbcounter [-] [104887] Writing DB stats neutron:SELECT=1 {{(pid=104887) stat_writer /opt/stack/data/venv/lib/python3.12/site-packages/dbcounter.py:115}}
Feb 25 03:17:58.115783 np0000156874 neutron-periodic-workers[104853]: DEBUG dbcounter [-] [104853] Writing DB stats neutron:SELECT=1 {{(pid=104853) stat_writer /opt/stack/data/venv/lib/python3.12/site-packages/dbcounter.py:115}}
Feb 25 03:18:02.118849 np0000156874 neutron-periodic-workers[104862]: DEBUG dbcounter [-] [104862] Writing DB stats neutron:DELETE=1 {{(pid=104862) stat_writer /opt/stack/data/venv/lib/python3.12/site-packages/dbcounter.py:115}}
Feb 25 03:18:22.095779 np0000156874 neutron-periodic-workers[104844]: DEBUG oslo.service.backend._threading.loopingcall [None req-dbeb43a8-9a3a-424c-861e-68d8e0d29067 None None] Fixed interval looping call 'neutron.plugins.ml2.plugin.DhcpAgentSchedulerDbMixin.remove_networks_from_down_agents' sleeping for 36.99 seconds {{(pid=104844) _run_loop /opt/stack/data/venv/lib/python3.12/site-packages/oslo_service/backend/_threading/loopingcall.py:125}}
Feb 25 03:18:25.134527 np0000156874 neutron-periodic-workers[104853]: DEBUG neutron.db.agents_db [None req-011fd525-3063-4b0b-873c-cc36517bbd9c None None] Agent healthcheck: found 0 active agents {{(pid=104853) agent_health_check /opt/stack/neutron/neutron/db/agents_db.py:317}}
Feb 25 03:18:25.134812 np0000156874 neutron-periodic-workers[104853]: DEBUG oslo.service.backend._threading.loopingcall [None req-011fd525-3063-4b0b-873c-cc36517bbd9c None None] Fixed interval looping call 'neutron.plugins.ml2.plugin.AgentDbMixin.agent_health_check' sleeping for 36.99 seconds {{(pid=104853) _run_loop /opt/stack/data/venv/lib/python3.12/site-packages/oslo_service/backend/_threading/loopingcall.py:125}}
Feb 25 03:18:32.094782 np0000156874 neutron-periodic-workers[104844]: DEBUG dbcounter [-] [104844] Writing DB stats neutron:SELECT=3 {{(pid=104844) stat_writer /opt/stack/data/venv/lib/python3.12/site-packages/dbcounter.py:115}}
Feb 25 03:18:35.135139 np0000156874 neutron-periodic-workers[104853]: DEBUG dbcounter [-] [104853] Writing DB stats neutron:SELECT=1 {{(pid=104853) stat_writer /opt/stack/data/venv/lib/python3.12/site-packages/dbcounter.py:115}}
Feb 25 03:18:59.096190 np0000156874 neutron-periodic-workers[104844]: DEBUG oslo.service.backend._threading.loopingcall [None req-dbeb43a8-9a3a-424c-861e-68d8e0d29067 None None] Fixed interval looping call 'neutron.plugins.ml2.plugin.DhcpAgentSchedulerDbMixin.remove_networks_from_down_agents' sleeping for 36.99 seconds {{(pid=104844) _run_loop /opt/stack/data/venv/lib/python3.12/site-packages/oslo_service/backend/_threading/loopingcall.py:125}}
Feb 25 03:19:02.129833 np0000156874 neutron-periodic-workers[104853]: DEBUG neutron.db.agents_db [None req-011fd525-3063-4b0b-873c-cc36517bbd9c None None] Agent healthcheck: found 0 active agents {{(pid=104853) agent_health_check /opt/stack/neutron/neutron/db/agents_db.py:317}}
Feb 25 03:19:02.130225 np0000156874 neutron-periodic-workers[104853]: DEBUG oslo.service.backend._threading.loopingcall [None req-011fd525-3063-4b0b-873c-cc36517bbd9c None None] Fixed interval looping call 'neutron.plugins.ml2.plugin.AgentDbMixin.agent_health_check' sleeping for 37.00 seconds {{(pid=104853) _run_loop /opt/stack/data/venv/lib/python3.12/site-packages/oslo_service/backend/_threading/loopingcall.py:125}}
Feb 25 03:19:09.093734 np0000156874 neutron-periodic-workers[104844]: DEBUG dbcounter [-] [104844] Writing DB stats neutron:SELECT=3 {{(pid=104844) stat_writer /opt/stack/data/venv/lib/python3.12/site-packages/dbcounter.py:115}}
Feb 25 03:19:12.128377 np0000156874 neutron-periodic-workers[104853]: DEBUG dbcounter [-] [104853] Writing DB stats neutron:SELECT=1 {{(pid=104853) stat_writer /opt/stack/data/venv/lib/python3.12/site-packages/dbcounter.py:115}}
Feb 25 03:19:36.097126 np0000156874 neutron-periodic-workers[104844]: DEBUG oslo.service.backend._threading.loopingcall [None req-dbeb43a8-9a3a-424c-861e-68d8e0d29067 None None] Fixed interval looping call 'neutron.plugins.ml2.plugin.DhcpAgentSchedulerDbMixin.remove_networks_from_down_agents' sleeping for 36.99 seconds {{(pid=104844) _run_loop /opt/stack/data/venv/lib/python3.12/site-packages/oslo_service/backend/_threading/loopingcall.py:125}}
Feb 25 03:19:39.136515 np0000156874 neutron-periodic-workers[104853]: DEBUG neutron.db.agents_db [None req-011fd525-3063-4b0b-873c-cc36517bbd9c None None] Agent healthcheck: found 0 active agents {{(pid=104853) agent_health_check /opt/stack/neutron/neutron/db/agents_db.py:317}}
Feb 25 03:19:39.137261 np0000156874 neutron-periodic-workers[104853]: DEBUG oslo.service.backend._threading.loopingcall [None req-011fd525-3063-4b0b-873c-cc36517bbd9c None None] Fixed interval looping call 'neutron.plugins.ml2.plugin.AgentDbMixin.agent_health_check' sleeping for 36.99 seconds {{(pid=104853) _run_loop /opt/stack/data/venv/lib/python3.12/site-packages/oslo_service/backend/_threading/loopingcall.py:125}}
Feb 25 03:19:46.094900 np0000156874 neutron-periodic-workers[104844]: DEBUG dbcounter [-] [104844] Writing DB stats neutron:SELECT=3 {{(pid=104844) stat_writer /opt/stack/data/venv/lib/python3.12/site-packages/dbcounter.py:115}}
Feb 25 03:19:49.134554 np0000156874 neutron-periodic-workers[104853]: DEBUG dbcounter [-] [104853] Writing DB stats neutron:SELECT=1 {{(pid=104853) stat_writer /opt/stack/data/venv/lib/python3.12/site-packages/dbcounter.py:115}}
Feb 25 03:19:52.126379 np0000156874 neutron-periodic-workers[104862]: DEBUG oslo.service.backend._threading.loopingcall [None req-5a095bdb-527c-4331-bc22-9a3f816c970b None None] Fixed interval looping call 'neutron.db.quota.driver_nolock.DbQuotaNoLockDriver._remove_expired_reservations' sleeping for 119.99 seconds {{(pid=104862) _run_loop /opt/stack/data/venv/lib/python3.12/site-packages/oslo_service/backend/_threading/loopingcall.py:125}}
Feb 25 03:20:02.125173 np0000156874 neutron-periodic-workers[104862]: DEBUG dbcounter [-] [104862] Writing DB stats neutron:DELETE=1 {{(pid=104862) stat_writer /opt/stack/data/venv/lib/python3.12/site-packages/dbcounter.py:115}}
Feb 25 03:20:13.097278 np0000156874 neutron-periodic-workers[104844]: DEBUG oslo.service.backend._threading.loopingcall [None req-dbeb43a8-9a3a-424c-861e-68d8e0d29067 None None] Fixed interval looping call 'neutron.plugins.ml2.plugin.DhcpAgentSchedulerDbMixin.remove_networks_from_down_agents' sleeping for 36.99 seconds {{(pid=104844) _run_loop /opt/stack/data/venv/lib/python3.12/site-packages/oslo_service/backend/_threading/loopingcall.py:125}}
Feb 25 03:20:16.132761 np0000156874 neutron-periodic-workers[104853]: DEBUG neutron.db.agents_db [None req-011fd525-3063-4b0b-873c-cc36517bbd9c None None] Agent healthcheck: found 0 active agents {{(pid=104853) agent_health_check /opt/stack/neutron/neutron/db/agents_db.py:317}}
Feb 25 03:20:16.133465 np0000156874 neutron-periodic-workers[104853]: DEBUG oslo.service.backend._threading.loopingcall [None req-011fd525-3063-4b0b-873c-cc36517bbd9c None None] Fixed interval looping call 'neutron.plugins.ml2.plugin.AgentDbMixin.agent_health_check' sleeping for 36.99 seconds {{(pid=104853) _run_loop /opt/stack/data/venv/lib/python3.12/site-packages/oslo_service/backend/_threading/loopingcall.py:125}}
Feb 25 03:20:23.096156 np0000156874 neutron-periodic-workers[104844]: DEBUG dbcounter [-] [104844] Writing DB stats neutron:SELECT=3 {{(pid=104844) stat_writer /opt/stack/data/venv/lib/python3.12/site-packages/dbcounter.py:115}}
Feb 25 03:20:26.130758 np0000156874 neutron-periodic-workers[104853]: DEBUG dbcounter [-] [104853] Writing DB stats neutron:SELECT=1 {{(pid=104853) stat_writer /opt/stack/data/venv/lib/python3.12/site-packages/dbcounter.py:115}}
Feb 25 03:20:50.098043 np0000156874 neutron-periodic-workers[104844]: DEBUG oslo.service.backend._threading.loopingcall [None req-dbeb43a8-9a3a-424c-861e-68d8e0d29067 None None] Fixed interval looping call 'neutron.plugins.ml2.plugin.DhcpAgentSchedulerDbMixin.remove_networks_from_down_agents' sleeping for 36.99 seconds {{(pid=104844) _run_loop /opt/stack/data/venv/lib/python3.12/site-packages/oslo_service/backend/_threading/loopingcall.py:125}}
Feb 25 03:20:53.128569 np0000156874 neutron-periodic-workers[104853]: DEBUG neutron.db.agents_db [None req-011fd525-3063-4b0b-873c-cc36517bbd9c None None] Agent healthcheck: found 0 active agents {{(pid=104853) agent_health_check /opt/stack/neutron/neutron/db/agents_db.py:317}}
Feb 25 03:20:53.129433 np0000156874 neutron-periodic-workers[104853]: DEBUG oslo.service.backend._threading.loopingcall [None req-011fd525-3063-4b0b-873c-cc36517bbd9c None None] Fixed interval looping call 'neutron.plugins.ml2.plugin.AgentDbMixin.agent_health_check' sleeping for 36.99 seconds {{(pid=104853) _run_loop /opt/stack/data/venv/lib/python3.12/site-packages/oslo_service/backend/_threading/loopingcall.py:125}}
Feb 25 03:21:00.106088 np0000156874 neutron-periodic-workers[104844]: DEBUG dbcounter [-] [104844] Writing DB stats neutron:SELECT=3 {{(pid=104844) stat_writer /opt/stack/data/venv/lib/python3.12/site-packages/dbcounter.py:115}}
Feb 25 03:21:03.127581 np0000156874 neutron-periodic-workers[104853]: DEBUG dbcounter [-] [104853] Writing DB stats neutron:SELECT=1 {{(pid=104853) stat_writer /opt/stack/data/venv/lib/python3.12/site-packages/dbcounter.py:115}}
Feb 25 03:21:27.110284 np0000156874 neutron-periodic-workers[104844]: DEBUG oslo.service.backend._threading.loopingcall [None req-dbeb43a8-9a3a-424c-861e-68d8e0d29067 None None] Fixed interval looping call 'neutron.plugins.ml2.plugin.DhcpAgentSchedulerDbMixin.remove_networks_from_down_agents' sleeping for 36.98 seconds {{(pid=104844) _run_loop /opt/stack/data/venv/lib/python3.12/site-packages/oslo_service/backend/_threading/loopingcall.py:125}}
Feb 25 03:21:30.124514 np0000156874 neutron-periodic-workers[104853]: DEBUG neutron.db.agents_db [None req-011fd525-3063-4b0b-873c-cc36517bbd9c None None] Agent healthcheck: found 0 active agents {{(pid=104853) agent_health_check /opt/stack/neutron/neutron/db/agents_db.py:317}}
Feb 25 03:21:30.125209 np0000156874 neutron-periodic-workers[104853]: DEBUG oslo.service.backend._threading.loopingcall [None req-011fd525-3063-4b0b-873c-cc36517bbd9c None None] Fixed interval looping call 'neutron.plugins.ml2.plugin.AgentDbMixin.agent_health_check' sleeping for 36.99 seconds {{(pid=104853) _run_loop /opt/stack/data/venv/lib/python3.12/site-packages/oslo_service/backend/_threading/loopingcall.py:125}}
Feb 25 03:21:37.108786 np0000156874 neutron-periodic-workers[104844]: DEBUG dbcounter [-] [104844] Writing DB stats neutron:SELECT=3 {{(pid=104844) stat_writer /opt/stack/data/venv/lib/python3.12/site-packages/dbcounter.py:115}}
Feb 25 03:21:40.123271 np0000156874 neutron-periodic-workers[104853]: DEBUG dbcounter [-] [104853] Writing DB stats neutron:SELECT=1 {{(pid=104853) stat_writer /opt/stack/data/venv/lib/python3.12/site-packages/dbcounter.py:115}}
Feb 25 03:21:52.122322 np0000156874 neutron-periodic-workers[104862]: DEBUG oslo.service.backend._threading.loopingcall [None req-5a095bdb-527c-4331-bc22-9a3f816c970b None None] Fixed interval looping call 'neutron.db.quota.driver_nolock.DbQuotaNoLockDriver._remove_expired_reservations' sleeping for 119.99 seconds {{(pid=104862) _run_loop /opt/stack/data/venv/lib/python3.12/site-packages/oslo_service/backend/_threading/loopingcall.py:125}}
Feb 25 03:22:02.121101 np0000156874 neutron-periodic-workers[104862]: DEBUG dbcounter [-] [104862] Writing DB stats neutron:DELETE=1 {{(pid=104862) stat_writer /opt/stack/data/venv/lib/python3.12/site-packages/dbcounter.py:115}}
Feb 25 03:22:04.100307 np0000156874 neutron-periodic-workers[104844]: DEBUG oslo.service.backend._threading.loopingcall [None req-dbeb43a8-9a3a-424c-861e-68d8e0d29067 None None] Fixed interval looping call 'neutron.plugins.ml2.plugin.DhcpAgentSchedulerDbMixin.remove_networks_from_down_agents' sleeping for 36.99 seconds {{(pid=104844) _run_loop /opt/stack/data/venv/lib/python3.12/site-packages/oslo_service/backend/_threading/loopingcall.py:125}}
Feb 25 03:22:07.118507 np0000156874 neutron-periodic-workers[104853]: DEBUG neutron.db.agents_db [None req-011fd525-3063-4b0b-873c-cc36517bbd9c None None] Agent healthcheck: found 0 active agents {{(pid=104853) agent_health_check /opt/stack/neutron/neutron/db/agents_db.py:317}}
Feb 25 03:22:07.119115 np0000156874 neutron-periodic-workers[104853]: DEBUG oslo.service.backend._threading.loopingcall [None req-011fd525-3063-4b0b-873c-cc36517bbd9c None None] Fixed interval looping call 'neutron.plugins.ml2.plugin.AgentDbMixin.agent_health_check' sleeping for 37.00 seconds {{(pid=104853) _run_loop /opt/stack/data/venv/lib/python3.12/site-packages/oslo_service/backend/_threading/loopingcall.py:125}}
Feb 25 03:22:14.098742 np0000156874 neutron-periodic-workers[104844]: DEBUG dbcounter [-] [104844] Writing DB stats neutron:SELECT=3 {{(pid=104844) stat_writer /opt/stack/data/venv/lib/python3.12/site-packages/dbcounter.py:115}}
Feb 25 03:22:17.117478 np0000156874 neutron-periodic-workers[104853]: DEBUG dbcounter [-] [104853] Writing DB stats neutron:SELECT=1 {{(pid=104853) stat_writer /opt/stack/data/venv/lib/python3.12/site-packages/dbcounter.py:115}}
Feb 25 03:22:41.101917 np0000156874 neutron-periodic-workers[104844]: DEBUG oslo.service.backend._threading.loopingcall [None req-dbeb43a8-9a3a-424c-861e-68d8e0d29067 None None] Fixed interval looping call 'neutron.plugins.ml2.plugin.DhcpAgentSchedulerDbMixin.remove_networks_from_down_agents' sleeping for 36.99 seconds {{(pid=104844) _run_loop /opt/stack/data/venv/lib/python3.12/site-packages/oslo_service/backend/_threading/loopingcall.py:125}}
Feb 25 03:22:44.125391 np0000156874 neutron-periodic-workers[104853]: DEBUG neutron.db.agents_db [None req-011fd525-3063-4b0b-873c-cc36517bbd9c None None] Agent healthcheck: found 0 active agents {{(pid=104853) agent_health_check /opt/stack/neutron/neutron/db/agents_db.py:317}}
Feb 25 03:22:44.126019 np0000156874 neutron-periodic-workers[104853]: DEBUG oslo.service.backend._threading.loopingcall [None req-011fd525-3063-4b0b-873c-cc36517bbd9c None None] Fixed interval looping call 'neutron.plugins.ml2.plugin.AgentDbMixin.agent_health_check' sleeping for 36.99 seconds {{(pid=104853) _run_loop /opt/stack/data/venv/lib/python3.12/site-packages/oslo_service/backend/_threading/loopingcall.py:125}}
Feb 25 03:22:47.171912 np0000156874 neutron-periodic-workers[104887]: DEBUG oslo.service.backend._threading.loopingcall [None req-4e27c4f9-c565-49ae-8a50-9892bec20076 None None] Fixed interval looping call 'neutron.services.ovn_l3.plugin.L3_NAT_dbonly_mixin._clean_garbage' sleeping for 299.99 seconds {{(pid=104887) _run_loop /opt/stack/data/venv/lib/python3.12/site-packages/oslo_service/backend/_threading/loopingcall.py:125}}
Feb 25 03:22:51.100035 np0000156874 neutron-periodic-workers[104844]: DEBUG dbcounter [-] [104844] Writing DB stats neutron:SELECT=3 {{(pid=104844) stat_writer /opt/stack/data/venv/lib/python3.12/site-packages/dbcounter.py:115}}
Feb 25 03:22:54.123355 np0000156874 neutron-periodic-workers[104853]: DEBUG dbcounter [-] [104853] Writing DB stats neutron:SELECT=1 {{(pid=104853) stat_writer /opt/stack/data/venv/lib/python3.12/site-packages/dbcounter.py:115}}
Feb 25 03:22:57.162303 np0000156874 neutron-periodic-workers[104887]: DEBUG dbcounter [-] [104887] Writing DB stats neutron:SELECT=1 {{(pid=104887) stat_writer /opt/stack/data/venv/lib/python3.12/site-packages/dbcounter.py:115}}
Feb 25 03:23:18.098869 np0000156874 neutron-periodic-workers[104844]: DEBUG oslo.service.backend._threading.loopingcall [None req-dbeb43a8-9a3a-424c-861e-68d8e0d29067 None None] Fixed interval looping call 'neutron.plugins.ml2.plugin.DhcpAgentSchedulerDbMixin.remove_networks_from_down_agents' sleeping for 36.99 seconds {{(pid=104844) _run_loop /opt/stack/data/venv/lib/python3.12/site-packages/oslo_service/backend/_threading/loopingcall.py:125}}
Feb 25 03:23:21.122725 np0000156874 neutron-periodic-workers[104853]: DEBUG neutron.db.agents_db [None req-011fd525-3063-4b0b-873c-cc36517bbd9c None None] Agent healthcheck: found 0 active agents {{(pid=104853) agent_health_check /opt/stack/neutron/neutron/db/agents_db.py:317}}
Feb 25 03:23:21.123442 np0000156874 neutron-periodic-workers[104853]: DEBUG oslo.service.backend._threading.loopingcall [None req-011fd525-3063-4b0b-873c-cc36517bbd9c None None] Fixed interval looping call 'neutron.plugins.ml2.plugin.AgentDbMixin.agent_health_check' sleeping for 36.99 seconds {{(pid=104853) _run_loop /opt/stack/data/venv/lib/python3.12/site-packages/oslo_service/backend/_threading/loopingcall.py:125}}
Feb 25 03:23:28.099175 np0000156874 neutron-periodic-workers[104844]: DEBUG dbcounter [-] [104844] Writing DB stats neutron:SELECT=3 {{(pid=104844) stat_writer /opt/stack/data/venv/lib/python3.12/site-packages/dbcounter.py:115}}
Feb 25 03:23:31.120526 np0000156874 neutron-periodic-workers[104853]: DEBUG dbcounter [-] [104853] Writing DB stats neutron:SELECT=1 {{(pid=104853) stat_writer /opt/stack/data/venv/lib/python3.12/site-packages/dbcounter.py:115}}
Feb 25 03:23:52.117507 np0000156874 neutron-periodic-workers[104862]: DEBUG oslo.service.backend._threading.loopingcall [None req-5a095bdb-527c-4331-bc22-9a3f816c970b None None] Fixed interval looping call 'neutron.db.quota.driver_nolock.DbQuotaNoLockDriver._remove_expired_reservations' sleeping for 120.00 seconds {{(pid=104862) _run_loop /opt/stack/data/venv/lib/python3.12/site-packages/oslo_service/backend/_threading/loopingcall.py:125}}
Feb 25 03:23:55.103266 np0000156874 neutron-periodic-workers[104844]: DEBUG oslo.service.backend._threading.loopingcall [None req-dbeb43a8-9a3a-424c-861e-68d8e0d29067 None None] Fixed interval looping call 'neutron.plugins.ml2.plugin.DhcpAgentSchedulerDbMixin.remove_networks_from_down_agents' sleeping for 36.99 seconds {{(pid=104844) _run_loop /opt/stack/data/venv/lib/python3.12/site-packages/oslo_service/backend/_threading/loopingcall.py:125}}
Feb 25 03:23:58.120549 np0000156874 neutron-periodic-workers[104853]: DEBUG neutron.db.agents_db [None req-011fd525-3063-4b0b-873c-cc36517bbd9c None None] Agent healthcheck: found 0 active agents {{(pid=104853) agent_health_check /opt/stack/neutron/neutron/db/agents_db.py:317}}
Feb 25 03:23:58.120919 np0000156874 neutron-periodic-workers[104853]: DEBUG oslo.service.backend._threading.loopingcall [None req-011fd525-3063-4b0b-873c-cc36517bbd9c None None] Fixed interval looping call 'neutron.plugins.ml2.plugin.AgentDbMixin.agent_health_check' sleeping for 36.99 seconds {{(pid=104853) _run_loop /opt/stack/data/venv/lib/python3.12/site-packages/oslo_service/backend/_threading/loopingcall.py:125}}
Feb 25 03:24:02.116241 np0000156874 neutron-periodic-workers[104862]: DEBUG dbcounter [-] [104862] Writing DB stats neutron:DELETE=1 {{(pid=104862) stat_writer /opt/stack/data/venv/lib/python3.12/site-packages/dbcounter.py:115}}
Feb 25 03:24:05.101701 np0000156874 neutron-periodic-workers[104844]: DEBUG dbcounter [-] [104844] Writing DB stats neutron:SELECT=3 {{(pid=104844) stat_writer /opt/stack/data/venv/lib/python3.12/site-packages/dbcounter.py:115}}
Feb 25 03:24:08.116174 np0000156874 neutron-periodic-workers[104853]: DEBUG dbcounter [-] [104853] Writing DB stats neutron:SELECT=1 {{(pid=104853) stat_writer /opt/stack/data/venv/lib/python3.12/site-packages/dbcounter.py:115}}
Feb 25 03:24:32.104226 np0000156874 neutron-periodic-workers[104844]: DEBUG oslo.service.backend._threading.loopingcall [None req-dbeb43a8-9a3a-424c-861e-68d8e0d29067 None None] Fixed interval looping call 'neutron.plugins.ml2.plugin.DhcpAgentSchedulerDbMixin.remove_networks_from_down_agents' sleeping for 36.99 seconds {{(pid=104844) _run_loop /opt/stack/data/venv/lib/python3.12/site-packages/oslo_service/backend/_threading/loopingcall.py:125}}
Feb 25 03:24:35.114983 np0000156874 neutron-periodic-workers[104853]: DEBUG neutron.db.agents_db [None req-011fd525-3063-4b0b-873c-cc36517bbd9c None None] Agent healthcheck: found 0 active agents {{(pid=104853) agent_health_check /opt/stack/neutron/neutron/db/agents_db.py:317}}
Feb 25 03:24:35.115841 np0000156874 neutron-periodic-workers[104853]: DEBUG oslo.service.backend._threading.loopingcall [None req-011fd525-3063-4b0b-873c-cc36517bbd9c None None] Fixed interval looping call 'neutron.plugins.ml2.plugin.AgentDbMixin.agent_health_check' sleeping for 37.00 seconds {{(pid=104853) _run_loop /opt/stack/data/venv/lib/python3.12/site-packages/oslo_service/backend/_threading/loopingcall.py:125}}
Feb 25 03:24:42.102296 np0000156874 neutron-periodic-workers[104844]: DEBUG dbcounter [-] [104844] Writing DB stats neutron:SELECT=3 {{(pid=104844) stat_writer /opt/stack/data/venv/lib/python3.12/site-packages/dbcounter.py:115}}
