May 09 09:03:47.060069 np0000173058 devstack@neutron-api.service[103794]: DEBUG neutron.common.ovn.hash_ring_manager [None req-8e517c95-2db8-4e41-8156-8c1c96b5eb16 None None] Allow caching, nodes 4>=4 {{(pid=103794) _wait_startup_before_caching /opt/stack/neutron/neutron/common/ovn/hash_ring_manager.py:65}}
May 09 09:03:47.060682 np0000173058 devstack@neutron-api.service[103795]: DEBUG neutron.common.ovn.hash_ring_manager [None req-3ff65b17-8222-4cde-b351-ddb04c7f1701 None None] Allow caching, nodes 4>=4 {{(pid=103795) _wait_startup_before_caching /opt/stack/neutron/neutron/common/ovn/hash_ring_manager.py:65}}
May 09 09:03:47.065423 np0000173058 devstack@neutron-api.service[103795]: DEBUG neutron.common.ovn.hash_ring_manager [None req-3ff65b17-8222-4cde-b351-ddb04c7f1701 None None] Hash Ring loaded. 4 active nodes. 0 offline nodes {{(pid=103795) _load_hash_ring /opt/stack/neutron/neutron/common/ovn/hash_ring_manager.py:102}}
May 09 09:03:47.065682 np0000173058 devstack@neutron-api.service[103795]: DEBUG neutron.plugins.ml2.drivers.ovn.mech_driver.ovsdb.ovsdb_monitor [None req-3ff65b17-8222-4cde-b351-ddb04c7f1701 None None] Hash Ring: Node 46ead5cde01e51898c2ec67fb41c5027 (host: np0000173058) handling event "create" for row 717c9482-a129-4319-acba-e8a8f603f5ce (table: NB_Global) {{(pid=103795) notify /opt/stack/neutron/neutron/plugins/ml2/drivers/ovn/mech_driver/ovsdb/ovsdb_monitor.py:942}}
May 09 09:03:47.065939 np0000173058 devstack@neutron-api.service[103794]: DEBUG neutron.common.ovn.hash_ring_manager [None req-8e517c95-2db8-4e41-8156-8c1c96b5eb16 None None] Hash Ring loaded. 4 active nodes. 0 offline nodes {{(pid=103794) _load_hash_ring /opt/stack/neutron/neutron/common/ovn/hash_ring_manager.py:102}}
May 09 09:03:47.066492 np0000173058 devstack@neutron-api.service[103795]: INFO neutron.plugins.ml2.drivers.ovn.mech_driver.ovsdb.impl_idl_ovn [None req-3ff65b17-8222-4cde-b351-ddb04c7f1701 None None] Getting OvsdbSbOvnIdl for WorkerService with retry
May 09 09:03:47.066691 np0000173058 devstack@neutron-api.service[103796]: DEBUG ovsdbapp.backend.ovs_idl [None req-e69fbfad-805d-4b7b-b324-7bcfa24dc679 None None] Created lookup_table index Chassis.name {{(pid=103796) autocreate_indices /opt/stack/data/venv/lib/python3.12/site-packages/ovsdbapp/backend/ovs_idl/__init__.py:87}}
May 09 09:03:47.066844 np0000173058 devstack@neutron-api.service[103796]: DEBUG ovsdbapp.backend.ovs_idl [None req-e69fbfad-805d-4b7b-b324-7bcfa24dc679 None None] Created lookup_table index Port_Binding.logical_port {{(pid=103796) autocreate_indices /opt/stack/data/venv/lib/python3.12/site-packages/ovsdbapp/backend/ovs_idl/__init__.py:87}}
May 09 09:03:47.066946 np0000173058 devstack@neutron-api.service[103796]: DEBUG ovsdbapp.backend.ovs_idl [None req-e69fbfad-805d-4b7b-b324-7bcfa24dc679 None None] Created schema index Chassis_Private.name {{(pid=103796) autocreate_indices /opt/stack/data/venv/lib/python3.12/site-packages/ovsdbapp/backend/ovs_idl/__init__.py:106}}
May 09 09:03:47.067036 np0000173058 devstack@neutron-api.service[103796]: DEBUG ovsdbapp.backend.ovs_idl [None req-e69fbfad-805d-4b7b-b324-7bcfa24dc679 None None] Created schema index Datapath_Binding.tunnel_key {{(pid=103796) autocreate_indices /opt/stack/data/venv/lib/python3.12/site-packages/ovsdbapp/backend/ovs_idl/__init__.py:106}}
May 09 09:03:47.067358 np0000173058 devstack@neutron-api.service[103794]: INFO neutron.plugins.ml2.drivers.ovn.mech_driver.ovsdb.impl_idl_ovn [None req-8e517c95-2db8-4e41-8156-8c1c96b5eb16 None None] Getting OvsdbSbOvnIdl for WorkerService with retry
May 09 09:03:47.069334 np0000173058 devstack@neutron-api.service[103796]: INFO ovsdbapp.backend.ovs_idl.vlog [None req-e69fbfad-805d-4b7b-b324-7bcfa24dc679 None None] ssl:199.204.45.223:6642: connecting...
May 09 09:03:47.074111 np0000173058 devstack@neutron-api.service[103796]: INFO ovsdbapp.backend.ovs_idl.vlog [None req-e69fbfad-805d-4b7b-b324-7bcfa24dc679 None None] ssl:199.204.45.223:6642: connected
May 09 09:03:47.095660 np0000173058 devstack@neutron-api.service[103795]: DEBUG ovsdbapp.backend.ovs_idl [None req-3ff65b17-8222-4cde-b351-ddb04c7f1701 None None] Created lookup_table index Chassis.name {{(pid=103795) autocreate_indices /opt/stack/data/venv/lib/python3.12/site-packages/ovsdbapp/backend/ovs_idl/__init__.py:87}}
May 09 09:03:47.095660 np0000173058 devstack@neutron-api.service[103795]: DEBUG ovsdbapp.backend.ovs_idl [None req-3ff65b17-8222-4cde-b351-ddb04c7f1701 None None] Created lookup_table index Port_Binding.logical_port {{(pid=103795) autocreate_indices /opt/stack/data/venv/lib/python3.12/site-packages/ovsdbapp/backend/ovs_idl/__init__.py:87}}
May 09 09:03:47.095660 np0000173058 devstack@neutron-api.service[103795]: DEBUG ovsdbapp.backend.ovs_idl [None req-3ff65b17-8222-4cde-b351-ddb04c7f1701 None None] Created schema index Chassis_Private.name {{(pid=103795) autocreate_indices /opt/stack/data/venv/lib/python3.12/site-packages/ovsdbapp/backend/ovs_idl/__init__.py:106}}
May 09 09:03:47.095660 np0000173058 devstack@neutron-api.service[103795]: DEBUG ovsdbapp.backend.ovs_idl [None req-3ff65b17-8222-4cde-b351-ddb04c7f1701 None None] Created schema index Datapath_Binding.tunnel_key {{(pid=103795) autocreate_indices /opt/stack/data/venv/lib/python3.12/site-packages/ovsdbapp/backend/ovs_idl/__init__.py:106}}
May 09 09:03:47.097583 np0000173058 devstack@neutron-api.service[103795]: INFO ovsdbapp.backend.ovs_idl.vlog [None req-3ff65b17-8222-4cde-b351-ddb04c7f1701 None None] ssl:199.204.45.223:6642: connecting...
May 09 09:03:47.101970 np0000173058 devstack@neutron-api.service[103794]: DEBUG ovsdbapp.backend.ovs_idl [None req-8e517c95-2db8-4e41-8156-8c1c96b5eb16 None None] Created lookup_table index Chassis.name {{(pid=103794) autocreate_indices /opt/stack/data/venv/lib/python3.12/site-packages/ovsdbapp/backend/ovs_idl/__init__.py:87}}
May 09 09:03:47.101970 np0000173058 devstack@neutron-api.service[103794]: DEBUG ovsdbapp.backend.ovs_idl [None req-8e517c95-2db8-4e41-8156-8c1c96b5eb16 None None] Created lookup_table index Port_Binding.logical_port {{(pid=103794) autocreate_indices /opt/stack/data/venv/lib/python3.12/site-packages/ovsdbapp/backend/ovs_idl/__init__.py:87}}
May 09 09:03:47.101970 np0000173058 devstack@neutron-api.service[103794]: DEBUG ovsdbapp.backend.ovs_idl [None req-8e517c95-2db8-4e41-8156-8c1c96b5eb16 None None] Created schema index Chassis_Private.name {{(pid=103794) autocreate_indices /opt/stack/data/venv/lib/python3.12/site-packages/ovsdbapp/backend/ovs_idl/__init__.py:106}}
May 09 09:03:47.101970 np0000173058 devstack@neutron-api.service[103794]: DEBUG ovsdbapp.backend.ovs_idl [None req-8e517c95-2db8-4e41-8156-8c1c96b5eb16 None None] Created schema index Datapath_Binding.tunnel_key {{(pid=103794) autocreate_indices /opt/stack/data/venv/lib/python3.12/site-packages/ovsdbapp/backend/ovs_idl/__init__.py:106}}
May 09 09:03:47.102179 np0000173058 devstack@neutron-api.service[103795]: INFO ovsdbapp.backend.ovs_idl.vlog [None req-3ff65b17-8222-4cde-b351-ddb04c7f1701 None None] ssl:199.204.45.223:6642: connected
May 09 09:03:47.102572 np0000173058 devstack@neutron-api.service[103796]: DEBUG neutron.common.ovn.hash_ring_manager [None req-e69fbfad-805d-4b7b-b324-7bcfa24dc679 None None] Allow caching, nodes 4>=4 {{(pid=103796) _wait_startup_before_caching /opt/stack/neutron/neutron/common/ovn/hash_ring_manager.py:65}}
May 09 09:03:47.102896 np0000173058 devstack@neutron-api.service[103794]: INFO ovsdbapp.backend.ovs_idl.vlog [None req-8e517c95-2db8-4e41-8156-8c1c96b5eb16 None None] ssl:199.204.45.223:6642: connecting...
May 09 09:03:47.106445 np0000173058 devstack@neutron-api.service[103796]: DEBUG neutron.common.ovn.hash_ring_manager [None req-e69fbfad-805d-4b7b-b324-7bcfa24dc679 None None] Hash Ring loaded. 4 active nodes. 0 offline nodes {{(pid=103796) _load_hash_ring /opt/stack/neutron/neutron/common/ovn/hash_ring_manager.py:102}}
May 09 09:03:47.106543 np0000173058 devstack@neutron-api.service[103796]: DEBUG neutron.plugins.ml2.drivers.ovn.mech_driver.ovsdb.ovsdb_monitor [None req-e69fbfad-805d-4b7b-b324-7bcfa24dc679 None None] ChassisAgentWriteEvent : Matched Chassis_Private, create, None None {{(pid=103796) matches /opt/stack/neutron/neutron/plugins/ml2/drivers/ovn/mech_driver/ovsdb/ovsdb_monitor.py:64}}
May 09 09:03:47.106724 np0000173058 devstack@neutron-api.service[103796]: DEBUG neutron.plugins.ml2.drivers.ovn.mech_driver.ovsdb.ovsdb_monitor [None req-e69fbfad-805d-4b7b-b324-7bcfa24dc679 None None] ChassisOVNAgentWriteEvent : Matched Chassis_Private, create, None None {{(pid=103796) matches /opt/stack/neutron/neutron/plugins/ml2/drivers/ovn/mech_driver/ovsdb/ovsdb_monitor.py:64}}
May 09 09:03:47.109208 np0000173058 devstack@neutron-api.service[103796]: INFO neutron.plugins.ml2.drivers.ovn.mech_driver.mech_driver [None req-e69fbfad-805d-4b7b-b324-7bcfa24dc679 None None] WorkerService process has finished the post initialization
May 09 09:03:47.110294 np0000173058 devstack@neutron-api.service[103796]: WSGI app 0 (mountpoint='') ready in 7 seconds on interpreter 0x72c9abaa3668 pid: 103796 (default app)
May 09 09:03:47.110739 np0000173058 devstack@neutron-api.service[103794]: INFO ovsdbapp.backend.ovs_idl.vlog [None req-8e517c95-2db8-4e41-8156-8c1c96b5eb16 None None] ssl:199.204.45.223:6642: connected
May 09 09:03:47.135415 np0000173058 devstack@neutron-api.service[103794]: DEBUG neutron.common.ovn.hash_ring_manager [None req-8e517c95-2db8-4e41-8156-8c1c96b5eb16 None None] Allow caching, nodes 4>=4 {{(pid=103794) _wait_startup_before_caching /opt/stack/neutron/neutron/common/ovn/hash_ring_manager.py:65}}
May 09 09:03:47.136011 np0000173058 devstack@neutron-api.service[103795]: DEBUG neutron.common.ovn.hash_ring_manager [None req-3ff65b17-8222-4cde-b351-ddb04c7f1701 None None] Allow caching, nodes 4>=4 {{(pid=103795) _wait_startup_before_caching /opt/stack/neutron/neutron/common/ovn/hash_ring_manager.py:65}}
May 09 09:03:47.138607 np0000173058 devstack@neutron-api.service[103794]: DEBUG neutron.common.ovn.hash_ring_manager [None req-8e517c95-2db8-4e41-8156-8c1c96b5eb16 None None] Hash Ring loaded. 4 active nodes. 0 offline nodes {{(pid=103794) _load_hash_ring /opt/stack/neutron/neutron/common/ovn/hash_ring_manager.py:102}}
May 09 09:03:47.138759 np0000173058 devstack@neutron-api.service[103794]: DEBUG neutron.plugins.ml2.drivers.ovn.mech_driver.ovsdb.ovsdb_monitor [None req-8e517c95-2db8-4e41-8156-8c1c96b5eb16 None None] ChassisAgentWriteEvent : Matched Chassis_Private, create, None None {{(pid=103794) matches /opt/stack/neutron/neutron/plugins/ml2/drivers/ovn/mech_driver/ovsdb/ovsdb_monitor.py:64}}
May 09 09:03:47.138919 np0000173058 devstack@neutron-api.service[103794]: DEBUG neutron.plugins.ml2.drivers.ovn.mech_driver.ovsdb.ovsdb_monitor [None req-8e517c95-2db8-4e41-8156-8c1c96b5eb16 None None] ChassisOVNAgentWriteEvent : Matched Chassis_Private, create, None None {{(pid=103794) matches /opt/stack/neutron/neutron/plugins/ml2/drivers/ovn/mech_driver/ovsdb/ovsdb_monitor.py:64}}
May 09 09:03:47.140463 np0000173058 devstack@neutron-api.service[103795]: DEBUG neutron.common.ovn.hash_ring_manager [None req-3ff65b17-8222-4cde-b351-ddb04c7f1701 None None] Hash Ring loaded. 4 active nodes. 0 offline nodes {{(pid=103795) _load_hash_ring /opt/stack/neutron/neutron/common/ovn/hash_ring_manager.py:102}}
May 09 09:03:47.140664 np0000173058 devstack@neutron-api.service[103795]: DEBUG neutron.plugins.ml2.drivers.ovn.mech_driver.ovsdb.ovsdb_monitor [None req-3ff65b17-8222-4cde-b351-ddb04c7f1701 None None] Hash Ring: Node 46ead5cde01e51898c2ec67fb41c5027 (host: np0000173058) handling event "create" for row 2db6061b-dabd-412d-bdb9-e5c149882d34 (table: Chassis) {{(pid=103795) notify /opt/stack/neutron/neutron/plugins/ml2/drivers/ovn/mech_driver/ovsdb/ovsdb_monitor.py:942}}
May 09 09:03:47.141397 np0000173058 devstack@neutron-api.service[103794]: INFO neutron.plugins.ml2.drivers.ovn.mech_driver.mech_driver [None req-8e517c95-2db8-4e41-8156-8c1c96b5eb16 None None] WorkerService process has finished the post initialization
May 09 09:03:47.141703 np0000173058 devstack@neutron-api.service[103795]: DEBUG ovsdbapp.backend.ovs_idl.event [None req-3ff65b17-8222-4cde-b351-ddb04c7f1701 None None] Matched CREATE: ChassisBandwidthConfigEvent(events=('create', 'update'), table='Chassis', conditions=None, old_conditions=None), priority=20 to row=Chassis(uuid=2db6061b-dabd-412d-bdb9-e5c149882d34, encaps=[19a0b960-e716-41a9-8955-6b8343d659bc], external_ids={}, hostname='np0000173058', name='877ca546-a5a8-4061-afa6-b807cf3346a2', nb_cfg=0, other_config={'ct-commit-nat-v2': 'true', 'ct-commit-to-zone': 'true', 'ct-next-zone': 'true', 'ct-no-masked-label': 'true', 'ct-state-save': 'true', 'datapath-type': 'system', 'fdb-timestamp': 'true', 'iface-types': 'afxdp,afxdp-nonpmd,bareudp,erspan,geneve,gre,gtpu,internal,ip6erspan,ip6gre,lisp,patch,srv6,stt,system,tap,vxlan', 'is-interconn': 'false', 'ls-dpg-column': 'true', 'mac-binding-timestamp': 'true', 'ovn-bridge-mappings': 'public:br-ex', 'ovn-chassis-mac-mappings': '', 'ovn-cms-options': 'enable-chassis-as-gw', 'ovn-ct-lb-related': 'true', 'ovn-enable-lflow-cache': 'true', 'ovn-limit-lflow-cache': '', 'ovn-memlimit-lflow-cache-kb': '', 'ovn-monitor-all': 'false', 'ovn-trim-limit-lflow-cache': '', 'ovn-trim-timeout-ms': '', 'ovn-trim-wmark-perc-lflow-cache': '', 'port-up-notif': 'true'}, transport_zones=[], vtep_logical_switches=[]) old= {{(pid=103795) matches /opt/stack/data/venv/lib/python3.12/site-packages/ovsdbapp/backend/ovs_idl/event.py:55}}
May 09 09:03:47.142431 np0000173058 devstack@neutron-api.service[103795]: DEBUG neutron.plugins.ml2.drivers.ovn.mech_driver.ovsdb.ovsdb_monitor [None req-3ff65b17-8222-4cde-b351-ddb04c7f1701 None None] ChassisOVNAgentWriteEvent : Matched Chassis_Private, create, None None {{(pid=103795) matches /opt/stack/neutron/neutron/plugins/ml2/drivers/ovn/mech_driver/ovsdb/ovsdb_monitor.py:64}}
May 09 09:03:47.142584 np0000173058 devstack@neutron-api.service[103795]: DEBUG neutron.plugins.ml2.drivers.ovn.mech_driver.ovsdb.ovsdb_monitor [None req-3ff65b17-8222-4cde-b351-ddb04c7f1701 None None] ChassisAgentWriteEvent : Matched Chassis_Private, create, None None {{(pid=103795) matches /opt/stack/neutron/neutron/plugins/ml2/drivers/ovn/mech_driver/ovsdb/ovsdb_monitor.py:64}}
May 09 09:03:47.142898 np0000173058 devstack@neutron-api.service[103794]: WSGI app 0 (mountpoint='') ready in 7 seconds on interpreter 0x72c9abaa3668 pid: 103794 (default app)
May 09 09:03:47.143115 np0000173058 devstack@neutron-api.service[103795]: DEBUG neutron.plugins.ml2.drivers.ovn.mech_driver.ovsdb.ovsdb_monitor [None req-3ff65b17-8222-4cde-b351-ddb04c7f1701 None None] Hash Ring: Node 46ead5cde01e51898c2ec67fb41c5027 (host: np0000173058) handling event "create" for row cfb79253-cf7c-4be4-82d8-18e6194f13f9 (table: Chassis_Private) {{(pid=103795) notify /opt/stack/neutron/neutron/plugins/ml2/drivers/ovn/mech_driver/ovsdb/ovsdb_monitor.py:942}}
May 09 09:03:47.144268 np0000173058 devstack@neutron-api.service[103795]: INFO neutron.plugins.ml2.drivers.ovn.mech_driver.mech_driver [None req-3ff65b17-8222-4cde-b351-ddb04c7f1701 None None] WorkerService process has finished the post initialization
May 09 09:03:47.145268 np0000173058 devstack@neutron-api.service[103795]: INFO neutron.plugins.ml2.drivers.ovn.mech_driver.ovsdb.extensions.qos [-] Starting OVNClientQosExtension
May 09 09:03:47.145373 np0000173058 devstack@neutron-api.service[103795]: INFO neutron.plugins.ml2.drivers.ovn.mech_driver.ovsdb.extensions.placement [-] Starting OVNClientPlacementExtension
May 09 09:03:47.146945 np0000173058 devstack@neutron-api.service[103795]: WSGI app 0 (mountpoint='') ready in 7 seconds on interpreter 0x72c9abaa3668 pid: 103795 (default app)
May 09 09:03:47.338940 np0000173058 devstack@neutron-api.service[103796]: DEBUG neutron.plugins.ml2.drivers.ovn.mech_driver.ovsdb.ovsdb_monitor [-] Hash Ring: Node 25ee91cff76859958bc71f6affda04a9 (host: np0000173058) handling event "update" for row c768ea72-6109-4b51-ae2a-b8a562405902 (table: Connection) {{(pid=103796) notify /opt/stack/neutron/neutron/plugins/ml2/drivers/ovn/mech_driver/ovsdb/ovsdb_monitor.py:942}}
May 09 09:03:47.340937 np0000173058 devstack@neutron-api.service[103797]: DEBUG neutron.common.ovn.hash_ring_manager [-] Allow caching, nodes 4>=4 {{(pid=103797) _wait_startup_before_caching /opt/stack/neutron/neutron/common/ovn/hash_ring_manager.py:65}}
May 09 09:03:47.341109 np0000173058 devstack@neutron-api.service[103797]: DEBUG neutron.plugins.ml2.drivers.ovn.mech_driver.ovsdb.ovsdb_monitor [-] Hash Ring: Node bf46088eceb05007a5259f46d707891c (host: np0000173058) handling event "update" for row c768ea72-6109-4b51-ae2a-b8a562405902 (table: Connection) {{(pid=103797) notify /opt/stack/neutron/neutron/plugins/ml2/drivers/ovn/mech_driver/ovsdb/ovsdb_monitor.py:942}}
May 09 09:03:49.837357 np0000173058 devstack@neutron-api.service[103797]: DEBUG neutron.plugins.ml2.drivers.ovn.mech_driver.ovsdb.ovsdb_monitor [-] Hash Ring: Node bf46088eceb05007a5259f46d707891c (host: np0000173058) handling event "update" for row c768ea72-6109-4b51-ae2a-b8a562405902 (table: Connection) {{(pid=103797) notify /opt/stack/neutron/neutron/plugins/ml2/drivers/ovn/mech_driver/ovsdb/ovsdb_monitor.py:942}}
May 09 09:03:49.840688 np0000173058 devstack@neutron-api.service[103796]: DEBUG neutron.plugins.ml2.drivers.ovn.mech_driver.ovsdb.ovsdb_monitor [-] Hash Ring: Node 25ee91cff76859958bc71f6affda04a9 (host: np0000173058) handling event "update" for row c768ea72-6109-4b51-ae2a-b8a562405902 (table: Connection) {{(pid=103796) notify /opt/stack/neutron/neutron/plugins/ml2/drivers/ovn/mech_driver/ovsdb/ovsdb_monitor.py:942}}
May 09 09:03:53.132016 np0000173058 devstack@neutron-api.service[103797]: DEBUG neutron.api.wsgi [None req-a229fded-9295-4950-b62a-6b2a1d5ec7d7 admin admin] Missing Content-Type {{(pid=103797) get_content_type /opt/stack/neutron/neutron/api/wsgi.py:80}}
May 09 09:03:53.132016 np0000173058 devstack@neutron-api.service[103797]: DEBUG neutron.api.wsgi [None req-a229fded-9295-4950-b62a-6b2a1d5ec7d7 admin admin] https://199.204.45.223/networking/v2.0/extensions returned with HTTP 200 {{(pid=103797) __call__ /opt/stack/neutron/neutron/api/wsgi.py:540}}
May 09 09:03:53.132866 np0000173058 devstack@neutron-api.service[103797]: [pid: 103797|app: 0|req: 2/2] 199.204.45.223 () {64 vars in 1323 bytes} [Sat May 9 09:03:52 2026] GET /networking/v2.0/extensions => generated 15209 bytes in 261 msecs (HTTP/1.1 200) 4 headers in 159 bytes (1 switches on core 0)
May 09 09:03:53.502096 np0000173058 devstack@neutron-api.service[103796]: DEBUG neutron.api.v2.base [None req-5036368c-89ac-40fd-85c1-923ea31e276e admin admin] Request body: {'subnetpool': {'name': 'shared-default-subnetpool-v4', 'is_default': True, 'prefixes': ['10.1.0.0/20'], 'shared': True, 'default_prefixlen': 26}} {{(pid=103796) prepare_request_body /opt/stack/neutron/neutron/api/v2/base.py:727}}
May 09 09:03:53.704092 np0000173058 devstack@neutron-api.service[103796]: DEBUG neutron.policy [None req-5036368c-89ac-40fd-85c1-923ea31e276e admin admin] Loaded default policies from ['neutron'] under neutron.policies entry points {{(pid=103796) register_rules /opt/stack/neutron/neutron/policy.py:65}}
May 09 09:03:53.853907 np0000173058 devstack@neutron-api.service[103796]: DEBUG neutron_lib.callbacks.manager [None req-5036368c-89ac-40fd-85c1-923ea31e276e admin admin] Publish callbacks ['neutron.objects.securitygroup.RbacNeutronDbObjectMixin.validate_rbac_policy_change-1110399135578', 'neutron.objects.address_group.RbacNeutronDbObjectMixin.validate_rbac_policy_change-1110399091845', 'neutron.objects.network.RbacNeutronDbObjectMixin.validate_rbac_policy_change-1110399233300', 'neutron.objects.qos.policy.RbacNeutronDbObjectMixin.validate_rbac_policy_change-1110399214948', 'neutron.objects.subnetpool.RbacNeutronDbObjectMixin.validate_rbac_policy_change-1110399218768', 'neutron.objects.address_scope.RbacNeutronDbObjectMixin.validate_rbac_policy_change-1110399218835', 'neutron.plugins.ml2.plugin.External_net_db_mixin._process_ext_policy_create-1082197', 'neutron.plugins.ml2.plugin.NeutronDbPluginV2.validate_network_rbac_policy_change-1094197'] for rbac-policy (None), before_create {{(pid=103796) _notify_loop /opt/stack/data/venv/lib/python3.12/site-packages/neutron_lib/callbacks/manager.py:184}}
May 09 09:03:53.901112 np0000173058 devstack@neutron-api.service[103796]: DEBUG neutron_lib.callbacks.manager [None req-5036368c-89ac-40fd-85c1-923ea31e276e admin admin] Publish callbacks [] for subnetpool (None), before_response {{(pid=103796) _notify_loop /opt/stack/data/venv/lib/python3.12/site-packages/neutron_lib/callbacks/manager.py:184}}
May 09 09:03:53.902261 np0000173058 devstack@neutron-api.service[103796]: [pid: 103796|app: 0|req: 1/3] 199.204.45.223 () {68 vars in 1367 bytes} [Sat May 9 09:03:53 2026] POST /networking/v2.0/subnetpools => generated 533 bytes in 503 msecs (HTTP/1.1 201) 4 headers in 162 bytes (1 switches on core 0)
May 09 09:03:54.200242 np0000173058 devstack@neutron-api.service[103794]: DEBUG neutron.api.v2.base [None req-63a8d636-1ed5-469f-8e96-adcca56c19a7 admin admin] Request body: {'subnetpool': {'name': 'shared-default-subnetpool-v6', 'is_default': True, 'prefixes': ['fd0d:f4d4:f549::/56'], 'shared': True, 'default_prefixlen': 64}} {{(pid=103794) prepare_request_body /opt/stack/neutron/neutron/api/v2/base.py:727}}
May 09 09:03:54.369475 np0000173058 devstack@neutron-api.service[103794]: DEBUG neutron.policy [None req-63a8d636-1ed5-469f-8e96-adcca56c19a7 admin admin] Loaded default policies from ['neutron'] under neutron.policies entry points {{(pid=103794) register_rules /opt/stack/neutron/neutron/policy.py:65}}
May 09 09:03:54.513121 np0000173058 devstack@neutron-api.service[103794]: DEBUG neutron_lib.callbacks.manager [None req-63a8d636-1ed5-469f-8e96-adcca56c19a7 admin admin] Publish callbacks ['neutron.objects.securitygroup.RbacNeutronDbObjectMixin.validate_rbac_policy_change-1110399132516', 'neutron.objects.address_group.RbacNeutronDbObjectMixin.validate_rbac_policy_change-1110399093218', 'neutron.objects.network.RbacNeutronDbObjectMixin.validate_rbac_policy_change-1110399231368', 'neutron.objects.qos.policy.RbacNeutronDbObjectMixin.validate_rbac_policy_change-1110399219858', 'neutron.objects.subnetpool.RbacNeutronDbObjectMixin.validate_rbac_policy_change-1110399201862', 'neutron.objects.address_scope.RbacNeutronDbObjectMixin.validate_rbac_policy_change-1110399204635', 'neutron.plugins.ml2.plugin.External_net_db_mixin._process_ext_policy_create-1109160', 'neutron.plugins.ml2.plugin.NeutronDbPluginV2.validate_network_rbac_policy_change-1110348'] for rbac-policy (None), before_create {{(pid=103794) _notify_loop /opt/stack/data/venv/lib/python3.12/site-packages/neutron_lib/callbacks/manager.py:184}}
May 09 09:03:54.581000 np0000173058 devstack@neutron-api.service[103794]: DEBUG neutron_lib.callbacks.manager [None req-63a8d636-1ed5-469f-8e96-adcca56c19a7 admin admin] Publish callbacks [] for subnetpool (None), before_response {{(pid=103794) _notify_loop /opt/stack/data/venv/lib/python3.12/site-packages/neutron_lib/callbacks/manager.py:184}}
May 09 09:03:54.617871 np0000173058 devstack@neutron-api.service[103794]: [pid: 103794|app: 0|req: 1/4] 199.204.45.223 () {68 vars in 1367 bytes} [Sat May 9 09:03:54 2026] POST /networking/v2.0/subnetpools => generated 543 bytes in 483 msecs (HTTP/1.1 201) 4 headers in 162 bytes (1 switches on core 0)
May 09 09:03:54.982388 np0000173058 devstack@neutron-api.service[103795]: DEBUG neutron.api.v2.base [None req-06c7467d-ba1d-419a-8670-bcda11f3a987 admin admin] Request body: {'network': {'admin_state_up': True, 'name': 'private'}} {{(pid=103795) prepare_request_body /opt/stack/neutron/neutron/api/v2/base.py:727}}
May 09 09:03:55.003275 np0000173058 devstack@neutron-api.service[103795]: DEBUG neutron.pecan_wsgi.hooks.quota_enforcement [None req-06c7467d-ba1d-419a-8670-bcda11f3a987 admin admin] Made reservation on behalf of 97faefc0d8784850864ac1ea6876b825 for: {'network': 1} {{(pid=103795) before /opt/stack/neutron/neutron/pecan_wsgi/hooks/quota_enforcement.py:66}}
May 09 09:03:55.184016 np0000173058 devstack@neutron-api.service[103795]: DEBUG neutron.policy [None req-06c7467d-ba1d-419a-8670-bcda11f3a987 admin admin] Loaded default policies from ['neutron'] under neutron.policies entry points {{(pid=103795) register_rules /opt/stack/neutron/neutron/policy.py:65}}
May 09 09:03:55.286979 np0000173058 devstack@neutron-api.service[103795]: DEBUG neutron_lib.callbacks.manager [None req-06c7467d-ba1d-419a-8670-bcda11f3a987 admin admin] Publish callbacks ['neutron.plugins.ml2.plugin.SecurityGroupDbMixin._ensure_default_security_group_handler-1117513'] for network (None), before_create {{(pid=103795) _notify_loop /opt/stack/data/venv/lib/python3.12/site-packages/neutron_lib/callbacks/manager.py:184}}
May 09 09:03:55.304108 np0000173058 devstack@neutron-api.service[103795]: DEBUG neutron_lib.callbacks.manager [None req-06c7467d-ba1d-419a-8670-bcda11f3a987 admin admin] Publish callbacks [] for security_group (None), before_create {{(pid=103795) _notify_loop /opt/stack/data/venv/lib/python3.12/site-packages/neutron_lib/callbacks/manager.py:184}}
May 09 09:03:55.394801 np0000173058 devstack@neutron-api.service[103795]: DEBUG neutron_lib.callbacks.manager [None req-06c7467d-ba1d-419a-8670-bcda11f3a987 admin admin] Publish callbacks ['neutron.plugins.ml2.drivers.ovn.mech_driver.mech_driver.OVNMechanismDriver._create_security_group_precommit-877119'] for security_group (f09340ac-f969-46dc-a3f4-5c854ae49298), precommit_create {{(pid=103795) _notify_loop /opt/stack/data/venv/lib/python3.12/site-packages/neutron_lib/callbacks/manager.py:184}}
May 09 09:03:55.395022 np0000173058 devstack@neutron-api.service[103795]: DEBUG neutron.db.ovn_revision_numbers_db [None req-06c7467d-ba1d-419a-8670-bcda11f3a987 admin admin] create_initial_revision uuid=f09340ac-f969-46dc-a3f4-5c854ae49298, type=security_groups, rev=-1 {{(pid=103795) create_initial_revision /opt/stack/neutron/neutron/db/ovn_revision_numbers_db.py:98}}
May 09 09:03:55.397149 np0000173058 devstack@neutron-api.service[103795]: DEBUG neutron.db.ovn_revision_numbers_db [None req-06c7467d-ba1d-419a-8670-bcda11f3a987 admin admin] create_initial_revision uuid=35a85adf-e63a-4d99-b2d9-06b233863513, type=security_group_rules, rev=-1 {{(pid=103795) create_initial_revision /opt/stack/neutron/neutron/db/ovn_revision_numbers_db.py:98}}
May 09 09:03:55.398145 np0000173058 devstack@neutron-api.service[103795]: DEBUG neutron.db.ovn_revision_numbers_db [None req-06c7467d-ba1d-419a-8670-bcda11f3a987 admin admin] create_initial_revision uuid=4409f168-05e8-4029-8d3a-a354e5513353, type=security_group_rules, rev=-1 {{(pid=103795) create_initial_revision /opt/stack/neutron/neutron/db/ovn_revision_numbers_db.py:98}}
May 09 09:03:55.399242 np0000173058 devstack@neutron-api.service[103795]: DEBUG neutron.db.ovn_revision_numbers_db [None req-06c7467d-ba1d-419a-8670-bcda11f3a987 admin admin] create_initial_revision uuid=44d1f520-7dde-4090-a93b-4f81c4266238, type=security_group_rules, rev=-1 {{(pid=103795) create_initial_revision /opt/stack/neutron/neutron/db/ovn_revision_numbers_db.py:98}}
May 09 09:03:55.400455 np0000173058 devstack@neutron-api.service[103795]: DEBUG neutron.db.ovn_revision_numbers_db [None req-06c7467d-ba1d-419a-8670-bcda11f3a987 admin admin] create_initial_revision uuid=fb145956-a723-4511-9c88-116233e8547e, type=security_group_rules, rev=-1 {{(pid=103795) create_initial_revision /opt/stack/neutron/neutron/db/ovn_revision_numbers_db.py:98}}
May 09 09:03:55.408280 np0000173058 devstack@neutron-api.service[103795]: DEBUG neutron_lib.callbacks.manager [None req-06c7467d-ba1d-419a-8670-bcda11f3a987 admin admin] Publish callbacks ['neutron.plugins.ml2.drivers.ovn.mech_driver.mech_driver.OVNMechanismDriver._create_security_group-877061', 'neutron.plugins.ml2.ovo_rpc._ObjectChangeHandler.handle_event-8245046'] for security_group (f09340ac-f969-46dc-a3f4-5c854ae49298), after_create {{(pid=103795) _notify_loop /opt/stack/data/venv/lib/python3.12/site-packages/neutron_lib/callbacks/manager.py:184}}
May 09 09:03:55.409084 np0000173058 devstack@neutron-api.service[103795]: DEBUG ovsdbapp.backend.ovs_idl.transaction [-] Running txn n=1 command(idx=0): PgAddCommand(_result=None, name=pg_f09340ac_f969_46dc_a3f4_5c854ae49298, may_exist=False, columns={'acls': [], 'external_ids': {'neutron:security_group_id': 'f09340ac-f969-46dc-a3f4-5c854ae49298'}}) {{(pid=103795) do_commit /opt/stack/data/venv/lib/python3.12/site-packages/ovsdbapp/backend/ovs_idl/transaction.py:89}}
May 09 09:03:55.410211 np0000173058 devstack@neutron-api.service[103795]: DEBUG ovsdbapp.backend.ovs_idl.transaction [-] Running txn n=1 command(idx=1): PgAclAddCommand(_result=None, entity=pg_f09340ac_f969_46dc_a3f4_5c854ae49298, direction=to-lport, priority=1002, match=outport == @pg_f09340ac_f969_46dc_a3f4_5c854ae49298 && ip6 && ip6.src == $pg_f09340ac_f969_46dc_a3f4_5c854ae49298_ip6, action=allow-related, log=False, may_exist=True, severity=[], name=[], meter=[], external_ids={'neutron:security_group_rule_id': '35a85adf-e63a-4d99-b2d9-06b233863513'}) {{(pid=103795) do_commit /opt/stack/data/venv/lib/python3.12/site-packages/ovsdbapp/backend/ovs_idl/transaction.py:89}}
May 09 09:03:55.410686 np0000173058 devstack@neutron-api.service[103795]: DEBUG ovsdbapp.backend.ovs_idl.transaction [-] Running txn n=1 command(idx=2): PgAclAddCommand(_result=None, entity=pg_f09340ac_f969_46dc_a3f4_5c854ae49298, direction=from-lport, priority=1002, match=inport == @pg_f09340ac_f969_46dc_a3f4_5c854ae49298 && ip6, action=allow-related, log=False, may_exist=True, severity=[], name=[], meter=[], external_ids={'neutron:security_group_rule_id': '4409f168-05e8-4029-8d3a-a354e5513353'}) {{(pid=103795) do_commit /opt/stack/data/venv/lib/python3.12/site-packages/ovsdbapp/backend/ovs_idl/transaction.py:89}}
May 09 09:03:55.411127 np0000173058 devstack@neutron-api.service[103795]: DEBUG ovsdbapp.backend.ovs_idl.transaction [-] Running txn n=1 command(idx=3): PgAclAddCommand(_result=None, entity=pg_f09340ac_f969_46dc_a3f4_5c854ae49298, direction=from-lport, priority=1002, match=inport == @pg_f09340ac_f969_46dc_a3f4_5c854ae49298 && ip4, action=allow-related, log=False, may_exist=True, severity=[], name=[], meter=[], external_ids={'neutron:security_group_rule_id': '44d1f520-7dde-4090-a93b-4f81c4266238'}) {{(pid=103795) do_commit /opt/stack/data/venv/lib/python3.12/site-packages/ovsdbapp/backend/ovs_idl/transaction.py:89}}
May 09 09:03:55.411499 np0000173058 devstack@neutron-api.service[103795]: DEBUG ovsdbapp.backend.ovs_idl.transaction [-] Running txn n=1 command(idx=4): PgAclAddCommand(_result=None, entity=pg_f09340ac_f969_46dc_a3f4_5c854ae49298, direction=to-lport, priority=1002, match=outport == @pg_f09340ac_f969_46dc_a3f4_5c854ae49298 && ip4 && ip4.src == $pg_f09340ac_f969_46dc_a3f4_5c854ae49298_ip4, action=allow-related, log=False, may_exist=True, severity=[], name=[], meter=[], external_ids={'neutron:security_group_rule_id': 'fb145956-a723-4511-9c88-116233e8547e'}) {{(pid=103795) do_commit /opt/stack/data/venv/lib/python3.12/site-packages/ovsdbapp/backend/ovs_idl/transaction.py:89}}
May 09 09:03:55.419582 np0000173058 devstack@neutron-api.service[103795]: DEBUG neutron.plugins.ml2.drivers.ovn.mech_driver.ovsdb.ovsdb_monitor [-] Hash Ring: Node 46ead5cde01e51898c2ec67fb41c5027 (host: np0000173058) handling event "create" for row 1dc7ce43-ee61-403d-8a90-aa1fba28b148 (table: ACL) {{(pid=103795) notify /opt/stack/neutron/neutron/plugins/ml2/drivers/ovn/mech_driver/ovsdb/ovsdb_monitor.py:942}}
May 09 09:03:55.419582 np0000173058 devstack@neutron-api.service[103795]: DEBUG neutron.plugins.ml2.drivers.ovn.mech_driver.ovsdb.ovsdb_monitor [-] Hash Ring: Node 46ead5cde01e51898c2ec67fb41c5027 (host: np0000173058) handling event "create" for row 97edd1d8-39a9-4c3e-ab3a-7a3bdf763c8b (table: ACL) {{(pid=103795) notify /opt/stack/neutron/neutron/plugins/ml2/drivers/ovn/mech_driver/ovsdb/ovsdb_monitor.py:942}}
May 09 09:03:55.419582 np0000173058 devstack@neutron-api.service[103795]: DEBUG neutron.plugins.ml2.drivers.ovn.mech_driver.ovsdb.ovsdb_monitor [-] Hash Ring: Node 46ead5cde01e51898c2ec67fb41c5027 (host: np0000173058) handling event "create" for row 4e8253a8-47ab-4fd8-a8a6-097a2e4cd644 (table: Port_Group) {{(pid=103795) notify /opt/stack/neutron/neutron/plugins/ml2/drivers/ovn/mech_driver/ovsdb/ovsdb_monitor.py:942}}
May 09 09:03:55.422442 np0000173058 devstack@neutron-api.service[103797]: DEBUG neutron.plugins.ml2.drivers.ovn.mech_driver.ovsdb.ovsdb_monitor [-] Hash Ring: Node bf46088eceb05007a5259f46d707891c (host: np0000173058) handling event "create" for row 1dc7ce43-ee61-403d-8a90-aa1fba28b148 (table: ACL) {{(pid=103797) notify /opt/stack/neutron/neutron/plugins/ml2/drivers/ovn/mech_driver/ovsdb/ovsdb_monitor.py:942}}
May 09 09:03:55.422988 np0000173058 devstack@neutron-api.service[103797]: DEBUG neutron.plugins.ml2.drivers.ovn.mech_driver.ovsdb.ovsdb_monitor [-] Hash Ring: Node bf46088eceb05007a5259f46d707891c (host: np0000173058) handling event "create" for row 5041fccd-4095-4dcf-8562-1483f4689974 (table: ACL) {{(pid=103797) notify /opt/stack/neutron/neutron/plugins/ml2/drivers/ovn/mech_driver/ovsdb/ovsdb_monitor.py:942}}
May 09 09:03:55.423112 np0000173058 devstack@neutron-api.service[103797]: DEBUG neutron.plugins.ml2.drivers.ovn.mech_driver.ovsdb.ovsdb_monitor [-] Hash Ring: Node bf46088eceb05007a5259f46d707891c (host: np0000173058) handling event "create" for row 832b71df-73f1-4480-90c3-74627453e27c (table: ACL) {{(pid=103797) notify /opt/stack/neutron/neutron/plugins/ml2/drivers/ovn/mech_driver/ovsdb/ovsdb_monitor.py:942}}
May 09 09:03:55.423465 np0000173058 devstack@neutron-api.service[103797]: DEBUG neutron.plugins.ml2.drivers.ovn.mech_driver.ovsdb.ovsdb_monitor [-] Hash Ring: Node bf46088eceb05007a5259f46d707891c (host: np0000173058) handling event "create" for row 97edd1d8-39a9-4c3e-ab3a-7a3bdf763c8b (table: ACL) {{(pid=103797) notify /opt/stack/neutron/neutron/plugins/ml2/drivers/ovn/mech_driver/ovsdb/ovsdb_monitor.py:942}}
May 09 09:03:55.423744 np0000173058 devstack@neutron-api.service[103797]: DEBUG neutron.plugins.ml2.drivers.ovn.mech_driver.ovsdb.ovsdb_monitor [-] Hash Ring: Node bf46088eceb05007a5259f46d707891c (host: np0000173058) handling event "create" for row 4e8253a8-47ab-4fd8-a8a6-097a2e4cd644 (table: Port_Group) {{(pid=103797) notify /opt/stack/neutron/neutron/plugins/ml2/drivers/ovn/mech_driver/ovsdb/ovsdb_monitor.py:942}}
May 09 09:03:55.425839 np0000173058 devstack@neutron-api.service[103794]: DEBUG neutron.plugins.ml2.drivers.ovn.mech_driver.ovsdb.ovsdb_monitor [-] Hash Ring: Node c8642a3bdab2584299ebca7e8659dfe4 (host: np0000173058) handling event "create" for row 5041fccd-4095-4dcf-8562-1483f4689974 (table: ACL) {{(pid=103794) notify /opt/stack/neutron/neutron/plugins/ml2/drivers/ovn/mech_driver/ovsdb/ovsdb_monitor.py:942}}
May 09 09:03:55.427733 np0000173058 devstack@neutron-api.service[103796]: DEBUG neutron.plugins.ml2.drivers.ovn.mech_driver.ovsdb.ovsdb_monitor [-] Hash Ring: Node 25ee91cff76859958bc71f6affda04a9 (host: np0000173058) handling event "create" for row 832b71df-73f1-4480-90c3-74627453e27c (table: ACL) {{(pid=103796) notify /opt/stack/neutron/neutron/plugins/ml2/drivers/ovn/mech_driver/ovsdb/ovsdb_monitor.py:942}}
May 09 09:03:55.445202 np0000173058 devstack@neutron-api.service[103795]: INFO neutron.db.ovn_revision_numbers_db [None req-06c7467d-ba1d-419a-8670-bcda11f3a987 admin admin] Successfully bumped revision number for resource f09340ac-f969-46dc-a3f4-5c854ae49298 (type: security_groups) to 1
May 09 09:03:55.460890 np0000173058 devstack@neutron-api.service[103795]: INFO neutron.db.ovn_revision_numbers_db [None req-06c7467d-ba1d-419a-8670-bcda11f3a987 admin admin] Successfully bumped revision number for resource 35a85adf-e63a-4d99-b2d9-06b233863513 (type: security_group_rules) to 0
May 09 09:03:55.473915 np0000173058 devstack@neutron-api.service[103795]: INFO neutron.db.ovn_revision_numbers_db [None req-06c7467d-ba1d-419a-8670-bcda11f3a987 admin admin] Successfully bumped revision number for resource 4409f168-05e8-4029-8d3a-a354e5513353 (type: security_group_rules) to 0
May 09 09:03:55.487424 np0000173058 devstack@neutron-api.service[103795]: INFO neutron.db.ovn_revision_numbers_db [None req-06c7467d-ba1d-419a-8670-bcda11f3a987 admin admin] Successfully bumped revision number for resource 44d1f520-7dde-4090-a93b-4f81c4266238 (type: security_group_rules) to 0
May 09 09:03:55.500425 np0000173058 devstack@neutron-api.service[103795]: INFO neutron.db.ovn_revision_numbers_db [None req-06c7467d-ba1d-419a-8670-bcda11f3a987 admin admin] Successfully bumped revision number for resource fb145956-a723-4511-9c88-116233e8547e (type: security_group_rules) to 0
May 09 09:03:55.524306 np0000173058 devstack@neutron-api.service[103795]: DEBUG neutron.api.rpc.handlers.resources_rpc [None req-06c7467d-ba1d-419a-8670-bcda11f3a987 admin admin] Pushing event updated for resources: {'SecurityGroup': ['ID=f09340ac-f969-46dc-a3f4-5c854ae49298,revision_number=1']} {{(pid=103795) push /opt/stack/neutron/neutron/api/rpc/handlers/resources_rpc.py:237}}
May 09 09:03:55.531309 np0000173058 devstack@neutron-api.service[103795]: DEBUG ovsdbapp.backend.ovs_idl.transaction [-] Running txn n=1 command(idx=0): CheckLivenessCommand(_result=None) {{(pid=103795) do_commit /opt/stack/data/venv/lib/python3.12/site-packages/ovsdbapp/backend/ovs_idl/transaction.py:89}}
May 09 09:03:55.532811 np0000173058 devstack@neutron-api.service[103795]: DEBUG neutron.plugins.ml2.drivers.ovn.mech_driver.ovsdb.ovsdb_monitor [-] Hash Ring: Node 46ead5cde01e51898c2ec67fb41c5027 (host: np0000173058) handling event "update" for row 717c9482-a129-4319-acba-e8a8f603f5ce (table: NB_Global) {{(pid=103795) notify /opt/stack/neutron/neutron/plugins/ml2/drivers/ovn/mech_driver/ovsdb/ovsdb_monitor.py:942}}
May 09 09:03:55.534381 np0000173058 devstack@neutron-api.service[103797]: DEBUG neutron.plugins.ml2.drivers.ovn.mech_driver.ovsdb.ovsdb_monitor [-] Hash Ring: Node bf46088eceb05007a5259f46d707891c (host: np0000173058) handling event "update" for row 717c9482-a129-4319-acba-e8a8f603f5ce (table: NB_Global) {{(pid=103797) notify /opt/stack/neutron/neutron/plugins/ml2/drivers/ovn/mech_driver/ovsdb/ovsdb_monitor.py:942}}
May 09 09:03:55.534679 np0000173058 devstack@neutron-api.service[103795]: DEBUG neutron.api.rpc.callbacks.version_manager [None req-06c7467d-ba1d-419a-8670-bcda11f3a987 admin admin] Tracked resource versions report:
May 09 09:03:55.534679 np0000173058 devstack@neutron-api.service[103795]: pushed versions:
May 09 09:03:55.534679 np0000173058 devstack@neutron-api.service[103795]: { 'AddressGroup': {'1.2'},
May 09 09:03:55.534679 np0000173058 devstack@neutron-api.service[103795]: 'Agent': {'1.1'},
May 09 09:03:55.534679 np0000173058 devstack@neutron-api.service[103795]: 'ConntrackHelper': {'1.0'},
May 09 09:03:55.534679 np0000173058 devstack@neutron-api.service[103795]: 'LocalIPAssociation': {'1.0'},
May 09 09:03:55.534679 np0000173058 devstack@neutron-api.service[103795]: 'Log': {'1.0'},
May 09 09:03:55.534679 np0000173058 devstack@neutron-api.service[103795]: 'NDPProxy': {'1.0'},
May 09 09:03:55.534679 np0000173058 devstack@neutron-api.service[103795]: 'Network': {'1.2'},
May 09 09:03:55.534679 np0000173058 devstack@neutron-api.service[103795]: 'Port': {'1.10'},
May 09 09:03:55.534679 np0000173058 devstack@neutron-api.service[103795]: 'PortForwarding': {'1.3'},
May 09 09:03:55.534679 np0000173058 devstack@neutron-api.service[103795]: 'QosPolicy': {'1.10'},
May 09 09:03:55.534679 np0000173058 devstack@neutron-api.service[103795]: 'SecurityGroup': {'1.6'},
May 09 09:03:55.534679 np0000173058 devstack@neutron-api.service[103795]: 'SecurityGroupRule': {'1.3'},
May 09 09:03:55.534679 np0000173058 devstack@neutron-api.service[103795]: 'SubPort': {'1.0'},
May 09 09:03:55.534679 np0000173058 devstack@neutron-api.service[103795]: 'Subnet': {'1.2'},
May 09 09:03:55.534679 np0000173058 devstack@neutron-api.service[103795]: 'Trunk': {'1.1'}}
May 09 09:03:55.534679 np0000173058 devstack@neutron-api.service[103795]: consumer versions:
May 09 09:03:55.534679 np0000173058 devstack@neutron-api.service[103795]: {}
May 09 09:03:55.534679 np0000173058 devstack@neutron-api.service[103795]: {{(pid=103795) report /opt/stack/neutron/neutron/api/rpc/callbacks/version_manager.py:183}}
May 09 09:03:55.537468 np0000173058 devstack@neutron-api.service[103794]: DEBUG neutron.plugins.ml2.drivers.ovn.mech_driver.ovsdb.ovsdb_monitor [-] ChassisAgentWriteEvent : Matched Chassis_Private, update, None None {{(pid=103794) matches /opt/stack/neutron/neutron/plugins/ml2/drivers/ovn/mech_driver/ovsdb/ovsdb_monitor.py:64}}
May 09 09:03:55.539296 np0000173058 devstack@neutron-api.service[103797]: DEBUG neutron.plugins.ml2.drivers.ovn.mech_driver.ovsdb.ovsdb_monitor [-] Hash Ring: Node bf46088eceb05007a5259f46d707891c (host: np0000173058) handling event "update" for row 717c9482-a129-4319-acba-e8a8f603f5ce (table: NB_Global) {{(pid=103797) notify /opt/stack/neutron/neutron/plugins/ml2/drivers/ovn/mech_driver/ovsdb/ovsdb_monitor.py:942}}
May 09 09:03:55.539296 np0000173058 devstack@neutron-api.service[103797]: DEBUG neutron.plugins.ml2.drivers.ovn.mech_driver.ovsdb.ovsdb_monitor [-] Hash Ring: Node bf46088eceb05007a5259f46d707891c (host: np0000173058) handling event "update" for row 717c9482-a129-4319-acba-e8a8f603f5ce (table: NB_Global) {{(pid=103797) notify /opt/stack/neutron/neutron/plugins/ml2/drivers/ovn/mech_driver/ovsdb/ovsdb_monitor.py:942}}
May 09 09:03:55.539734 np0000173058 devstack@neutron-api.service[103796]: DEBUG neutron.plugins.ml2.drivers.ovn.mech_driver.ovsdb.ovsdb_monitor [-] ChassisAgentWriteEvent : Matched Chassis_Private, update, None None {{(pid=103796) matches /opt/stack/neutron/neutron/plugins/ml2/drivers/ovn/mech_driver/ovsdb/ovsdb_monitor.py:64}}
May 09 09:03:55.540131 np0000173058 devstack@neutron-api.service[103797]: DEBUG neutron.plugins.ml2.drivers.ovn.mech_driver.ovsdb.ovsdb_monitor [-] ChassisAgentWriteEvent : Matched Chassis_Private, update, None None {{(pid=103797) matches /opt/stack/neutron/neutron/plugins/ml2/drivers/ovn/mech_driver/ovsdb/ovsdb_monitor.py:64}}
May 09 09:03:55.541264 np0000173058 devstack@neutron-api.service[103795]: DEBUG neutron.plugins.ml2.drivers.ovn.mech_driver.ovsdb.ovsdb_monitor [-] Hash Ring: Node 46ead5cde01e51898c2ec67fb41c5027 (host: np0000173058) handling event "update" for row 717c9482-a129-4319-acba-e8a8f603f5ce (table: NB_Global) {{(pid=103795) notify /opt/stack/neutron/neutron/plugins/ml2/drivers/ovn/mech_driver/ovsdb/ovsdb_monitor.py:942}}
May 09 09:03:55.542611 np0000173058 devstack@neutron-api.service[103795]: DEBUG neutron.plugins.ml2.drivers.ovn.mech_driver.ovsdb.ovsdb_monitor [-] Hash Ring: Node 46ead5cde01e51898c2ec67fb41c5027 (host: np0000173058) handling event "update" for row 717c9482-a129-4319-acba-e8a8f603f5ce (table: NB_Global) {{(pid=103795) notify /opt/stack/neutron/neutron/plugins/ml2/drivers/ovn/mech_driver/ovsdb/ovsdb_monitor.py:942}}
May 09 09:03:55.543629 np0000173058 devstack@neutron-api.service[103795]: DEBUG neutron.plugins.ml2.drivers.ovn.mech_driver.ovsdb.ovsdb_monitor [-] ChassisAgentWriteEvent : Matched Chassis_Private, update, None None {{(pid=103795) matches /opt/stack/neutron/neutron/plugins/ml2/drivers/ovn/mech_driver/ovsdb/ovsdb_monitor.py:64}}
May 09 09:03:55.543984 np0000173058 devstack@neutron-api.service[103796]: DEBUG neutron.plugins.ml2.drivers.ovn.mech_driver.ovsdb.ovsdb_monitor [-] ChassisOVNAgentWriteEvent : Matched Chassis_Private, update, None None {{(pid=103796) matches /opt/stack/neutron/neutron/plugins/ml2/drivers/ovn/mech_driver/ovsdb/ovsdb_monitor.py:64}}
May 09 09:03:55.544238 np0000173058 devstack@neutron-api.service[103795]: DEBUG neutron.plugins.ml2.drivers.ovn.mech_driver.ovsdb.ovsdb_monitor [-] Hash Ring: Node 46ead5cde01e51898c2ec67fb41c5027 (host: np0000173058) handling event "update" for row cfb79253-cf7c-4be4-82d8-18e6194f13f9 (table: Chassis_Private) {{(pid=103795) notify /opt/stack/neutron/neutron/plugins/ml2/drivers/ovn/mech_driver/ovsdb/ovsdb_monitor.py:942}}
May 09 09:03:55.544520 np0000173058 devstack@neutron-api.service[103794]: DEBUG neutron.plugins.ml2.drivers.ovn.mech_driver.ovsdb.ovsdb_monitor [-] ChassisOVNAgentWriteEvent : Matched Chassis_Private, update, None None {{(pid=103794) matches /opt/stack/neutron/neutron/plugins/ml2/drivers/ovn/mech_driver/ovsdb/ovsdb_monitor.py:64}}
May 09 09:03:55.545869 np0000173058 devstack@neutron-api.service[103797]: DEBUG neutron.common.ovn.hash_ring_manager [-] Allow caching, nodes 4>=4 {{(pid=103797) _wait_startup_before_caching /opt/stack/neutron/neutron/common/ovn/hash_ring_manager.py:65}}
May 09 09:03:55.546045 np0000173058 devstack@neutron-api.service[103797]: DEBUG neutron.plugins.ml2.drivers.ovn.mech_driver.ovsdb.ovsdb_monitor [-] Hash Ring: Node bf46088eceb05007a5259f46d707891c (host: np0000173058) handling event "update" for row cfb79253-cf7c-4be4-82d8-18e6194f13f9 (table: Chassis_Private) {{(pid=103797) notify /opt/stack/neutron/neutron/plugins/ml2/drivers/ovn/mech_driver/ovsdb/ovsdb_monitor.py:942}}
May 09 09:03:55.546961 np0000173058 devstack@neutron-api.service[103797]: DEBUG neutron.plugins.ml2.drivers.ovn.mech_driver.ovsdb.ovsdb_monitor [-] ChassisOVNAgentWriteEvent : Matched Chassis_Private, update, None None {{(pid=103797) matches /opt/stack/neutron/neutron/plugins/ml2/drivers/ovn/mech_driver/ovsdb/ovsdb_monitor.py:64}}
May 09 09:03:55.547330 np0000173058 devstack@neutron-api.service[103797]: DEBUG neutron.plugins.ml2.drivers.ovn.mech_driver.ovsdb.ovsdb_monitor [-] Hash Ring: Node bf46088eceb05007a5259f46d707891c (host: np0000173058) handling event "update" for row cfb79253-cf7c-4be4-82d8-18e6194f13f9 (table: Chassis_Private) {{(pid=103797) notify /opt/stack/neutron/neutron/plugins/ml2/drivers/ovn/mech_driver/ovsdb/ovsdb_monitor.py:942}}
May 09 09:03:55.548755 np0000173058 devstack@neutron-api.service[103795]: DEBUG neutron.plugins.ml2.drivers.ovn.mech_driver.ovsdb.ovsdb_monitor [-] ChassisOVNAgentWriteEvent : Matched Chassis_Private, update, None None {{(pid=103795) matches /opt/stack/neutron/neutron/plugins/ml2/drivers/ovn/mech_driver/ovsdb/ovsdb_monitor.py:64}}
May 09 09:03:55.549116 np0000173058 devstack@neutron-api.service[103795]: DEBUG neutron.plugins.ml2.drivers.ovn.mech_driver.ovsdb.ovsdb_monitor [-] Hash Ring: Node 46ead5cde01e51898c2ec67fb41c5027 (host: np0000173058) handling event "update" for row cfb79253-cf7c-4be4-82d8-18e6194f13f9 (table: Chassis_Private) {{(pid=103795) notify /opt/stack/neutron/neutron/plugins/ml2/drivers/ovn/mech_driver/ovsdb/ovsdb_monitor.py:942}}
May 09 09:03:55.597666 np0000173058 devstack@neutron-api.service[103795]: DEBUG neutron.plugins.ml2.drivers.helpers [None req-06c7467d-ba1d-419a-8670-bcda11f3a987 admin admin] geneve segment allocate from pool success with {'geneve_vni': 23886} {{(pid=103795) allocate_partially_specified_segment /opt/stack/neutron/neutron/plugins/ml2/drivers/helpers.py:142}}
May 09 09:03:55.608951 np0000173058 devstack@neutron-api.service[103795]: DEBUG neutron_lib.callbacks.manager [None req-06c7467d-ba1d-419a-8670-bcda11f3a987 admin admin] Publish callbacks ['neutron.services.segments.db._add_segment_host_mapping_for_segment-7888148775496', 'neutron.plugins.ml2.plugin.Ml2Plugin._handle_segment_change-1383261'] for segment (df35aa54-9fb6-44e3-bc5f-f86652599304), precommit_create {{(pid=103795) _notify_loop /opt/stack/data/venv/lib/python3.12/site-packages/neutron_lib/callbacks/manager.py:184}}
May 09 09:03:55.609180 np0000173058 devstack@neutron-api.service[103795]: INFO neutron.db.segments_db [None req-06c7467d-ba1d-419a-8670-bcda11f3a987 admin admin] Added segment df35aa54-9fb6-44e3-bc5f-f86652599304 of type geneve for network 80bd2a89-9649-41b6-b7a0-ff6c641a0ce0
May 09 09:03:55.652863 np0000173058 devstack@neutron-api.service[103795]: DEBUG neutron_lib.callbacks.manager [None req-06c7467d-ba1d-419a-8670-bcda11f3a987 admin admin] Publish callbacks ['neutron.services.auto_allocate.db._ensure_external_network_default_value_callback-7888147077844'] for network (80bd2a89-9649-41b6-b7a0-ff6c641a0ce0), precommit_create {{(pid=103795) _notify_loop /opt/stack/data/venv/lib/python3.12/site-packages/neutron_lib/callbacks/manager.py:184}}
May 09 09:03:55.668052 np0000173058 devstack@neutron-api.service[103795]: DEBUG neutron.plugins.ml2.drivers.ovn.mech_driver.mech_driver [None req-06c7467d-ba1d-419a-8670-bcda11f3a987 admin admin] Validating network segment with type geneve, segmentation ID 23886, physical network None {{(pid=103795) _validate_network_segments /opt/stack/neutron/neutron/plugins/ml2/drivers/ovn/mech_driver/mech_driver.py:641}}
May 09 09:03:55.668052 np0000173058 devstack@neutron-api.service[103795]: DEBUG neutron.db.ovn_revision_numbers_db [None req-06c7467d-ba1d-419a-8670-bcda11f3a987 admin admin] create_initial_revision uuid=80bd2a89-9649-41b6-b7a0-ff6c641a0ce0, type=networks, rev=-1 {{(pid=103795) create_initial_revision /opt/stack/neutron/neutron/db/ovn_revision_numbers_db.py:98}}
May 09 09:03:55.683182 np0000173058 devstack@neutron-api.service[103795]: DEBUG neutron_lib.callbacks.manager [None req-06c7467d-ba1d-419a-8670-bcda11f3a987 admin admin] Publish callbacks ['neutron.plugins.ml2.ovo_rpc._ObjectChangeHandler.handle_event-8245045'] for network (80bd2a89-9649-41b6-b7a0-ff6c641a0ce0), after_create {{(pid=103795) _notify_loop /opt/stack/data/venv/lib/python3.12/site-packages/neutron_lib/callbacks/manager.py:184}}
