Apr 09 18:17:57.068489 np0000164629 systemd[1]: Starting devstack@n-api-meta.service - Devstack devstack@n-api-meta.service...
Apr 09 18:17:57.080681 np0000164629 devstack@n-api-meta.service[107510]: [uWSGI] getting INI configuration from /etc/nova/nova-metadata-uwsgi.ini
Apr 09 18:17:57.081157 np0000164629 devstack@n-api-meta.service[107510]: open("./http_plugin.so"): No such file or directory [core/utils.c line 3709]
Apr 09 18:17:57.081157 np0000164629 devstack@n-api-meta.service[107510]: !!! UNABLE to load uWSGI plugin: ./http_plugin.so: cannot open shared object file: No such file or directory !!!
Apr 09 18:17:57.081157 np0000164629 devstack@n-api-meta.service[107510]: open("./python3_plugin.so"): No such file or directory [core/utils.c line 3709]
Apr 09 18:17:57.081157 np0000164629 devstack@n-api-meta.service[107510]: !!! UNABLE to load uWSGI plugin: ./python3_plugin.so: cannot open shared object file: No such file or directory !!!
Apr 09 18:17:57.081157 np0000164629 devstack@n-api-meta.service[107510]: *** Starting uWSGI 2.0.31 (64bit) on [Thu Apr 9 18:17:57 2026] ***
Apr 09 18:17:57.081157 np0000164629 devstack@n-api-meta.service[107510]: compiled with version: 13.3.0 on 09 April 2026 18:07:08
Apr 09 18:17:57.081157 np0000164629 devstack@n-api-meta.service[107510]: os: Linux-6.8.0-107-generic #107-Ubuntu SMP PREEMPT_DYNAMIC Fri Mar 13 19:51:50 UTC 2026
Apr 09 18:17:57.081157 np0000164629 devstack@n-api-meta.service[107510]: nodename: np0000164629
Apr 09 18:17:57.081157 np0000164629 devstack@n-api-meta.service[107510]: machine: x86_64
Apr 09 18:17:57.081157 np0000164629 devstack@n-api-meta.service[107510]: clock source: unix
Apr 09 18:17:57.081157 np0000164629 devstack@n-api-meta.service[107510]: pcre jit disabled
Apr 09 18:17:57.081157 np0000164629 devstack@n-api-meta.service[107510]: detected number of CPU cores: 16
Apr 09 18:17:57.081157 np0000164629 devstack@n-api-meta.service[107510]: current working directory: /
Apr 09 18:17:57.081157 np0000164629 devstack@n-api-meta.service[107510]: detected binary path: /opt/stack/data/venv/bin/uwsgi
Apr 09 18:17:57.081157 np0000164629 devstack@n-api-meta.service[107510]: your processes number limit is 256917
Apr 09 18:17:57.081157 np0000164629 devstack@n-api-meta.service[107510]: your memory page size is 4096 bytes
Apr 09 18:17:57.081157 np0000164629 devstack@n-api-meta.service[107510]: detected max file descriptor number: 2048
Apr 09 18:17:57.081157 np0000164629 devstack@n-api-meta.service[107510]: lock engine: pthread robust mutexes
Apr 09 18:17:57.081157 np0000164629 devstack@n-api-meta.service[107510]: thunder lock: enabled
Apr 09 18:17:57.081718 np0000164629 devstack@n-api-meta.service[107510]: uWSGI http bound on 0.0.0.0:8775 fd 5
Apr 09 18:17:57.081718 np0000164629 devstack@n-api-meta.service[107510]: uwsgi socket 0 bound to TCP address 127.0.0.1:41617 (port auto-assigned) fd 4
Apr 09 18:17:57.081718 np0000164629 devstack@n-api-meta.service[107510]: Python version: 3.12.3 (main, Mar 3 2026, 12:15:18) [GCC 13.3.0]
Apr 09 18:17:57.081718 np0000164629 devstack@n-api-meta.service[107510]: PEP 405 virtualenv detected: /opt/stack/data/venv
Apr 09 18:17:57.081718 np0000164629 devstack@n-api-meta.service[107510]: Set PythonHome to /opt/stack/data/venv
Apr 09 18:17:57.116178 np0000164629 devstack@n-api-meta.service[107510]: Python main interpreter initialized at 0x7d59f72a3668
Apr 09 18:17:57.116178 np0000164629 devstack@n-api-meta.service[107510]: python threads support enabled
Apr 09 18:17:57.116178 np0000164629 devstack@n-api-meta.service[107510]: your server socket listen backlog is limited to 100 connections
Apr 09 18:17:57.116178 np0000164629 devstack@n-api-meta.service[107510]: your mercy for graceful operations on workers is 80 seconds
Apr 09 18:17:57.116575 np0000164629 devstack@n-api-meta.service[107510]: mapped 671795 bytes (656 KB) for 4 cores
Apr 09 18:17:57.116716 np0000164629 devstack@n-api-meta.service[107510]: *** Operational MODE: preforking ***
Apr 09 18:17:57.116932 np0000164629 devstack@n-api-meta.service[107510]: *** uWSGI is running in multiple interpreter mode ***
Apr 09 18:17:57.116932 np0000164629 devstack@n-api-meta.service[107510]: spawned uWSGI master process (pid: 107510)
Apr 09 18:17:57.117244 np0000164629 systemd[1]: Started devstack@n-api-meta.service - Devstack devstack@n-api-meta.service.
Apr 09 18:17:57.117551 np0000164629 devstack@n-api-meta.service[107510]: spawned uWSGI worker 1 (pid: 107511, cores: 1)
Apr 09 18:17:57.118178 np0000164629 devstack@n-api-meta.service[107510]: spawned uWSGI worker 2 (pid: 107512, cores: 1)
Apr 09 18:17:57.118592 np0000164629 devstack@n-api-meta.service[107510]: spawned uWSGI worker 3 (pid: 107513, cores: 1)
Apr 09 18:17:57.118994 np0000164629 devstack@n-api-meta.service[107510]: spawned uWSGI worker 4 (pid: 107514, cores: 1)
Apr 09 18:17:57.119495 np0000164629 devstack@n-api-meta.service[107510]: spawned uWSGI http 1 (pid: 107515)
Apr 09 18:17:57.119495 np0000164629 devstack@n-api-meta.service[107510]: running "unix_signal:15 gracefully_kill_them_all" (master-start)...
Apr 09 18:17:57.432432 np0000164629 devstack@n-api-meta.service[107513]: /opt/stack/data/venv/lib/python3.12/site-packages/oslo_concurrency/lockutils.py:41: EventletDeprecationWarning:
Apr 09 18:17:57.432432 np0000164629 devstack@n-api-meta.service[107513]: Eventlet is deprecated. It is currently being maintained in bugfix mode, and
Apr 09 18:17:57.432432 np0000164629 devstack@n-api-meta.service[107513]: we strongly recommend against using it for new projects.
Apr 09 18:17:57.432432 np0000164629 devstack@n-api-meta.service[107513]: If you are already using Eventlet, we recommend migrating to a different
Apr 09 18:17:57.432432 np0000164629 devstack@n-api-meta.service[107513]: framework. For more detail see
Apr 09 18:17:57.432432 np0000164629 devstack@n-api-meta.service[107513]: https://eventlet.readthedocs.io/en/latest/asyncio/migration.html
Apr 09 18:17:57.432432 np0000164629 devstack@n-api-meta.service[107513]: import eventlet
Apr 09 18:17:57.460731 np0000164629 devstack@n-api-meta.service[107511]: /opt/stack/data/venv/lib/python3.12/site-packages/oslo_concurrency/lockutils.py:41: EventletDeprecationWarning:
Apr 09 18:17:57.460731 np0000164629 devstack@n-api-meta.service[107511]: Eventlet is deprecated. It is currently being maintained in bugfix mode, and
Apr 09 18:17:57.460731 np0000164629 devstack@n-api-meta.service[107511]: we strongly recommend against using it for new projects.
Apr 09 18:17:57.460731 np0000164629 devstack@n-api-meta.service[107511]: If you are already using Eventlet, we recommend migrating to a different
Apr 09 18:17:57.460731 np0000164629 devstack@n-api-meta.service[107511]: framework. For more detail see
Apr 09 18:17:57.460731 np0000164629 devstack@n-api-meta.service[107511]: https://eventlet.readthedocs.io/en/latest/asyncio/migration.html
Apr 09 18:17:57.460731 np0000164629 devstack@n-api-meta.service[107511]: import eventlet
Apr 09 18:17:57.462472 np0000164629 devstack@n-api-meta.service[107514]: /opt/stack/data/venv/lib/python3.12/site-packages/oslo_concurrency/lockutils.py:41: EventletDeprecationWarning:
Apr 09 18:17:57.462472 np0000164629 devstack@n-api-meta.service[107514]: Eventlet is deprecated. It is currently being maintained in bugfix mode, and
Apr 09 18:17:57.462472 np0000164629 devstack@n-api-meta.service[107514]: we strongly recommend against using it for new projects.
Apr 09 18:17:57.462472 np0000164629 devstack@n-api-meta.service[107514]: If you are already using Eventlet, we recommend migrating to a different
Apr 09 18:17:57.462472 np0000164629 devstack@n-api-meta.service[107514]: framework. For more detail see
Apr 09 18:17:57.462472 np0000164629 devstack@n-api-meta.service[107514]: https://eventlet.readthedocs.io/en/latest/asyncio/migration.html
Apr 09 18:17:57.462472 np0000164629 devstack@n-api-meta.service[107514]: import eventlet
Apr 09 18:17:57.466309 np0000164629 devstack@n-api-meta.service[107512]: /opt/stack/data/venv/lib/python3.12/site-packages/oslo_concurrency/lockutils.py:41: EventletDeprecationWarning:
Apr 09 18:17:57.466309 np0000164629 devstack@n-api-meta.service[107512]: Eventlet is deprecated. It is currently being maintained in bugfix mode, and
Apr 09 18:17:57.466309 np0000164629 devstack@n-api-meta.service[107512]: we strongly recommend against using it for new projects.
Apr 09 18:17:57.466309 np0000164629 devstack@n-api-meta.service[107512]: If you are already using Eventlet, we recommend migrating to a different
Apr 09 18:17:57.466309 np0000164629 devstack@n-api-meta.service[107512]: framework. For more detail see
Apr 09 18:17:57.466309 np0000164629 devstack@n-api-meta.service[107512]: https://eventlet.readthedocs.io/en/latest/asyncio/migration.html
Apr 09 18:17:57.466309 np0000164629 devstack@n-api-meta.service[107512]: import eventlet
Apr 09 18:17:57.481220 np0000164629 devstack@n-api-meta.service[107513]: Service is starting with native threading. This is currently experimental. Do not use it in production without first testing it in pre-production.
Apr 09 18:17:57.511260 np0000164629 devstack@n-api-meta.service[107511]: Service is starting with native threading. This is currently experimental. Do not use it in production without first testing it in pre-production.
Apr 09 18:17:57.514907 np0000164629 devstack@n-api-meta.service[107514]: Service is starting with native threading. This is currently experimental. Do not use it in production without first testing it in pre-production.
Apr 09 18:17:57.516465 np0000164629 devstack@n-api-meta.service[107512]: Service is starting with native threading. This is currently experimental. Do not use it in production without first testing it in pre-production.
Apr 09 18:17:58.914731 np0000164629 devstack@n-api-meta.service[107513]: INFO dbcounter [None req-64263e44-f466-443d-8e5b-ab05308ff1ea None None] Registered counter for database nova_api
Apr 09 18:17:58.931546 np0000164629 devstack@n-api-meta.service[107513]: DEBUG oslo_db.sqlalchemy.engines [None req-64263e44-f466-443d-8e5b-ab05308ff1ea None None] MySQL server mode set to STRICT_TRANS_TABLES,STRICT_ALL_TABLES,NO_ZERO_IN_DATE,NO_ZERO_DATE,ERROR_FOR_DIVISION_BY_ZERO,TRADITIONAL,NO_ENGINE_SUBSTITUTION {{(pid=107513) _check_effective_sql_mode /opt/stack/data/venv/lib/python3.12/site-packages/oslo_db/sqlalchemy/engines.py:325}}
Apr 09 18:17:58.963034 np0000164629 devstack@n-api-meta.service[107513]: DEBUG dbcounter [-] [107513] Writer thread running {{(pid=107513) stat_writer /opt/stack/data/venv/lib/python3.12/site-packages/dbcounter.py:102}}
Apr 09 18:17:58.965484 np0000164629 devstack@n-api-meta.service[107513]: DEBUG nova.context [None req-64263e44-f466-443d-8e5b-ab05308ff1ea None None] Found 2 cells: 00000000-0000-0000-0000-000000000000(cell0),e4a9b7ec-e696-4af3-aa00-b73a89be9954(cell1) {{(pid=107513) load_cells /opt/stack/nova/nova/context.py:509}}
Apr 09 18:17:58.965700 np0000164629 devstack@n-api-meta.service[107513]: INFO nova.utils [None req-64263e44-f466-443d-8e5b-ab05308ff1ea None None] The cell worker thread pool MainProcess.cell_worker is initialized
Apr 09 18:17:58.968299 np0000164629 devstack@n-api-meta.service[107513]: DEBUG oslo_concurrency.lockutils [None req-64263e44-f466-443d-8e5b-ab05308ff1ea None None] Acquiring lock "00000000-0000-0000-0000-000000000000" by "nova.context.set_target_cell..get_or_set_cached_cell_and_set_connections" {{(pid=107513) inner /opt/stack/data/venv/lib/python3.12/site-packages/oslo_concurrency/lockutils.py:506}}
Apr 09 18:17:58.968504 np0000164629 devstack@n-api-meta.service[107513]: DEBUG oslo_concurrency.lockutils [None req-64263e44-f466-443d-8e5b-ab05308ff1ea None None] Lock "00000000-0000-0000-0000-000000000000" acquired by "nova.context.set_target_cell..get_or_set_cached_cell_and_set_connections" :: waited 0.000s {{(pid=107513) inner /opt/stack/data/venv/lib/python3.12/site-packages/oslo_concurrency/lockutils.py:519}}
Apr 09 18:17:58.969170 np0000164629 devstack@n-api-meta.service[107513]: DEBUG oslo_concurrency.lockutils [None req-64263e44-f466-443d-8e5b-ab05308ff1ea None None] Lock "00000000-0000-0000-0000-000000000000" "released" by "nova.context.set_target_cell..get_or_set_cached_cell_and_set_connections" :: held 0.001s {{(pid=107513) inner /opt/stack/data/venv/lib/python3.12/site-packages/oslo_concurrency/lockutils.py:538}}
Apr 09 18:17:58.970129 np0000164629 devstack@n-api-meta.service[107513]: DEBUG oslo_concurrency.lockutils [None req-64263e44-f466-443d-8e5b-ab05308ff1ea None None] Acquiring lock "e4a9b7ec-e696-4af3-aa00-b73a89be9954" by "nova.context.set_target_cell..get_or_set_cached_cell_and_set_connections" {{(pid=107513) inner /opt/stack/data/venv/lib/python3.12/site-packages/oslo_concurrency/lockutils.py:506}}
Apr 09 18:17:58.970324 np0000164629 devstack@n-api-meta.service[107513]: DEBUG oslo_concurrency.lockutils [None req-64263e44-f466-443d-8e5b-ab05308ff1ea None None] Lock "e4a9b7ec-e696-4af3-aa00-b73a89be9954" acquired by "nova.context.set_target_cell..get_or_set_cached_cell_and_set_connections" :: waited 0.000s {{(pid=107513) inner /opt/stack/data/venv/lib/python3.12/site-packages/oslo_concurrency/lockutils.py:519}}
Apr 09 18:17:58.971484 np0000164629 devstack@n-api-meta.service[107513]: DEBUG oslo_concurrency.lockutils [None req-64263e44-f466-443d-8e5b-ab05308ff1ea None None] Lock "e4a9b7ec-e696-4af3-aa00-b73a89be9954" "released" by "nova.context.set_target_cell..get_or_set_cached_cell_and_set_connections" :: held 0.001s {{(pid=107513) inner /opt/stack/data/venv/lib/python3.12/site-packages/oslo_concurrency/lockutils.py:538}}
Apr 09 18:17:58.974797 np0000164629 devstack@n-api-meta.service[107513]: INFO dbcounter [None req-64263e44-f466-443d-8e5b-ab05308ff1ea None None] Registered counter for database nova_cell0
Apr 09 18:17:58.980551 np0000164629 devstack@n-api-meta.service[107513]: INFO dbcounter [None req-64263e44-f466-443d-8e5b-ab05308ff1ea None None] Registered counter for database nova_cell1
Apr 09 18:17:58.992375 np0000164629 devstack@n-api-meta.service[107513]: DEBUG oslo_db.sqlalchemy.engines [None req-64263e44-f466-443d-8e5b-ab05308ff1ea None None] MySQL server mode set to STRICT_TRANS_TABLES,STRICT_ALL_TABLES,NO_ZERO_IN_DATE,NO_ZERO_DATE,ERROR_FOR_DIVISION_BY_ZERO,TRADITIONAL,NO_ENGINE_SUBSTITUTION {{(pid=107513) _check_effective_sql_mode /opt/stack/data/venv/lib/python3.12/site-packages/oslo_db/sqlalchemy/engines.py:325}}
Apr 09 18:17:59.004103 np0000164629 devstack@n-api-meta.service[107513]: DEBUG oslo_db.sqlalchemy.engines [None req-64263e44-f466-443d-8e5b-ab05308ff1ea None None] MySQL server mode set to STRICT_TRANS_TABLES,STRICT_ALL_TABLES,NO_ZERO_IN_DATE,NO_ZERO_DATE,ERROR_FOR_DIVISION_BY_ZERO,TRADITIONAL,NO_ENGINE_SUBSTITUTION {{(pid=107513) _check_effective_sql_mode /opt/stack/data/venv/lib/python3.12/site-packages/oslo_db/sqlalchemy/engines.py:325}}
Apr 09 18:17:59.014658 np0000164629 devstack@n-api-meta.service[107512]: INFO dbcounter [None req-ec920539-56d6-4567-95bc-6df8262210ab None None] Registered counter for database nova_api
Apr 09 18:17:59.029430 np0000164629 devstack@n-api-meta.service[107512]: DEBUG oslo_db.sqlalchemy.engines [None req-ec920539-56d6-4567-95bc-6df8262210ab None None] MySQL server mode set to STRICT_TRANS_TABLES,STRICT_ALL_TABLES,NO_ZERO_IN_DATE,NO_ZERO_DATE,ERROR_FOR_DIVISION_BY_ZERO,TRADITIONAL,NO_ENGINE_SUBSTITUTION {{(pid=107512) _check_effective_sql_mode /opt/stack/data/venv/lib/python3.12/site-packages/oslo_db/sqlalchemy/engines.py:325}}
Apr 09 18:17:59.054785 np0000164629 devstack@n-api-meta.service[107511]: INFO dbcounter [None req-9db3c98c-d11f-4a05-95e7-cc0823847aa5 None None] Registered counter for database nova_api
Apr 09 18:17:59.063469 np0000164629 devstack@n-api-meta.service[107512]: DEBUG dbcounter [-] [107512] Writer thread running {{(pid=107512) stat_writer /opt/stack/data/venv/lib/python3.12/site-packages/dbcounter.py:102}}
Apr 09 18:17:59.065880 np0000164629 devstack@n-api-meta.service[107512]: DEBUG nova.context [None req-ec920539-56d6-4567-95bc-6df8262210ab None None] Found 2 cells: 00000000-0000-0000-0000-000000000000(cell0),e4a9b7ec-e696-4af3-aa00-b73a89be9954(cell1) {{(pid=107512) load_cells /opt/stack/nova/nova/context.py:509}}
Apr 09 18:17:59.066130 np0000164629 devstack@n-api-meta.service[107512]: INFO nova.utils [None req-ec920539-56d6-4567-95bc-6df8262210ab None None] The cell worker thread pool MainProcess.cell_worker is initialized
Apr 09 18:17:59.067871 np0000164629 devstack@n-api-meta.service[107512]: DEBUG oslo_concurrency.lockutils [None req-ec920539-56d6-4567-95bc-6df8262210ab None None] Acquiring lock "00000000-0000-0000-0000-000000000000" by "nova.context.set_target_cell..get_or_set_cached_cell_and_set_connections" {{(pid=107512) inner /opt/stack/data/venv/lib/python3.12/site-packages/oslo_concurrency/lockutils.py:506}}
Apr 09 18:17:59.068019 np0000164629 devstack@n-api-meta.service[107512]: DEBUG oslo_concurrency.lockutils [None req-ec920539-56d6-4567-95bc-6df8262210ab None None] Lock "00000000-0000-0000-0000-000000000000" acquired by "nova.context.set_target_cell..get_or_set_cached_cell_and_set_connections" :: waited 0.000s {{(pid=107512) inner /opt/stack/data/venv/lib/python3.12/site-packages/oslo_concurrency/lockutils.py:519}}
Apr 09 18:17:59.068419 np0000164629 devstack@n-api-meta.service[107512]: DEBUG oslo_concurrency.lockutils [None req-ec920539-56d6-4567-95bc-6df8262210ab None None] Lock "00000000-0000-0000-0000-000000000000" "released" by "nova.context.set_target_cell..get_or_set_cached_cell_and_set_connections" :: held 0.000s {{(pid=107512) inner /opt/stack/data/venv/lib/python3.12/site-packages/oslo_concurrency/lockutils.py:538}}
Apr 09 18:17:59.069323 np0000164629 devstack@n-api-meta.service[107512]: DEBUG oslo_concurrency.lockutils [None req-ec920539-56d6-4567-95bc-6df8262210ab None None] Acquiring lock "e4a9b7ec-e696-4af3-aa00-b73a89be9954" by "nova.context.set_target_cell..get_or_set_cached_cell_and_set_connections" {{(pid=107512) inner /opt/stack/data/venv/lib/python3.12/site-packages/oslo_concurrency/lockutils.py:506}}
Apr 09 18:17:59.069454 np0000164629 devstack@n-api-meta.service[107512]: DEBUG oslo_concurrency.lockutils [None req-ec920539-56d6-4567-95bc-6df8262210ab None None] Lock "e4a9b7ec-e696-4af3-aa00-b73a89be9954" acquired by "nova.context.set_target_cell..get_or_set_cached_cell_and_set_connections" :: waited 0.000s {{(pid=107512) inner /opt/stack/data/venv/lib/python3.12/site-packages/oslo_concurrency/lockutils.py:519}}
Apr 09 18:17:59.070355 np0000164629 devstack@n-api-meta.service[107512]: DEBUG oslo_concurrency.lockutils [None req-ec920539-56d6-4567-95bc-6df8262210ab None None] Lock "e4a9b7ec-e696-4af3-aa00-b73a89be9954" "released" by "nova.context.set_target_cell..get_or_set_cached_cell_and_set_connections" :: held 0.001s {{(pid=107512) inner /opt/stack/data/venv/lib/python3.12/site-packages/oslo_concurrency/lockutils.py:538}}
Apr 09 18:17:59.070464 np0000164629 devstack@n-api-meta.service[107511]: DEBUG oslo_db.sqlalchemy.engines [None req-9db3c98c-d11f-4a05-95e7-cc0823847aa5 None None] MySQL server mode set to STRICT_TRANS_TABLES,STRICT_ALL_TABLES,NO_ZERO_IN_DATE,NO_ZERO_DATE,ERROR_FOR_DIVISION_BY_ZERO,TRADITIONAL,NO_ENGINE_SUBSTITUTION {{(pid=107511) _check_effective_sql_mode /opt/stack/data/venv/lib/python3.12/site-packages/oslo_db/sqlalchemy/engines.py:325}}
Apr 09 18:17:59.072854 np0000164629 devstack@n-api-meta.service[107512]: INFO dbcounter [None req-ec920539-56d6-4567-95bc-6df8262210ab None None] Registered counter for database nova_cell0
Apr 09 18:17:59.078129 np0000164629 devstack@n-api-meta.service[107512]: INFO dbcounter [None req-ec920539-56d6-4567-95bc-6df8262210ab None None] Registered counter for database nova_cell1
Apr 09 18:17:59.085335 np0000164629 devstack@n-api-meta.service[107514]: INFO dbcounter [None req-3772ff97-f9f4-4cff-95c7-6a6bf898d1ce None None] Registered counter for database nova_api
Apr 09 18:17:59.090553 np0000164629 devstack@n-api-meta.service[107512]: DEBUG oslo_db.sqlalchemy.engines [None req-ec920539-56d6-4567-95bc-6df8262210ab None None] MySQL server mode set to STRICT_TRANS_TABLES,STRICT_ALL_TABLES,NO_ZERO_IN_DATE,NO_ZERO_DATE,ERROR_FOR_DIVISION_BY_ZERO,TRADITIONAL,NO_ENGINE_SUBSTITUTION {{(pid=107512) _check_effective_sql_mode /opt/stack/data/venv/lib/python3.12/site-packages/oslo_db/sqlalchemy/engines.py:325}}
Apr 09 18:17:59.095013 np0000164629 devstack@n-api-meta.service[107513]: DEBUG dbcounter [-] [107513] Writer thread running {{(pid=107513) stat_writer /opt/stack/data/venv/lib/python3.12/site-packages/dbcounter.py:102}}
Apr 09 18:17:59.096379 np0000164629 devstack@n-api-meta.service[107512]: DEBUG oslo_db.sqlalchemy.engines [None req-ec920539-56d6-4567-95bc-6df8262210ab None None] MySQL server mode set to STRICT_TRANS_TABLES,STRICT_ALL_TABLES,NO_ZERO_IN_DATE,NO_ZERO_DATE,ERROR_FOR_DIVISION_BY_ZERO,TRADITIONAL,NO_ENGINE_SUBSTITUTION {{(pid=107512) _check_effective_sql_mode /opt/stack/data/venv/lib/python3.12/site-packages/oslo_db/sqlalchemy/engines.py:325}}
Apr 09 18:17:59.103395 np0000164629 devstack@n-api-meta.service[107513]: DEBUG dbcounter [-] [107513] Writer thread running {{(pid=107513) stat_writer /opt/stack/data/venv/lib/python3.12/site-packages/dbcounter.py:102}}
Apr 09 18:17:59.103928 np0000164629 devstack@n-api-meta.service[107514]: DEBUG oslo_db.sqlalchemy.engines [None req-3772ff97-f9f4-4cff-95c7-6a6bf898d1ce None None] MySQL server mode set to STRICT_TRANS_TABLES,STRICT_ALL_TABLES,NO_ZERO_IN_DATE,NO_ZERO_DATE,ERROR_FOR_DIVISION_BY_ZERO,TRADITIONAL,NO_ENGINE_SUBSTITUTION {{(pid=107514) _check_effective_sql_mode /opt/stack/data/venv/lib/python3.12/site-packages/oslo_db/sqlalchemy/engines.py:325}}
Apr 09 18:17:59.104680 np0000164629 devstack@n-api-meta.service[107511]: DEBUG dbcounter [-] [107511] Writer thread running {{(pid=107511) stat_writer /opt/stack/data/venv/lib/python3.12/site-packages/dbcounter.py:102}}
Apr 09 18:17:59.107620 np0000164629 devstack@n-api-meta.service[107513]: INFO dbcounter [None req-64263e44-f466-443d-8e5b-ab05308ff1ea None None] Registered counter for database nova_cell0
Apr 09 18:17:59.107864 np0000164629 devstack@n-api-meta.service[107511]: DEBUG nova.context [None req-9db3c98c-d11f-4a05-95e7-cc0823847aa5 None None] Found 2 cells: 00000000-0000-0000-0000-000000000000(cell0),e4a9b7ec-e696-4af3-aa00-b73a89be9954(cell1) {{(pid=107511) load_cells /opt/stack/nova/nova/context.py:509}}
Apr 09 18:17:59.108106 np0000164629 devstack@n-api-meta.service[107511]: INFO nova.utils [None req-9db3c98c-d11f-4a05-95e7-cc0823847aa5 None None] The cell worker thread pool MainProcess.cell_worker is initialized
Apr 09 18:17:59.109926 np0000164629 devstack@n-api-meta.service[107511]: DEBUG oslo_concurrency.lockutils [None req-9db3c98c-d11f-4a05-95e7-cc0823847aa5 None None] Acquiring lock "00000000-0000-0000-0000-000000000000" by "nova.context.set_target_cell..get_or_set_cached_cell_and_set_connections" {{(pid=107511) inner /opt/stack/data/venv/lib/python3.12/site-packages/oslo_concurrency/lockutils.py:506}}
Apr 09 18:17:59.110107 np0000164629 devstack@n-api-meta.service[107511]: DEBUG oslo_concurrency.lockutils [None req-9db3c98c-d11f-4a05-95e7-cc0823847aa5 None None] Lock "00000000-0000-0000-0000-000000000000" acquired by "nova.context.set_target_cell..get_or_set_cached_cell_and_set_connections" :: waited 0.000s {{(pid=107511) inner /opt/stack/data/venv/lib/python3.12/site-packages/oslo_concurrency/lockutils.py:519}}
Apr 09 18:17:59.110485 np0000164629 devstack@n-api-meta.service[107511]: DEBUG oslo_concurrency.lockutils [None req-9db3c98c-d11f-4a05-95e7-cc0823847aa5 None None] Lock "00000000-0000-0000-0000-000000000000" "released" by "nova.context.set_target_cell..get_or_set_cached_cell_and_set_connections" :: held 0.000s {{(pid=107511) inner /opt/stack/data/venv/lib/python3.12/site-packages/oslo_concurrency/lockutils.py:538}}
Apr 09 18:17:59.111181 np0000164629 devstack@n-api-meta.service[107511]: DEBUG oslo_concurrency.lockutils [None req-9db3c98c-d11f-4a05-95e7-cc0823847aa5 None None] Acquiring lock "e4a9b7ec-e696-4af3-aa00-b73a89be9954" by "nova.context.set_target_cell..get_or_set_cached_cell_and_set_connections" {{(pid=107511) inner /opt/stack/data/venv/lib/python3.12/site-packages/oslo_concurrency/lockutils.py:506}}
Apr 09 18:17:59.111322 np0000164629 devstack@n-api-meta.service[107511]: DEBUG oslo_concurrency.lockutils [None req-9db3c98c-d11f-4a05-95e7-cc0823847aa5 None None] Lock "e4a9b7ec-e696-4af3-aa00-b73a89be9954" acquired by "nova.context.set_target_cell..get_or_set_cached_cell_and_set_connections" :: waited 0.000s {{(pid=107511) inner /opt/stack/data/venv/lib/python3.12/site-packages/oslo_concurrency/lockutils.py:519}}
Apr 09 18:17:59.112169 np0000164629 devstack@n-api-meta.service[107511]: DEBUG oslo_concurrency.lockutils [None req-9db3c98c-d11f-4a05-95e7-cc0823847aa5 None None] Lock "e4a9b7ec-e696-4af3-aa00-b73a89be9954" "released" by "nova.context.set_target_cell..get_or_set_cached_cell_and_set_connections" :: held 0.001s {{(pid=107511) inner /opt/stack/data/venv/lib/python3.12/site-packages/oslo_concurrency/lockutils.py:538}}
Apr 09 18:17:59.114482 np0000164629 devstack@n-api-meta.service[107511]: INFO dbcounter [None req-9db3c98c-d11f-4a05-95e7-cc0823847aa5 None None] Registered counter for database nova_cell0
Apr 09 18:17:59.117571 np0000164629 devstack@n-api-meta.service[107513]: DEBUG oslo_db.sqlalchemy.engines [None req-64263e44-f466-443d-8e5b-ab05308ff1ea None None] MySQL server mode set to STRICT_TRANS_TABLES,STRICT_ALL_TABLES,NO_ZERO_IN_DATE,NO_ZERO_DATE,ERROR_FOR_DIVISION_BY_ZERO,TRADITIONAL,NO_ENGINE_SUBSTITUTION {{(pid=107513) _check_effective_sql_mode /opt/stack/data/venv/lib/python3.12/site-packages/oslo_db/sqlalchemy/engines.py:325}}
Apr 09 18:17:59.119372 np0000164629 devstack@n-api-meta.service[107511]: INFO dbcounter [None req-9db3c98c-d11f-4a05-95e7-cc0823847aa5 None None] Registered counter for database nova_cell1
Apr 09 18:17:59.126090 np0000164629 devstack@n-api-meta.service[107513]: DEBUG dbcounter [-] [107513] Writer thread running {{(pid=107513) stat_writer /opt/stack/data/venv/lib/python3.12/site-packages/dbcounter.py:102}}
Apr 09 18:17:59.132801 np0000164629 devstack@n-api-meta.service[107511]: DEBUG oslo_db.sqlalchemy.engines [None req-9db3c98c-d11f-4a05-95e7-cc0823847aa5 None None] MySQL server mode set to STRICT_TRANS_TABLES,STRICT_ALL_TABLES,NO_ZERO_IN_DATE,NO_ZERO_DATE,ERROR_FOR_DIVISION_BY_ZERO,TRADITIONAL,NO_ENGINE_SUBSTITUTION {{(pid=107511) _check_effective_sql_mode /opt/stack/data/venv/lib/python3.12/site-packages/oslo_db/sqlalchemy/engines.py:325}}
Apr 09 18:17:59.139719 np0000164629 devstack@n-api-meta.service[107511]: DEBUG oslo_db.sqlalchemy.engines [None req-9db3c98c-d11f-4a05-95e7-cc0823847aa5 None None] MySQL server mode set to STRICT_TRANS_TABLES,STRICT_ALL_TABLES,NO_ZERO_IN_DATE,NO_ZERO_DATE,ERROR_FOR_DIVISION_BY_ZERO,TRADITIONAL,NO_ENGINE_SUBSTITUTION {{(pid=107511) _check_effective_sql_mode /opt/stack/data/venv/lib/python3.12/site-packages/oslo_db/sqlalchemy/engines.py:325}}
Apr 09 18:17:59.141945 np0000164629 devstack@n-api-meta.service[107514]: DEBUG dbcounter [-] [107514] Writer thread running {{(pid=107514) stat_writer /opt/stack/data/venv/lib/python3.12/site-packages/dbcounter.py:102}}
Apr 09 18:17:59.145717 np0000164629 devstack@n-api-meta.service[107514]: DEBUG nova.context [None req-3772ff97-f9f4-4cff-95c7-6a6bf898d1ce None None] Found 2 cells: 00000000-0000-0000-0000-000000000000(cell0),e4a9b7ec-e696-4af3-aa00-b73a89be9954(cell1) {{(pid=107514) load_cells /opt/stack/nova/nova/context.py:509}}
Apr 09 18:17:59.145976 np0000164629 devstack@n-api-meta.service[107514]: INFO nova.utils [None req-3772ff97-f9f4-4cff-95c7-6a6bf898d1ce None None] The cell worker thread pool MainProcess.cell_worker is initialized
Apr 09 18:17:59.148871 np0000164629 devstack@n-api-meta.service[107514]: DEBUG oslo_concurrency.lockutils [None req-3772ff97-f9f4-4cff-95c7-6a6bf898d1ce None None] Acquiring lock "00000000-0000-0000-0000-000000000000" by "nova.context.set_target_cell..get_or_set_cached_cell_and_set_connections" {{(pid=107514) inner /opt/stack/data/venv/lib/python3.12/site-packages/oslo_concurrency/lockutils.py:506}}
Apr 09 18:17:59.149179 np0000164629 devstack@n-api-meta.service[107514]: DEBUG oslo_concurrency.lockutils [None req-3772ff97-f9f4-4cff-95c7-6a6bf898d1ce None None] Lock "00000000-0000-0000-0000-000000000000" acquired by "nova.context.set_target_cell..get_or_set_cached_cell_and_set_connections" :: waited 0.000s {{(pid=107514) inner /opt/stack/data/venv/lib/python3.12/site-packages/oslo_concurrency/lockutils.py:519}}
Apr 09 18:17:59.149652 np0000164629 devstack@n-api-meta.service[107514]: DEBUG oslo_concurrency.lockutils [None req-3772ff97-f9f4-4cff-95c7-6a6bf898d1ce None None] Lock "00000000-0000-0000-0000-000000000000" "released" by "nova.context.set_target_cell..get_or_set_cached_cell_and_set_connections" :: held 0.001s {{(pid=107514) inner /opt/stack/data/venv/lib/python3.12/site-packages/oslo_concurrency/lockutils.py:538}}
Apr 09 18:17:59.150976 np0000164629 devstack@n-api-meta.service[107514]: DEBUG oslo_concurrency.lockutils [None req-3772ff97-f9f4-4cff-95c7-6a6bf898d1ce None None] Acquiring lock "e4a9b7ec-e696-4af3-aa00-b73a89be9954" by "nova.context.set_target_cell..get_or_set_cached_cell_and_set_connections" {{(pid=107514) inner /opt/stack/data/venv/lib/python3.12/site-packages/oslo_concurrency/lockutils.py:506}}
Apr 09 18:17:59.151350 np0000164629 devstack@n-api-meta.service[107514]: DEBUG oslo_concurrency.lockutils [None req-3772ff97-f9f4-4cff-95c7-6a6bf898d1ce None None] Lock "e4a9b7ec-e696-4af3-aa00-b73a89be9954" acquired by "nova.context.set_target_cell..get_or_set_cached_cell_and_set_connections" :: waited 0.000s {{(pid=107514) inner /opt/stack/data/venv/lib/python3.12/site-packages/oslo_concurrency/lockutils.py:519}}
Apr 09 18:17:59.153346 np0000164629 devstack@n-api-meta.service[107514]: DEBUG oslo_concurrency.lockutils [None req-3772ff97-f9f4-4cff-95c7-6a6bf898d1ce None None] Lock "e4a9b7ec-e696-4af3-aa00-b73a89be9954" "released" by "nova.context.set_target_cell..get_or_set_cached_cell_and_set_connections" :: held 0.002s {{(pid=107514) inner /opt/stack/data/venv/lib/python3.12/site-packages/oslo_concurrency/lockutils.py:538}}
Apr 09 18:17:59.156611 np0000164629 devstack@n-api-meta.service[107514]: INFO dbcounter [None req-3772ff97-f9f4-4cff-95c7-6a6bf898d1ce None None] Registered counter for database nova_cell0
Apr 09 18:17:59.161383 np0000164629 devstack@n-api-meta.service[107514]: INFO dbcounter [None req-3772ff97-f9f4-4cff-95c7-6a6bf898d1ce None None] Registered counter for database nova_cell1
Apr 09 18:17:59.169906 np0000164629 devstack@n-api-meta.service[107513]: WARNING nova.api.metadata.handler [None req-64263e44-f466-443d-8e5b-ab05308ff1ea None None] metadata_proxy_shared_secret is not configured, the metadata information returned by the proxy cannot be trusted
Apr 09 18:17:59.171269 np0000164629 devstack@n-api-meta.service[107514]: DEBUG oslo_db.sqlalchemy.engines [None req-3772ff97-f9f4-4cff-95c7-6a6bf898d1ce None None] MySQL server mode set to STRICT_TRANS_TABLES,STRICT_ALL_TABLES,NO_ZERO_IN_DATE,NO_ZERO_DATE,ERROR_FOR_DIVISION_BY_ZERO,TRADITIONAL,NO_ENGINE_SUBSTITUTION {{(pid=107514) _check_effective_sql_mode /opt/stack/data/venv/lib/python3.12/site-packages/oslo_db/sqlalchemy/engines.py:325}}
Apr 09 18:17:59.172137 np0000164629 devstack@n-api-meta.service[107513]: DEBUG nova.api.openstack.wsgi_app [None req-64263e44-f466-443d-8e5b-ab05308ff1ea None None] ******************************************************************************** {{(pid=107513) log_opt_values /opt/stack/data/venv/lib/python3.12/site-packages/oslo_config/cfg.py:2979}}
Apr 09 18:17:59.172257 np0000164629 devstack@n-api-meta.service[107513]: DEBUG nova.api.openstack.wsgi_app [None req-64263e44-f466-443d-8e5b-ab05308ff1ea None None] Configuration options gathered from: {{(pid=107513) log_opt_values /opt/stack/data/venv/lib/python3.12/site-packages/oslo_config/cfg.py:2980}}
Apr 09 18:17:59.172367 np0000164629 devstack@n-api-meta.service[107513]: DEBUG nova.api.openstack.wsgi_app [None req-64263e44-f466-443d-8e5b-ab05308ff1ea None None] command line args: [] {{(pid=107513) log_opt_values /opt/stack/data/venv/lib/python3.12/site-packages/oslo_config/cfg.py:2981}}
Apr 09 18:17:59.172516 np0000164629 devstack@n-api-meta.service[107513]: DEBUG nova.api.openstack.wsgi_app [None req-64263e44-f466-443d-8e5b-ab05308ff1ea None None] config files: ['/etc/nova/api-paste.ini', '/etc/nova/nova.conf'] {{(pid=107513) log_opt_values /opt/stack/data/venv/lib/python3.12/site-packages/oslo_config/cfg.py:2982}}
Apr 09 18:17:59.172631 np0000164629 devstack@n-api-meta.service[107513]: DEBUG nova.api.openstack.wsgi_app [None req-64263e44-f466-443d-8e5b-ab05308ff1ea None None] ================================================================================ {{(pid=107513) log_opt_values /opt/stack/data/venv/lib/python3.12/site-packages/oslo_config/cfg.py:2987}}
Apr 09 18:17:59.172812 np0000164629 devstack@n-api-meta.service[107513]: DEBUG nova.api.openstack.wsgi_app [None req-64263e44-f466-443d-8e5b-ab05308ff1ea None None] allow_resize_to_same_host = True {{(pid=107513) log_opt_values /opt/stack/data/venv/lib/python3.12/site-packages/oslo_config/cfg.py:2995}}
Apr 09 18:17:59.173001 np0000164629 devstack@n-api-meta.service[107513]: DEBUG nova.api.openstack.wsgi_app [None req-64263e44-f466-443d-8e5b-ab05308ff1ea None None] arq_binding_timeout = 300 {{(pid=107513) log_opt_values /opt/stack/data/venv/lib/python3.12/site-packages/oslo_config/cfg.py:2995}}
Apr 09 18:17:59.173155 np0000164629 devstack@n-api-meta.service[107513]: DEBUG nova.api.openstack.wsgi_app [None req-64263e44-f466-443d-8e5b-ab05308ff1ea None None] block_device_allocate_retries = 60 {{(pid=107513) log_opt_values /opt/stack/data/venv/lib/python3.12/site-packages/oslo_config/cfg.py:2995}}
Apr 09 18:17:59.173323 np0000164629 devstack@n-api-meta.service[107513]: DEBUG nova.api.openstack.wsgi_app [None req-64263e44-f466-443d-8e5b-ab05308ff1ea None None] block_device_allocate_retries_interval = 3 {{(pid=107513) log_opt_values /opt/stack/data/venv/lib/python3.12/site-packages/oslo_config/cfg.py:2995}}
Apr 09 18:17:59.173422 np0000164629 devstack@n-api-meta.service[107513]: DEBUG nova.api.openstack.wsgi_app [None req-64263e44-f466-443d-8e5b-ab05308ff1ea None None] cell_worker_thread_pool_size = 5 {{(pid=107513) log_opt_values /opt/stack/data/venv/lib/python3.12/site-packages/oslo_config/cfg.py:2995}}
Apr 09 18:17:59.173554 np0000164629 devstack@n-api-meta.service[107513]: DEBUG nova.api.openstack.wsgi_app [None req-64263e44-f466-443d-8e5b-ab05308ff1ea None None] cert = self.pem {{(pid=107513) log_opt_values /opt/stack/data/venv/lib/python3.12/site-packages/oslo_config/cfg.py:2995}}
Apr 09 18:17:59.173935 np0000164629 devstack@n-api-meta.service[107513]: DEBUG nova.api.openstack.wsgi_app [None req-64263e44-f466-443d-8e5b-ab05308ff1ea None None] compute_driver = libvirt.LibvirtDriver {{(pid=107513) log_opt_values /opt/stack/data/venv/lib/python3.12/site-packages/oslo_config/cfg.py:2995}}
Apr 09 18:17:59.173935 np0000164629 devstack@n-api-meta.service[107513]: DEBUG nova.api.openstack.wsgi_app [None req-64263e44-f466-443d-8e5b-ab05308ff1ea None None] compute_monitors = [] {{(pid=107513) log_opt_values /opt/stack/data/venv/lib/python3.12/site-packages/oslo_config/cfg.py:2995}}
Apr 09 18:17:59.173935 np0000164629 devstack@n-api-meta.service[107513]: DEBUG nova.api.openstack.wsgi_app [None req-64263e44-f466-443d-8e5b-ab05308ff1ea None None] config_dir = [] {{(pid=107513) log_opt_values /opt/stack/data/venv/lib/python3.12/site-packages/oslo_config/cfg.py:2995}}
Apr 09 18:17:59.174173 np0000164629 devstack@n-api-meta.service[107513]: DEBUG nova.api.openstack.wsgi_app [None req-64263e44-f466-443d-8e5b-ab05308ff1ea None None] config_drive_format = iso9660 {{(pid=107513) log_opt_values /opt/stack/data/venv/lib/python3.12/site-packages/oslo_config/cfg.py:2995}}
Apr 09 18:17:59.174233 np0000164629 devstack@n-api-meta.service[107513]: DEBUG nova.api.openstack.wsgi_app [None req-64263e44-f466-443d-8e5b-ab05308ff1ea None None] config_file = ['/etc/nova/api-paste.ini', '/etc/nova/nova.conf'] {{(pid=107513) log_opt_values /opt/stack/data/venv/lib/python3.12/site-packages/oslo_config/cfg.py:2995}}
Apr 09 18:17:59.174547 np0000164629 devstack@n-api-meta.service[107513]: DEBUG nova.api.openstack.wsgi_app [None req-64263e44-f466-443d-8e5b-ab05308ff1ea None None] config_source = [] {{(pid=107513) log_opt_values /opt/stack/data/venv/lib/python3.12/site-packages/oslo_config/cfg.py:2995}}
Apr 09 18:17:59.174547 np0000164629 devstack@n-api-meta.service[107513]: DEBUG nova.api.openstack.wsgi_app [None req-64263e44-f466-443d-8e5b-ab05308ff1ea None None] console_host = np0000164629 {{(pid=107513) log_opt_values /opt/stack/data/venv/lib/python3.12/site-packages/oslo_config/cfg.py:2995}}
Apr 09 18:17:59.174691 np0000164629 devstack@n-api-meta.service[107513]: DEBUG nova.api.openstack.wsgi_app [None req-64263e44-f466-443d-8e5b-ab05308ff1ea None None] control_exchange = nova {{(pid=107513) log_opt_values /opt/stack/data/venv/lib/python3.12/site-packages/oslo_config/cfg.py:2995}}
Apr 09 18:17:59.174755 np0000164629 devstack@n-api-meta.service[107513]: DEBUG nova.api.openstack.wsgi_app [None req-64263e44-f466-443d-8e5b-ab05308ff1ea None None] cpu_allocation_ratio = None {{(pid=107513) log_opt_values /opt/stack/data/venv/lib/python3.12/site-packages/oslo_config/cfg.py:2995}}
Apr 09 18:17:59.174874 np0000164629 devstack@n-api-meta.service[107513]: DEBUG nova.api.openstack.wsgi_app [None req-64263e44-f466-443d-8e5b-ab05308ff1ea None None] daemon = False {{(pid=107513) log_opt_values /opt/stack/data/venv/lib/python3.12/site-packages/oslo_config/cfg.py:2995}}
Apr 09 18:17:59.175004 np0000164629 devstack@n-api-meta.service[107513]: DEBUG nova.api.openstack.wsgi_app [None req-64263e44-f466-443d-8e5b-ab05308ff1ea None None] debug = True {{(pid=107513) log_opt_values /opt/stack/data/venv/lib/python3.12/site-packages/oslo_config/cfg.py:2995}}
Apr 09 18:17:59.175150 np0000164629 devstack@n-api-meta.service[107513]: DEBUG nova.api.openstack.wsgi_app [None req-64263e44-f466-443d-8e5b-ab05308ff1ea None None] default_access_ip_network_name = None {{(pid=107513) log_opt_values /opt/stack/data/venv/lib/python3.12/site-packages/oslo_config/cfg.py:2995}}
Apr 09 18:17:59.175285 np0000164629 devstack@n-api-meta.service[107513]: DEBUG nova.api.openstack.wsgi_app [None req-64263e44-f466-443d-8e5b-ab05308ff1ea None None] default_availability_zone = nova {{(pid=107513) log_opt_values /opt/stack/data/venv/lib/python3.12/site-packages/oslo_config/cfg.py:2995}}
Apr 09 18:17:59.175417 np0000164629 devstack@n-api-meta.service[107513]: DEBUG nova.api.openstack.wsgi_app [None req-64263e44-f466-443d-8e5b-ab05308ff1ea None None] default_ephemeral_format = ext4 {{(pid=107513) log_opt_values /opt/stack/data/venv/lib/python3.12/site-packages/oslo_config/cfg.py:2995}}
Apr 09 18:17:59.175544 np0000164629 devstack@n-api-meta.service[107513]: DEBUG nova.api.openstack.wsgi_app [None req-64263e44-f466-443d-8e5b-ab05308ff1ea None None] default_green_pool_size = 1000 {{(pid=107513) log_opt_values /opt/stack/data/venv/lib/python3.12/site-packages/oslo_config/cfg.py:2995}}
Apr 09 18:17:59.175747 np0000164629 devstack@n-api-meta.service[107513]: DEBUG nova.api.openstack.wsgi_app [None req-64263e44-f466-443d-8e5b-ab05308ff1ea None None] default_log_levels = ['amqp=WARN', 'boto=WARN', 'sqlalchemy=WARN', 'suds=INFO', 'oslo.messaging=INFO', 'oslo_messaging=INFO', 'iso8601=WARN', 'requests.packages.urllib3.connectionpool=WARN', 'urllib3.connectionpool=WARN', 'websocket=WARN', 'requests.packages.urllib3.util.retry=WARN', 'urllib3.util.retry=WARN', 'keystonemiddleware=WARN', 'routes.middleware=WARN', 'stevedore=WARN', 'taskflow=WARN', 'keystoneauth=WARN', 'oslo.cache=INFO', 'oslo_policy=INFO', 'dogpile.core.dogpile=INFO', 'glanceclient=WARN', 'oslo.privsep.daemon=INFO'] {{(pid=107513) log_opt_values /opt/stack/data/venv/lib/python3.12/site-packages/oslo_config/cfg.py:2995}}
Apr 09 18:17:59.175891 np0000164629 devstack@n-api-meta.service[107513]: DEBUG nova.api.openstack.wsgi_app [None req-64263e44-f466-443d-8e5b-ab05308ff1ea None None] default_schedule_zone = None {{(pid=107513) log_opt_values /opt/stack/data/venv/lib/python3.12/site-packages/oslo_config/cfg.py:2995}}
Apr 09 18:17:59.176006 np0000164629 devstack@n-api-meta.service[107513]: DEBUG nova.api.openstack.wsgi_app [None req-64263e44-f466-443d-8e5b-ab05308ff1ea None None] default_thread_pool_size = 10 {{(pid=107513) log_opt_values /opt/stack/data/venv/lib/python3.12/site-packages/oslo_config/cfg.py:2995}}
Apr 09 18:17:59.176183 np0000164629 devstack@n-api-meta.service[107513]: DEBUG nova.api.openstack.wsgi_app [None req-64263e44-f466-443d-8e5b-ab05308ff1ea None None] disk_allocation_ratio = None {{(pid=107513) log_opt_values /opt/stack/data/venv/lib/python3.12/site-packages/oslo_config/cfg.py:2995}}
Apr 09 18:17:59.176363 np0000164629 devstack@n-api-meta.service[107513]: DEBUG nova.api.openstack.wsgi_app [None req-64263e44-f466-443d-8e5b-ab05308ff1ea None None] enable_new_services = True {{(pid=107513) log_opt_values /opt/stack/data/venv/lib/python3.12/site-packages/oslo_config/cfg.py:2995}}
Apr 09 18:17:59.176436 np0000164629 devstack@n-api-meta.service[107514]: DEBUG oslo_db.sqlalchemy.engines [None req-3772ff97-f9f4-4cff-95c7-6a6bf898d1ce None None] MySQL server mode set to STRICT_TRANS_TABLES,STRICT_ALL_TABLES,NO_ZERO_IN_DATE,NO_ZERO_DATE,ERROR_FOR_DIVISION_BY_ZERO,TRADITIONAL,NO_ENGINE_SUBSTITUTION {{(pid=107514) _check_effective_sql_mode /opt/stack/data/venv/lib/python3.12/site-packages/oslo_db/sqlalchemy/engines.py:325}}
Apr 09 18:17:59.176501 np0000164629 devstack@n-api-meta.service[107513]: DEBUG nova.api.openstack.wsgi_app [None req-64263e44-f466-443d-8e5b-ab05308ff1ea None None] flat_injected = False {{(pid=107513) log_opt_values /opt/stack/data/venv/lib/python3.12/site-packages/oslo_config/cfg.py:2995}}
Apr 09 18:17:59.176674 np0000164629 devstack@n-api-meta.service[107513]: DEBUG nova.api.openstack.wsgi_app [None req-64263e44-f466-443d-8e5b-ab05308ff1ea None None] force_config_drive = False {{(pid=107513) log_opt_values /opt/stack/data/venv/lib/python3.12/site-packages/oslo_config/cfg.py:2995}}
Apr 09 18:17:59.176946 np0000164629 devstack@n-api-meta.service[107513]: DEBUG nova.api.openstack.wsgi_app [None req-64263e44-f466-443d-8e5b-ab05308ff1ea None None] force_raw_images = True {{(pid=107513) log_opt_values /opt/stack/data/venv/lib/python3.12/site-packages/oslo_config/cfg.py:2995}}
Apr 09 18:17:59.177025 np0000164629 devstack@n-api-meta.service[107513]: DEBUG nova.api.openstack.wsgi_app [None req-64263e44-f466-443d-8e5b-ab05308ff1ea None None] graceful_shutdown_timeout = 5 {{(pid=107513) log_opt_values /opt/stack/data/venv/lib/python3.12/site-packages/oslo_config/cfg.py:2995}}
Apr 09 18:17:59.177168 np0000164629 devstack@n-api-meta.service[107513]: DEBUG nova.api.openstack.wsgi_app [None req-64263e44-f466-443d-8e5b-ab05308ff1ea None None] heal_instance_info_cache_interval = -1 {{(pid=107513) log_opt_values /opt/stack/data/venv/lib/python3.12/site-packages/oslo_config/cfg.py:2995}}
Apr 09 18:17:59.177395 np0000164629 devstack@n-api-meta.service[107513]: DEBUG nova.api.openstack.wsgi_app [None req-64263e44-f466-443d-8e5b-ab05308ff1ea None None] host = np0000164629 {{(pid=107513) log_opt_values /opt/stack/data/venv/lib/python3.12/site-packages/oslo_config/cfg.py:2995}}
Apr 09 18:17:59.177541 np0000164629 devstack@n-api-meta.service[107513]: DEBUG nova.api.openstack.wsgi_app [None req-64263e44-f466-443d-8e5b-ab05308ff1ea None None] initial_cpu_allocation_ratio = 4.0 {{(pid=107513) log_opt_values /opt/stack/data/venv/lib/python3.12/site-packages/oslo_config/cfg.py:2995}}
Apr 09 18:17:59.177984 np0000164629 devstack@n-api-meta.service[107513]: DEBUG nova.api.openstack.wsgi_app [None req-64263e44-f466-443d-8e5b-ab05308ff1ea None None] initial_disk_allocation_ratio = 1.0 {{(pid=107513) log_opt_values /opt/stack/data/venv/lib/python3.12/site-packages/oslo_config/cfg.py:2995}}
Apr 09 18:17:59.177984 np0000164629 devstack@n-api-meta.service[107513]: DEBUG nova.api.openstack.wsgi_app [None req-64263e44-f466-443d-8e5b-ab05308ff1ea None None] initial_ram_allocation_ratio = 1.0 {{(pid=107513) log_opt_values /opt/stack/data/venv/lib/python3.12/site-packages/oslo_config/cfg.py:2995}}
Apr 09 18:17:59.178151 np0000164629 devstack@n-api-meta.service[107513]: DEBUG nova.api.openstack.wsgi_app [None req-64263e44-f466-443d-8e5b-ab05308ff1ea None None] injected_network_template = /opt/stack/nova/nova/virt/interfaces.template {{(pid=107513) log_opt_values /opt/stack/data/venv/lib/python3.12/site-packages/oslo_config/cfg.py:2995}}
Apr 09 18:17:59.178359 np0000164629 devstack@n-api-meta.service[107513]: DEBUG nova.api.openstack.wsgi_app [None req-64263e44-f466-443d-8e5b-ab05308ff1ea None None] instance_build_timeout = 0 {{(pid=107513) log_opt_values /opt/stack/data/venv/lib/python3.12/site-packages/oslo_config/cfg.py:2995}}
Apr 09 18:17:59.178419 np0000164629 devstack@n-api-meta.service[107513]: DEBUG nova.api.openstack.wsgi_app [None req-64263e44-f466-443d-8e5b-ab05308ff1ea None None] instance_delete_interval = 300 {{(pid=107513) log_opt_values /opt/stack/data/venv/lib/python3.12/site-packages/oslo_config/cfg.py:2995}}
Apr 09 18:17:59.178545 np0000164629 devstack@n-api-meta.service[107513]: DEBUG nova.api.openstack.wsgi_app [None req-64263e44-f466-443d-8e5b-ab05308ff1ea None None] instance_format = [instance: %(uuid)s] {{(pid=107513) log_opt_values /opt/stack/data/venv/lib/python3.12/site-packages/oslo_config/cfg.py:2995}}
Apr 09 18:17:59.178700 np0000164629 devstack@n-api-meta.service[107513]: DEBUG nova.api.openstack.wsgi_app [None req-64263e44-f466-443d-8e5b-ab05308ff1ea None None] instance_name_template = instance-%08x {{(pid=107513) log_opt_values /opt/stack/data/venv/lib/python3.12/site-packages/oslo_config/cfg.py:2995}}
Apr 09 18:17:59.178952 np0000164629 devstack@n-api-meta.service[107513]: DEBUG nova.api.openstack.wsgi_app [None req-64263e44-f466-443d-8e5b-ab05308ff1ea None None] instance_usage_audit = False {{(pid=107513) log_opt_values /opt/stack/data/venv/lib/python3.12/site-packages/oslo_config/cfg.py:2995}}
Apr 09 18:17:59.179043 np0000164629 devstack@n-api-meta.service[107513]: DEBUG nova.api.openstack.wsgi_app [None req-64263e44-f466-443d-8e5b-ab05308ff1ea None None] instance_usage_audit_period = month {{(pid=107513) log_opt_values /opt/stack/data/venv/lib/python3.12/site-packages/oslo_config/cfg.py:2995}}
Apr 09 18:17:59.179170 np0000164629 devstack@n-api-meta.service[107513]: DEBUG nova.api.openstack.wsgi_app [None req-64263e44-f466-443d-8e5b-ab05308ff1ea None None] instance_uuid_format = [instance: %(uuid)s] {{(pid=107513) log_opt_values /opt/stack/data/venv/lib/python3.12/site-packages/oslo_config/cfg.py:2995}}
Apr 09 18:17:59.179577 np0000164629 devstack@n-api-meta.service[107513]: DEBUG nova.api.openstack.wsgi_app [None req-64263e44-f466-443d-8e5b-ab05308ff1ea None None] instances_path = /opt/stack/data/nova/instances {{(pid=107513) log_opt_values /opt/stack/data/venv/lib/python3.12/site-packages/oslo_config/cfg.py:2995}}
Apr 09 18:17:59.179577 np0000164629 devstack@n-api-meta.service[107513]: DEBUG nova.api.openstack.wsgi_app [None req-64263e44-f466-443d-8e5b-ab05308ff1ea None None] internal_service_availability_zone = internal {{(pid=107513) log_opt_values /opt/stack/data/venv/lib/python3.12/site-packages/oslo_config/cfg.py:2995}}
Apr 09 18:17:59.179750 np0000164629 devstack@n-api-meta.service[107513]: DEBUG nova.api.openstack.wsgi_app [None req-64263e44-f466-443d-8e5b-ab05308ff1ea None None] key = None {{(pid=107513) log_opt_values /opt/stack/data/venv/lib/python3.12/site-packages/oslo_config/cfg.py:2995}}
Apr 09 18:17:59.179817 np0000164629 devstack@n-api-meta.service[107513]: DEBUG nova.api.openstack.wsgi_app [None req-64263e44-f466-443d-8e5b-ab05308ff1ea None None] live_migration_retry_count = 30 {{(pid=107513) log_opt_values /opt/stack/data/venv/lib/python3.12/site-packages/oslo_config/cfg.py:2995}}
Apr 09 18:17:59.179934 np0000164629 devstack@n-api-meta.service[107513]: DEBUG nova.api.openstack.wsgi_app [None req-64263e44-f466-443d-8e5b-ab05308ff1ea None None] log_color = False {{(pid=107513) log_opt_values /opt/stack/data/venv/lib/python3.12/site-packages/oslo_config/cfg.py:2995}}
Apr 09 18:17:59.180063 np0000164629 devstack@n-api-meta.service[107513]: DEBUG nova.api.openstack.wsgi_app [None req-64263e44-f466-443d-8e5b-ab05308ff1ea None None] log_config_append = None {{(pid=107513) log_opt_values /opt/stack/data/venv/lib/python3.12/site-packages/oslo_config/cfg.py:2995}}
Apr 09 18:17:59.180256 np0000164629 devstack@n-api-meta.service[107513]: DEBUG nova.api.openstack.wsgi_app [None req-64263e44-f466-443d-8e5b-ab05308ff1ea None None] log_date_format = %Y-%m-%d %H:%M:%S {{(pid=107513) log_opt_values /opt/stack/data/venv/lib/python3.12/site-packages/oslo_config/cfg.py:2995}}
Apr 09 18:17:59.180376 np0000164629 devstack@n-api-meta.service[107513]: DEBUG nova.api.openstack.wsgi_app [None req-64263e44-f466-443d-8e5b-ab05308ff1ea None None] log_dir = None {{(pid=107513) log_opt_values /opt/stack/data/venv/lib/python3.12/site-packages/oslo_config/cfg.py:2995}}
Apr 09 18:17:59.180499 np0000164629 devstack@n-api-meta.service[107513]: DEBUG nova.api.openstack.wsgi_app [None req-64263e44-f466-443d-8e5b-ab05308ff1ea None None] log_file = None {{(pid=107513) log_opt_values /opt/stack/data/venv/lib/python3.12/site-packages/oslo_config/cfg.py:2995}}
Apr 09 18:17:59.180600 np0000164629 devstack@n-api-meta.service[107513]: DEBUG nova.api.openstack.wsgi_app [None req-64263e44-f466-443d-8e5b-ab05308ff1ea None None] log_options = True {{(pid=107513) log_opt_values /opt/stack/data/venv/lib/python3.12/site-packages/oslo_config/cfg.py:2995}}
