2026-09-12 02:20:00.346 7 INFO placement.requestlog [req-f929db31-27f2-4ae0-b5be-fd8181e70f0e req-040c4786-1a10-42eb-bbc2-198ea45e0ea3 84afc7f6580543d79424474e381aff3f e872fa1e25a746cdb04575a5708409c7 - - fdee21f4d63b4d8ca5664f38cc852a2d fdee21f4d63b4d8ca5664f38cc852a2d] 162.253.55.111 "GET /resource_providers?in_tree=c5f2f2d2-4679-40ae-be22-ebbfd84ac3ef" status: 200 len: 797 microversion: 1.14 [pid: 7|app: 0|req: 289/581] 162.253.55.111 () {34 vars in 892 bytes} [Sat Sep 12 02:20:00 2026] GET /resource_providers?in_tree=c5f2f2d2-4679-40ae-be22-ebbfd84ac3ef => generated 797 bytes in 25 msecs (HTTP/1.1 200) 6 headers in 225 bytes (1 switches on core 0)
2026-09-12 02:20:00.373 8 INFO placement.requestlog [req-f929db31-27f2-4ae0-b5be-fd8181e70f0e req-1e79a5b0-d64d-4128-8a33-5d3f40afd359 84afc7f6580543d79424474e381aff3f e872fa1e25a746cdb04575a5708409c7 - - fdee21f4d63b4d8ca5664f38cc852a2d fdee21f4d63b4d8ca5664f38cc852a2d] 162.253.55.111 "GET /resource_providers/c5f2f2d2-4679-40ae-be22-ebbfd84ac3ef/inventories" status: 200 len: 400 microversion: 1.0 [pid: 8|app: 0|req: 293/582] 162.253.55.111 () {32 vars in 857 bytes} [Sat Sep 12 02:20:00 2026] GET /resource_providers/c5f2f2d2-4679-40ae-be22-ebbfd84ac3ef/inventories => generated 400 bytes in 19 msecs (HTTP/1.1 200) 6 headers in 224 bytes (1 switches on core 0)
2026-09-12 02:20:00.395 7 INFO placement.requestlog [req-f929db31-27f2-4ae0-b5be-fd8181e70f0e req-dd005368-217b-4d90-b57c-079f305d9a06 84afc7f6580543d79424474e381aff3f e872fa1e25a746cdb04575a5708409c7 - - fdee21f4d63b4d8ca5664f38cc852a2d fdee21f4d63b4d8ca5664f38cc852a2d] 162.253.55.111 "GET /resource_providers/c5f2f2d2-4679-40ae-be22-ebbfd84ac3ef/aggregates" status: 200 len: 53 microversion: 1.19 [pid: 7|app: 0|req: 290/583] 162.253.55.111 () {34 vars in 899 bytes} [Sat Sep 12 02:20:00 2026] GET /resource_providers/c5f2f2d2-4679-40ae-be22-ebbfd84ac3ef/aggregates => generated 53 bytes in 14 msecs (HTTP/1.1 200) 8 headers in 295 bytes (1 switches on core 0)
2026-09-12 02:20:00.441 8 INFO placement.requestlog [req-f929db31-27f2-4ae0-b5be-fd8181e70f0e req-3b273696-4ede-45c2-ba7e-6e9f0fad9587 84afc7f6580543d79424474e381aff3f e872fa1e25a746cdb04575a5708409c7 - - fdee21f4d63b4d8ca5664f38cc852a2d fdee21f4d63b4d8ca5664f38cc852a2d] 162.253.55.111 "GET /resource_providers/c5f2f2d2-4679-40ae-be22-ebbfd84ac3ef/traits" status: 200 len: 2316 microversion: 1.6 [pid: 8|app: 0|req: 294/584] 162.253.55.111 () {34 vars in 890 bytes} [Sat Sep 12 02:20:00 2026] GET /resource_providers/c5f2f2d2-4679-40ae-be22-ebbfd84ac3ef/traits => generated 2316 bytes in 40 msecs (HTTP/1.1 200) 6 headers in 225 bytes (1 switches on core 0)
2026-09-12 02:20:00.478 7 INFO placement.requestlog [req-f929db31-27f2-4ae0-b5be-fd8181e70f0e req-6286a6f2-3c7b-4d9d-af98-0143456049db 84afc7f6580543d79424474e381aff3f e872fa1e25a746cdb04575a5708409c7 - - fdee21f4d63b4d8ca5664f38cc852a2d fdee21f4d63b4d8ca5664f38cc852a2d] 162.253.55.111 "GET /resource_providers/c5f2f2d2-4679-40ae-be22-ebbfd84ac3ef/allocations" status: 200 len: 54 microversion: 1.0 [pid: 7|app: 0|req: 291/585] 162.253.55.111 () {32 vars in 857 bytes} [Sat Sep 12 02:20:00 2026] GET /resource_providers/c5f2f2d2-4679-40ae-be22-ebbfd84ac3ef/allocations => generated 54 bytes in 24 msecs (HTTP/1.1 200) 6 headers in 223 bytes (1 switches on core 0)
2026-09-12 02:20:09.513 8 INFO placement.requestlog [None req-26336770-701e-432b-bed3-ddaa1968bb0f - - - - - -] 10.0.0.124 "GET /" status: 200 len: 136 microversion: 1.0
2026-09-12 02:20:09.514 7 INFO placement.requestlog [None req-f617ff66-aa74-4630-b906-7c13e29c2322 - - - - - -] 10.0.0.124 "GET /" status: 200 len: 136 microversion: 1.0
2026-09-12 02:20:19.513 8 INFO placement.requestlog [None req-9eb77c21-6995-47e7-9c45-f5309be52239 - - - - - -] 10.0.0.124 "GET /" status: 200 len: 136 microversion: 1.0
2026-09-12 02:20:19.513 7 INFO placement.requestlog [None req-3e7619e2-5d8c-4f3d-ae77-0cc881033206 - - - - - -] 10.0.0.124 "GET /" status: 200 len: 136 microversion: 1.0
2026-09-12 02:20:29.513 8 INFO placement.requestlog [None req-bb9c6dd5-c427-43f7-80bd-1660123f7d12 - - - - - -] 10.0.0.124 "GET /" status: 200 len: 136 microversion: 1.0
2026-09-12 02:20:29.513 7 INFO placement.requestlog [None req-3b43777c-5646-4362-a29e-ac99b043a98c - - - - - -] 10.0.0.124 "GET /" status: 200 len: 136 microversion: 1.0
2026-09-12 02:20:39.513 8 INFO placement.requestlog [None req-046e2601-d094-4897-9772-df25809b3fcf - - - - - -] 10.0.0.124 "GET /" status: 200 len: 136 microversion: 1.0
2026-09-12 02:20:39.513 7 INFO placement.requestlog [None req-c523ec50-d09c-4888-84ac-35dc4d4c60dc - - - - - -] 10.0.0.124 "GET /" status: 200 len: 136 microversion: 1.0
2026-09-12 02:20:49.513 7 INFO placement.requestlog [None req-101bb8c2-af09-4155-84a3-db0c71ea2dda - - - - - -] 10.0.0.124 "GET /" status: 200 len: 136 microversion: 1.0
2026-09-12 02:20:49.513 8 INFO placement.requestlog [None req-e0108290-c3eb-405e-ab43-0da9d3d23771 - - - - - -] 10.0.0.124 "GET /" status: 200 len: 136 microversion: 1.0
2026-09-12 02:20:59.513 7 INFO placement.requestlog [None req-c1c10d99-8995-4100-97d2-a92d0eb0cb93 - - - - - -] 10.0.0.124 "GET /" status: 200 len: 136 microversion: 1.0
2026-09-12 02:20:59.513 8 INFO placement.requestlog [None req-062e5cb4-85ce-4c56-94ca-70c8f0b64957 - - - - - -] 10.0.0.124 "GET /" status: 200 len: 136 microversion: 1.0
2026-09-12 02:21:00.090 7 INFO placement.requestlog [req-80222108-cd8d-4e21-86ff-7dbeed17e50b req-a2fe93fd-ed23-4cfb-b7c5-e7de09852a29 84afc7f6580543d79424474e381aff3f e872fa1e25a746cdb04575a5708409c7 - - fdee21f4d63b4d8ca5664f38cc852a2d fdee21f4d63b4d8ca5664f38cc852a2d] 162.253.55.111 "GET /resource_providers/c5f2f2d2-4679-40ae-be22-ebbfd84ac3ef/allocations" status: 200 len: 54 microversion: 1.0 [pid: 7|app: 0|req: 298/598] 162.253.55.111 () {32 vars in 857 bytes} [Sat Sep 12 02:21:00 2026] GET /resource_providers/c5f2f2d2-4679-40ae-be22-ebbfd84ac3ef/allocations => generated 54 bytes in 10 msecs (HTTP/1.1 200) 6 headers in 223 bytes (1 switches on core 0)
2026-09-12 02:21:00.115 8 INFO placement.requestlog [req-80222108-cd8d-4e21-86ff-7dbeed17e50b req-8d7d3a60-7e14-468d-9d57-ced3b825e566 84afc7f6580543d79424474e381aff3f e872fa1e25a746cdb04575a5708409c7 - - fdee21f4d63b4d8ca5664f38cc852a2d fdee21f4d63b4d8ca5664f38cc852a2d] 162.253.55.111 "GET /resource_providers/c5f2f2d2-4679-40ae-be22-ebbfd84ac3ef/allocations" status: 200 len: 54 microversion: 1.0 [pid: 8|app: 0|req: 301/599] 162.253.55.111 () {32 vars in 857 bytes} [Sat Sep 12 02:21:00 2026] GET /resource_providers/c5f2f2d2-4679-40ae-be22-ebbfd84ac3ef/allocations => generated 54 bytes in 18 msecs (HTTP/1.1 200) 6 headers in 223 bytes (1 switches on core 0)
2026-09-12 02:21:09.513 7 INFO placement.requestlog [None req-0d3541de-f8dc-42f7-b85f-2142ce921691 - - - - - -] 10.0.0.124 "GET /" status: 200 len: 136 microversion: 1.0
2026-09-12 02:21:09.513 8 INFO placement.requestlog [None req-e32b3869-6a82-407e-9dcc-4fc4df6cd89f - - - - - -] 10.0.0.124 "GET /" status: 200 len: 136 microversion: 1.0
2026-09-12 02:21:19.513 7 INFO placement.requestlog [None req-1ba36f4e-5e1a-4741-92bc-77138480c727 - - - - - -] 10.0.0.124 "GET /" status: 200 len: 136 microversion: 1.0
2026-09-12 02:21:19.514 8 INFO placement.requestlog [None req-d6e841c9-bd56-46ca-97b6-749844f05100 - - - - - -] 10.0.0.124 "GET /" status: 200 len: 136 microversion: 1.0
2026-09-12 02:21:29.513 8 INFO placement.requestlog [None req-ef982ccd-bfb1-4272-b456-a45b36117bcb - - - - - -] 10.0.0.124 "GET /" status: 200 len: 136 microversion: 1.0
2026-09-12 02:21:29.514 7 INFO placement.requestlog [None req-d7fc3b9f-d6db-4d6c-b037-24c5936edf68 - - - - - -] 10.0.0.124 "GET /" status: 200 len: 136 microversion: 1.0
2026-09-12 02:21:39.513 8 INFO placement.requestlog [None req-5f8a8269-8207-47ad-b9bc-33ce5442d887 - - - - - -] 10.0.0.124 "GET /" status: 200 len: 136 microversion: 1.0
2026-09-12 02:21:39.513 7 INFO placement.requestlog [None req-436e2747-9614-47a3-8f91-def84a4ad2f9 - - - - - -] 10.0.0.124 "GET /" status: 200 len: 136 microversion: 1.0
2026-09-12 02:21:49.513 8 INFO placement.requestlog [None req-8406740f-4304-4946-8117-979e2dec326e - - - - - -] 10.0.0.124 "GET /" status: 200 len: 136 microversion: 1.0
2026-09-12 02:21:49.513 7 INFO placement.requestlog [None req-e650f533-da03-43e2-bd19-c9215144b455 - - - - - -] 10.0.0.124 "GET /" status: 200 len: 136 microversion: 1.0
2026-09-12 02:21:59.514 7 INFO placement.requestlog [None req-8ef3a8a1-ff8c-4971-9a96-f3e0617182fa - - - - - -] 10.0.0.124 "GET /" status: 200 len: 136 microversion: 1.0
2026-09-12 02:21:59.514 8 INFO placement.requestlog [None req-ffd83985-793d-47d8-8b60-9b4237508b68 - - - - - -] 10.0.0.124 "GET /" status: 200 len: 136 microversion: 1.0
2026-09-12 02:22:00.091 7 INFO placement.requestlog [req-e4a59c8d-782f-42d3-a750-87e287662669 req-491a74f9-7efb-460a-8344-f82a84fb2e60 84afc7f6580543d79424474e381aff3f e872fa1e25a746cdb04575a5708409c7 - - fdee21f4d63b4d8ca5664f38cc852a2d fdee21f4d63b4d8ca5664f38cc852a2d] 162.253.55.111 "GET /resource_providers/c5f2f2d2-4679-40ae-be22-ebbfd84ac3ef/allocations" status: 200 len: 54 microversion: 1.0 [pid: 7|app: 0|req: 305/612] 162.253.55.111 () {32 vars in 857 bytes} [Sat Sep 12 02:22:00 2026] GET /resource_providers/c5f2f2d2-4679-40ae-be22-ebbfd84ac3ef/allocations => generated 54 bytes in 16 msecs (HTTP/1.1 200) 6 headers in 223 bytes (1 switches on core 0)
2026-09-12 02:22:00.118 8 INFO placement.requestlog [req-e4a59c8d-782f-42d3-a750-87e287662669 req-e558d96b-accc-46f0-bf6b-2e464b455ed9 84afc7f6580543d79424474e381aff3f e872fa1e25a746cdb04575a5708409c7 - - fdee21f4d63b4d8ca5664f38cc852a2d fdee21f4d63b4d8ca5664f38cc852a2d] 162.253.55.111 "GET /resource_providers/c5f2f2d2-4679-40ae-be22-ebbfd84ac3ef/allocations" status: 200 len: 54 microversion: 1.0 [pid: 8|app: 0|req: 308/613] 162.253.55.111 () {32 vars in 857 bytes} [Sat Sep 12 02:22:00 2026] GET /resource_providers/c5f2f2d2-4679-40ae-be22-ebbfd84ac3ef/allocations => generated 54 bytes in 19 msecs (HTTP/1.1 200) 6 headers in 223 bytes (1 switches on core 0)
2026-09-12 02:22:09.513 7 INFO placement.requestlog [None req-b61cf34b-28a8-4ddf-8deb-f738cafa5c71 - - - - - -] 10.0.0.124 "GET /" status: 200 len: 136 microversion: 1.0
2026-09-12 02:22:09.513 8 INFO placement.requestlog [None req-fcd232d8-eb81-4cf9-99d7-d44581d17faf - - - - - -] 10.0.0.124 "GET /" status: 200 len: 136 microversion: 1.0
2026-09-12 02:22:19.512 8 INFO placement.requestlog [None req-9109e10b-71e2-4893-abc1-761d23c1dce0 - - - - - -] 10.0.0.124 "GET /" status: 200 len: 136 microversion: 1.0
2026-09-12 02:22:19.513 7 INFO placement.requestlog [None req-d25e74ba-6230-49bf-8d1d-a71a3ad5a919 - - - - - -] 10.0.0.124 "GET /" status: 200 len: 136 microversion: 1.0
2026-09-12 02:22:29.514 7 INFO placement.requestlog [None req-699e9a9d-ce11-4a4f-9ccc-b296678f77c4 - - - - - -] 10.0.0.124 "GET /" status: 200 len: 136 microversion: 1.0
2026-09-12 02:22:29.514 8 INFO placement.requestlog [None req-5090b2b6-9880-401e-8edd-bf7895bcbd23 - - - - - -] 10.0.0.124 "GET /" status: 200 len: 136 microversion: 1.0
2026-09-12 02:22:39.514 8 INFO placement.requestlog [None req-979ddfda-1adc-4a94-8509-bec871661b82 - - - - - -] 10.0.0.124 "GET /" status: 200 len: 136 microversion: 1.0
2026-09-12 02:22:39.515 7 INFO placement.requestlog [None req-b73b8ec2-b131-4b28-a9b6-e092ec2dd3b2 - - - - - -] 10.0.0.124 "GET /" status: 200 len: 136 microversion: 1.0
2026-09-12 02:22:49.513 7 INFO placement.requestlog [None req-066b0d05-5724-4695-86d7-8ad182b30c58 - - - - - -] 10.0.0.124 "GET /" status: 200 len: 136 microversion: 1.0
2026-09-12 02:22:49.513 8 INFO placement.requestlog [None req-5e86f309-ef57-45a5-abbd-777cf41cc92f - - - - - -] 10.0.0.124 "GET /" status: 200 len: 136 microversion: 1.0
2026-09-12 02:22:59.513 7 INFO placement.requestlog [None req-c83833c8-2d1f-4b0f-b63c-f7e42cf7eb3b - - - - - -] 10.0.0.124 "GET /" status: 200 len: 136 microversion: 1.0
2026-09-12 02:22:59.513 8 INFO placement.requestlog [None req-c1bada25-fe74-41b1-a025-ee113c443ef0 - - - - - -] 10.0.0.124 "GET /" status: 200 len: 136 microversion: 1.0
2026-09-12 02:23:00.091 7 INFO placement.requestlog [req-70ce5841-84a3-4c9a-8602-0454e6d91dc7 req-88711fbe-918b-4f1e-95a0-5b1ee733808e 84afc7f6580543d79424474e381aff3f e872fa1e25a746cdb04575a5708409c7 - - fdee21f4d63b4d8ca5664f38cc852a2d fdee21f4d63b4d8ca5664f38cc852a2d] 162.253.55.111 "GET /resource_providers/c5f2f2d2-4679-40ae-be22-ebbfd84ac3ef/allocations" status: 200 len: 54 microversion: 1.0 [pid: 7|app: 0|req: 312/626] 162.253.55.111 () {32 vars in 857 bytes} [Sat Sep 12 02:23:00 2026] GET /resource_providers/c5f2f2d2-4679-40ae-be22-ebbfd84ac3ef/allocations => generated 54 bytes in 18 msecs (HTTP/1.1 200) 6 headers in 223 bytes (1 switches on core 0)
2026-09-12 02:23:00.117 8 INFO placement.requestlog [req-70ce5841-84a3-4c9a-8602-0454e6d91dc7 req-af0cf7a2-e103-4df8-a672-c077bb8eee64 84afc7f6580543d79424474e381aff3f e872fa1e25a746cdb04575a5708409c7 - - fdee21f4d63b4d8ca5664f38cc852a2d fdee21f4d63b4d8ca5664f38cc852a2d] 162.253.55.111 "GET /resource_providers/c5f2f2d2-4679-40ae-be22-ebbfd84ac3ef/allocations" status: 200 len: 54 microversion: 1.0 [pid: 8|app: 0|req: 315/627] 162.253.55.111 () {32 vars in 857 bytes} [Sat Sep 12 02:23:00 2026] GET /resource_providers/c5f2f2d2-4679-40ae-be22-ebbfd84ac3ef/allocations => generated 54 bytes in 17 msecs (HTTP/1.1 200) 6 headers in 223 bytes (1 switches on core 0)
2026-09-12 02:23:09.514 7 INFO placement.requestlog [None req-b71bf974-3581-430a-bf69-6058ff4e4cb4 - - - - - -] 10.0.0.124 "GET /" status: 200 len: 136 microversion: 1.0
2026-09-12 02:23:09.514 8 INFO placement.requestlog [None req-d30635eb-bb49-4fbf-a1c6-4ffb38415030 - - - - - -] 10.0.0.124 "GET /" status: 200 len: 136 microversion: 1.0
2026-09-12 02:23:19.513 7 INFO placement.requestlog [None req-f670c61f-561d-4482-8dc6-d87852683997 - - - - - -] 10.0.0.124 "GET /" status: 200 len: 136 microversion: 1.0
2026-09-12 02:23:19.513 8 INFO placement.requestlog [None req-b3d00761-6017-4dfa-8fdd-f135dba3927e - - - - - -] 10.0.0.124 "GET /" status: 200 len: 136 microversion: 1.0
2026-09-12 02:23:29.513 7 INFO placement.requestlog [None req-d019f3d9-7065-42de-ad9b-0d45b558da22 - - - - - -] 10.0.0.124 "GET /" status: 200 len: 136 microversion: 1.0
2026-09-12 02:23:29.514 8 INFO placement.requestlog [None req-2d82e531-de0f-4e39-89a8-f6dc0b75f183 - - - - - -] 10.0.0.124 "GET /" status: 200 len: 136 microversion: 1.0
2026-09-12 02:23:39.514 8 INFO placement.requestlog [None req-f220cd30-fc98-4087-95de-b46736380def - - - - - -] 10.0.0.124 "GET /" status: 200 len: 136 microversion: 1.0
2026-09-12 02:23:39.514 7 INFO placement.requestlog [None req-90869cb2-642f-448f-bfe4-6cc4f44c685d - - - - - -] 10.0.0.124 "GET /" status: 200 len: 136 microversion: 1.0
2026-09-12 02:23:49.513 8 INFO placement.requestlog [None req-1a81f95a-456b-44b7-aeea-b0eef503ea11 - - - - - -] 10.0.0.124 "GET /" status: 200 len: 136 microversion: 1.0
2026-09-12 02:23:49.514 7 INFO placement.requestlog [None req-3c8f1a4b-4060-4b51-b66d-fc746e4583b4 - - - - - -] 10.0.0.124 "GET /" status: 200 len: 136 microversion: 1.0
2026-09-12 02:23:59.513 8 INFO placement.requestlog [None req-b629f38e-fce5-4d57-874c-bdb679a11aa3 - - - - - -] 10.0.0.124 "GET /" status: 200 len: 136 microversion: 1.0
2026-09-12 02:23:59.515 7 INFO placement.requestlog [None req-db72a23f-659a-496a-8cd6-6da73f751bde - - - - - -] 10.0.0.124 "GET /" status: 200 len: 136 microversion: 1.0
2026-09-12 02:24:00.088 8 INFO placement.requestlog [req-edd9c5a6-4779-4ccd-9e35-17a54ad4040a req-7594d360-b7f0-40ee-ae93-374b01f11eac 84afc7f6580543d79424474e381aff3f e872fa1e25a746cdb04575a5708409c7 - - fdee21f4d63b4d8ca5664f38cc852a2d fdee21f4d63b4d8ca5664f38cc852a2d] 162.253.55.111 "GET /resource_providers/c5f2f2d2-4679-40ae-be22-ebbfd84ac3ef/allocations" status: 200 len: 54 microversion: 1.0 [pid: 8|app: 0|req: 322/640] 162.253.55.111 () {32 vars in 857 bytes} [Sat Sep 12 02:24:00 2026] GET /resource_providers/c5f2f2d2-4679-40ae-be22-ebbfd84ac3ef/allocations => generated 54 bytes in 14 msecs (HTTP/1.1 200) 6 headers in 223 bytes (1 switches on core 0)
2026-09-12 02:24:00.113 7 INFO placement.requestlog [req-edd9c5a6-4779-4ccd-9e35-17a54ad4040a req-e9c6ddac-354b-49df-b8be-6b946db61daa 84afc7f6580543d79424474e381aff3f e872fa1e25a746cdb04575a5708409c7 - - fdee21f4d63b4d8ca5664f38cc852a2d fdee21f4d63b4d8ca5664f38cc852a2d] 162.253.55.111 "GET /resource_providers/c5f2f2d2-4679-40ae-be22-ebbfd84ac3ef/allocations" status: 200 len: 54 microversion: 1.0 [pid: 7|app: 0|req: 319/641] 162.253.55.111 () {32 vars in 857 bytes} [Sat Sep 12 02:24:00 2026] GET /resource_providers/c5f2f2d2-4679-40ae-be22-ebbfd84ac3ef/allocations => generated 54 bytes in 17 msecs (HTTP/1.1 200) 6 headers in 223 bytes (1 switches on core 0)
2026-09-12 02:24:09.514 8 INFO placement.requestlog [None req-729ae403-405b-4b1e-b8a6-375ba0a97462 - - - - - -] 10.0.0.124 "GET /" status: 200 len: 136 microversion: 1.0
2026-09-12 02:24:09.514 7 INFO placement.requestlog [None req-61c6756e-6e89-404c-8d72-aa0523954947 - - - - - -] 10.0.0.124 "GET /" status: 200 len: 136 microversion: 1.0
2026-09-12 02:24:19.513 7 INFO placement.requestlog [None req-7808b649-65af-45e3-a80d-c4131c534a85 - - - - - -] 10.0.0.124 "GET /" status: 200 len: 136 microversion: 1.0
2026-09-12 02:24:19.513 8 INFO placement.requestlog [None req-8d83a8fe-e4d3-44da-ab4b-3256207536e1 - - - - - -] 10.0.0.124 "GET /" status: 200 len: 136 microversion: 1.0
2026-09-12 02:24:29.513 8 INFO placement.requestlog [None req-ceb890cd-e455-4a80-8e98-5b37358e9cce - - - - - -] 10.0.0.124 "GET /" status: 200 len: 136 microversion: 1.0
2026-09-12 02:24:29.513 7 INFO placement.requestlog [None req-55861822-12b3-4d80-9a37-9c483ceb496e - - - - - -] 10.0.0.124 "GET /" status: 200 len: 136 microversion: 1.0
2026-09-12 02:24:39.514 7 INFO placement.requestlog [None req-c3aa7da1-9085-44b7-ac6e-2581c2cfbd23 - - - - - -] 10.0.0.124 "GET /" status: 200 len: 136 microversion: 1.0
2026-09-12 02:24:39.514 8 INFO placement.requestlog [None req-243ae6e2-56e3-4ce5-ba8c-a92dd6b80be3 - - - - - -] 10.0.0.124 "GET /" status: 200 len: 136 microversion: 1.0
2026-09-12 02:24:49.513 7 INFO placement.requestlog [None req-89fcda57-104b-4631-9656-207859fc2405 - - - - - -] 10.0.0.124 "GET /" status: 200 len: 136 microversion: 1.0
2026-09-12 02:24:49.513 8 INFO placement.requestlog [None req-9960ab37-234b-44f3-9cce-5b34ab301908 - - - - - -] 10.0.0.124 "GET /" status: 200 len: 136 microversion: 1.0
2026-09-12 02:24:59.513 8 INFO placement.requestlog [None req-2c94bda7-6c9b-4a08-bbda-d6dd5a19b657 - - - - - -] 10.0.0.124 "GET /" status: 200 len: 136 microversion: 1.0
2026-09-12 02:24:59.514 7 INFO placement.requestlog [None req-dd65443e-d5b9-41c1-93aa-9e2f71cf2ea3 - - - - - -] 10.0.0.124 "GET /" status: 200 len: 136 microversion: 1.0
2026-09-12 02:25:02.416 8 INFO placement.requestlog [req-8f252a3d-35a6-4bb3-8fa9-eac0f0931403 req-2ea95213-da06-4ace-9b9d-5c2fa9f6fc07 84afc7f6580543d79424474e381aff3f e872fa1e25a746cdb04575a5708409c7 - - fdee21f4d63b4d8ca5664f38cc852a2d fdee21f4d63b4d8ca5664f38cc852a2d] 162.253.55.111 "GET /resource_providers/c5f2f2d2-4679-40ae-be22-ebbfd84ac3ef/allocations" status: 200 len: 54 microversion: 1.0 [pid: 8|app: 0|req: 329/654] 162.253.55.111 () {32 vars in 857 bytes} [Sat Sep 12 02:25:02 2026] GET /resource_providers/c5f2f2d2-4679-40ae-be22-ebbfd84ac3ef/allocations => generated 54 bytes in 341 msecs (HTTP/1.1 200) 6 headers in 223 bytes (1 switches on core 0)
2026-09-12 02:25:02.451 7 INFO placement.requestlog [req-8f252a3d-35a6-4bb3-8fa9-eac0f0931403 req-1ba84e36-3274-46cb-b548-c40941d1129b 84afc7f6580543d79424474e381aff3f e872fa1e25a746cdb04575a5708409c7 - - fdee21f4d63b4d8ca5664f38cc852a2d fdee21f4d63b4d8ca5664f38cc852a2d] 162.253.55.111 "GET /resource_providers?in_tree=c5f2f2d2-4679-40ae-be22-ebbfd84ac3ef" status: 200 len: 797 microversion: 1.14 [pid: 7|app: 0|req: 326/655] 162.253.55.111 () {34 vars in 892 bytes} [Sat Sep 12 02:25:02 2026] GET /resource_providers?in_tree=c5f2f2d2-4679-40ae-be22-ebbfd84ac3ef => generated 797 bytes in 26 msecs (HTTP/1.1 200) 6 headers in 225 bytes (1 switches on core 0)
2026-09-12 02:25:02.475 8 INFO placement.requestlog [req-8f252a3d-35a6-4bb3-8fa9-eac0f0931403 req-efd01141-6714-4115-8b59-c66dd4a79124 84afc7f6580543d79424474e381aff3f e872fa1e25a746cdb04575a5708409c7 - - fdee21f4d63b4d8ca5664f38cc852a2d fdee21f4d63b4d8ca5664f38cc852a2d] 162.253.55.111 "GET /resource_providers/c5f2f2d2-4679-40ae-be22-ebbfd84ac3ef/inventories" status: 200 len: 400 microversion: 1.0 [pid: 8|app: 0|req: 330/656] 162.253.55.111 () {32 vars in 857 bytes} [Sat Sep 12 02:25:02 2026] GET /resource_providers/c5f2f2d2-4679-40ae-be22-ebbfd84ac3ef/inventories => generated 400 bytes in 16 msecs (HTTP/1.1 200) 6 headers in 224 bytes (1 switches on core 0)
2026-09-12 02:25:02.497 7 INFO placement.requestlog [req-8f252a3d-35a6-4bb3-8fa9-eac0f0931403 req-27521246-1071-494d-9c13-06d85ffeab54 84afc7f6580543d79424474e381aff3f e872fa1e25a746cdb04575a5708409c7 - - fdee21f4d63b4d8ca5664f38cc852a2d fdee21f4d63b4d8ca5664f38cc852a2d] 162.253.55.111 "GET /resource_providers/c5f2f2d2-4679-40ae-be22-ebbfd84ac3ef/aggregates" status: 200 len: 53 microversion: 1.19 [pid: 7|app: 0|req: 327/657] 162.253.55.111 () {34 vars in 899 bytes} [Sat Sep 12 02:25:02 2026] GET /resource_providers/c5f2f2d2-4679-40ae-be22-ebbfd84ac3ef/aggregates => generated 53 bytes in 14 msecs (HTTP/1.1 200) 8 headers in 295 bytes (1 switches on core 0)
2026-09-12 02:25:02.536 8 INFO placement.requestlog [req-8f252a3d-35a6-4bb3-8fa9-eac0f0931403 req-1e5e672f-ea3d-4290-b73f-0516a88dadb4 84afc7f6580543d79424474e381aff3f e872fa1e25a746cdb04575a5708409c7 - - fdee21f4d63b4d8ca5664f38cc852a2d fdee21f4d63b4d8ca5664f38cc852a2d] 162.253.55.111 "GET /resource_providers/c5f2f2d2-4679-40ae-be22-ebbfd84ac3ef/traits" status: 200 len: 2316 microversion: 1.6 [pid: 8|app: 0|req: 331/658] 162.253.55.111 () {34 vars in 890 bytes} [Sat Sep 12 02:25:02 2026] GET /resource_providers/c5f2f2d2-4679-40ae-be22-ebbfd84ac3ef/traits => generated 2316 bytes in 32 msecs (HTTP/1.1 200) 6 headers in 225 bytes (1 switches on core 0)
2026-09-12 02:25:02.565 7 INFO placement.requestlog [req-8f252a3d-35a6-4bb3-8fa9-eac0f0931403 req-5e7ca12b-720d-42c8-9e90-e8f228a2c8e5 84afc7f6580543d79424474e381aff3f e872fa1e25a746cdb04575a5708409c7 - - fdee21f4d63b4d8ca5664f38cc852a2d fdee21f4d63b4d8ca5664f38cc852a2d] 162.253.55.111 "GET /resource_providers/c5f2f2d2-4679-40ae-be22-ebbfd84ac3ef/allocations" status: 200 len: 54 microversion: 1.0 [pid: 7|app: 0|req: 328/659] 162.253.55.111 () {32 vars in 857 bytes} [Sat Sep 12 02:25:02 2026] GET /resource_providers/c5f2f2d2-4679-40ae-be22-ebbfd84ac3ef/allocations => generated 54 bytes in 20 msecs (HTTP/1.1 200) 6 headers in 223 bytes (1 switches on core 0)
2026-09-12 02:25:03.018 8 INFO placement.requestlog [req-6024ea57-9217-4759-b1c5-ad60bc3d1957 req-3a93204d-9003-4ff1-af96-ab81c37d5071 84afc7f6580543d79424474e381aff3f e872fa1e25a746cdb04575a5708409c7 - - fdee21f4d63b4d8ca5664f38cc852a2d fdee21f4d63b4d8ca5664f38cc852a2d] 10.0.0.85 "GET /allocation_candidates?limit=1000&resources=DISK_GB%3A1%2CMEMORY_MB%3A512%2CVCPU%3A1&root_required=%21COMPUTE_STATUS_DISABLED" status: 200 len: 2781 microversion: 1.36 [pid: 8|app: 0|req: 332/660] 10.0.0.85 () {34 vars in 1011 bytes} [Sat Sep 12 02:25:02 2026] GET /allocation_candidates?limit=1000&resources=DISK_GB%3A1%2CMEMORY_MB%3A512%2CVCPU%3A1&root_required=%21COMPUTE_STATUS_DISABLED => generated 2781 bytes in 275 msecs (HTTP/1.1 200) 8 headers in 297 bytes (1 switches on core 0)
2026-09-12 02:25:03.057 7 INFO placement.requestlog [req-6024ea57-9217-4759-b1c5-ad60bc3d1957 req-4b578594-303d-4537-8936-811496307914 84afc7f6580543d79424474e381aff3f e872fa1e25a746cdb04575a5708409c7 - - fdee21f4d63b4d8ca5664f38cc852a2d fdee21f4d63b4d8ca5664f38cc852a2d] 10.0.0.85 "GET /allocations/da2bd3ef-8149-4e2b-93c2-d9ce130e9e5a" status: 200 len: 19 microversion: 1.28 [pid: 7|app: 0|req: 329/661] 10.0.0.85 () {34 vars in 860 bytes} [Sat Sep 12 02:25:03 2026] GET /allocations/da2bd3ef-8149-4e2b-93c2-d9ce130e9e5a => generated 19 bytes in 15 msecs (HTTP/1.1 200) 8 headers in 295 bytes (1 switches on core 0)
2026-09-12 02:25:03.143 8 INFO placement.requestlog [req-6024ea57-9217-4759-b1c5-ad60bc3d1957 req-8b405033-e2c8-4379-89a3-0bb30f91457f 84afc7f6580543d79424474e381aff3f e872fa1e25a746cdb04575a5708409c7 - - fdee21f4d63b4d8ca5664f38cc852a2d fdee21f4d63b4d8ca5664f38cc852a2d] 10.0.0.85 "PUT /allocations/da2bd3ef-8149-4e2b-93c2-d9ce130e9e5a" status: 204 len: 0 microversion: 1.36 [pid: 8|app: 0|req: 333/662] 10.0.0.85 () {38 vars in 913 bytes} [Sat Sep 12 02:25:03 2026] PUT /allocations/da2bd3ef-8149-4e2b-93c2-d9ce130e9e5a => generated 0 bytes in 81 msecs (HTTP/1.1 204) 5 headers in 199 bytes (1 switches on core 0)
2026-09-12 02:25:04.410 8 INFO placement.requestlog [None req-85b01c99-97d8-4382-be90-bbaae78393bf 876fcd1a807f47239804248249c4e1ad e872fa1e25a746cdb04575a5708409c7 - - fdee21f4d63b4d8ca5664f38cc852a2d fdee21f4d63b4d8ca5664f38cc852a2d] 10.0.0.70 "GET /resource_providers/2d1a421b-7268-4d8c-b810-69795e20d3fe/aggregates" status: 404 len: 235 microversion: 1.1 [pid: 8|app: 0|req: 334/663] 10.0.0.70 () {32 vars in 815 bytes} [Sat Sep 12 02:25:04 2026] GET /resource_providers/2d1a421b-7268-4d8c-b810-69795e20d3fe/aggregates => generated 235 bytes in 108 msecs (HTTP/1.1 404) 5 headers in 202 bytes (1 switches on core 0)
2026-09-12 02:25:04.431 8 INFO placement.requestlog [None req-2c35e79e-05f4-45d9-a6aa-13450a236bc2 876fcd1a807f47239804248249c4e1ad e872fa1e25a746cdb04575a5708409c7 - - fdee21f4d63b4d8ca5664f38cc852a2d fdee21f4d63b4d8ca5664f38cc852a2d] 10.0.0.70 "DELETE /resource_providers/2d1a421b-7268-4d8c-b810-69795e20d3fe" status: 404 len: 246 microversion: 1.1 [pid: 8|app: 0|req: 335/664] 10.0.0.70 () {34 vars in 815 bytes} [Sat Sep 12 02:25:04 2026] DELETE /resource_providers/2d1a421b-7268-4d8c-b810-69795e20d3fe => generated 246 bytes in 9 msecs (HTTP/1.1 404) 6 headers in 231 bytes (1 switches on core 0)
2026-09-12 02:25:04.448 7 INFO placement.requestlog [None req-c38143d3-a881-4c42-9b57-4bc5f3b10ce3 876fcd1a807f47239804248249c4e1ad e872fa1e25a746cdb04575a5708409c7 - - fdee21f4d63b4d8ca5664f38cc852a2d fdee21f4d63b4d8ca5664f38cc852a2d] 10.0.0.70 "GET /resource_providers/2d1a421b-7268-4d8c-b810-69795e20d3fe/aggregates" status: 404 len: 235 microversion: 1.1 [pid: 7|app: 0|req: 330/665] 10.0.0.70 () {32 vars in 815 bytes} [Sat Sep 12 02:25:04 2026] GET /resource_providers/2d1a421b-7268-4d8c-b810-69795e20d3fe/aggregates => generated 235 bytes in 152 msecs (HTTP/1.1 404) 5 headers in 202 bytes (1 switches on core 0)
2026-09-12 02:25:04.461 8 INFO placement.requestlog [None req-234d6c95-d797-4b54-beee-af6276a03f59 876fcd1a807f47239804248249c4e1ad e872fa1e25a746cdb04575a5708409c7 - - fdee21f4d63b4d8ca5664f38cc852a2d fdee21f4d63b4d8ca5664f38cc852a2d] 10.0.0.70 "DELETE /resource_providers/2d1a421b-7268-4d8c-b810-69795e20d3fe" status: 404 len: 246 microversion: 1.1 [pid: 8|app: 0|req: 336/666] 10.0.0.70 () {34 vars in 815 bytes} [Sat Sep 12 02:25:04 2026] DELETE /resource_providers/2d1a421b-7268-4d8c-b810-69795e20d3fe => generated 246 bytes in 5 msecs (HTTP/1.1 404) 6 headers in 231 bytes (1 switches on core 0)
2026-09-12 02:25:04.665 7 INFO placement.requestlog [req-6024ea57-9217-4759-b1c5-ad60bc3d1957 req-c699488a-92a3-4a73-adcc-48e8cd75171f 84afc7f6580543d79424474e381aff3f e872fa1e25a746cdb04575a5708409c7 - - fdee21f4d63b4d8ca5664f38cc852a2d fdee21f4d63b4d8ca5664f38cc852a2d] 162.253.55.111 "GET /allocations/da2bd3ef-8149-4e2b-93c2-d9ce130e9e5a" status: 200 len: 257 microversion: 1.28 [pid: 7|app: 0|req: 331/667] 162.253.55.111 () {34 vars in 863 bytes} [Sat Sep 12 02:25:04 2026] GET /allocations/da2bd3ef-8149-4e2b-93c2-d9ce130e9e5a => generated 257 bytes in 12 msecs (HTTP/1.1 200) 8 headers in 296 bytes (1 switches on core 0)
2026-09-12 02:25:05.702 8 INFO placement.requestlog [req-6024ea57-9217-4759-b1c5-ad60bc3d1957 req-63c125bb-b809-4de5-a1e9-b80ba9eb006c 84afc7f6580543d79424474e381aff3f e872fa1e25a746cdb04575a5708409c7 - - fdee21f4d63b4d8ca5664f38cc852a2d fdee21f4d63b4d8ca5664f38cc852a2d] 162.253.55.111 "GET /resource_providers/c5f2f2d2-4679-40ae-be22-ebbfd84ac3ef/allocations" status: 200 len: 152 microversion: 1.0 [pid: 8|app: 0|req: 337/668] 162.253.55.111 () {32 vars in 857 bytes} [Sat Sep 12 02:25:05 2026] GET /resource_providers/c5f2f2d2-4679-40ae-be22-ebbfd84ac3ef/allocations => generated 152 bytes in 13 msecs (HTTP/1.1 200) 6 headers in 224 bytes (1 switches on core 0)
2026-09-12 02:25:05.732 7 INFO placement.requestlog [req-6024ea57-9217-4759-b1c5-ad60bc3d1957 req-9aefbaf7-b3c3-4495-b6ba-6211f07a7776 84afc7f6580543d79424474e381aff3f e872fa1e25a746cdb04575a5708409c7 - - fdee21f4d63b4d8ca5664f38cc852a2d fdee21f4d63b4d8ca5664f38cc852a2d] 162.253.55.111 "GET /allocations/da2bd3ef-8149-4e2b-93c2-d9ce130e9e5a" status: 200 len: 257 microversion: 1.28 [pid: 7|app: 0|req: 332/669] 162.253.55.111 () {34 vars in 863 bytes} [Sat Sep 12 02:25:05 2026] GET /allocations/da2bd3ef-8149-4e2b-93c2-d9ce130e9e5a => generated 257 bytes in 23 msecs (HTTP/1.1 200) 8 headers in 296 bytes (1 switches on core 0)
2026-09-12 02:25:06.327 8 INFO placement.requestlog [req-43796565-8bf7-40a7-8427-e9e5a750bea7 req-ab611e93-e770-4afc-8c45-f860ad9d1e9a 84afc7f6580543d79424474e381aff3f e872fa1e25a746cdb04575a5708409c7 - - fdee21f4d63b4d8ca5664f38cc852a2d fdee21f4d63b4d8ca5664f38cc852a2d] 10.0.0.85 "GET /allocation_candidates?limit=1000&resources=DISK_GB%3A1%2CMEMORY_MB%3A512%2CVCPU%3A1&root_required=%21COMPUTE_STATUS_DISABLED" status: 200 len: 2783 microversion: 1.36 [pid: 8|app: 0|req: 338/670] 10.0.0.85 () {34 vars in 1011 bytes} [Sat Sep 12 02:25:06 2026] GET /allocation_candidates?limit=1000&resources=DISK_GB%3A1%2CMEMORY_MB%3A512%2CVCPU%3A1&root_required=%21COMPUTE_STATUS_DISABLED => generated 2783 bytes in 43 msecs (HTTP/1.1 200) 8 headers in 297 bytes (1 switches on core 0)
2026-09-12 02:25:06.363 7 INFO placement.requestlog [req-43796565-8bf7-40a7-8427-e9e5a750bea7 req-7eab354a-57e9-4284-ab27-f832942450fa 84afc7f6580543d79424474e381aff3f e872fa1e25a746cdb04575a5708409c7 - - fdee21f4d63b4d8ca5664f38cc852a2d fdee21f4d63b4d8ca5664f38cc852a2d] 10.0.0.85 "GET /allocations/97813214-fbf1-4aa6-83e6-daa44e53cacd" status: 200 len: 19 microversion: 1.28 [pid: 7|app: 0|req: 333/671] 10.0.0.85 () {34 vars in 860 bytes} [Sat Sep 12 02:25:06 2026] GET /allocations/97813214-fbf1-4aa6-83e6-daa44e53cacd => generated 19 bytes in 7 msecs (HTTP/1.1 200) 8 headers in 295 bytes (1 switches on core 0)
2026-09-12 02:25:06.459 8 INFO placement.requestlog [req-43796565-8bf7-40a7-8427-e9e5a750bea7 req-d6d5eb8e-45c7-4ae5-b468-19403454aa70 84afc7f6580543d79424474e381aff3f e872fa1e25a746cdb04575a5708409c7 - - fdee21f4d63b4d8ca5664f38cc852a2d fdee21f4d63b4d8ca5664f38cc852a2d] 10.0.0.85 "PUT /allocations/97813214-fbf1-4aa6-83e6-daa44e53cacd" status: 204 len: 0 microversion: 1.36 [pid: 8|app: 0|req: 339/672] 10.0.0.85 () {38 vars in 913 bytes} [Sat Sep 12 02:25:06 2026] PUT /allocations/97813214-fbf1-4aa6-83e6-daa44e53cacd => generated 0 bytes in 88 msecs (HTTP/1.1 204) 5 headers in 199 bytes (1 switches on core 0)
2026-09-12 02:25:08.339 7 INFO placement.requestlog [req-43796565-8bf7-40a7-8427-e9e5a750bea7 req-5ace8354-ac22-4e06-affb-422a42db3e3e 84afc7f6580543d79424474e381aff3f e872fa1e25a746cdb04575a5708409c7 - - fdee21f4d63b4d8ca5664f38cc852a2d fdee21f4d63b4d8ca5664f38cc852a2d] 162.253.55.111 "GET /allocations/97813214-fbf1-4aa6-83e6-daa44e53cacd" status: 200 len: 257 microversion: 1.28 [pid: 7|app: 0|req: 334/673] 162.253.55.111 () {34 vars in 863 bytes} [Sat Sep 12 02:25:08 2026] GET /allocations/97813214-fbf1-4aa6-83e6-daa44e53cacd => generated 257 bytes in 27 msecs (HTTP/1.1 200) 8 headers in 296 bytes (1 switches on core 0)
2026-09-12 02:25:09.383 8 INFO placement.requestlog [req-43796565-8bf7-40a7-8427-e9e5a750bea7 req-a4ba41eb-8532-4b23-bdac-92126a2ca3a9 84afc7f6580543d79424474e381aff3f e872fa1e25a746cdb04575a5708409c7 - - fdee21f4d63b4d8ca5664f38cc852a2d fdee21f4d63b4d8ca5664f38cc852a2d] 162.253.55.111 "GET /resource_providers/c5f2f2d2-4679-40ae-be22-ebbfd84ac3ef/allocations" status: 200 len: 252 microversion: 1.0 [pid: 8|app: 0|req: 340/674] 162.253.55.111 () {32 vars in 857 bytes} [Sat Sep 12 02:25:09 2026] GET /resource_providers/c5f2f2d2-4679-40ae-be22-ebbfd84ac3ef/allocations => generated 252 bytes in 21 msecs (HTTP/1.1 200) 6 headers in 224 bytes (1 switches on core 0)
2026-09-12 02:25:09.401 7 INFO placement.requestlog [req-43796565-8bf7-40a7-8427-e9e5a750bea7 req-be41e68b-23fc-4e03-abc9-7bc7633fc50e 84afc7f6580543d79424474e381aff3f e872fa1e25a746cdb04575a5708409c7 - - fdee21f4d63b4d8ca5664f38cc852a2d fdee21f4d63b4d8ca5664f38cc852a2d] 162.253.55.111 "GET /allocations/97813214-fbf1-4aa6-83e6-daa44e53cacd" status: 200 len: 257 microversion: 1.28 [pid: 7|app: 0|req: 335/675] 162.253.55.111 () {34 vars in 863 bytes} [Sat Sep 12 02:25:09 2026] GET /allocations/97813214-fbf1-4aa6-83e6-daa44e53cacd => generated 257 bytes in 9 msecs (HTTP/1.1 200) 8 headers in 296 bytes (1 switches on core 0)
2026-09-12 02:25:09.416 8 INFO placement.requestlog [req-43796565-8bf7-40a7-8427-e9e5a750bea7 req-e602b2bc-6ee0-4a9d-acfa-0b681aec7bc3 84afc7f6580543d79424474e381aff3f e872fa1e25a746cdb04575a5708409c7 - - fdee21f4d63b4d8ca5664f38cc852a2d fdee21f4d63b4d8ca5664f38cc852a2d] 162.253.55.111 "GET /allocations/da2bd3ef-8149-4e2b-93c2-d9ce130e9e5a" status: 200 len: 257 microversion: 1.28 [pid: 8|app: 0|req: 341/676] 162.253.55.111 () {34 vars in 863 bytes} [Sat Sep 12 02:25:09 2026] GET /allocations/da2bd3ef-8149-4e2b-93c2-d9ce130e9e5a => generated 257 bytes in 10 msecs (HTTP/1.1 200) 8 headers in 296 bytes (1 switches on core 0)
2026-09-12 02:25:09.514 7 INFO placement.requestlog [None req-b264127a-eeb9-4cee-b456-7ea562a1a55b - - - - - -] 10.0.0.124 "GET /" status: 200 len: 136 microversion: 1.0
2026-09-12 02:25:09.514 8 INFO placement.requestlog [None req-340c660f-2ac9-4abf-b2bf-46a84e4063fe - - - - - -] 10.0.0.124 "GET /" status: 200 len: 136 microversion: 1.0
2026-09-12 02:25:16.899 7 INFO placement.requestlog [req-6024ea57-9217-4759-b1c5-ad60bc3d1957 req-b4140c27-5a96-441c-99ab-504ec880e3c5 84afc7f6580543d79424474e381aff3f e872fa1e25a746cdb04575a5708409c7 - - fdee21f4d63b4d8ca5664f38cc852a2d fdee21f4d63b4d8ca5664f38cc852a2d] 162.253.55.111 "GET /resource_providers/c5f2f2d2-4679-40ae-be22-ebbfd84ac3ef/allocations" status: 200 len: 252 microversion: 1.0 [pid: 7|app: 0|req: 337/679] 162.253.55.111 () {32 vars in 857 bytes} [Sat Sep 12 02:25:16 2026] GET /resource_providers/c5f2f2d2-4679-40ae-be22-ebbfd84ac3ef/allocations => generated 252 bytes in 24 msecs (HTTP/1.1 200) 6 headers in 224 bytes (1 switches on core 0)
2026-09-12 02:25:16.924 8 INFO placement.requestlog [req-6024ea57-9217-4759-b1c5-ad60bc3d1957 req-ef128332-1b92-4f19-a9f4-4adc6afd1903 84afc7f6580543d79424474e381aff3f e872fa1e25a746cdb04575a5708409c7 - - fdee21f4d63b4d8ca5664f38cc852a2d fdee21f4d63b4d8ca5664f38cc852a2d] 162.253.55.111 "GET /allocations/97813214-fbf1-4aa6-83e6-daa44e53cacd" status: 200 len: 257 microversion: 1.28 [pid: 8|app: 0|req: 343/680] 162.253.55.111 () {34 vars in 863 bytes} [Sat Sep 12 02:25:16 2026] GET /allocations/97813214-fbf1-4aa6-83e6-daa44e53cacd => generated 257 bytes in 17 msecs (HTTP/1.1 200) 8 headers in 296 bytes (1 switches on core 0)
2026-09-12 02:25:16.950 7 INFO placement.requestlog [req-6024ea57-9217-4759-b1c5-ad60bc3d1957 req-90c09a11-3a1e-4e41-a8b9-083f2ddc9270 84afc7f6580543d79424474e381aff3f e872fa1e25a746cdb04575a5708409c7 - - fdee21f4d63b4d8ca5664f38cc852a2d fdee21f4d63b4d8ca5664f38cc852a2d] 162.253.55.111 "GET /allocations/da2bd3ef-8149-4e2b-93c2-d9ce130e9e5a" status: 200 len: 257 microversion: 1.28 [pid: 7|app: 0|req: 338/681] 162.253.55.111 () {34 vars in 863 bytes} [Sat Sep 12 02:25:16 2026] GET /allocations/da2bd3ef-8149-4e2b-93c2-d9ce130e9e5a => generated 257 bytes in 19 msecs (HTTP/1.1 200) 8 headers in 296 bytes (1 switches on core 0)
2026-09-12 02:25:18.510 8 INFO placement.requestlog [req-43796565-8bf7-40a7-8427-e9e5a750bea7 req-ac4d813e-67d4-460a-896c-e5584e7d9a91 84afc7f6580543d79424474e381aff3f e872fa1e25a746cdb04575a5708409c7 - - fdee21f4d63b4d8ca5664f38cc852a2d fdee21f4d63b4d8ca5664f38cc852a2d] 162.253.55.111 "GET /resource_providers/c5f2f2d2-4679-40ae-be22-ebbfd84ac3ef/allocations" status: 200 len: 252 microversion: 1.0 [pid: 8|app: 0|req: 344/682] 162.253.55.111 () {32 vars in 857 bytes} [Sat Sep 12 02:25:18 2026] GET /resource_providers/c5f2f2d2-4679-40ae-be22-ebbfd84ac3ef/allocations => generated 252 bytes in 23 msecs (HTTP/1.1 200) 6 headers in 224 bytes (1 switches on core 0)
2026-09-12 02:25:18.536 7 INFO placement.requestlog [req-43796565-8bf7-40a7-8427-e9e5a750bea7 req-d3b72eda-de84-4dfa-8d89-a763f475f296 84afc7f6580543d79424474e381aff3f e872fa1e25a746cdb04575a5708409c7 - - fdee21f4d63b4d8ca5664f38cc852a2d fdee21f4d63b4d8ca5664f38cc852a2d] 162.253.55.111 "GET /allocations/97813214-fbf1-4aa6-83e6-daa44e53cacd" status: 200 len: 257 microversion: 1.28 [pid: 7|app: 0|req: 339/683] 162.253.55.111 () {34 vars in 863 bytes} [Sat Sep 12 02:25:18 2026] GET /allocations/97813214-fbf1-4aa6-83e6-daa44e53cacd => generated 257 bytes in 17 msecs (HTTP/1.1 200) 8 headers in 296 bytes (1 switches on core 0)
2026-09-12 02:25:18.566 8 INFO placement.requestlog [req-43796565-8bf7-40a7-8427-e9e5a750bea7 req-d91c5eeb-1636-4657-979d-bb5dfd224bbc 84afc7f6580543d79424474e381aff3f e872fa1e25a746cdb04575a5708409c7 - - fdee21f4d63b4d8ca5664f38cc852a2d fdee21f4d63b4d8ca5664f38cc852a2d] 162.253.55.111 "GET /allocations/da2bd3ef-8149-4e2b-93c2-d9ce130e9e5a" status: 200 len: 257 microversion: 1.28 [pid: 8|app: 0|req: 345/684] 162.253.55.111 () {34 vars in 863 bytes} [Sat Sep 12 02:25:18 2026] GET /allocations/da2bd3ef-8149-4e2b-93c2-d9ce130e9e5a => generated 257 bytes in 25 msecs (HTTP/1.1 200) 8 headers in 296 bytes (1 switches on core 0)
2026-09-12 02:25:19.465 7 INFO placement.requestlog [None req-d24ac08c-bb05-4217-8316-03b6a0fec8a2 876fcd1a807f47239804248249c4e1ad e872fa1e25a746cdb04575a5708409c7 - - fdee21f4d63b4d8ca5664f38cc852a2d fdee21f4d63b4d8ca5664f38cc852a2d] 10.0.0.70 "GET /resource_providers/fb843411-d597-4045-83d0-9d1716607540/aggregates" status: 404 len: 235 microversion: 1.1 [pid: 7|app: 0|req: 340/685] 10.0.0.70 () {32 vars in 815 bytes} [Sat Sep 12 02:25:19 2026] GET /resource_providers/fb843411-d597-4045-83d0-9d1716607540/aggregates => generated 235 bytes in 12 msecs (HTTP/1.1 404) 5 headers in 202 bytes (1 switches on core 0)
2026-09-12 02:25:19.466 8 INFO placement.requestlog [None req-f81d57cf-6b9b-4dd3-8f1b-4f1f88de38ad 876fcd1a807f47239804248249c4e1ad e872fa1e25a746cdb04575a5708409c7 - - fdee21f4d63b4d8ca5664f38cc852a2d fdee21f4d63b4d8ca5664f38cc852a2d] 10.0.0.70 "GET /resource_providers/fb843411-d597-4045-83d0-9d1716607540/aggregates" status: 404 len: 235 microversion: 1.1 [pid: 8|app: 0|req: 346/686] 10.0.0.70 () {32 vars in 815 bytes} [Sat Sep 12 02:25:19 2026] GET /resource_providers/fb843411-d597-4045-83d0-9d1716607540/aggregates => generated 235 bytes in 13 msecs (HTTP/1.1 404) 5 headers in 202 bytes (1 switches on core 0)
2026-09-12 02:25:19.499 7 INFO placement.requestlog [None req-08dd94f4-b516-4c5a-ac93-0e81d6f0a01e 876fcd1a807f47239804248249c4e1ad e872fa1e25a746cdb04575a5708409c7 - - fdee21f4d63b4d8ca5664f38cc852a2d fdee21f4d63b4d8ca5664f38cc852a2d] 10.0.0.70 "DELETE /resource_providers/fb843411-d597-4045-83d0-9d1716607540" status: 404 len: 246 microversion: 1.1 [pid: 7|app: 0|req: 341/687] 10.0.0.70 () {34 vars in 815 bytes} [Sat Sep 12 02:25:19 2026] DELETE /resource_providers/fb843411-d597-4045-83d0-9d1716607540 => generated 246 bytes in 11 msecs (HTTP/1.1 404) 6 headers in 231 bytes (1 switches on core 0)
2026-09-12 02:25:19.502 8 INFO placement.requestlog [None req-be60965b-5146-4505-ba6d-cf80cf322740 876fcd1a807f47239804248249c4e1ad e872fa1e25a746cdb04575a5708409c7 - - fdee21f4d63b4d8ca5664f38cc852a2d fdee21f4d63b4d8ca5664f38cc852a2d] 10.0.0.70 "DELETE /resource_providers/fb843411-d597-4045-83d0-9d1716607540" status: 404 len: 246 microversion: 1.1 [pid: 8|app: 0|req: 347/688] 10.0.0.70 () {34 vars in 815 bytes} [Sat Sep 12 02:25:19 2026] DELETE /resource_providers/fb843411-d597-4045-83d0-9d1716607540 => generated 246 bytes in 14 msecs (HTTP/1.1 404) 6 headers in 231 bytes (1 switches on core 0)
2026-09-12 02:25:19.513 7 INFO placement.requestlog [None req-b423f0eb-7d53-4079-ac9a-4a9eeb0c3e92 - - - - - -] 10.0.0.124 "GET /" status: 200 len: 136 microversion: 1.0
2026-09-12 02:25:19.513 8 INFO placement.requestlog [None req-53209155-5095-4dbb-b830-6d19c295076c - - - - - -] 10.0.0.124 "GET /" status: 200 len: 136 microversion: 1.0
2026-09-12 02:25:20.671 7 INFO placement.requestlog [req-6024ea57-9217-4759-b1c5-ad60bc3d1957 req-5c60e77b-9a0e-4fea-9c74-069353fa7809 84afc7f6580543d79424474e381aff3f e872fa1e25a746cdb04575a5708409c7 - - fdee21f4d63b4d8ca5664f38cc852a2d fdee21f4d63b4d8ca5664f38cc852a2d] 162.253.55.111 "DELETE /allocations/da2bd3ef-8149-4e2b-93c2-d9ce130e9e5a" status: 204 len: 0 microversion: 1.0 [pid: 7|app: 0|req: 343/691] 162.253.55.111 () {34 vars in 841 bytes} [Sat Sep 12 02:25:20 2026] DELETE /allocations/da2bd3ef-8149-4e2b-93c2-d9ce130e9e5a => generated 0 bytes in 36 msecs (HTTP/1.1 204) 5 headers in 198 bytes (1 switches on core 0)
2026-09-12 02:25:21.713 8 INFO placement.requestlog [None req-2dc27e56-3c9c-4682-9825-a669823108b4 - - - - - -] 10.0.0.26 "GET /" status: 200 len: 136 microversion: 1.0 [pid: 8|app: 0|req: 349/692] 10.0.0.26 () {28 vars in 436 bytes} [Sat Sep 12 02:25:21 2026] GET / => generated 136 bytes in 1 msecs (HTTP/1.1 200) 6 headers in 224 bytes (1 switches on core 0)
2026-09-12 02:25:21.784 7 INFO placement.requestlog [req-d477700d-22a0-44cd-bd9b-8de182ceb07c req-8860a290-349b-4d59-b28f-83bba6b9d07d 84afc7f6580543d79424474e381aff3f e872fa1e25a746cdb04575a5708409c7 - - fdee21f4d63b4d8ca5664f38cc852a2d fdee21f4d63b4d8ca5664f38cc852a2d] 10.0.0.26 "DELETE /allocations/da2bd3ef-8149-4e2b-93c2-d9ce130e9e5a" status: 404 len: 228 microversion: 1.0 [pid: 7|app: 0|req: 344/693] 10.0.0.26 () {34 vars in 829 bytes} [Sat Sep 12 02:25:21 2026] DELETE /allocations/da2bd3ef-8149-4e2b-93c2-d9ce130e9e5a => generated 228 bytes in 55 msecs (HTTP/1.1 404) 6 headers in 231 bytes (1 switches on core 0)
2026-09-12 02:25:22.172 8 INFO placement.requestlog [req-43796565-8bf7-40a7-8427-e9e5a750bea7 req-189dace6-ca81-4f62-b101-f454ffd56485 84afc7f6580543d79424474e381aff3f e872fa1e25a746cdb04575a5708409c7 - - fdee21f4d63b4d8ca5664f38cc852a2d fdee21f4d63b4d8ca5664f38cc852a2d] 162.253.55.111 "DELETE /allocations/97813214-fbf1-4aa6-83e6-daa44e53cacd" status: 204 len: 0 microversion: 1.0 [pid: 8|app: 0|req: 350/694] 162.253.55.111 () {34 vars in 841 bytes} [Sat Sep 12 02:25:22 2026] DELETE /allocations/97813214-fbf1-4aa6-83e6-daa44e53cacd => generated 0 bytes in 55 msecs (HTTP/1.1 204) 5 headers in 198 bytes (1 switches on core 0)
2026-09-12 02:25:25.169 7 INFO placement.requestlog [None req-e2ba4af2-2b22-463c-ab3f-3c648b0658cc - - - - - -] 10.0.0.26 "GET /" status: 200 len: 136 microversion: 1.0 [pid: 7|app: 0|req: 345/695] 10.0.0.26 () {28 vars in 436 bytes} [Sat Sep 12 02:25:25 2026] GET / => generated 136 bytes in 2 msecs (HTTP/1.1 200) 6 headers in 224 bytes (1 switches on core 0)
2026-09-12 02:25:25.274 8 INFO placement.requestlog [req-876e48e5-e39b-413f-8391-73bceadc3576 req-e2e01b81-9c71-4aaa-8ef3-1bbb16ee2f04 84afc7f6580543d79424474e381aff3f e872fa1e25a746cdb04575a5708409c7 - - fdee21f4d63b4d8ca5664f38cc852a2d fdee21f4d63b4d8ca5664f38cc852a2d] 10.0.0.26 "DELETE /allocations/97813214-fbf1-4aa6-83e6-daa44e53cacd" status: 404 len: 228 microversion: 1.0 [pid: 8|app: 0|req: 351/696] 10.0.0.26 () {34 vars in 829 bytes} [Sat Sep 12 02:25:25 2026] DELETE /allocations/97813214-fbf1-4aa6-83e6-daa44e53cacd => generated 228 bytes in 95 msecs (HTTP/1.1 404) 6 headers in 231 bytes (1 switches on core 0)
2026-09-12 02:25:25.921 7 INFO placement.requestlog [None req-4d3004a0-42a3-42c2-b97d-a09ccdf9b8b6 876fcd1a807f47239804248249c4e1ad e872fa1e25a746cdb04575a5708409c7 - - fdee21f4d63b4d8ca5664f38cc852a2d fdee21f4d63b4d8ca5664f38cc852a2d] 10.0.0.70 "GET /resource_providers/50d2fc02-49a4-429a-9e10-da55dedbd345/aggregates" status: 404 len: 235 microversion: 1.1 [pid: 7|app: 0|req: 346/697] 10.0.0.70 () {32 vars in 815 bytes} [Sat Sep 12 02:25:25 2026] GET /resource_providers/50d2fc02-49a4-429a-9e10-da55dedbd345/aggregates => generated 235 bytes in 105 msecs (HTTP/1.1 404) 5 headers in 202 bytes (1 switches on core 0)
2026-09-12 02:25:25.946 7 INFO placement.requestlog [None req-f253ccf7-4bc7-487a-bee8-594a2f98b8e8 876fcd1a807f47239804248249c4e1ad e872fa1e25a746cdb04575a5708409c7 - - fdee21f4d63b4d8ca5664f38cc852a2d fdee21f4d63b4d8ca5664f38cc852a2d] 10.0.0.70 "DELETE /resource_providers/50d2fc02-49a4-429a-9e10-da55dedbd345" status: 404 len: 246 microversion: 1.1 [pid: 7|app: 0|req: 347/698] 10.0.0.70 () {34 vars in 815 bytes} [Sat Sep 12 02:25:25 2026] DELETE /resource_providers/50d2fc02-49a4-429a-9e10-da55dedbd345 => generated 246 bytes in 8 msecs (HTTP/1.1 404) 6 headers in 231 bytes (1 switches on core 0)
2026-09-12 02:25:25.977 8 INFO placement.requestlog [None req-5e9a120b-5634-43f7-bceb-4d1f3ab5c169 876fcd1a807f47239804248249c4e1ad e872fa1e25a746cdb04575a5708409c7 - - fdee21f4d63b4d8ca5664f38cc852a2d fdee21f4d63b4d8ca5664f38cc852a2d] 10.0.0.70 "GET /resource_providers/50d2fc02-49a4-429a-9e10-da55dedbd345/aggregates" status: 404 len: 235 microversion: 1.1 [pid: 8|app: 0|req: 352/699] 10.0.0.70 () {32 vars in 815 bytes} [Sat Sep 12 02:25:25 2026] GET /resource_providers/50d2fc02-49a4-429a-9e10-da55dedbd345/aggregates => generated 235 bytes in 139 msecs (HTTP/1.1 404) 5 headers in 202 bytes (1 switches on core 0)
2026-09-12 02:25:25.993 7 INFO placement.requestlog [None req-7fd1b354-8a11-400c-830b-1a49edacc7eb 876fcd1a807f47239804248249c4e1ad e872fa1e25a746cdb04575a5708409c7 - - fdee21f4d63b4d8ca5664f38cc852a2d fdee21f4d63b4d8ca5664f38cc852a2d] 10.0.0.70 "DELETE /resource_providers/50d2fc02-49a4-429a-9e10-da55dedbd345" status: 404 len: 246 microversion: 1.1 [pid: 7|app: 0|req: 348/700] 10.0.0.70 () {34 vars in 815 bytes} [Sat Sep 12 02:25:25 2026] DELETE /resource_providers/50d2fc02-49a4-429a-9e10-da55dedbd345 => generated 246 bytes in 9 msecs (HTTP/1.1 404) 6 headers in 231 bytes (1 switches on core 0)
2026-09-12 02:25:29.514 7 INFO placement.requestlog [None req-618180a4-de96-4f1d-80b0-461fff8db7db - - - - - -] 10.0.0.124 "GET /" status: 200 len: 136 microversion: 1.0
2026-09-12 02:25:29.514 8 INFO placement.requestlog [None req-ee43d1b2-1021-4139-b43f-d4ffc5ec44ae - - - - - -] 10.0.0.124 "GET /" status: 200 len: 136 microversion: 1.0
2026-09-12 02:25:36.564 7 INFO placement.requestlog [None req-74920ae1-6825-42f4-8917-db3d172378c5 876fcd1a807f47239804248249c4e1ad e872fa1e25a746cdb04575a5708409c7 - - fdee21f4d63b4d8ca5664f38cc852a2d fdee21f4d63b4d8ca5664f38cc852a2d] 10.0.0.70 "GET /resource_providers/19d55a20-0b32-4c0e-99c3-91b47b73fced/aggregates" status: 404 len: 235 microversion: 1.1 [pid: 7|app: 0|req: 350/703] 10.0.0.70 () {32 vars in 815 bytes} [Sat Sep 12 02:25:36 2026] GET /resource_providers/19d55a20-0b32-4c0e-99c3-91b47b73fced/aggregates => generated 235 bytes in 10 msecs (HTTP/1.1 404) 5 headers in 202 bytes (1 switches on core 0)
2026-09-12 02:25:36.566 8 INFO placement.requestlog [None req-307a2164-7e23-4fa1-97a8-dd33ba513423 876fcd1a807f47239804248249c4e1ad e872fa1e25a746cdb04575a5708409c7 - - fdee21f4d63b4d8ca5664f38cc852a2d fdee21f4d63b4d8ca5664f38cc852a2d] 10.0.0.70 "GET /resource_providers/19d55a20-0b32-4c0e-99c3-91b47b73fced/aggregates" status: 404 len: 235 microversion: 1.1 [pid: 8|app: 0|req: 354/704] 10.0.0.70 () {32 vars in 815 bytes} [Sat Sep 12 02:25:36 2026] GET /resource_providers/19d55a20-0b32-4c0e-99c3-91b47b73fced/aggregates => generated 235 bytes in 6 msecs (HTTP/1.1 404) 5 headers in 202 bytes (1 switches on core 0)
2026-09-12 02:25:36.595 8 INFO placement.requestlog [None req-764460af-1d94-48bb-bd53-ecf5bc526384 876fcd1a807f47239804248249c4e1ad e872fa1e25a746cdb04575a5708409c7 - - fdee21f4d63b4d8ca5664f38cc852a2d fdee21f4d63b4d8ca5664f38cc852a2d] 10.0.0.70 "DELETE /resource_providers/19d55a20-0b32-4c0e-99c3-91b47b73fced" status: 404 len: 246 microversion: 1.1 [pid: 8|app: 0|req: 355/705] 10.0.0.70 () {34 vars in 815 bytes} [Sat Sep 12 02:25:36 2026] DELETE /resource_providers/19d55a20-0b32-4c0e-99c3-91b47b73fced => generated 246 bytes in 10 msecs (HTTP/1.1 404) 6 headers in 231 bytes (1 switches on core 0)
2026-09-12 02:25:36.600 7 INFO placement.requestlog [None req-66290a4d-f6ab-4b30-ab49-5aa32358d96c 876fcd1a807f47239804248249c4e1ad e872fa1e25a746cdb04575a5708409c7 - - fdee21f4d63b4d8ca5664f38cc852a2d fdee21f4d63b4d8ca5664f38cc852a2d] 10.0.0.70 "DELETE /resource_providers/19d55a20-0b32-4c0e-99c3-91b47b73fced" status: 404 len: 246 microversion: 1.1 [pid: 7|app: 0|req: 351/706] 10.0.0.70 () {34 vars in 815 bytes} [Sat Sep 12 02:25:36 2026] DELETE /resource_providers/19d55a20-0b32-4c0e-99c3-91b47b73fced => generated 246 bytes in 16 msecs (HTTP/1.1 404) 6 headers in 231 bytes (1 switches on core 0)
2026-09-12 02:25:39.514 8 INFO placement.requestlog [None req-b6e6dcac-bf7f-42d8-9d65-55501aa93a46 - - - - - -] 10.0.0.124 "GET /" status: 200 len: 136 microversion: 1.0
2026-09-12 02:25:39.514 7 INFO placement.requestlog [None req-cb0051dc-71a4-4e9c-b6bf-edb9d9918e90 - - - - - -] 10.0.0.124 "GET /" status: 200 len: 136 microversion: 1.0
