2026-07-30 06:23:19.891 7 INFO placement.requestlog [req-5bcc2301-5fe1-4365-afc0-4f72bf06bd85 req-29932d43-852b-4794-9ab9-0b94da809b8c a3c02e2c768341d79ad7b2d657484d85 d0ef5ade3364482298d76988bbf98432 - - bdcacba5050e4245b19bef69db01f1a4 bdcacba5050e4245b19bef69db01f1a4] 199.204.45.144 "GET /resource_providers/d116fa9b-7649-48bf-97fb-f9302449cf30/allocations" status: 200 len: 54 microversion: 1.0 [pid: 7|app: 0|req: 395/792] 199.204.45.144 () {32 vars in 856 bytes} [Thu Jul 30 06:23:19 2026] GET /resource_providers/d116fa9b-7649-48bf-97fb-f9302449cf30/allocations => generated 54 bytes in 16 msecs (HTTP/1.1 200) 6 headers in 223 bytes (1 switches on core 0)
2026-07-30 06:23:28.108 7 INFO placement.requestlog [None req-c0b7fa77-cfcc-44a2-9698-261942654861 - - - - - -] 10.0.0.111 "GET /" status: 200 len: 136 microversion: 1.0
2026-07-30 06:23:28.108 8 INFO placement.requestlog [None req-e03570d3-89fe-4858-b952-85199fe220f6 - - - - - -] 10.0.0.111 "GET /" status: 200 len: 136 microversion: 1.0
2026-07-30 06:23:38.107 8 INFO placement.requestlog [None req-22af0e57-6b40-4c4b-8a0f-379e5b7a1af3 - - - - - -] 10.0.0.111 "GET /" status: 200 len: 136 microversion: 1.0
2026-07-30 06:23:38.110 7 INFO placement.requestlog [None req-1707ac5d-ae41-4ddf-911e-e50ab3e8422a - - - - - -] 10.0.0.111 "GET /" status: 200 len: 136 microversion: 1.0
2026-07-30 06:23:48.110 8 INFO placement.requestlog [None req-b038a3fb-4bef-4a6d-bc26-2b417aa1568d - - - - - -] 10.0.0.111 "GET /" status: 200 len: 136 microversion: 1.0
2026-07-30 06:23:48.114 7 INFO placement.requestlog [None req-02192376-dc65-49e0-b5d9-45f8452ffe70 - - - - - -] 10.0.0.111 "GET /" status: 200 len: 136 microversion: 1.0
2026-07-30 06:23:58.107 8 INFO placement.requestlog [None req-942c958a-98d3-48f6-b936-b4d7915f243b - - - - - -] 10.0.0.111 "GET /" status: 200 len: 136 microversion: 1.0
2026-07-30 06:23:58.107 7 INFO placement.requestlog [None req-3043c4f4-c461-4e12-9ac4-d3c8082843cd - - - - - -] 10.0.0.111 "GET /" status: 200 len: 136 microversion: 1.0
2026-07-30 06:24:08.108 8 INFO placement.requestlog [None req-e1680bc2-18f5-47f5-8a1b-65463d1ef5b3 - - - - - -] 10.0.0.111 "GET /" status: 200 len: 136 microversion: 1.0
2026-07-30 06:24:08.108 7 INFO placement.requestlog [None req-e5e39203-2a39-4f5e-b2b9-17c47b1e129a - - - - - -] 10.0.0.111 "GET /" status: 200 len: 136 microversion: 1.0
2026-07-30 06:24:18.107 8 INFO placement.requestlog [None req-5d32d705-0e3d-4561-9aa6-7a105ffb71a2 - - - - - -] 10.0.0.111 "GET /" status: 200 len: 136 microversion: 1.0
2026-07-30 06:24:18.108 7 INFO placement.requestlog [None req-ff98e21a-9dba-4223-bdb3-28f6fe1324a0 - - - - - -] 10.0.0.111 "GET /" status: 200 len: 136 microversion: 1.0
2026-07-30 06:24:20.525 8 INFO placement.requestlog [req-6540c800-2229-4a9f-967a-69fd374e18f1 req-aaab5262-2147-40b8-9757-b015f619c01c a3c02e2c768341d79ad7b2d657484d85 d0ef5ade3364482298d76988bbf98432 - - bdcacba5050e4245b19bef69db01f1a4 bdcacba5050e4245b19bef69db01f1a4] 199.204.45.144 "GET /resource_providers/d116fa9b-7649-48bf-97fb-f9302449cf30/allocations" status: 200 len: 54 microversion: 1.0 [pid: 8|app: 0|req: 404/805] 199.204.45.144 () {32 vars in 856 bytes} [Thu Jul 30 06:24:20 2026] GET /resource_providers/d116fa9b-7649-48bf-97fb-f9302449cf30/allocations => generated 54 bytes in 123 msecs (HTTP/1.1 200) 6 headers in 223 bytes (1 switches on core 0)
2026-07-30 06:24:20.552 7 INFO placement.requestlog [req-6540c800-2229-4a9f-967a-69fd374e18f1 req-e4a7de3c-2540-4912-8a08-3f9e78ce8947 a3c02e2c768341d79ad7b2d657484d85 d0ef5ade3364482298d76988bbf98432 - - bdcacba5050e4245b19bef69db01f1a4 bdcacba5050e4245b19bef69db01f1a4] 199.204.45.144 "GET /resource_providers?in_tree=d116fa9b-7649-48bf-97fb-f9302449cf30" status: 200 len: 797 microversion: 1.14 [pid: 7|app: 0|req: 402/806] 199.204.45.144 () {34 vars in 891 bytes} [Thu Jul 30 06:24:20 2026] GET /resource_providers?in_tree=d116fa9b-7649-48bf-97fb-f9302449cf30 => generated 797 bytes in 18 msecs (HTTP/1.1 200) 6 headers in 225 bytes (1 switches on core 0)
2026-07-30 06:24:20.577 8 INFO placement.requestlog [req-6540c800-2229-4a9f-967a-69fd374e18f1 req-b5ae31e2-4874-4c2a-9e32-7701948bc75a a3c02e2c768341d79ad7b2d657484d85 d0ef5ade3364482298d76988bbf98432 - - bdcacba5050e4245b19bef69db01f1a4 bdcacba5050e4245b19bef69db01f1a4] 199.204.45.144 "GET /resource_providers/d116fa9b-7649-48bf-97fb-f9302449cf30/inventories" status: 200 len: 400 microversion: 1.0 [pid: 8|app: 0|req: 405/807] 199.204.45.144 () {32 vars in 856 bytes} [Thu Jul 30 06:24:20 2026] GET /resource_providers/d116fa9b-7649-48bf-97fb-f9302449cf30/inventories => generated 400 bytes in 18 msecs (HTTP/1.1 200) 6 headers in 224 bytes (1 switches on core 0)
2026-07-30 06:24:20.598 7 INFO placement.requestlog [req-6540c800-2229-4a9f-967a-69fd374e18f1 req-1a334d46-20ab-4b2c-884f-a3165d7b2fa3 a3c02e2c768341d79ad7b2d657484d85 d0ef5ade3364482298d76988bbf98432 - - bdcacba5050e4245b19bef69db01f1a4 bdcacba5050e4245b19bef69db01f1a4] 199.204.45.144 "GET /resource_providers/d116fa9b-7649-48bf-97fb-f9302449cf30/aggregates" status: 200 len: 53 microversion: 1.19 [pid: 7|app: 0|req: 403/808] 199.204.45.144 () {34 vars in 898 bytes} [Thu Jul 30 06:24:20 2026] GET /resource_providers/d116fa9b-7649-48bf-97fb-f9302449cf30/aggregates => generated 53 bytes in 13 msecs (HTTP/1.1 200) 8 headers in 295 bytes (1 switches on core 0)
2026-07-30 06:24:20.627 8 INFO placement.requestlog [req-6540c800-2229-4a9f-967a-69fd374e18f1 req-7fbf7404-1aed-40df-a441-06fd61f963cb a3c02e2c768341d79ad7b2d657484d85 d0ef5ade3364482298d76988bbf98432 - - bdcacba5050e4245b19bef69db01f1a4 bdcacba5050e4245b19bef69db01f1a4] 199.204.45.144 "GET /resource_providers/d116fa9b-7649-48bf-97fb-f9302449cf30/traits" status: 200 len: 2316 microversion: 1.6 [pid: 8|app: 0|req: 406/809] 199.204.45.144 () {34 vars in 889 bytes} [Thu Jul 30 06:24:20 2026] GET /resource_providers/d116fa9b-7649-48bf-97fb-f9302449cf30/traits => generated 2316 bytes in 22 msecs (HTTP/1.1 200) 6 headers in 225 bytes (1 switches on core 0)
2026-07-30 06:24:20.648 7 INFO placement.requestlog [req-6540c800-2229-4a9f-967a-69fd374e18f1 req-d1a28560-be61-4d1e-af4b-9cb2a1faeaad a3c02e2c768341d79ad7b2d657484d85 d0ef5ade3364482298d76988bbf98432 - - bdcacba5050e4245b19bef69db01f1a4 bdcacba5050e4245b19bef69db01f1a4] 199.204.45.144 "GET /resource_providers/d116fa9b-7649-48bf-97fb-f9302449cf30/allocations" status: 200 len: 54 microversion: 1.0 [pid: 7|app: 0|req: 404/810] 199.204.45.144 () {32 vars in 856 bytes} [Thu Jul 30 06:24:20 2026] GET /resource_providers/d116fa9b-7649-48bf-97fb-f9302449cf30/allocations => generated 54 bytes in 14 msecs (HTTP/1.1 200) 6 headers in 223 bytes (1 switches on core 0)
2026-07-30 06:24:28.108 7 INFO placement.requestlog [None req-35969f38-43d7-4c7e-a58f-29efbc3ebf19 - - - - - -] 10.0.0.111 "GET /" status: 200 len: 136 microversion: 1.0
2026-07-30 06:24:28.108 8 INFO placement.requestlog [None req-7963760f-2c81-40e1-a650-92ddaa47bee2 - - - - - -] 10.0.0.111 "GET /" status: 200 len: 136 microversion: 1.0
2026-07-30 06:24:38.108 7 INFO placement.requestlog [None req-043dc634-c562-4dc1-b5a9-911a361579aa - - - - - -] 10.0.0.111 "GET /" status: 200 len: 136 microversion: 1.0
2026-07-30 06:24:38.108 8 INFO placement.requestlog [None req-95e0a639-ecac-439c-92d2-3a7c1ef00b42 - - - - - -] 10.0.0.111 "GET /" status: 200 len: 136 microversion: 1.0
2026-07-30 06:24:48.107 8 INFO placement.requestlog [None req-47d95796-ce0f-45d6-b397-69003fc5a977 - - - - - -] 10.0.0.111 "GET /" status: 200 len: 136 microversion: 1.0
2026-07-30 06:24:48.107 7 INFO placement.requestlog [None req-0ac37d7c-235b-4db4-a6e0-19490ceaf0fa - - - - - -] 10.0.0.111 "GET /" status: 200 len: 136 microversion: 1.0
2026-07-30 06:24:58.107 8 INFO placement.requestlog [None req-29f7ce76-e2a1-4983-9b0c-51ce7d43a5b3 - - - - - -] 10.0.0.111 "GET /" status: 200 len: 136 microversion: 1.0
2026-07-30 06:24:58.108 7 INFO placement.requestlog [None req-62aa857a-a8b0-4cc4-803b-22fa2e8213c8 - - - - - -] 10.0.0.111 "GET /" status: 200 len: 136 microversion: 1.0
2026-07-30 06:25:04.627 8 INFO placement.requestlog [None req-3cf3f749-8aec-4af6-82c9-b423300f521e - - - - - -] 10.0.0.111 "GET /" status: 200 len: 136 microversion: 1.0 [pid: 8|app: 0|req: 411/819] 199.204.45.144 () {42 vars in 699 bytes} [Thu Jul 30 06:25:04 2026] GET / => generated 136 bytes in 2 msecs (HTTP/1.1 200) 6 headers in 224 bytes (1 switches on core 0)
2026-07-30 06:25:04.699 7 INFO placement.requestlog [None req-6bde5b3b-1e03-4327-93f4-fc8cebcbc201 7eb3d11d81bc4a56b5869deaae008f4e 5c47cd4c110647578875e85be84d24e5 - - default default] 10.0.0.111 "GET /resource_providers" status: 200 len: 797 microversion: 1.20 [pid: 7|app: 0|req: 409/820] 199.204.45.144 () {46 vars in 983 bytes} [Thu Jul 30 06:25:04 2026] GET /resource_providers => generated 797 bytes in 63 msecs (HTTP/1.1 200) 8 headers in 296 bytes (1 switches on core 0)
2026-07-30 06:25:08.108 8 INFO placement.requestlog [None req-3171fc42-3a18-4c8f-b480-dd8360e7cd51 - - - - - -] 10.0.0.111 "GET /" status: 200 len: 136 microversion: 1.0
2026-07-30 06:25:08.108 7 INFO placement.requestlog [None req-9695da7b-ec3a-46ee-afe1-5f443c831207 - - - - - -] 10.0.0.111 "GET /" status: 200 len: 136 microversion: 1.0
2026-07-30 06:25:18.108 7 INFO placement.requestlog [None req-1ae8041b-462f-4e6a-bf2b-a6b07b791e17 - - - - - -] 10.0.0.111 "GET /" status: 200 len: 136 microversion: 1.0
2026-07-30 06:25:18.111 8 INFO placement.requestlog [None req-b2c1b44b-03b4-4ce8-8f4e-797c66d806b0 - - - - - -] 10.0.0.111 "GET /" status: 200 len: 136 microversion: 1.0
2026-07-30 06:25:21.374 7 INFO placement.requestlog [req-c7bdafd1-9373-4675-ae43-f55269b461f3 req-28315be9-1acc-406f-b796-52c6fda109e7 a3c02e2c768341d79ad7b2d657484d85 d0ef5ade3364482298d76988bbf98432 - - bdcacba5050e4245b19bef69db01f1a4 bdcacba5050e4245b19bef69db01f1a4] 199.204.45.144 "GET /resource_providers/d116fa9b-7649-48bf-97fb-f9302449cf30/allocations" status: 200 len: 54 microversion: 1.0 [pid: 7|app: 0|req: 412/825] 199.204.45.144 () {32 vars in 856 bytes} [Thu Jul 30 06:25:21 2026] GET /resource_providers/d116fa9b-7649-48bf-97fb-f9302449cf30/allocations => generated 54 bytes in 18 msecs (HTTP/1.1 200) 6 headers in 223 bytes (1 switches on core 0)
2026-07-30 06:25:21.398 8 INFO placement.requestlog [req-c7bdafd1-9373-4675-ae43-f55269b461f3 req-b6131de8-a65c-4b05-99de-50de1c9516ab a3c02e2c768341d79ad7b2d657484d85 d0ef5ade3364482298d76988bbf98432 - - bdcacba5050e4245b19bef69db01f1a4 bdcacba5050e4245b19bef69db01f1a4] 199.204.45.144 "GET /resource_providers/d116fa9b-7649-48bf-97fb-f9302449cf30/allocations" status: 200 len: 54 microversion: 1.0 [pid: 8|app: 0|req: 414/826] 199.204.45.144 () {32 vars in 856 bytes} [Thu Jul 30 06:25:21 2026] GET /resource_providers/d116fa9b-7649-48bf-97fb-f9302449cf30/allocations => generated 54 bytes in 18 msecs (HTTP/1.1 200) 6 headers in 223 bytes (1 switches on core 0)
2026-07-30 06:25:28.107 7 INFO placement.requestlog [None req-44e69410-ef13-4008-b808-aaea8f2e67ef - - - - - -] 10.0.0.111 "GET /" status: 200 len: 136 microversion: 1.0
2026-07-30 06:25:28.110 8 INFO placement.requestlog [None req-2a6f6d1c-58ad-4c4e-a1de-1ccdd09639a4 - - - - - -] 10.0.0.111 "GET /" status: 200 len: 136 microversion: 1.0
2026-07-30 06:25:38.108 7 INFO placement.requestlog [None req-4defc7eb-26d0-41e0-a502-1d5864026876 - - - - - -] 10.0.0.111 "GET /" status: 200 len: 136 microversion: 1.0
2026-07-30 06:25:38.109 8 INFO placement.requestlog [None req-ab539b6c-9706-44d4-8df0-5c4d8b47b7e9 - - - - - -] 10.0.0.111 "GET /" status: 200 len: 136 microversion: 1.0
2026-07-30 06:25:48.108 8 INFO placement.requestlog [None req-759f1cbb-f224-46f3-8c4e-f85c2bd051d0 - - - - - -] 10.0.0.111 "GET /" status: 200 len: 136 microversion: 1.0
2026-07-30 06:25:48.109 7 INFO placement.requestlog [None req-4c3e6b08-6d12-4ad9-918d-074a840f776a - - - - - -] 10.0.0.111 "GET /" status: 200 len: 136 microversion: 1.0
2026-07-30 06:25:58.108 7 INFO placement.requestlog [None req-d7f4c866-0771-43b3-a1cc-a0d762af2dba - - - - - -] 10.0.0.111 "GET /" status: 200 len: 136 microversion: 1.0
2026-07-30 06:25:58.109 8 INFO placement.requestlog [None req-aa50fc0e-9509-4f77-948f-c6807b840201 - - - - - -] 10.0.0.111 "GET /" status: 200 len: 136 microversion: 1.0
2026-07-30 06:26:08.108 7 INFO placement.requestlog [None req-77950635-5a10-4e02-8d02-d7168687fbb1 - - - - - -] 10.0.0.111 "GET /" status: 200 len: 136 microversion: 1.0
2026-07-30 06:26:08.110 8 INFO placement.requestlog [None req-f3ef7b2b-9cdc-405a-aa9c-db5b00e29ba9 - - - - - -] 10.0.0.111 "GET /" status: 200 len: 136 microversion: 1.0
2026-07-30 06:26:18.110 7 INFO placement.requestlog [None req-351d03a5-7f5f-4010-b715-1e74d9dc9732 - - - - - -] 10.0.0.111 "GET /" status: 200 len: 136 microversion: 1.0
2026-07-30 06:26:18.110 8 INFO placement.requestlog [None req-cee45bc6-dcfc-4f41-a3c3-55b2249d373f - - - - - -] 10.0.0.111 "GET /" status: 200 len: 136 microversion: 1.0
2026-07-30 06:26:22.567 7 INFO placement.requestlog [req-3a17059f-1d4d-4b1a-8a66-927b4df13a2b req-894fcc9d-4b47-4b66-97e2-d356311e1557 a3c02e2c768341d79ad7b2d657484d85 d0ef5ade3364482298d76988bbf98432 - - bdcacba5050e4245b19bef69db01f1a4 bdcacba5050e4245b19bef69db01f1a4] 199.204.45.144 "GET /resource_providers/d116fa9b-7649-48bf-97fb-f9302449cf30/allocations" status: 200 len: 54 microversion: 1.0 [pid: 7|app: 0|req: 419/839] 199.204.45.144 () {32 vars in 856 bytes} [Thu Jul 30 06:26:22 2026] GET /resource_providers/d116fa9b-7649-48bf-97fb-f9302449cf30/allocations => generated 54 bytes in 21 msecs (HTTP/1.1 200) 6 headers in 223 bytes (1 switches on core 0)
2026-07-30 06:26:22.589 8 INFO placement.requestlog [req-3a17059f-1d4d-4b1a-8a66-927b4df13a2b req-8b617a1f-4caf-4766-b041-af1d6f96786c a3c02e2c768341d79ad7b2d657484d85 d0ef5ade3364482298d76988bbf98432 - - bdcacba5050e4245b19bef69db01f1a4 bdcacba5050e4245b19bef69db01f1a4] 199.204.45.144 "GET /resource_providers/d116fa9b-7649-48bf-97fb-f9302449cf30/allocations" status: 200 len: 54 microversion: 1.0 [pid: 8|app: 0|req: 421/840] 199.204.45.144 () {32 vars in 856 bytes} [Thu Jul 30 06:26:22 2026] GET /resource_providers/d116fa9b-7649-48bf-97fb-f9302449cf30/allocations => generated 54 bytes in 15 msecs (HTTP/1.1 200) 6 headers in 223 bytes (1 switches on core 0)
2026-07-30 06:26:28.107 8 INFO placement.requestlog [None req-8b3aca9a-30fb-42c7-808e-3446e13f199a - - - - - -] 10.0.0.111 "GET /" status: 200 len: 136 microversion: 1.0
2026-07-30 06:26:28.107 7 INFO placement.requestlog [None req-12df96ee-5c31-4ee6-8dd1-9363d9c0f2b1 - - - - - -] 10.0.0.111 "GET /" status: 200 len: 136 microversion: 1.0
2026-07-30 06:26:38.107 7 INFO placement.requestlog [None req-b957a6d9-44d1-42c9-bb14-4ec9081e936b - - - - - -] 10.0.0.111 "GET /" status: 200 len: 136 microversion: 1.0
2026-07-30 06:26:38.108 8 INFO placement.requestlog [None req-985c76f0-a72b-4ed6-b089-e4304ce733c3 - - - - - -] 10.0.0.111 "GET /" status: 200 len: 136 microversion: 1.0
2026-07-30 06:26:48.108 7 INFO placement.requestlog [None req-85e64dd0-8d9b-4643-9d18-562e521061e5 - - - - - -] 10.0.0.111 "GET /" status: 200 len: 136 microversion: 1.0
2026-07-30 06:26:48.111 8 INFO placement.requestlog [None req-d246bd55-e178-402f-8f78-7a95a634dcff - - - - - -] 10.0.0.111 "GET /" status: 200 len: 136 microversion: 1.0
2026-07-30 06:26:51.949 7 INFO placement.requestlog [None req-488a0f67-80ba-4889-a2df-2d4871bb99c8 b3b07fa7ed224d4cae79087cdb71d8a0 d0ef5ade3364482298d76988bbf98432 - - bdcacba5050e4245b19bef69db01f1a4 bdcacba5050e4245b19bef69db01f1a4] 10.0.0.139 "GET /resource_providers/946095f5-6555-485d-8d3f-db737985522f/aggregates" status: 404 len: 235 microversion: 1.1 [pid: 7|app: 0|req: 423/847] 10.0.0.139 () {32 vars in 815 bytes} [Thu Jul 30 06:26:51 2026] GET /resource_providers/946095f5-6555-485d-8d3f-db737985522f/aggregates => generated 235 bytes in 263 msecs (HTTP/1.1 404) 5 headers in 202 bytes (1 switches on core 0)
2026-07-30 06:26:51.970 7 INFO placement.requestlog [None req-75a016a7-c1ca-422a-abbd-5f2e5bb6e94e b3b07fa7ed224d4cae79087cdb71d8a0 d0ef5ade3364482298d76988bbf98432 - - bdcacba5050e4245b19bef69db01f1a4 bdcacba5050e4245b19bef69db01f1a4] 10.0.0.139 "DELETE /resource_providers/946095f5-6555-485d-8d3f-db737985522f" status: 404 len: 246 microversion: 1.1 [pid: 7|app: 0|req: 424/848] 10.0.0.139 () {34 vars in 815 bytes} [Thu Jul 30 06:26:51 2026] DELETE /resource_providers/946095f5-6555-485d-8d3f-db737985522f => generated 246 bytes in 8 msecs (HTTP/1.1 404) 6 headers in 231 bytes (1 switches on core 0)
2026-07-30 06:26:52.050 8 INFO placement.requestlog [None req-44589a0f-7330-4b45-9340-bf06183d76f7 b3b07fa7ed224d4cae79087cdb71d8a0 d0ef5ade3364482298d76988bbf98432 - - bdcacba5050e4245b19bef69db01f1a4 bdcacba5050e4245b19bef69db01f1a4] 10.0.0.139 "GET /resource_providers/946095f5-6555-485d-8d3f-db737985522f/aggregates" status: 404 len: 235 microversion: 1.1 [pid: 8|app: 0|req: 425/849] 10.0.0.139 () {32 vars in 815 bytes} [Thu Jul 30 06:26:51 2026] GET /resource_providers/946095f5-6555-485d-8d3f-db737985522f/aggregates => generated 235 bytes in 360 msecs (HTTP/1.1 404) 5 headers in 202 bytes (1 switches on core 0)
2026-07-30 06:26:52.072 7 INFO placement.requestlog [None req-57e301fd-951c-4b5a-8ef4-d65bac4a842d b3b07fa7ed224d4cae79087cdb71d8a0 d0ef5ade3364482298d76988bbf98432 - - bdcacba5050e4245b19bef69db01f1a4 bdcacba5050e4245b19bef69db01f1a4] 10.0.0.139 "DELETE /resource_providers/946095f5-6555-485d-8d3f-db737985522f" status: 404 len: 246 microversion: 1.1 [pid: 7|app: 0|req: 425/850] 10.0.0.139 () {34 vars in 815 bytes} [Thu Jul 30 06:26:52 2026] DELETE /resource_providers/946095f5-6555-485d-8d3f-db737985522f => generated 246 bytes in 12 msecs (HTTP/1.1 404) 6 headers in 231 bytes (1 switches on core 0)
2026-07-30 06:26:52.225 8 INFO placement.requestlog [req-ba1c4fd2-a4ad-4dcb-a833-ece629e2a557 req-56f23c8b-d7f4-4a97-9ca1-f2f75f9b5aca a3c02e2c768341d79ad7b2d657484d85 d0ef5ade3364482298d76988bbf98432 - - bdcacba5050e4245b19bef69db01f1a4 bdcacba5050e4245b19bef69db01f1a4] 10.0.0.191 "GET /allocation_candidates?limit=1000&resources=DISK_GB%3A1%2CMEMORY_MB%3A512%2CVCPU%3A1&root_required=%21COMPUTE_STATUS_DISABLED" status: 200 len: 2781 microversion: 1.36 [pid: 8|app: 0|req: 426/851] 10.0.0.191 () {34 vars in 1011 bytes} [Thu Jul 30 06:26:52 2026] GET /allocation_candidates?limit=1000&resources=DISK_GB%3A1%2CMEMORY_MB%3A512%2CVCPU%3A1&root_required=%21COMPUTE_STATUS_DISABLED => generated 2781 bytes in 124 msecs (HTTP/1.1 200) 8 headers in 297 bytes (1 switches on core 0)
2026-07-30 06:26:52.275 7 INFO placement.requestlog [req-ba1c4fd2-a4ad-4dcb-a833-ece629e2a557 req-453dafd0-b2e1-42bd-ad95-880072620339 a3c02e2c768341d79ad7b2d657484d85 d0ef5ade3364482298d76988bbf98432 - - bdcacba5050e4245b19bef69db01f1a4 bdcacba5050e4245b19bef69db01f1a4] 10.0.0.191 "GET /allocations/24ef19f7-94f1-4972-9256-6b78bd8d0fe3" status: 200 len: 19 microversion: 1.28 [pid: 7|app: 0|req: 426/852] 10.0.0.191 () {34 vars in 860 bytes} [Thu Jul 30 06:26:52 2026] GET /allocations/24ef19f7-94f1-4972-9256-6b78bd8d0fe3 => generated 19 bytes in 13 msecs (HTTP/1.1 200) 8 headers in 295 bytes (1 switches on core 0)
2026-07-30 06:26:52.501 8 INFO placement.requestlog [req-ba1c4fd2-a4ad-4dcb-a833-ece629e2a557 req-a2ee787b-59ef-4f6b-9a3d-a685226cc479 a3c02e2c768341d79ad7b2d657484d85 d0ef5ade3364482298d76988bbf98432 - - bdcacba5050e4245b19bef69db01f1a4 bdcacba5050e4245b19bef69db01f1a4] 10.0.0.191 "PUT /allocations/24ef19f7-94f1-4972-9256-6b78bd8d0fe3" status: 204 len: 0 microversion: 1.36 [pid: 8|app: 0|req: 427/853] 10.0.0.191 () {38 vars in 913 bytes} [Thu Jul 30 06:26:52 2026] PUT /allocations/24ef19f7-94f1-4972-9256-6b78bd8d0fe3 => generated 0 bytes in 220 msecs (HTTP/1.1 204) 5 headers in 199 bytes (1 switches on core 0)
2026-07-30 06:26:52.852 7 INFO placement.requestlog [None req-d1308402-4e1f-4177-b65b-f7e22e954abc b3b07fa7ed224d4cae79087cdb71d8a0 d0ef5ade3364482298d76988bbf98432 - - bdcacba5050e4245b19bef69db01f1a4 bdcacba5050e4245b19bef69db01f1a4] 10.0.0.139 "GET /resource_providers/5413182f-fbbb-4b2d-9827-cf5e1f2c9b56/aggregates" status: 404 len: 235 microversion: 1.1 [pid: 7|app: 0|req: 427/854] 10.0.0.139 () {32 vars in 815 bytes} [Thu Jul 30 06:26:52 2026] GET /resource_providers/5413182f-fbbb-4b2d-9827-cf5e1f2c9b56/aggregates => generated 235 bytes in 300 msecs (HTTP/1.1 404) 5 headers in 202 bytes (1 switches on core 0)
2026-07-30 06:26:52.858 8 INFO placement.requestlog [None req-81d365cf-ec01-4ec2-8ee3-80fdd7b3a383 b3b07fa7ed224d4cae79087cdb71d8a0 d0ef5ade3364482298d76988bbf98432 - - bdcacba5050e4245b19bef69db01f1a4 bdcacba5050e4245b19bef69db01f1a4] 10.0.0.139 "GET /resource_providers/5413182f-fbbb-4b2d-9827-cf5e1f2c9b56/aggregates" status: 404 len: 235 microversion: 1.1 [pid: 8|app: 0|req: 428/855] 10.0.0.139 () {32 vars in 815 bytes} [Thu Jul 30 06:26:52 2026] GET /resource_providers/5413182f-fbbb-4b2d-9827-cf5e1f2c9b56/aggregates => generated 235 bytes in 295 msecs (HTTP/1.1 404) 5 headers in 202 bytes (1 switches on core 0)
2026-07-30 06:26:52.876 7 INFO placement.requestlog [None req-c0299246-511d-447d-a6fb-72565fc3ccd5 b3b07fa7ed224d4cae79087cdb71d8a0 d0ef5ade3364482298d76988bbf98432 - - bdcacba5050e4245b19bef69db01f1a4 bdcacba5050e4245b19bef69db01f1a4] 10.0.0.139 "DELETE /resource_providers/5413182f-fbbb-4b2d-9827-cf5e1f2c9b56" status: 404 len: 246 microversion: 1.1 [pid: 7|app: 0|req: 428/856] 10.0.0.139 () {34 vars in 815 bytes} [Thu Jul 30 06:26:52 2026] DELETE /resource_providers/5413182f-fbbb-4b2d-9827-cf5e1f2c9b56 => generated 246 bytes in 9 msecs (HTTP/1.1 404) 6 headers in 231 bytes (1 switches on core 0)
2026-07-30 06:26:52.889 8 INFO placement.requestlog [None req-e91c2cac-09b0-4173-8c16-677172147099 b3b07fa7ed224d4cae79087cdb71d8a0 d0ef5ade3364482298d76988bbf98432 - - bdcacba5050e4245b19bef69db01f1a4 bdcacba5050e4245b19bef69db01f1a4] 10.0.0.139 "DELETE /resource_providers/5413182f-fbbb-4b2d-9827-cf5e1f2c9b56" status: 404 len: 246 microversion: 1.1 [pid: 8|app: 0|req: 429/857] 10.0.0.139 () {34 vars in 815 bytes} [Thu Jul 30 06:26:52 2026] DELETE /resource_providers/5413182f-fbbb-4b2d-9827-cf5e1f2c9b56 => generated 246 bytes in 18 msecs (HTTP/1.1 404) 6 headers in 231 bytes (1 switches on core 0)
2026-07-30 06:26:54.214 7 INFO placement.requestlog [req-ba1c4fd2-a4ad-4dcb-a833-ece629e2a557 req-9f2fa3a6-b523-4f36-ba55-430fd418cdfa a3c02e2c768341d79ad7b2d657484d85 d0ef5ade3364482298d76988bbf98432 - - bdcacba5050e4245b19bef69db01f1a4 bdcacba5050e4245b19bef69db01f1a4] 199.204.45.144 "GET /allocations/24ef19f7-94f1-4972-9256-6b78bd8d0fe3" status: 200 len: 257 microversion: 1.28 [pid: 7|app: 0|req: 429/858] 199.204.45.144 () {34 vars in 862 bytes} [Thu Jul 30 06:26:54 2026] GET /allocations/24ef19f7-94f1-4972-9256-6b78bd8d0fe3 => generated 257 bytes in 11 msecs (HTTP/1.1 200) 8 headers in 296 bytes (1 switches on core 0)
2026-07-30 06:26:55.262 8 INFO placement.requestlog [req-ba1c4fd2-a4ad-4dcb-a833-ece629e2a557 req-7ac3a985-c189-433b-9a15-d01e08e92e63 a3c02e2c768341d79ad7b2d657484d85 d0ef5ade3364482298d76988bbf98432 - - bdcacba5050e4245b19bef69db01f1a4 bdcacba5050e4245b19bef69db01f1a4] 199.204.45.144 "GET /resource_providers/d116fa9b-7649-48bf-97fb-f9302449cf30/allocations" status: 200 len: 152 microversion: 1.0 [pid: 8|app: 0|req: 430/859] 199.204.45.144 () {32 vars in 856 bytes} [Thu Jul 30 06:26:55 2026] GET /resource_providers/d116fa9b-7649-48bf-97fb-f9302449cf30/allocations => generated 152 bytes in 18 msecs (HTTP/1.1 200) 6 headers in 224 bytes (1 switches on core 0)
2026-07-30 06:26:55.282 7 INFO placement.requestlog [req-ba1c4fd2-a4ad-4dcb-a833-ece629e2a557 req-6aead491-feb9-4001-ae90-7b361492b2f1 a3c02e2c768341d79ad7b2d657484d85 d0ef5ade3364482298d76988bbf98432 - - bdcacba5050e4245b19bef69db01f1a4 bdcacba5050e4245b19bef69db01f1a4] 199.204.45.144 "GET /allocations/24ef19f7-94f1-4972-9256-6b78bd8d0fe3" status: 200 len: 257 microversion: 1.28 [pid: 7|app: 0|req: 430/860] 199.204.45.144 () {34 vars in 862 bytes} [Thu Jul 30 06:26:55 2026] GET /allocations/24ef19f7-94f1-4972-9256-6b78bd8d0fe3 => generated 257 bytes in 15 msecs (HTTP/1.1 200) 8 headers in 296 bytes (1 switches on core 0)
2026-07-30 06:26:58.107 8 INFO placement.requestlog [None req-6eccefef-8c7f-4a5a-8515-50337d01760f - - - - - -] 10.0.0.111 "GET /" status: 200 len: 136 microversion: 1.0
2026-07-30 06:26:58.109 7 INFO placement.requestlog [None req-c7a4cbb0-7a75-4e70-bc5b-03198ad272db - - - - - -] 10.0.0.111 "GET /" status: 200 len: 136 microversion: 1.0
2026-07-30 06:27:08.108 8 INFO placement.requestlog [None req-ec90fb0d-99e3-4eef-8fb3-7899aa409d7c - - - - - -] 10.0.0.111 "GET /" status: 200 len: 136 microversion: 1.0
2026-07-30 06:27:08.108 7 INFO placement.requestlog [None req-52305348-151a-45e7-beab-74d854b19ba8 - - - - - -] 10.0.0.111 "GET /" status: 200 len: 136 microversion: 1.0
2026-07-30 06:27:11.237 8 INFO placement.requestlog [req-29a6845b-329b-4e3b-b99a-87d81b6d2d60 req-5fa97993-b45b-431d-9482-27d931883587 a3c02e2c768341d79ad7b2d657484d85 d0ef5ade3364482298d76988bbf98432 - - bdcacba5050e4245b19bef69db01f1a4 bdcacba5050e4245b19bef69db01f1a4] 10.0.0.191 "GET /allocation_candidates?limit=1000&resources=DISK_GB%3A1%2CMEMORY_MB%3A512%2CVCPU%3A1&root_required=%21COMPUTE_STATUS_DISABLED" status: 200 len: 2783 microversion: 1.36 [pid: 8|app: 0|req: 433/865] 10.0.0.191 () {34 vars in 1011 bytes} [Thu Jul 30 06:27:11 2026] GET /allocation_candidates?limit=1000&resources=DISK_GB%3A1%2CMEMORY_MB%3A512%2CVCPU%3A1&root_required=%21COMPUTE_STATUS_DISABLED => generated 2783 bytes in 61 msecs (HTTP/1.1 200) 8 headers in 297 bytes (1 switches on core 0)
2026-07-30 06:27:11.299 7 INFO placement.requestlog [req-29a6845b-329b-4e3b-b99a-87d81b6d2d60 req-397e9c27-3deb-4099-a8e5-d5d55eaf6a54 a3c02e2c768341d79ad7b2d657484d85 d0ef5ade3364482298d76988bbf98432 - - bdcacba5050e4245b19bef69db01f1a4 bdcacba5050e4245b19bef69db01f1a4] 10.0.0.191 "GET /allocations/5d76c1cf-3cfc-4ded-b70a-5c3c7149c468" status: 200 len: 19 microversion: 1.28 [pid: 7|app: 0|req: 433/866] 10.0.0.191 () {34 vars in 860 bytes} [Thu Jul 30 06:27:11 2026] GET /allocations/5d76c1cf-3cfc-4ded-b70a-5c3c7149c468 => generated 19 bytes in 17 msecs (HTTP/1.1 200) 8 headers in 295 bytes (1 switches on core 0)
2026-07-30 06:27:11.464 8 INFO placement.requestlog [req-29a6845b-329b-4e3b-b99a-87d81b6d2d60 req-195bce79-ccd4-417b-8e41-91cfc5483c0f a3c02e2c768341d79ad7b2d657484d85 d0ef5ade3364482298d76988bbf98432 - - bdcacba5050e4245b19bef69db01f1a4 bdcacba5050e4245b19bef69db01f1a4] 10.0.0.191 "PUT /allocations/5d76c1cf-3cfc-4ded-b70a-5c3c7149c468" status: 204 len: 0 microversion: 1.36 [pid: 8|app: 0|req: 434/867] 10.0.0.191 () {38 vars in 913 bytes} [Thu Jul 30 06:27:11 2026] PUT /allocations/5d76c1cf-3cfc-4ded-b70a-5c3c7149c468 => generated 0 bytes in 159 msecs (HTTP/1.1 204) 5 headers in 199 bytes (1 switches on core 0)
2026-07-30 06:27:13.051 7 INFO placement.requestlog [req-29a6845b-329b-4e3b-b99a-87d81b6d2d60 req-775e2aeb-8bef-48ab-823d-bc2e8a36828a a3c02e2c768341d79ad7b2d657484d85 d0ef5ade3364482298d76988bbf98432 - - bdcacba5050e4245b19bef69db01f1a4 bdcacba5050e4245b19bef69db01f1a4] 199.204.45.144 "GET /allocations/5d76c1cf-3cfc-4ded-b70a-5c3c7149c468" status: 200 len: 257 microversion: 1.28 [pid: 7|app: 0|req: 434/868] 199.204.45.144 () {34 vars in 862 bytes} [Thu Jul 30 06:27:13 2026] GET /allocations/5d76c1cf-3cfc-4ded-b70a-5c3c7149c468 => generated 257 bytes in 21 msecs (HTTP/1.1 200) 8 headers in 296 bytes (1 switches on core 0)
2026-07-30 06:27:14.016 8 INFO placement.requestlog [req-2a639ee0-ecfd-4dff-9f35-1bc623a16f45 req-1df398bb-1ddb-4153-b8bf-2defc45c2b6b a3c02e2c768341d79ad7b2d657484d85 d0ef5ade3364482298d76988bbf98432 - - bdcacba5050e4245b19bef69db01f1a4 bdcacba5050e4245b19bef69db01f1a4] 10.0.0.191 "GET /allocation_candidates?limit=1000&resources=MEMORY_MB%3A512%2CVCPU%3A1&root_required=%21COMPUTE_STATUS_DISABLED" status: 200 len: 2770 microversion: 1.36 [pid: 8|app: 0|req: 435/869] 10.0.0.191 () {34 vars in 983 bytes} [Thu Jul 30 06:27:13 2026] GET /allocation_candidates?limit=1000&resources=MEMORY_MB%3A512%2CVCPU%3A1&root_required=%21COMPUTE_STATUS_DISABLED => generated 2770 bytes in 53 msecs (HTTP/1.1 200) 8 headers in 297 bytes (1 switches on core 0)
2026-07-30 06:27:14.051 7 INFO placement.requestlog [req-2a639ee0-ecfd-4dff-9f35-1bc623a16f45 req-1610287b-96b0-43ca-8b1a-617ebf6df1b7 a3c02e2c768341d79ad7b2d657484d85 d0ef5ade3364482298d76988bbf98432 - - bdcacba5050e4245b19bef69db01f1a4 bdcacba5050e4245b19bef69db01f1a4] 10.0.0.191 "GET /allocations/31ce68e7-c826-48a7-9922-512a5aec89ab" status: 200 len: 19 microversion: 1.28 [pid: 7|app: 0|req: 435/870] 10.0.0.191 () {34 vars in 860 bytes} [Thu Jul 30 06:27:14 2026] GET /allocations/31ce68e7-c826-48a7-9922-512a5aec89ab => generated 19 bytes in 14 msecs (HTTP/1.1 200) 8 headers in 295 bytes (1 switches on core 0)
2026-07-30 06:27:14.094 7 INFO placement.requestlog [req-29a6845b-329b-4e3b-b99a-87d81b6d2d60 req-37ea354e-77ff-45b8-9430-3dcf96caf5bb a3c02e2c768341d79ad7b2d657484d85 d0ef5ade3364482298d76988bbf98432 - - bdcacba5050e4245b19bef69db01f1a4 bdcacba5050e4245b19bef69db01f1a4] 199.204.45.144 "GET /resource_providers/d116fa9b-7649-48bf-97fb-f9302449cf30/allocations" status: 200 len: 252 microversion: 1.0 [pid: 7|app: 0|req: 436/871] 199.204.45.144 () {32 vars in 856 bytes} [Thu Jul 30 06:27:14 2026] GET /resource_providers/d116fa9b-7649-48bf-97fb-f9302449cf30/allocations => generated 252 bytes in 17 msecs (HTTP/1.1 200) 6 headers in 224 bytes (1 switches on core 0)
2026-07-30 06:27:14.115 7 INFO placement.requestlog [req-29a6845b-329b-4e3b-b99a-87d81b6d2d60 req-c8dcced2-7983-498e-8a9a-2b67151de618 a3c02e2c768341d79ad7b2d657484d85 d0ef5ade3364482298d76988bbf98432 - - bdcacba5050e4245b19bef69db01f1a4 bdcacba5050e4245b19bef69db01f1a4] 199.204.45.144 "GET /allocations/5d76c1cf-3cfc-4ded-b70a-5c3c7149c468" status: 200 len: 257 microversion: 1.28 [pid: 7|app: 0|req: 437/872] 199.204.45.144 () {34 vars in 862 bytes} [Thu Jul 30 06:27:14 2026] GET /allocations/5d76c1cf-3cfc-4ded-b70a-5c3c7149c468 => generated 257 bytes in 14 msecs (HTTP/1.1 200) 8 headers in 296 bytes (1 switches on core 0)
2026-07-30 06:27:14.129 7 INFO placement.requestlog [req-29a6845b-329b-4e3b-b99a-87d81b6d2d60 req-0ea77746-e1a0-4625-b997-33df75bfc3ca a3c02e2c768341d79ad7b2d657484d85 d0ef5ade3364482298d76988bbf98432 - - bdcacba5050e4245b19bef69db01f1a4 bdcacba5050e4245b19bef69db01f1a4] 199.204.45.144 "GET /allocations/24ef19f7-94f1-4972-9256-6b78bd8d0fe3" status: 200 len: 257 microversion: 1.28 [pid: 7|app: 0|req: 438/873] 199.204.45.144 () {34 vars in 862 bytes} [Thu Jul 30 06:27:14 2026] GET /allocations/24ef19f7-94f1-4972-9256-6b78bd8d0fe3 => generated 257 bytes in 10 msecs (HTTP/1.1 200) 8 headers in 296 bytes (1 switches on core 0)
2026-07-30 06:27:14.248 8 INFO placement.requestlog [req-2a639ee0-ecfd-4dff-9f35-1bc623a16f45 req-40196661-c0c8-4d73-ab34-60a1b1c9632b a3c02e2c768341d79ad7b2d657484d85 d0ef5ade3364482298d76988bbf98432 - - bdcacba5050e4245b19bef69db01f1a4 bdcacba5050e4245b19bef69db01f1a4] 10.0.0.191 "PUT /allocations/31ce68e7-c826-48a7-9922-512a5aec89ab" status: 204 len: 0 microversion: 1.36 [pid: 8|app: 0|req: 436/874] 10.0.0.191 () {38 vars in 913 bytes} [Thu Jul 30 06:27:14 2026] PUT /allocations/31ce68e7-c826-48a7-9922-512a5aec89ab => generated 0 bytes in 189 msecs (HTTP/1.1 204) 5 headers in 199 bytes (1 switches on core 0)
2026-07-30 06:27:15.849 7 INFO placement.requestlog [req-2a639ee0-ecfd-4dff-9f35-1bc623a16f45 req-b1b093c2-94c0-47e9-951d-d3b8b2f75e5e a3c02e2c768341d79ad7b2d657484d85 d0ef5ade3364482298d76988bbf98432 - - bdcacba5050e4245b19bef69db01f1a4 bdcacba5050e4245b19bef69db01f1a4] 199.204.45.144 "GET /allocations/31ce68e7-c826-48a7-9922-512a5aec89ab" status: 200 len: 243 microversion: 1.28 [pid: 7|app: 0|req: 439/875] 199.204.45.144 () {34 vars in 862 bytes} [Thu Jul 30 06:27:15 2026] GET /allocations/31ce68e7-c826-48a7-9922-512a5aec89ab => generated 243 bytes in 18 msecs (HTTP/1.1 200) 8 headers in 296 bytes (1 switches on core 0)
2026-07-30 06:27:16.914 8 INFO placement.requestlog [req-2a639ee0-ecfd-4dff-9f35-1bc623a16f45 req-978abb9e-9580-4745-9f08-305f86f273dd a3c02e2c768341d79ad7b2d657484d85 d0ef5ade3364482298d76988bbf98432 - - bdcacba5050e4245b19bef69db01f1a4 bdcacba5050e4245b19bef69db01f1a4] 199.204.45.144 "GET /resource_providers/d116fa9b-7649-48bf-97fb-f9302449cf30/allocations" status: 200 len: 338 microversion: 1.0 [pid: 8|app: 0|req: 437/876] 199.204.45.144 () {32 vars in 856 bytes} [Thu Jul 30 06:27:16 2026] GET /resource_providers/d116fa9b-7649-48bf-97fb-f9302449cf30/allocations => generated 338 bytes in 30 msecs (HTTP/1.1 200) 6 headers in 224 bytes (1 switches on core 0)
2026-07-30 06:27:16.938 7 INFO placement.requestlog [req-2a639ee0-ecfd-4dff-9f35-1bc623a16f45 req-9416b9b5-88da-43b7-b102-8298372331e5 a3c02e2c768341d79ad7b2d657484d85 d0ef5ade3364482298d76988bbf98432 - - bdcacba5050e4245b19bef69db01f1a4 bdcacba5050e4245b19bef69db01f1a4] 199.204.45.144 "GET /allocations/5d76c1cf-3cfc-4ded-b70a-5c3c7149c468" status: 200 len: 257 microversion: 1.28 [pid: 7|app: 0|req: 440/877] 199.204.45.144 () {34 vars in 862 bytes} [Thu Jul 30 06:27:16 2026] GET /allocations/5d76c1cf-3cfc-4ded-b70a-5c3c7149c468 => generated 257 bytes in 18 msecs (HTTP/1.1 200) 8 headers in 296 bytes (1 switches on core 0)
2026-07-30 06:27:16.976 8 INFO placement.requestlog [req-2a639ee0-ecfd-4dff-9f35-1bc623a16f45 req-106d0aee-5a41-44a4-92db-a8ad6e27dd3d a3c02e2c768341d79ad7b2d657484d85 d0ef5ade3364482298d76988bbf98432 - - bdcacba5050e4245b19bef69db01f1a4 bdcacba5050e4245b19bef69db01f1a4] 199.204.45.144 "GET /allocations/31ce68e7-c826-48a7-9922-512a5aec89ab" status: 200 len: 243 microversion: 1.28 [pid: 8|app: 0|req: 438/878] 199.204.45.144 () {34 vars in 862 bytes} [Thu Jul 30 06:27:16 2026] GET /allocations/31ce68e7-c826-48a7-9922-512a5aec89ab => generated 243 bytes in 23 msecs (HTTP/1.1 200) 8 headers in 296 bytes (1 switches on core 0)
2026-07-30 06:27:17.003 7 INFO placement.requestlog [req-2a639ee0-ecfd-4dff-9f35-1bc623a16f45 req-cd806d49-95dd-422e-9123-f9a869d4f60d a3c02e2c768341d79ad7b2d657484d85 d0ef5ade3364482298d76988bbf98432 - - bdcacba5050e4245b19bef69db01f1a4 bdcacba5050e4245b19bef69db01f1a4] 199.204.45.144 "GET /allocations/24ef19f7-94f1-4972-9256-6b78bd8d0fe3" status: 200 len: 257 microversion: 1.28 [pid: 7|app: 0|req: 441/879] 199.204.45.144 () {34 vars in 862 bytes} [Thu Jul 30 06:27:16 2026] GET /allocations/24ef19f7-94f1-4972-9256-6b78bd8d0fe3 => generated 257 bytes in 18 msecs (HTTP/1.1 200) 8 headers in 296 bytes (1 switches on core 0)
2026-07-30 06:27:18.107 8 INFO placement.requestlog [None req-0dcb85b9-c9e3-41c9-99ab-3bc004796c41 - - - - - -] 10.0.0.111 "GET /" status: 200 len: 136 microversion: 1.0
2026-07-30 06:27:18.107 7 INFO placement.requestlog [None req-9bdd4635-0ef4-47ae-89fa-ff892c1e0489 - - - - - -] 10.0.0.111 "GET /" status: 200 len: 136 microversion: 1.0
2026-07-30 06:27:25.498 8 INFO placement.requestlog [req-bcc46fa7-9011-4b1f-a39f-5a1ed48ee9a4 req-a8bc452f-18a7-40a8-badf-ff72f835337d a3c02e2c768341d79ad7b2d657484d85 d0ef5ade3364482298d76988bbf98432 - - bdcacba5050e4245b19bef69db01f1a4 bdcacba5050e4245b19bef69db01f1a4] 199.204.45.144 "GET /resource_providers/d116fa9b-7649-48bf-97fb-f9302449cf30/allocations" status: 200 len: 338 microversion: 1.0 [pid: 8|app: 0|req: 440/882] 199.204.45.144 () {32 vars in 856 bytes} [Thu Jul 30 06:27:25 2026] GET /resource_providers/d116fa9b-7649-48bf-97fb-f9302449cf30/allocations => generated 338 bytes in 18 msecs (HTTP/1.1 200) 6 headers in 224 bytes (1 switches on core 0)
2026-07-30 06:27:25.525 7 INFO placement.requestlog [req-bcc46fa7-9011-4b1f-a39f-5a1ed48ee9a4 req-7ec38d16-eb5e-47b4-bd35-f4d02379c9f7 a3c02e2c768341d79ad7b2d657484d85 d0ef5ade3364482298d76988bbf98432 - - bdcacba5050e4245b19bef69db01f1a4 bdcacba5050e4245b19bef69db01f1a4] 199.204.45.144 "GET /resource_providers/d116fa9b-7649-48bf-97fb-f9302449cf30/allocations" status: 200 len: 338 microversion: 1.0 [pid: 7|app: 0|req: 443/883] 199.204.45.144 () {32 vars in 856 bytes} [Thu Jul 30 06:27:25 2026] GET /resource_providers/d116fa9b-7649-48bf-97fb-f9302449cf30/allocations => generated 338 bytes in 20 msecs (HTTP/1.1 200) 6 headers in 224 bytes (1 switches on core 0)
2026-07-30 06:27:25.552 8 INFO placement.requestlog [req-bcc46fa7-9011-4b1f-a39f-5a1ed48ee9a4 req-03387df7-2d96-4074-9741-a72a40c3c4c8 a3c02e2c768341d79ad7b2d657484d85 d0ef5ade3364482298d76988bbf98432 - - bdcacba5050e4245b19bef69db01f1a4 bdcacba5050e4245b19bef69db01f1a4] 199.204.45.144 "GET /allocations/5d76c1cf-3cfc-4ded-b70a-5c3c7149c468" status: 200 len: 257 microversion: 1.28 [pid: 8|app: 0|req: 441/884] 199.204.45.144 () {34 vars in 862 bytes} [Thu Jul 30 06:27:25 2026] GET /allocations/5d76c1cf-3cfc-4ded-b70a-5c3c7149c468 => generated 257 bytes in 16 msecs (HTTP/1.1 200) 8 headers in 296 bytes (1 switches on core 0)
2026-07-30 06:27:25.570 7 INFO placement.requestlog [req-bcc46fa7-9011-4b1f-a39f-5a1ed48ee9a4 req-c2c53eea-b2de-4ebc-82ca-94a5416d5c0e a3c02e2c768341d79ad7b2d657484d85 d0ef5ade3364482298d76988bbf98432 - - bdcacba5050e4245b19bef69db01f1a4 bdcacba5050e4245b19bef69db01f1a4] 199.204.45.144 "GET /allocations/31ce68e7-c826-48a7-9922-512a5aec89ab" status: 200 len: 243 microversion: 1.28 [pid: 7|app: 0|req: 444/885] 199.204.45.144 () {34 vars in 862 bytes} [Thu Jul 30 06:27:25 2026] GET /allocations/31ce68e7-c826-48a7-9922-512a5aec89ab => generated 243 bytes in 12 msecs (HTTP/1.1 200) 8 headers in 296 bytes (1 switches on core 0)
2026-07-30 06:27:25.598 8 INFO placement.requestlog [req-bcc46fa7-9011-4b1f-a39f-5a1ed48ee9a4 req-79d79cc2-2cad-4577-ada4-b5289df38d84 a3c02e2c768341d79ad7b2d657484d85 d0ef5ade3364482298d76988bbf98432 - - bdcacba5050e4245b19bef69db01f1a4 bdcacba5050e4245b19bef69db01f1a4] 199.204.45.144 "GET /allocations/24ef19f7-94f1-4972-9256-6b78bd8d0fe3" status: 200 len: 257 microversion: 1.28 [pid: 8|app: 0|req: 442/886] 199.204.45.144 () {34 vars in 862 bytes} [Thu Jul 30 06:27:25 2026] GET /allocations/24ef19f7-94f1-4972-9256-6b78bd8d0fe3 => generated 257 bytes in 20 msecs (HTTP/1.1 200) 8 headers in 296 bytes (1 switches on core 0)
2026-07-30 06:27:28.109 7 INFO placement.requestlog [None req-603cede0-ef4e-42c6-9c8c-e2a4793feb5a - - - - - -] 10.0.0.111 "GET /" status: 200 len: 136 microversion: 1.0
2026-07-30 06:27:28.111 8 INFO placement.requestlog [None req-7815795d-950d-43b5-849c-4e0d1d46c0fa - - - - - -] 10.0.0.111 "GET /" status: 200 len: 136 microversion: 1.0
2026-07-30 06:27:33.083 7 INFO placement.requestlog [req-d3e325b7-554a-4850-bcbb-d44efb921956 req-c1282a76-d208-4bc4-959c-5b772efff288 a3c02e2c768341d79ad7b2d657484d85 d0ef5ade3364482298d76988bbf98432 - - bdcacba5050e4245b19bef69db01f1a4 bdcacba5050e4245b19bef69db01f1a4] 199.204.45.144 "GET /resource_providers/d116fa9b-7649-48bf-97fb-f9302449cf30/allocations" status: 200 len: 338 microversion: 1.0 [pid: 7|app: 0|req: 446/889] 199.204.45.144 () {32 vars in 856 bytes} [Thu Jul 30 06:27:33 2026] GET /resource_providers/d116fa9b-7649-48bf-97fb-f9302449cf30/allocations => generated 338 bytes in 17 msecs (HTTP/1.1 200) 6 headers in 224 bytes (1 switches on core 0)
2026-07-30 06:27:33.112 8 INFO placement.requestlog [req-d3e325b7-554a-4850-bcbb-d44efb921956 req-59f8447c-422b-49cc-9a73-8d2c0c043bf7 a3c02e2c768341d79ad7b2d657484d85 d0ef5ade3364482298d76988bbf98432 - - bdcacba5050e4245b19bef69db01f1a4 bdcacba5050e4245b19bef69db01f1a4] 199.204.45.144 "GET /allocations/5d76c1cf-3cfc-4ded-b70a-5c3c7149c468" status: 200 len: 257 microversion: 1.28 [pid: 8|app: 0|req: 444/890] 199.204.45.144 () {34 vars in 862 bytes} [Thu Jul 30 06:27:33 2026] GET /allocations/5d76c1cf-3cfc-4ded-b70a-5c3c7149c468 => generated 257 bytes in 24 msecs (HTTP/1.1 200) 8 headers in 296 bytes (1 switches on core 0)
2026-07-30 06:27:33.133 7 INFO placement.requestlog [req-d3e325b7-554a-4850-bcbb-d44efb921956 req-5bdcbc83-de2b-480e-8c5b-3019e01a7563 a3c02e2c768341d79ad7b2d657484d85 d0ef5ade3364482298d76988bbf98432 - - bdcacba5050e4245b19bef69db01f1a4 bdcacba5050e4245b19bef69db01f1a4] 199.204.45.144 "GET /allocations/31ce68e7-c826-48a7-9922-512a5aec89ab" status: 200 len: 243 microversion: 1.28 [pid: 7|app: 0|req: 447/891] 199.204.45.144 () {34 vars in 862 bytes} [Thu Jul 30 06:27:33 2026] GET /allocations/31ce68e7-c826-48a7-9922-512a5aec89ab => generated 243 bytes in 14 msecs (HTTP/1.1 200) 8 headers in 296 bytes (1 switches on core 0)
2026-07-30 06:27:33.161 8 INFO placement.requestlog [req-d3e325b7-554a-4850-bcbb-d44efb921956 req-8282ddba-8a67-4685-a899-9aaa205a484a a3c02e2c768341d79ad7b2d657484d85 d0ef5ade3364482298d76988bbf98432 - - bdcacba5050e4245b19bef69db01f1a4 bdcacba5050e4245b19bef69db01f1a4] 199.204.45.144 "GET /allocations/24ef19f7-94f1-4972-9256-6b78bd8d0fe3" status: 200 len: 257 microversion: 1.28 [pid: 8|app: 0|req: 445/892] 199.204.45.144 () {34 vars in 862 bytes} [Thu Jul 30 06:27:33 2026] GET /allocations/24ef19f7-94f1-4972-9256-6b78bd8d0fe3 => generated 257 bytes in 22 msecs (HTTP/1.1 200) 8 headers in 296 bytes (1 switches on core 0)
2026-07-30 06:27:34.301 7 INFO placement.requestlog [req-d3e325b7-554a-4850-bcbb-d44efb921956 req-40c1e0d6-f4c9-44b4-8048-84127fe56983 a3c02e2c768341d79ad7b2d657484d85 d0ef5ade3364482298d76988bbf98432 - - bdcacba5050e4245b19bef69db01f1a4 bdcacba5050e4245b19bef69db01f1a4] 199.204.45.144 "DELETE /allocations/5d76c1cf-3cfc-4ded-b70a-5c3c7149c468" status: 204 len: 0 microversion: 1.0 [pid: 7|app: 0|req: 448/893] 199.204.45.144 () {34 vars in 840 bytes} [Thu Jul 30 06:27:34 2026] DELETE /allocations/5d76c1cf-3cfc-4ded-b70a-5c3c7149c468 => generated 0 bytes in 107 msecs (HTTP/1.1 204) 5 headers in 198 bytes (1 switches on core 0)
2026-07-30 06:27:38.108 7 INFO placement.requestlog [None req-c6cdcd1d-f9fd-479d-841f-2618ae15412c - - - - - -] 10.0.0.111 "GET /" status: 200 len: 136 microversion: 1.0
2026-07-30 06:27:38.110 8 INFO placement.requestlog [None req-ec560833-d8e8-42a3-959a-ac5dedbbdcb9 - - - - - -] 10.0.0.111 "GET /" status: 200 len: 136 microversion: 1.0
2026-07-30 06:27:42.256 7 INFO placement.requestlog [None req-16558e52-74bc-4163-97ee-050e15b66910 b3b07fa7ed224d4cae79087cdb71d8a0 d0ef5ade3364482298d76988bbf98432 - - bdcacba5050e4245b19bef69db01f1a4 bdcacba5050e4245b19bef69db01f1a4] 10.0.0.139 "GET /resource_providers/5adaa575-0a52-42fb-aad3-c82ef5bbea94/aggregates" status: 404 len: 235 microversion: 1.1 [pid: 7|app: 0|req: 450/896] 10.0.0.139 () {32 vars in 815 bytes} [Thu Jul 30 06:27:42 2026] GET /resource_providers/5adaa575-0a52-42fb-aad3-c82ef5bbea94/aggregates => generated 235 bytes in 14 msecs (HTTP/1.1 404) 5 headers in 202 bytes (1 switches on core 0)
2026-07-30 06:27:42.257 8 INFO placement.requestlog [None req-b780cf72-2881-4823-9247-7ad5dc746d6e b3b07fa7ed224d4cae79087cdb71d8a0 d0ef5ade3364482298d76988bbf98432 - - bdcacba5050e4245b19bef69db01f1a4 bdcacba5050e4245b19bef69db01f1a4] 10.0.0.139 "GET /resource_providers/5adaa575-0a52-42fb-aad3-c82ef5bbea94/aggregates" status: 404 len: 235 microversion: 1.1 [pid: 8|app: 0|req: 447/897] 10.0.0.139 () {32 vars in 815 bytes} [Thu Jul 30 06:27:42 2026] GET /resource_providers/5adaa575-0a52-42fb-aad3-c82ef5bbea94/aggregates => generated 235 bytes in 14 msecs (HTTP/1.1 404) 5 headers in 202 bytes (1 switches on core 0)
2026-07-30 06:27:42.282 8 INFO placement.requestlog [None req-9b73648b-990d-45ac-8b54-231509e00c10 b3b07fa7ed224d4cae79087cdb71d8a0 d0ef5ade3364482298d76988bbf98432 - - bdcacba5050e4245b19bef69db01f1a4 bdcacba5050e4245b19bef69db01f1a4] 10.0.0.139 "DELETE /resource_providers/5adaa575-0a52-42fb-aad3-c82ef5bbea94" status: 404 len: 246 microversion: 1.1 [pid: 8|app: 0|req: 448/898] 10.0.0.139 () {34 vars in 815 bytes} [Thu Jul 30 06:27:42 2026] DELETE /resource_providers/5adaa575-0a52-42fb-aad3-c82ef5bbea94 => generated 246 bytes in 11 msecs (HTTP/1.1 404) 6 headers in 231 bytes (1 switches on core 0)
2026-07-30 06:27:42.284 7 INFO placement.requestlog [None req-59af1984-f167-4284-baaf-527d3cb71da8 b3b07fa7ed224d4cae79087cdb71d8a0 d0ef5ade3364482298d76988bbf98432 - - bdcacba5050e4245b19bef69db01f1a4 bdcacba5050e4245b19bef69db01f1a4] 10.0.0.139 "DELETE /resource_providers/5adaa575-0a52-42fb-aad3-c82ef5bbea94" status: 404 len: 246 microversion: 1.1 [pid: 7|app: 0|req: 451/899] 10.0.0.139 () {34 vars in 815 bytes} [Thu Jul 30 06:27:42 2026] DELETE /resource_providers/5adaa575-0a52-42fb-aad3-c82ef5bbea94 => generated 246 bytes in 16 msecs (HTTP/1.1 404) 6 headers in 231 bytes (1 switches on core 0)
2026-07-30 06:27:43.751 8 INFO placement.requestlog [req-becca0c8-9708-4cd0-b0cf-7f27bc07544f req-fd4ece0e-e783-4df6-884d-b36ff1e44c44 a3c02e2c768341d79ad7b2d657484d85 d0ef5ade3364482298d76988bbf98432 - - bdcacba5050e4245b19bef69db01f1a4 bdcacba5050e4245b19bef69db01f1a4] 199.204.45.144 "GET /resource_providers/d116fa9b-7649-48bf-97fb-f9302449cf30/allocations" status: 200 len: 238 microversion: 1.0 [pid: 8|app: 0|req: 449/900] 199.204.45.144 () {32 vars in 856 bytes} [Thu Jul 30 06:27:43 2026] GET /resource_providers/d116fa9b-7649-48bf-97fb-f9302449cf30/allocations => generated 238 bytes in 24 msecs (HTTP/1.1 200) 6 headers in 224 bytes (1 switches on core 0)
2026-07-30 06:27:43.772 7 INFO placement.requestlog [req-becca0c8-9708-4cd0-b0cf-7f27bc07544f req-b5bd4b9e-e5eb-461c-bc2c-59c29da585cf a3c02e2c768341d79ad7b2d657484d85 d0ef5ade3364482298d76988bbf98432 - - bdcacba5050e4245b19bef69db01f1a4 bdcacba5050e4245b19bef69db01f1a4] 199.204.45.144 "GET /allocations/31ce68e7-c826-48a7-9922-512a5aec89ab" status: 200 len: 243 microversion: 1.28 [pid: 7|app: 0|req: 452/901] 199.204.45.144 () {34 vars in 862 bytes} [Thu Jul 30 06:27:43 2026] GET /allocations/31ce68e7-c826-48a7-9922-512a5aec89ab => generated 243 bytes in 14 msecs (HTTP/1.1 200) 8 headers in 296 bytes (1 switches on core 0)
2026-07-30 06:27:43.794 8 INFO placement.requestlog [req-becca0c8-9708-4cd0-b0cf-7f27bc07544f req-3ed815c0-0da0-49c1-9863-b143e3969625 a3c02e2c768341d79ad7b2d657484d85 d0ef5ade3364482298d76988bbf98432 - - bdcacba5050e4245b19bef69db01f1a4 bdcacba5050e4245b19bef69db01f1a4] 199.204.45.144 "GET /allocations/24ef19f7-94f1-4972-9256-6b78bd8d0fe3" status: 200 len: 257 microversion: 1.28 [pid: 8|app: 0|req: 450/902] 199.204.45.144 () {34 vars in 862 bytes} [Thu Jul 30 06:27:43 2026] GET /allocations/24ef19f7-94f1-4972-9256-6b78bd8d0fe3 => generated 257 bytes in 16 msecs (HTTP/1.1 200) 8 headers in 296 bytes (1 switches on core 0)
2026-07-30 06:27:44.319 7 INFO placement.requestlog [None req-1b04f552-c5c2-47c6-bd8a-de72739e2f3e b3b07fa7ed224d4cae79087cdb71d8a0 d0ef5ade3364482298d76988bbf98432 - - bdcacba5050e4245b19bef69db01f1a4 bdcacba5050e4245b19bef69db01f1a4] 10.0.0.139 "GET /resource_providers/86ff6c22-a727-4abb-ae44-d823473697a8/aggregates" status: 404 len: 235 microversion: 1.1 [pid: 7|app: 0|req: 453/903] 10.0.0.139 () {32 vars in 815 bytes} [Thu Jul 30 06:27:44 2026] GET /resource_providers/86ff6c22-a727-4abb-ae44-d823473697a8/aggregates => generated 235 bytes in 19 msecs (HTTP/1.1 404) 5 headers in 202 bytes (1 switches on core 0)
2026-07-30 06:27:44.332 8 INFO placement.requestlog [None req-704d9cb1-2844-4a41-868d-c8d4a04b1113 b3b07fa7ed224d4cae79087cdb71d8a0 d0ef5ade3364482298d76988bbf98432 - - bdcacba5050e4245b19bef69db01f1a4 bdcacba5050e4245b19bef69db01f1a4] 10.0.0.139 "GET /resource_providers/86ff6c22-a727-4abb-ae44-d823473697a8/aggregates" status: 404 len: 235 microversion: 1.1
2026-07-30 06:27:44.333 7 INFO placement.requestlog [None req-d9302243-694d-4ec6-ae97-03b2429933f4 b3b07fa7ed224d4cae79087cdb71d8a0 d0ef5ade3364482298d76988bbf98432 - - bdcacba5050e4245b19bef69db01f1a4 bdcacba5050e4245b19bef69db01f1a4] 10.0.0.139 "DELETE /resource_providers/86ff6c22-a727-4abb-ae44-d823473697a8" status: 404 len: 246 microversion: 1.1 [pid: 8|app: 0|req: 451/904] 10.0.0.139 () {32 vars in 815 bytes} [Thu Jul 30 06:27:44 2026] GET /resource_providers/86ff6c22-a727-4abb-ae44-d823473697a8/aggregates => generated 235 bytes in 30 msecs (HTTP/1.1 404) 5 headers in 202 bytes (1 switches on core 0) [pid: 7|app: 0|req: 454/905] 10.0.0.139 () {34 vars in 815 bytes} [Thu Jul 30 06:27:44 2026] DELETE /resource_providers/86ff6c22-a727-4abb-ae44-d823473697a8 => generated 246 bytes in 7 msecs (HTTP/1.1 404) 6 headers in 231 bytes (1 switches on core 0)
2026-07-30 06:27:44.362 8 INFO placement.requestlog [None req-1198e21c-aa96-4aaf-9320-ac3d06587794 b3b07fa7ed224d4cae79087cdb71d8a0 d0ef5ade3364482298d76988bbf98432 - - bdcacba5050e4245b19bef69db01f1a4 bdcacba5050e4245b19bef69db01f1a4] 10.0.0.139 "DELETE /resource_providers/86ff6c22-a727-4abb-ae44-d823473697a8" status: 404 len: 246 microversion: 1.1 [pid: 8|app: 0|req: 452/906] 10.0.0.139 () {34 vars in 815 bytes} [Thu Jul 30 06:27:44 2026] DELETE /resource_providers/86ff6c22-a727-4abb-ae44-d823473697a8 => generated 246 bytes in 19 msecs (HTTP/1.1 404) 6 headers in 231 bytes (1 switches on core 0)
2026-07-30 06:27:44.981 7 INFO placement.requestlog [req-becca0c8-9708-4cd0-b0cf-7f27bc07544f req-f5700324-33f4-4df4-abfe-65e891d9e206 a3c02e2c768341d79ad7b2d657484d85 d0ef5ade3364482298d76988bbf98432 - - bdcacba5050e4245b19bef69db01f1a4 bdcacba5050e4245b19bef69db01f1a4] 199.204.45.144 "DELETE /allocations/31ce68e7-c826-48a7-9922-512a5aec89ab" status: 204 len: 0 microversion: 1.0 [pid: 7|app: 0|req: 455/907] 199.204.45.144 () {34 vars in 840 bytes} [Thu Jul 30 06:27:44 2026] DELETE /allocations/31ce68e7-c826-48a7-9922-512a5aec89ab => generated 0 bytes in 159 msecs (HTTP/1.1 204) 5 headers in 198 bytes (1 switches on core 0)
2026-07-30 06:27:48.108 7 INFO placement.requestlog [None req-2813feeb-ff3b-4e9b-9087-35a47b319dfc - - - - - -] 10.0.0.111 "GET /" status: 200 len: 136 microversion: 1.0
2026-07-30 06:27:48.108 8 INFO placement.requestlog [None req-0e6ccdf7-d128-4dcf-b62a-1d9caf5f2c9e - - - - - -] 10.0.0.111 "GET /" status: 200 len: 136 microversion: 1.0
2026-07-30 06:27:58.107 7 INFO placement.requestlog [None req-83f83683-95ce-4f95-8dd1-bdab65dc6bc0 - - - - - -] 10.0.0.111 "GET /" status: 200 len: 136 microversion: 1.0
