2026-09-01 02:02:29.523 7 INFO placement.requestlog [None req-27d1a385-361b-48fe-8533-0da271540dd0 bd189b1573bb428184c164173a89ae31 8f098a07b05d4b99ad82c23bb72edca2 - - 75a045858d76450888691576227db7a9 75a045858d76450888691576227db7a9] 10.0.0.24 "GET /resource_providers/018bfea9-2836-4c0d-87fe-bea9b0dc89ea/aggregates" status: 404 len: 235 microversion: 1.1 [pid: 7|app: 0|req: 569/1136] 10.0.0.24 () {32 vars in 815 bytes} [Tue Sep 1 02:02:29 2026] GET /resource_providers/018bfea9-2836-4c0d-87fe-bea9b0dc89ea/aggregates => generated 235 bytes in 12 msecs (HTTP/1.1 404) 5 headers in 202 bytes (1 switches on core 0)
2026-09-01 02:02:29.541 8 INFO placement.requestlog [None req-5e2ff5dd-763e-4132-82a0-caee1ce36804 bd189b1573bb428184c164173a89ae31 8f098a07b05d4b99ad82c23bb72edca2 - - 75a045858d76450888691576227db7a9 75a045858d76450888691576227db7a9] 10.0.0.24 "DELETE /resource_providers/018bfea9-2836-4c0d-87fe-bea9b0dc89ea" status: 404 len: 246 microversion: 1.1 [pid: 8|app: 0|req: 568/1137] 10.0.0.24 () {34 vars in 815 bytes} [Tue Sep 1 02:02:29 2026] DELETE /resource_providers/018bfea9-2836-4c0d-87fe-bea9b0dc89ea => generated 246 bytes in 8 msecs (HTTP/1.1 404) 6 headers in 231 bytes (1 switches on core 0)
2026-09-01 02:02:29.550 7 INFO placement.requestlog [None req-d764340f-fbdd-47ee-8ebb-b8ab8176a8cc bd189b1573bb428184c164173a89ae31 8f098a07b05d4b99ad82c23bb72edca2 - - 75a045858d76450888691576227db7a9 75a045858d76450888691576227db7a9] 10.0.0.24 "GET /resource_providers/018bfea9-2836-4c0d-87fe-bea9b0dc89ea/aggregates" status: 404 len: 235 microversion: 1.1 [pid: 7|app: 0|req: 570/1138] 10.0.0.24 () {32 vars in 815 bytes} [Tue Sep 1 02:02:29 2026] GET /resource_providers/018bfea9-2836-4c0d-87fe-bea9b0dc89ea/aggregates => generated 235 bytes in 15 msecs (HTTP/1.1 404) 5 headers in 202 bytes (1 switches on core 0)
2026-09-01 02:02:29.556 8 INFO placement.requestlog [None req-3eff4792-a198-4eb3-8293-74a892bd95de bd189b1573bb428184c164173a89ae31 8f098a07b05d4b99ad82c23bb72edca2 - - 75a045858d76450888691576227db7a9 75a045858d76450888691576227db7a9] 10.0.0.24 "GET /resource_providers/80d82747-7415-4c32-91ba-0b1d49a2b164/aggregates" status: 404 len: 235 microversion: 1.1 [pid: 8|app: 0|req: 569/1139] 10.0.0.24 () {32 vars in 815 bytes} [Tue Sep 1 02:02:29 2026] GET /resource_providers/80d82747-7415-4c32-91ba-0b1d49a2b164/aggregates => generated 235 bytes in 7 msecs (HTTP/1.1 404) 5 headers in 202 bytes (1 switches on core 0)
2026-09-01 02:02:29.570 8 INFO placement.requestlog [None req-9bca2423-c37d-41f6-a3d3-e514d13173bb bd189b1573bb428184c164173a89ae31 8f098a07b05d4b99ad82c23bb72edca2 - - 75a045858d76450888691576227db7a9 75a045858d76450888691576227db7a9] 10.0.0.24 "DELETE /resource_providers/80d82747-7415-4c32-91ba-0b1d49a2b164" status: 404 len: 246 microversion: 1.1 [pid: 8|app: 0|req: 570/1140] 10.0.0.24 () {34 vars in 815 bytes} [Tue Sep 1 02:02:29 2026] DELETE /resource_providers/80d82747-7415-4c32-91ba-0b1d49a2b164 => generated 246 bytes in 6 msecs (HTTP/1.1 404) 6 headers in 231 bytes (1 switches on core 0)
2026-09-01 02:02:29.571 7 INFO placement.requestlog [None req-6396ae6b-7eee-4cf2-b952-d4415133c823 bd189b1573bb428184c164173a89ae31 8f098a07b05d4b99ad82c23bb72edca2 - - 75a045858d76450888691576227db7a9 75a045858d76450888691576227db7a9] 10.0.0.24 "DELETE /resource_providers/018bfea9-2836-4c0d-87fe-bea9b0dc89ea" status: 404 len: 246 microversion: 1.1 [pid: 7|app: 0|req: 571/1141] 10.0.0.24 () {34 vars in 815 bytes} [Tue Sep 1 02:02:29 2026] DELETE /resource_providers/018bfea9-2836-4c0d-87fe-bea9b0dc89ea => generated 246 bytes in 9 msecs (HTTP/1.1 404) 6 headers in 231 bytes (1 switches on core 0)
2026-09-01 02:02:29.585 8 INFO placement.requestlog [None req-6d9298b2-75bd-498f-93c7-8c9fc0a57adf bd189b1573bb428184c164173a89ae31 8f098a07b05d4b99ad82c23bb72edca2 - - 75a045858d76450888691576227db7a9 75a045858d76450888691576227db7a9] 10.0.0.24 "GET /resource_providers/80d82747-7415-4c32-91ba-0b1d49a2b164/aggregates" status: 404 len: 235 microversion: 1.1 [pid: 8|app: 0|req: 571/1142] 10.0.0.24 () {32 vars in 815 bytes} [Tue Sep 1 02:02:29 2026] GET /resource_providers/80d82747-7415-4c32-91ba-0b1d49a2b164/aggregates => generated 235 bytes in 7 msecs (HTTP/1.1 404) 5 headers in 202 bytes (1 switches on core 0)
2026-09-01 02:02:29.604 7 INFO placement.requestlog [None req-362d5bfa-6eb8-4a30-a389-141514143964 bd189b1573bb428184c164173a89ae31 8f098a07b05d4b99ad82c23bb72edca2 - - 75a045858d76450888691576227db7a9 75a045858d76450888691576227db7a9] 10.0.0.24 "DELETE /resource_providers/80d82747-7415-4c32-91ba-0b1d49a2b164" status: 404 len: 246 microversion: 1.1 [pid: 7|app: 0|req: 572/1143] 10.0.0.24 () {34 vars in 815 bytes} [Tue Sep 1 02:02:29 2026] DELETE /resource_providers/80d82747-7415-4c32-91ba-0b1d49a2b164 => generated 246 bytes in 12 msecs (HTTP/1.1 404) 6 headers in 231 bytes (1 switches on core 0)
2026-09-01 02:02:30.942 8 INFO placement.requestlog [None req-3e3e06f9-99b4-4dda-a87e-345dbcd43a2c - - - - - -] 10.0.0.122 "GET /" status: 200 len: 136 microversion: 1.0
2026-09-01 02:02:30.943 7 INFO placement.requestlog [None req-396e8385-611e-446c-9ff4-6fb96789eed9 - - - - - -] 10.0.0.122 "GET /" status: 200 len: 136 microversion: 1.0
2026-09-01 02:02:37.145 8 INFO placement.requestlog [req-27b2ca09-f3c8-4c89-a926-fec0337a5ae9 req-49846c9a-73ff-4008-a7ef-cd1b1e2ac7b1 e4e4ea0e12cf4fe7bd7aecd4f42f9c95 8f098a07b05d4b99ad82c23bb72edca2 - - 75a045858d76450888691576227db7a9 75a045858d76450888691576227db7a9] 162.253.55.33 "GET /resource_providers/3bd24a2f-4030-427c-8bfb-ff2fc5772596/allocations" status: 200 len: 253 microversion: 1.0 [pid: 8|app: 0|req: 573/1146] 162.253.55.33 () {32 vars in 856 bytes} [Tue Sep 1 02:02:37 2026] GET /resource_providers/3bd24a2f-4030-427c-8bfb-ff2fc5772596/allocations => generated 253 bytes in 27 msecs (HTTP/1.1 200) 6 headers in 224 bytes (1 switches on core 0)
2026-09-01 02:02:37.170 7 INFO placement.requestlog [req-27b2ca09-f3c8-4c89-a926-fec0337a5ae9 req-95a12cc5-20be-4e1f-84a9-1b3bf3f28632 e4e4ea0e12cf4fe7bd7aecd4f42f9c95 8f098a07b05d4b99ad82c23bb72edca2 - - 75a045858d76450888691576227db7a9 75a045858d76450888691576227db7a9] 162.253.55.33 "GET /allocations/6aec8c12-5bd0-4388-924e-63703c88b187" status: 200 len: 258 microversion: 1.28 [pid: 7|app: 0|req: 574/1147] 162.253.55.33 () {34 vars in 862 bytes} [Tue Sep 1 02:02:37 2026] GET /allocations/6aec8c12-5bd0-4388-924e-63703c88b187 => generated 258 bytes in 18 msecs (HTTP/1.1 200) 8 headers in 296 bytes (1 switches on core 0)
2026-09-01 02:02:37.191 8 INFO placement.requestlog [req-27b2ca09-f3c8-4c89-a926-fec0337a5ae9 req-1b6d87df-f41a-4ed4-ac5e-b467f2d34136 e4e4ea0e12cf4fe7bd7aecd4f42f9c95 8f098a07b05d4b99ad82c23bb72edca2 - - 75a045858d76450888691576227db7a9 75a045858d76450888691576227db7a9] 162.253.55.33 "GET /allocations/d645a0a5-e2e8-42ec-a664-60fd340b73d5" status: 200 len: 258 microversion: 1.28 [pid: 8|app: 0|req: 574/1148] 162.253.55.33 () {34 vars in 862 bytes} [Tue Sep 1 02:02:37 2026] GET /allocations/d645a0a5-e2e8-42ec-a664-60fd340b73d5 => generated 258 bytes in 15 msecs (HTTP/1.1 200) 8 headers in 296 bytes (1 switches on core 0)
2026-09-01 02:02:38.248 7 INFO placement.requestlog [req-27b2ca09-f3c8-4c89-a926-fec0337a5ae9 req-6b0aa692-e5a2-4946-baee-b78e9cfd67cc e4e4ea0e12cf4fe7bd7aecd4f42f9c95 8f098a07b05d4b99ad82c23bb72edca2 - - 75a045858d76450888691576227db7a9 75a045858d76450888691576227db7a9] 162.253.55.33 "DELETE /allocations/6aec8c12-5bd0-4388-924e-63703c88b187" status: 204 len: 0 microversion: 1.0 [pid: 7|app: 0|req: 575/1149] 162.253.55.33 () {34 vars in 840 bytes} [Tue Sep 1 02:02:38 2026] DELETE /allocations/6aec8c12-5bd0-4388-924e-63703c88b187 => generated 0 bytes in 33 msecs (HTTP/1.1 204) 5 headers in 198 bytes (1 switches on core 0)
2026-09-01 02:02:40.942 8 INFO placement.requestlog [None req-32ec1507-32bf-4ca7-88df-f05fa0dbc534 - - - - - -] 10.0.0.122 "GET /" status: 200 len: 136 microversion: 1.0
2026-09-01 02:02:40.943 7 INFO placement.requestlog [None req-b87d38ae-ec0a-4e61-9d50-236c9c162364 - - - - - -] 10.0.0.122 "GET /" status: 200 len: 136 microversion: 1.0
2026-09-01 02:02:44.322 8 INFO placement.requestlog [req-e6412fd7-030f-4d24-964e-c7193f980694 req-e8b42b51-80f1-4684-9705-703c312d8a82 e4e4ea0e12cf4fe7bd7aecd4f42f9c95 8f098a07b05d4b99ad82c23bb72edca2 - - 75a045858d76450888691576227db7a9 75a045858d76450888691576227db7a9] 162.253.55.33 "GET /resource_providers/3bd24a2f-4030-427c-8bfb-ff2fc5772596/allocations" status: 200 len: 153 microversion: 1.0 [pid: 8|app: 0|req: 576/1152] 162.253.55.33 () {32 vars in 856 bytes} [Tue Sep 1 02:02:44 2026] GET /resource_providers/3bd24a2f-4030-427c-8bfb-ff2fc5772596/allocations => generated 153 bytes in 18 msecs (HTTP/1.1 200) 6 headers in 224 bytes (1 switches on core 0)
2026-09-01 02:02:44.337 7 INFO placement.requestlog [req-e6412fd7-030f-4d24-964e-c7193f980694 req-2462b608-a97a-4fb2-9621-0431e6e24b11 e4e4ea0e12cf4fe7bd7aecd4f42f9c95 8f098a07b05d4b99ad82c23bb72edca2 - - 75a045858d76450888691576227db7a9 75a045858d76450888691576227db7a9] 162.253.55.33 "GET /allocations/d645a0a5-e2e8-42ec-a664-60fd340b73d5" status: 200 len: 258 microversion: 1.28 [pid: 7|app: 0|req: 577/1153] 162.253.55.33 () {34 vars in 862 bytes} [Tue Sep 1 02:02:44 2026] GET /allocations/d645a0a5-e2e8-42ec-a664-60fd340b73d5 => generated 258 bytes in 8 msecs (HTTP/1.1 200) 8 headers in 296 bytes (1 switches on core 0)
2026-09-01 02:02:45.391 8 INFO placement.requestlog [req-e6412fd7-030f-4d24-964e-c7193f980694 req-8c38f849-a735-4882-ae1a-0caa88799896 e4e4ea0e12cf4fe7bd7aecd4f42f9c95 8f098a07b05d4b99ad82c23bb72edca2 - - 75a045858d76450888691576227db7a9 75a045858d76450888691576227db7a9] 162.253.55.33 "DELETE /allocations/d645a0a5-e2e8-42ec-a664-60fd340b73d5" status: 204 len: 0 microversion: 1.0 [pid: 8|app: 0|req: 577/1154] 162.253.55.33 () {34 vars in 840 bytes} [Tue Sep 1 02:02:45 2026] DELETE /allocations/d645a0a5-e2e8-42ec-a664-60fd340b73d5 => generated 0 bytes in 31 msecs (HTTP/1.1 204) 5 headers in 198 bytes (1 switches on core 0)
2026-09-01 02:02:48.805 7 INFO placement.requestlog [None req-92322471-6b11-411f-96d0-7a057f0339da bd189b1573bb428184c164173a89ae31 8f098a07b05d4b99ad82c23bb72edca2 - - 75a045858d76450888691576227db7a9 75a045858d76450888691576227db7a9] 10.0.0.24 "GET /resource_providers/2d67be41-8431-4ef3-ac6c-8d7e8a37a95f/aggregates" status: 404 len: 235 microversion: 1.1 [pid: 7|app: 0|req: 578/1155] 10.0.0.24 () {32 vars in 815 bytes} [Tue Sep 1 02:02:48 2026] GET /resource_providers/2d67be41-8431-4ef3-ac6c-8d7e8a37a95f/aggregates => generated 235 bytes in 13 msecs (HTTP/1.1 404) 5 headers in 202 bytes (1 switches on core 0)
2026-09-01 02:02:48.825 8 INFO placement.requestlog [None req-75b35524-65e8-4f8a-a4fe-9d710dd3de93 bd189b1573bb428184c164173a89ae31 8f098a07b05d4b99ad82c23bb72edca2 - - 75a045858d76450888691576227db7a9 75a045858d76450888691576227db7a9] 10.0.0.24 "GET /resource_providers/2d67be41-8431-4ef3-ac6c-8d7e8a37a95f/aggregates" status: 404 len: 235 microversion: 1.1 [pid: 8|app: 0|req: 578/1156] 10.0.0.24 () {32 vars in 815 bytes} [Tue Sep 1 02:02:48 2026] GET /resource_providers/2d67be41-8431-4ef3-ac6c-8d7e8a37a95f/aggregates => generated 235 bytes in 11 msecs (HTTP/1.1 404) 5 headers in 202 bytes (1 switches on core 0)
2026-09-01 02:02:48.834 7 INFO placement.requestlog [None req-37c4ca17-6a08-46b3-a309-223b0157386b bd189b1573bb428184c164173a89ae31 8f098a07b05d4b99ad82c23bb72edca2 - - 75a045858d76450888691576227db7a9 75a045858d76450888691576227db7a9] 10.0.0.24 "DELETE /resource_providers/2d67be41-8431-4ef3-ac6c-8d7e8a37a95f" status: 404 len: 246 microversion: 1.1 [pid: 7|app: 0|req: 579/1157] 10.0.0.24 () {34 vars in 815 bytes} [Tue Sep 1 02:02:48 2026] DELETE /resource_providers/2d67be41-8431-4ef3-ac6c-8d7e8a37a95f => generated 246 bytes in 18 msecs (HTTP/1.1 404) 6 headers in 231 bytes (1 switches on core 0)
2026-09-01 02:02:48.857 8 INFO placement.requestlog [None req-9dc2bd35-0353-4f60-8926-b3304098b673 bd189b1573bb428184c164173a89ae31 8f098a07b05d4b99ad82c23bb72edca2 - - 75a045858d76450888691576227db7a9 75a045858d76450888691576227db7a9] 10.0.0.24 "DELETE /resource_providers/2d67be41-8431-4ef3-ac6c-8d7e8a37a95f" status: 404 len: 246 microversion: 1.1 [pid: 8|app: 0|req: 579/1158] 10.0.0.24 () {34 vars in 815 bytes} [Tue Sep 1 02:02:48 2026] DELETE /resource_providers/2d67be41-8431-4ef3-ac6c-8d7e8a37a95f => generated 246 bytes in 21 msecs (HTTP/1.1 404) 6 headers in 231 bytes (1 switches on core 0)
2026-09-01 02:02:50.850 7 INFO placement.requestlog [req-e10348a7-9b95-48fe-8e2b-fab9ed412bb3 req-1a85470b-c28b-4ee1-9d47-ebe44cf5c89c e4e4ea0e12cf4fe7bd7aecd4f42f9c95 8f098a07b05d4b99ad82c23bb72edca2 - - 75a045858d76450888691576227db7a9 75a045858d76450888691576227db7a9] 10.0.0.57 "GET /allocation_candidates?limit=1000&resources=DISK_GB%3A1%2CMEMORY_MB%3A512%2CVCPU%3A1&root_required=%21COMPUTE_STATUS_DISABLED" status: 200 len: 2640 microversion: 1.36 [pid: 7|app: 0|req: 580/1159] 10.0.0.57 () {34 vars in 1011 bytes} [Tue Sep 1 02:02:50 2026] GET /allocation_candidates?limit=1000&resources=DISK_GB%3A1%2CMEMORY_MB%3A512%2CVCPU%3A1&root_required=%21COMPUTE_STATUS_DISABLED => generated 2640 bytes in 71 msecs (HTTP/1.1 200) 8 headers in 297 bytes (1 switches on core 0)
2026-09-01 02:02:50.863 8 INFO placement.requestlog [None req-2ad31124-22b8-44b2-babc-7c9ed7ac2a7e bd189b1573bb428184c164173a89ae31 8f098a07b05d4b99ad82c23bb72edca2 - - 75a045858d76450888691576227db7a9 75a045858d76450888691576227db7a9] 10.0.0.24 "GET /resource_providers/d297c719-6bc5-4498-8bf8-cc7f60b0b51e/aggregates" status: 404 len: 235 microversion: 1.1 [pid: 8|app: 0|req: 580/1160] 10.0.0.24 () {32 vars in 815 bytes} [Tue Sep 1 02:02:50 2026] GET /resource_providers/d297c719-6bc5-4498-8bf8-cc7f60b0b51e/aggregates => generated 235 bytes in 21 msecs (HTTP/1.1 404) 5 headers in 202 bytes (1 switches on core 0)
2026-09-01 02:02:50.880 7 INFO placement.requestlog [None req-28446183-ee20-430f-b4b6-f5db160e7d10 bd189b1573bb428184c164173a89ae31 8f098a07b05d4b99ad82c23bb72edca2 - - 75a045858d76450888691576227db7a9 75a045858d76450888691576227db7a9] 10.0.0.24 "GET /resource_providers/d297c719-6bc5-4498-8bf8-cc7f60b0b51e/aggregates" status: 404 len: 235 microversion: 1.1 [pid: 7|app: 0|req: 581/1161] 10.0.0.24 () {32 vars in 815 bytes} [Tue Sep 1 02:02:50 2026] GET /resource_providers/d297c719-6bc5-4498-8bf8-cc7f60b0b51e/aggregates => generated 235 bytes in 11 msecs (HTTP/1.1 404) 5 headers in 202 bytes (1 switches on core 0)
2026-09-01 02:02:50.888 8 INFO placement.requestlog [None req-4195fb5f-4ac5-460e-bbc2-ff550bc86f0c bd189b1573bb428184c164173a89ae31 8f098a07b05d4b99ad82c23bb72edca2 - - 75a045858d76450888691576227db7a9 75a045858d76450888691576227db7a9] 10.0.0.24 "DELETE /resource_providers/d297c719-6bc5-4498-8bf8-cc7f60b0b51e" status: 404 len: 246 microversion: 1.1 [pid: 8|app: 0|req: 581/1162] 10.0.0.24 () {34 vars in 815 bytes} [Tue Sep 1 02:02:50 2026] DELETE /resource_providers/d297c719-6bc5-4498-8bf8-cc7f60b0b51e => generated 246 bytes in 14 msecs (HTTP/1.1 404) 6 headers in 231 bytes (1 switches on core 0)
2026-09-01 02:02:50.899 7 INFO placement.requestlog [req-e10348a7-9b95-48fe-8e2b-fab9ed412bb3 req-f9e816bf-132b-4a76-997b-8c4992e8401d e4e4ea0e12cf4fe7bd7aecd4f42f9c95 8f098a07b05d4b99ad82c23bb72edca2 - - 75a045858d76450888691576227db7a9 75a045858d76450888691576227db7a9] 10.0.0.57 "GET /allocations/2009d135-5be7-476e-9418-944bdf8b46ad" status: 200 len: 19 microversion: 1.28 [pid: 7|app: 0|req: 582/1163] 10.0.0.57 () {34 vars in 860 bytes} [Tue Sep 1 02:02:50 2026] GET /allocations/2009d135-5be7-476e-9418-944bdf8b46ad => generated 19 bytes in 18 msecs (HTTP/1.1 200) 8 headers in 295 bytes (1 switches on core 0)
2026-09-01 02:02:50.907 8 INFO placement.requestlog [None req-01acfdf8-3ed5-40ba-85a5-7dc024561864 bd189b1573bb428184c164173a89ae31 8f098a07b05d4b99ad82c23bb72edca2 - - 75a045858d76450888691576227db7a9 75a045858d76450888691576227db7a9] 10.0.0.24 "DELETE /resource_providers/d297c719-6bc5-4498-8bf8-cc7f60b0b51e" status: 404 len: 246 microversion: 1.1 [pid: 8|app: 0|req: 582/1164] 10.0.0.24 () {34 vars in 815 bytes} [Tue Sep 1 02:02:50 2026] DELETE /resource_providers/d297c719-6bc5-4498-8bf8-cc7f60b0b51e => generated 246 bytes in 17 msecs (HTTP/1.1 404) 6 headers in 231 bytes (1 switches on core 0)
2026-09-01 02:02:50.942 8 INFO placement.requestlog [None req-40429c26-17d0-47e7-9b51-f75676ce44f3 - - - - - -] 10.0.0.122 "GET /" status: 200 len: 136 microversion: 1.0
2026-09-01 02:02:50.943 8 INFO placement.requestlog [None req-97923197-4a08-4e1b-bb23-c50f5efe462a - - - - - -] 10.0.0.122 "GET /" status: 200 len: 136 microversion: 1.0
2026-09-01 02:02:50.993 7 INFO placement.requestlog [req-e10348a7-9b95-48fe-8e2b-fab9ed412bb3 req-203bcba8-bca3-4cea-830e-94f2d6c18df9 e4e4ea0e12cf4fe7bd7aecd4f42f9c95 8f098a07b05d4b99ad82c23bb72edca2 - - 75a045858d76450888691576227db7a9 75a045858d76450888691576227db7a9] 10.0.0.57 "PUT /allocations/2009d135-5be7-476e-9418-944bdf8b46ad" status: 204 len: 0 microversion: 1.36 [pid: 7|app: 0|req: 583/1167] 10.0.0.57 () {38 vars in 913 bytes} [Tue Sep 1 02:02:50 2026] PUT /allocations/2009d135-5be7-476e-9418-944bdf8b46ad => generated 0 bytes in 87 msecs (HTTP/1.1 204) 5 headers in 199 bytes (1 switches on core 0)
2026-09-01 02:02:52.469 8 INFO placement.requestlog [req-e10348a7-9b95-48fe-8e2b-fab9ed412bb3 req-c0dde73e-d104-406c-938a-2c5232d7a80f e4e4ea0e12cf4fe7bd7aecd4f42f9c95 8f098a07b05d4b99ad82c23bb72edca2 - - 75a045858d76450888691576227db7a9 75a045858d76450888691576227db7a9] 162.253.55.33 "GET /allocations/2009d135-5be7-476e-9418-944bdf8b46ad" status: 200 len: 258 microversion: 1.28 [pid: 8|app: 0|req: 585/1168] 162.253.55.33 () {34 vars in 862 bytes} [Tue Sep 1 02:02:52 2026] GET /allocations/2009d135-5be7-476e-9418-944bdf8b46ad => generated 258 bytes in 57 msecs (HTTP/1.1 200) 8 headers in 296 bytes (1 switches on core 0)
2026-09-01 02:02:53.513 7 INFO placement.requestlog [req-e10348a7-9b95-48fe-8e2b-fab9ed412bb3 req-8bf3d957-a35b-40f6-a0ff-2acc5e52b022 e4e4ea0e12cf4fe7bd7aecd4f42f9c95 8f098a07b05d4b99ad82c23bb72edca2 - - 75a045858d76450888691576227db7a9 75a045858d76450888691576227db7a9] 162.253.55.33 "GET /resource_providers/3bd24a2f-4030-427c-8bfb-ff2fc5772596/allocations" status: 200 len: 153 microversion: 1.0 [pid: 7|app: 0|req: 584/1169] 162.253.55.33 () {32 vars in 856 bytes} [Tue Sep 1 02:02:53 2026] GET /resource_providers/3bd24a2f-4030-427c-8bfb-ff2fc5772596/allocations => generated 153 bytes in 21 msecs (HTTP/1.1 200) 6 headers in 224 bytes (1 switches on core 0)
2026-09-01 02:02:53.535 8 INFO placement.requestlog [req-e10348a7-9b95-48fe-8e2b-fab9ed412bb3 req-237c553f-f3d1-4ae6-908a-8274e6f4690b e4e4ea0e12cf4fe7bd7aecd4f42f9c95 8f098a07b05d4b99ad82c23bb72edca2 - - 75a045858d76450888691576227db7a9 75a045858d76450888691576227db7a9] 162.253.55.33 "GET /allocations/2009d135-5be7-476e-9418-944bdf8b46ad" status: 200 len: 258 microversion: 1.28 [pid: 8|app: 0|req: 586/1170] 162.253.55.33 () {34 vars in 862 bytes} [Tue Sep 1 02:02:53 2026] GET /allocations/2009d135-5be7-476e-9418-944bdf8b46ad => generated 258 bytes in 16 msecs (HTTP/1.1 200) 8 headers in 296 bytes (1 switches on core 0)
2026-09-01 02:02:55.711 7 INFO placement.requestlog [None req-0dfe0834-e856-4fa6-be77-01df27b84b7e bd189b1573bb428184c164173a89ae31 8f098a07b05d4b99ad82c23bb72edca2 - - 75a045858d76450888691576227db7a9 75a045858d76450888691576227db7a9] 10.0.0.24 "GET /resource_providers/2d346800-5dbe-4307-87dd-21ed36e9dabf/aggregates" status: 404 len: 235 microversion: 1.1 [pid: 7|app: 0|req: 585/1171] 10.0.0.24 () {32 vars in 815 bytes} [Tue Sep 1 02:02:55 2026] GET /resource_providers/2d346800-5dbe-4307-87dd-21ed36e9dabf/aggregates => generated 235 bytes in 11 msecs (HTTP/1.1 404) 5 headers in 202 bytes (1 switches on core 0)
2026-09-01 02:02:55.726 8 INFO placement.requestlog [None req-844465a3-cba5-4be4-813c-241b7fee8af2 bd189b1573bb428184c164173a89ae31 8f098a07b05d4b99ad82c23bb72edca2 - - 75a045858d76450888691576227db7a9 75a045858d76450888691576227db7a9] 10.0.0.24 "GET /resource_providers/2d346800-5dbe-4307-87dd-21ed36e9dabf/aggregates" status: 404 len: 235 microversion: 1.1 [pid: 8|app: 0|req: 587/1172] 10.0.0.24 () {32 vars in 815 bytes} [Tue Sep 1 02:02:55 2026] GET /resource_providers/2d346800-5dbe-4307-87dd-21ed36e9dabf/aggregates => generated 235 bytes in 16 msecs (HTTP/1.1 404) 5 headers in 202 bytes (1 switches on core 0)
2026-09-01 02:02:55.731 7 INFO placement.requestlog [None req-c71e2364-b61a-4537-b461-c053935d73d4 bd189b1573bb428184c164173a89ae31 8f098a07b05d4b99ad82c23bb72edca2 - - 75a045858d76450888691576227db7a9 75a045858d76450888691576227db7a9] 10.0.0.24 "DELETE /resource_providers/2d346800-5dbe-4307-87dd-21ed36e9dabf" status: 404 len: 246 microversion: 1.1 [pid: 7|app: 0|req: 586/1173] 10.0.0.24 () {34 vars in 815 bytes} [Tue Sep 1 02:02:55 2026] DELETE /resource_providers/2d346800-5dbe-4307-87dd-21ed36e9dabf => generated 246 bytes in 10 msecs (HTTP/1.1 404) 6 headers in 231 bytes (1 switches on core 0)
2026-09-01 02:02:55.752 8 INFO placement.requestlog [None req-dbf23881-e915-4c32-8cc1-bc159ec47055 bd189b1573bb428184c164173a89ae31 8f098a07b05d4b99ad82c23bb72edca2 - - 75a045858d76450888691576227db7a9 75a045858d76450888691576227db7a9] 10.0.0.24 "DELETE /resource_providers/2d346800-5dbe-4307-87dd-21ed36e9dabf" status: 404 len: 246 microversion: 1.1 [pid: 8|app: 0|req: 588/1174] 10.0.0.24 () {34 vars in 815 bytes} [Tue Sep 1 02:02:55 2026] DELETE /resource_providers/2d346800-5dbe-4307-87dd-21ed36e9dabf => generated 246 bytes in 11 msecs (HTTP/1.1 404) 6 headers in 231 bytes (1 switches on core 0)
2026-09-01 02:02:57.755 7 INFO placement.requestlog [None req-164bab53-65dd-49f4-8cfe-49510ae53040 bd189b1573bb428184c164173a89ae31 8f098a07b05d4b99ad82c23bb72edca2 - - 75a045858d76450888691576227db7a9 75a045858d76450888691576227db7a9] 10.0.0.24 "GET /resource_providers/8f969468-919e-48e7-847d-a4ce5d10adf7/aggregates" status: 404 len: 235 microversion: 1.1 [pid: 7|app: 0|req: 587/1175] 10.0.0.24 () {32 vars in 815 bytes} [Tue Sep 1 02:02:57 2026] GET /resource_providers/8f969468-919e-48e7-847d-a4ce5d10adf7/aggregates => generated 235 bytes in 10 msecs (HTTP/1.1 404) 5 headers in 202 bytes (1 switches on core 0)
2026-09-01 02:02:57.772 8 INFO placement.requestlog [None req-32e231d3-4eb3-4273-94b9-3141498d4a20 bd189b1573bb428184c164173a89ae31 8f098a07b05d4b99ad82c23bb72edca2 - - 75a045858d76450888691576227db7a9 75a045858d76450888691576227db7a9] 10.0.0.24 "GET /resource_providers/8f969468-919e-48e7-847d-a4ce5d10adf7/aggregates" status: 404 len: 235 microversion: 1.1 [pid: 8|app: 0|req: 589/1176] 10.0.0.24 () {32 vars in 815 bytes} [Tue Sep 1 02:02:57 2026] GET /resource_providers/8f969468-919e-48e7-847d-a4ce5d10adf7/aggregates => generated 235 bytes in 7 msecs (HTTP/1.1 404) 5 headers in 202 bytes (1 switches on core 0)
2026-09-01 02:02:57.788 7 INFO placement.requestlog [None req-d538b32d-f39c-4b77-b4fa-898dfbff4a30 bd189b1573bb428184c164173a89ae31 8f098a07b05d4b99ad82c23bb72edca2 - - 75a045858d76450888691576227db7a9 75a045858d76450888691576227db7a9] 10.0.0.24 "DELETE /resource_providers/8f969468-919e-48e7-847d-a4ce5d10adf7" status: 404 len: 246 microversion: 1.1 [pid: 7|app: 0|req: 588/1177] 10.0.0.24 () {34 vars in 815 bytes} [Tue Sep 1 02:02:57 2026] DELETE /resource_providers/8f969468-919e-48e7-847d-a4ce5d10adf7 => generated 246 bytes in 23 msecs (HTTP/1.1 404) 6 headers in 231 bytes (1 switches on core 0)
2026-09-01 02:02:57.792 8 INFO placement.requestlog [None req-f0f31dbb-c952-4c47-aacd-f5db5ba96d83 bd189b1573bb428184c164173a89ae31 8f098a07b05d4b99ad82c23bb72edca2 - - 75a045858d76450888691576227db7a9 75a045858d76450888691576227db7a9] 10.0.0.24 "DELETE /resource_providers/8f969468-919e-48e7-847d-a4ce5d10adf7" status: 404 len: 246 microversion: 1.1 [pid: 8|app: 0|req: 590/1178] 10.0.0.24 () {34 vars in 815 bytes} [Tue Sep 1 02:02:57 2026] DELETE /resource_providers/8f969468-919e-48e7-847d-a4ce5d10adf7 => generated 246 bytes in 11 msecs (HTTP/1.1 404) 6 headers in 231 bytes (1 switches on core 0)
2026-09-01 02:02:58.289 7 INFO placement.requestlog [None req-11255284-edb9-4df7-beb4-13b803016a17 bd189b1573bb428184c164173a89ae31 8f098a07b05d4b99ad82c23bb72edca2 - - 75a045858d76450888691576227db7a9 75a045858d76450888691576227db7a9] 10.0.0.24 "GET /resource_providers/2645595a-66b1-40d0-a139-9579c09cf87e/aggregates" status: 404 len: 235 microversion: 1.1 [pid: 7|app: 0|req: 589/1179] 10.0.0.24 () {32 vars in 815 bytes} [Tue Sep 1 02:02:58 2026] GET /resource_providers/2645595a-66b1-40d0-a139-9579c09cf87e/aggregates => generated 235 bytes in 11 msecs (HTTP/1.1 404) 5 headers in 202 bytes (1 switches on core 0)
2026-09-01 02:02:58.291 8 INFO placement.requestlog [None req-990592c9-35bc-4459-bacf-ba6ec5ed2d9d bd189b1573bb428184c164173a89ae31 8f098a07b05d4b99ad82c23bb72edca2 - - 75a045858d76450888691576227db7a9 75a045858d76450888691576227db7a9] 10.0.0.24 "GET /resource_providers/2645595a-66b1-40d0-a139-9579c09cf87e/aggregates" status: 404 len: 235 microversion: 1.1 [pid: 8|app: 0|req: 591/1180] 10.0.0.24 () {32 vars in 815 bytes} [Tue Sep 1 02:02:58 2026] GET /resource_providers/2645595a-66b1-40d0-a139-9579c09cf87e/aggregates => generated 235 bytes in 12 msecs (HTTP/1.1 404) 5 headers in 202 bytes (1 switches on core 0)
2026-09-01 02:02:58.314 7 INFO placement.requestlog [None req-55ac4cbb-d075-45f9-972f-50c3da9ae1a0 bd189b1573bb428184c164173a89ae31 8f098a07b05d4b99ad82c23bb72edca2 - - 75a045858d76450888691576227db7a9 75a045858d76450888691576227db7a9] 10.0.0.24 "DELETE /resource_providers/2645595a-66b1-40d0-a139-9579c09cf87e" status: 404 len: 246 microversion: 1.1 [pid: 7|app: 0|req: 590/1181] 10.0.0.24 () {34 vars in 815 bytes} [Tue Sep 1 02:02:58 2026] DELETE /resource_providers/2645595a-66b1-40d0-a139-9579c09cf87e => generated 246 bytes in 9 msecs (HTTP/1.1 404) 6 headers in 231 bytes (1 switches on core 0)
2026-09-01 02:02:58.316 8 INFO placement.requestlog [None req-438aa0d9-1a6d-4ac6-8d0c-57877a8f1d2f bd189b1573bb428184c164173a89ae31 8f098a07b05d4b99ad82c23bb72edca2 - - 75a045858d76450888691576227db7a9 75a045858d76450888691576227db7a9] 10.0.0.24 "DELETE /resource_providers/2645595a-66b1-40d0-a139-9579c09cf87e" status: 404 len: 246 microversion: 1.1 [pid: 8|app: 0|req: 592/1182] 10.0.0.24 () {34 vars in 815 bytes} [Tue Sep 1 02:02:58 2026] DELETE /resource_providers/2645595a-66b1-40d0-a139-9579c09cf87e => generated 246 bytes in 10 msecs (HTTP/1.1 404) 6 headers in 231 bytes (1 switches on core 0)
2026-09-01 02:03:00.943 7 INFO placement.requestlog [None req-e4cad292-6394-4c1d-805b-40b97d4a0805 - - - - - -] 10.0.0.122 "GET /" status: 200 len: 136 microversion: 1.0
2026-09-01 02:03:00.944 8 INFO placement.requestlog [None req-0ea5333d-ab0e-401e-8824-4704f9529ebf - - - - - -] 10.0.0.122 "GET /" status: 200 len: 136 microversion: 1.0
2026-09-01 02:03:09.535 7 INFO placement.requestlog [req-c0f5a1ed-b8e4-452f-8ba4-f80c710d8735 req-7b96f141-8f84-4c29-9ce7-05f7a67b1d50 e4e4ea0e12cf4fe7bd7aecd4f42f9c95 8f098a07b05d4b99ad82c23bb72edca2 - - 75a045858d76450888691576227db7a9 75a045858d76450888691576227db7a9] 10.0.0.57 "GET /allocation_candidates?limit=1000&resources=DISK_GB%3A1%2CMEMORY_MB%3A512%2CVCPU%3A1&root_required=%21COMPUTE_STATUS_DISABLED" status: 200 len: 2642 microversion: 1.36 [pid: 7|app: 0|req: 592/1185] 10.0.0.57 () {34 vars in 1011 bytes} [Tue Sep 1 02:03:09 2026] GET /allocation_candidates?limit=1000&resources=DISK_GB%3A1%2CMEMORY_MB%3A512%2CVCPU%3A1&root_required=%21COMPUTE_STATUS_DISABLED => generated 2642 bytes in 237 msecs (HTTP/1.1 200) 8 headers in 297 bytes (1 switches on core 0)
2026-09-01 02:03:09.576 8 INFO placement.requestlog [req-c0f5a1ed-b8e4-452f-8ba4-f80c710d8735 req-f82bd60e-e796-4c7a-aea8-fcfec5795749 e4e4ea0e12cf4fe7bd7aecd4f42f9c95 8f098a07b05d4b99ad82c23bb72edca2 - - 75a045858d76450888691576227db7a9 75a045858d76450888691576227db7a9] 10.0.0.57 "GET /allocations/61592967-8859-42cb-9e96-e101c8a1a43d" status: 200 len: 19 microversion: 1.28 [pid: 8|app: 0|req: 594/1186] 10.0.0.57 () {34 vars in 860 bytes} [Tue Sep 1 02:03:09 2026] GET /allocations/61592967-8859-42cb-9e96-e101c8a1a43d => generated 19 bytes in 12 msecs (HTTP/1.1 200) 8 headers in 295 bytes (1 switches on core 0)
2026-09-01 02:03:09.657 7 INFO placement.requestlog [req-c0f5a1ed-b8e4-452f-8ba4-f80c710d8735 req-dcedae72-edca-4767-97f8-d9ccfad1541b e4e4ea0e12cf4fe7bd7aecd4f42f9c95 8f098a07b05d4b99ad82c23bb72edca2 - - 75a045858d76450888691576227db7a9 75a045858d76450888691576227db7a9] 10.0.0.57 "PUT /allocations/61592967-8859-42cb-9e96-e101c8a1a43d" status: 204 len: 0 microversion: 1.36 [pid: 7|app: 0|req: 593/1187] 10.0.0.57 () {38 vars in 913 bytes} [Tue Sep 1 02:03:09 2026] PUT /allocations/61592967-8859-42cb-9e96-e101c8a1a43d => generated 0 bytes in 78 msecs (HTTP/1.1 204) 5 headers in 199 bytes (1 switches on core 0)
2026-09-01 02:03:10.942 8 INFO placement.requestlog [None req-2301ef6d-e5e2-4528-a25c-ed3d20053a32 - - - - - -] 10.0.0.122 "GET /" status: 200 len: 136 microversion: 1.0
2026-09-01 02:03:10.943 7 INFO placement.requestlog [None req-93a12475-eed6-4085-b5b5-4d17346e9268 - - - - - -] 10.0.0.122 "GET /" status: 200 len: 136 microversion: 1.0
2026-09-01 02:03:10.970 8 INFO placement.requestlog [req-c0f5a1ed-b8e4-452f-8ba4-f80c710d8735 req-747a7bb3-ec9d-46ab-becb-894ee42fbcac e4e4ea0e12cf4fe7bd7aecd4f42f9c95 8f098a07b05d4b99ad82c23bb72edca2 - - 75a045858d76450888691576227db7a9 75a045858d76450888691576227db7a9] 162.253.55.33 "GET /allocations/61592967-8859-42cb-9e96-e101c8a1a43d" status: 200 len: 258 microversion: 1.28 [pid: 8|app: 0|req: 596/1190] 162.253.55.33 () {34 vars in 862 bytes} [Tue Sep 1 02:03:10 2026] GET /allocations/61592967-8859-42cb-9e96-e101c8a1a43d => generated 258 bytes in 18 msecs (HTTP/1.1 200) 8 headers in 296 bytes (1 switches on core 0)
2026-09-01 02:03:12.017 7 INFO placement.requestlog [req-c0f5a1ed-b8e4-452f-8ba4-f80c710d8735 req-660416ee-7075-41b7-aeae-42f6f594d9f2 e4e4ea0e12cf4fe7bd7aecd4f42f9c95 8f098a07b05d4b99ad82c23bb72edca2 - - 75a045858d76450888691576227db7a9 75a045858d76450888691576227db7a9] 162.253.55.33 "GET /resource_providers/3bd24a2f-4030-427c-8bfb-ff2fc5772596/allocations" status: 200 len: 253 microversion: 1.0 [pid: 7|app: 0|req: 595/1191] 162.253.55.33 () {32 vars in 856 bytes} [Tue Sep 1 02:03:11 2026] GET /resource_providers/3bd24a2f-4030-427c-8bfb-ff2fc5772596/allocations => generated 253 bytes in 19 msecs (HTTP/1.1 200) 6 headers in 224 bytes (1 switches on core 0)
2026-09-01 02:03:12.039 8 INFO placement.requestlog [req-c0f5a1ed-b8e4-452f-8ba4-f80c710d8735 req-ba80bfae-f81a-4774-917d-24213eec65e4 e4e4ea0e12cf4fe7bd7aecd4f42f9c95 8f098a07b05d4b99ad82c23bb72edca2 - - 75a045858d76450888691576227db7a9 75a045858d76450888691576227db7a9] 162.253.55.33 "GET /allocations/61592967-8859-42cb-9e96-e101c8a1a43d" status: 200 len: 258 microversion: 1.28 [pid: 8|app: 0|req: 597/1192] 162.253.55.33 () {34 vars in 862 bytes} [Tue Sep 1 02:03:12 2026] GET /allocations/61592967-8859-42cb-9e96-e101c8a1a43d => generated 258 bytes in 17 msecs (HTTP/1.1 200) 8 headers in 296 bytes (1 switches on core 0)
2026-09-01 02:03:12.060 7 INFO placement.requestlog [req-c0f5a1ed-b8e4-452f-8ba4-f80c710d8735 req-a140b114-d62e-4ba0-b13a-19539ee174cf e4e4ea0e12cf4fe7bd7aecd4f42f9c95 8f098a07b05d4b99ad82c23bb72edca2 - - 75a045858d76450888691576227db7a9 75a045858d76450888691576227db7a9] 162.253.55.33 "GET /allocations/2009d135-5be7-476e-9418-944bdf8b46ad" status: 200 len: 258 microversion: 1.28 [pid: 7|app: 0|req: 596/1193] 162.253.55.33 () {34 vars in 862 bytes} [Tue Sep 1 02:03:12 2026] GET /allocations/2009d135-5be7-476e-9418-944bdf8b46ad => generated 258 bytes in 15 msecs (HTTP/1.1 200) 8 headers in 296 bytes (1 switches on core 0)
2026-09-01 02:03:20.942 8 INFO placement.requestlog [None req-68324a87-b589-483e-971a-d08753bf4c6a - - - - - -] 10.0.0.122 "GET /" status: 200 len: 136 microversion: 1.0
2026-09-01 02:03:20.942 7 INFO placement.requestlog [None req-62caba08-7102-4b35-80b5-3c8f8919129b - - - - - -] 10.0.0.122 "GET /" status: 200 len: 136 microversion: 1.0
2026-09-01 02:03:22.052 8 INFO placement.requestlog [req-43ab4757-9c35-4d92-a5ee-d8aa83cc791b req-5ff86771-0947-4ebe-a1b4-c1ddbadc851d e4e4ea0e12cf4fe7bd7aecd4f42f9c95 8f098a07b05d4b99ad82c23bb72edca2 - - 75a045858d76450888691576227db7a9 75a045858d76450888691576227db7a9] 162.253.55.33 "GET /resource_providers/3bd24a2f-4030-427c-8bfb-ff2fc5772596/allocations" status: 200 len: 253 microversion: 1.0 [pid: 8|app: 0|req: 599/1196] 162.253.55.33 () {32 vars in 856 bytes} [Tue Sep 1 02:03:22 2026] GET /resource_providers/3bd24a2f-4030-427c-8bfb-ff2fc5772596/allocations => generated 253 bytes in 17 msecs (HTTP/1.1 200) 6 headers in 224 bytes (1 switches on core 0)
2026-09-01 02:03:22.073 7 INFO placement.requestlog [req-43ab4757-9c35-4d92-a5ee-d8aa83cc791b req-af1d61ec-3541-4783-a635-da7af06d99cb e4e4ea0e12cf4fe7bd7aecd4f42f9c95 8f098a07b05d4b99ad82c23bb72edca2 - - 75a045858d76450888691576227db7a9 75a045858d76450888691576227db7a9] 162.253.55.33 "GET /resource_providers/3bd24a2f-4030-427c-8bfb-ff2fc5772596/allocations" status: 200 len: 253 microversion: 1.0 [pid: 7|app: 0|req: 598/1197] 162.253.55.33 () {32 vars in 856 bytes} [Tue Sep 1 02:03:22 2026] GET /resource_providers/3bd24a2f-4030-427c-8bfb-ff2fc5772596/allocations => generated 253 bytes in 16 msecs (HTTP/1.1 200) 6 headers in 224 bytes (1 switches on core 0)
2026-09-01 02:03:22.088 8 INFO placement.requestlog [req-43ab4757-9c35-4d92-a5ee-d8aa83cc791b req-e6bdd352-a1b0-47d1-ba0d-71b1a84aeeea e4e4ea0e12cf4fe7bd7aecd4f42f9c95 8f098a07b05d4b99ad82c23bb72edca2 - - 75a045858d76450888691576227db7a9 75a045858d76450888691576227db7a9] 162.253.55.33 "GET /allocations/61592967-8859-42cb-9e96-e101c8a1a43d" status: 200 len: 258 microversion: 1.28 [pid: 8|app: 0|req: 600/1198] 162.253.55.33 () {34 vars in 862 bytes} [Tue Sep 1 02:03:22 2026] GET /allocations/61592967-8859-42cb-9e96-e101c8a1a43d => generated 258 bytes in 10 msecs (HTTP/1.1 200) 8 headers in 296 bytes (1 switches on core 0)
2026-09-01 02:03:22.102 7 INFO placement.requestlog [req-43ab4757-9c35-4d92-a5ee-d8aa83cc791b req-24d81d12-f56e-426c-8c7e-5ff49eceaa52 e4e4ea0e12cf4fe7bd7aecd4f42f9c95 8f098a07b05d4b99ad82c23bb72edca2 - - 75a045858d76450888691576227db7a9 75a045858d76450888691576227db7a9] 162.253.55.33 "GET /allocations/2009d135-5be7-476e-9418-944bdf8b46ad" status: 200 len: 258 microversion: 1.28 [pid: 7|app: 0|req: 599/1199] 162.253.55.33 () {34 vars in 862 bytes} [Tue Sep 1 02:03:22 2026] GET /allocations/2009d135-5be7-476e-9418-944bdf8b46ad => generated 258 bytes in 11 msecs (HTTP/1.1 200) 8 headers in 296 bytes (1 switches on core 0)
2026-09-01 02:03:24.289 7 INFO placement.requestlog [None req-d6441f60-5092-4912-aeea-d6b678ee6715 bd189b1573bb428184c164173a89ae31 8f098a07b05d4b99ad82c23bb72edca2 - - 75a045858d76450888691576227db7a9 75a045858d76450888691576227db7a9] 10.0.0.24 "GET /resource_providers/31c8d8bb-7eb2-4158-a67f-0203f8e1f6f2/aggregates" status: 404 len: 235 microversion: 1.1 [pid: 7|app: 0|req: 600/1200] 10.0.0.24 () {32 vars in 815 bytes} [Tue Sep 1 02:03:24 2026] GET /resource_providers/31c8d8bb-7eb2-4158-a67f-0203f8e1f6f2/aggregates => generated 235 bytes in 148 msecs (HTTP/1.1 404) 5 headers in 202 bytes (1 switches on core 0)
2026-09-01 02:03:24.299 8 INFO placement.requestlog [None req-54703aff-5b72-4ea7-af9a-bf2f37effd9f bd189b1573bb428184c164173a89ae31 8f098a07b05d4b99ad82c23bb72edca2 - - 75a045858d76450888691576227db7a9 75a045858d76450888691576227db7a9] 10.0.0.24 "GET /resource_providers/31c8d8bb-7eb2-4158-a67f-0203f8e1f6f2/aggregates" status: 404 len: 235 microversion: 1.1 [pid: 8|app: 0|req: 601/1201] 10.0.0.24 () {32 vars in 815 bytes} [Tue Sep 1 02:03:24 2026] GET /resource_providers/31c8d8bb-7eb2-4158-a67f-0203f8e1f6f2/aggregates => generated 235 bytes in 163 msecs (HTTP/1.1 404) 5 headers in 202 bytes (1 switches on core 0)
2026-09-01 02:03:24.305 7 INFO placement.requestlog [None req-c1b5228c-66d9-4e8a-b3a5-53300ed37280 bd189b1573bb428184c164173a89ae31 8f098a07b05d4b99ad82c23bb72edca2 - - 75a045858d76450888691576227db7a9 75a045858d76450888691576227db7a9] 10.0.0.24 "DELETE /resource_providers/31c8d8bb-7eb2-4158-a67f-0203f8e1f6f2" status: 404 len: 246 microversion: 1.1 [pid: 7|app: 0|req: 601/1202] 10.0.0.24 () {34 vars in 815 bytes} [Tue Sep 1 02:03:24 2026] DELETE /resource_providers/31c8d8bb-7eb2-4158-a67f-0203f8e1f6f2 => generated 246 bytes in 9 msecs (HTTP/1.1 404) 6 headers in 231 bytes (1 switches on core 0)
2026-09-01 02:03:24.315 8 INFO placement.requestlog [None req-eff79b8f-0df0-4253-8c47-2ce4c4b9a053 bd189b1573bb428184c164173a89ae31 8f098a07b05d4b99ad82c23bb72edca2 - - 75a045858d76450888691576227db7a9 75a045858d76450888691576227db7a9] 10.0.0.24 "DELETE /resource_providers/31c8d8bb-7eb2-4158-a67f-0203f8e1f6f2" status: 404 len: 246 microversion: 1.1 [pid: 8|app: 0|req: 602/1203] 10.0.0.24 () {34 vars in 815 bytes} [Tue Sep 1 02:03:24 2026] DELETE /resource_providers/31c8d8bb-7eb2-4158-a67f-0203f8e1f6f2 => generated 246 bytes in 8 msecs (HTTP/1.1 404) 6 headers in 231 bytes (1 switches on core 0)
2026-09-01 02:03:30.943 7 INFO placement.requestlog [None req-4e090025-b1a2-478e-810d-170d8e2b215e - - - - - -] 10.0.0.122 "GET /" status: 200 len: 136 microversion: 1.0
2026-09-01 02:03:30.943 8 INFO placement.requestlog [None req-addfa2ae-312d-4c04-9700-2d1571c8910c - - - - - -] 10.0.0.122 "GET /" status: 200 len: 136 microversion: 1.0
2026-09-01 02:03:31.991 7 INFO placement.requestlog [None req-c610763e-ccac-4c1a-92b4-f7083517a166 bd189b1573bb428184c164173a89ae31 8f098a07b05d4b99ad82c23bb72edca2 - - 75a045858d76450888691576227db7a9 75a045858d76450888691576227db7a9] 10.0.0.24 "GET /resource_providers/a8ed6a70-b309-4a7a-b0f4-aa371edea1c2/aggregates" status: 404 len: 235 microversion: 1.1 [pid: 7|app: 0|req: 603/1206] 10.0.0.24 () {32 vars in 815 bytes} [Tue Sep 1 02:03:31 2026] GET /resource_providers/a8ed6a70-b309-4a7a-b0f4-aa371edea1c2/aggregates => generated 235 bytes in 249 msecs (HTTP/1.1 404) 5 headers in 202 bytes (1 switches on core 0)
2026-09-01 02:03:32.006 7 INFO placement.requestlog [None req-d77ba4c9-cce4-4b52-b2f3-a2df2162f4e3 bd189b1573bb428184c164173a89ae31 8f098a07b05d4b99ad82c23bb72edca2 - - 75a045858d76450888691576227db7a9 75a045858d76450888691576227db7a9] 10.0.0.24 "DELETE /resource_providers/a8ed6a70-b309-4a7a-b0f4-aa371edea1c2" status: 404 len: 246 microversion: 1.1 [pid: 7|app: 0|req: 604/1207] 10.0.0.24 () {34 vars in 815 bytes} [Tue Sep 1 02:03:32 2026] DELETE /resource_providers/a8ed6a70-b309-4a7a-b0f4-aa371edea1c2 => generated 246 bytes in 6 msecs (HTTP/1.1 404) 6 headers in 231 bytes (1 switches on core 0)
2026-09-01 02:03:32.037 8 INFO placement.requestlog [None req-83fd306c-5410-45e4-b17e-30ed668f15bb bd189b1573bb428184c164173a89ae31 8f098a07b05d4b99ad82c23bb72edca2 - - 75a045858d76450888691576227db7a9 75a045858d76450888691576227db7a9] 10.0.0.24 "GET /resource_providers/a8ed6a70-b309-4a7a-b0f4-aa371edea1c2/aggregates" status: 404 len: 235 microversion: 1.1 [pid: 8|app: 0|req: 604/1208] 10.0.0.24 () {32 vars in 815 bytes} [Tue Sep 1 02:03:31 2026] GET /resource_providers/a8ed6a70-b309-4a7a-b0f4-aa371edea1c2/aggregates => generated 235 bytes in 298 msecs (HTTP/1.1 404) 5 headers in 202 bytes (1 switches on core 0)
2026-09-01 02:03:32.056 7 INFO placement.requestlog [None req-6c374cd9-d3e6-487b-97ff-5a00436ef2cc bd189b1573bb428184c164173a89ae31 8f098a07b05d4b99ad82c23bb72edca2 - - 75a045858d76450888691576227db7a9 75a045858d76450888691576227db7a9] 10.0.0.24 "DELETE /resource_providers/a8ed6a70-b309-4a7a-b0f4-aa371edea1c2" status: 404 len: 246 microversion: 1.1 [pid: 7|app: 0|req: 605/1209] 10.0.0.24 () {34 vars in 815 bytes} [Tue Sep 1 02:03:32 2026] DELETE /resource_providers/a8ed6a70-b309-4a7a-b0f4-aa371edea1c2 => generated 246 bytes in 13 msecs (HTTP/1.1 404) 6 headers in 231 bytes (1 switches on core 0)
2026-09-01 02:03:40.942 8 INFO placement.requestlog [None req-a3d87a59-c4b3-4664-89b3-70cf1a225bac - - - - - -] 10.0.0.122 "GET /" status: 200 len: 136 microversion: 1.0
2026-09-01 02:03:40.942 7 INFO placement.requestlog [None req-e9d2faf5-af16-4cf8-aa4f-f2c42f3741fc - - - - - -] 10.0.0.122 "GET /" status: 200 len: 136 microversion: 1.0
2026-09-01 02:03:50.942 7 INFO placement.requestlog [None req-3ea929e2-0876-45dc-96fe-9bc6d8d32675 - - - - - -] 10.0.0.122 "GET /" status: 200 len: 136 microversion: 1.0
2026-09-01 02:03:50.943 8 INFO placement.requestlog [None req-239b84b4-57bb-4cd3-8253-8eb585844a40 - - - - - -] 10.0.0.122 "GET /" status: 200 len: 136 microversion: 1.0
2026-09-01 02:04:00.942 7 INFO placement.requestlog [None req-e393f042-68aa-40db-91b6-58588faeb898 - - - - - -] 10.0.0.122 "GET /" status: 200 len: 136 microversion: 1.0
2026-09-01 02:04:00.943 8 INFO placement.requestlog [None req-3ad9471e-1198-48e6-bcb4-1dc5c592be22 - - - - - -] 10.0.0.122 "GET /" status: 200 len: 136 microversion: 1.0
2026-09-01 02:04:04.192 7 INFO placement.requestlog [req-b1511229-16f5-499d-9966-fd98aa514d3d req-df678b3d-3145-4fe8-8d53-ae42845147ba e4e4ea0e12cf4fe7bd7aecd4f42f9c95 8f098a07b05d4b99ad82c23bb72edca2 - - 75a045858d76450888691576227db7a9 75a045858d76450888691576227db7a9] 10.0.0.57 "GET /allocation_candidates?limit=1000&resources=MEMORY_MB%3A2048%2CVCPU%3A2&root_required=%21COMPUTE_STATUS_DISABLED" status: 200 len: 2630 microversion: 1.36 [pid: 7|app: 0|req: 609/1216] 10.0.0.57 () {34 vars in 985 bytes} [Tue Sep 1 02:04:04 2026] GET /allocation_candidates?limit=1000&resources=MEMORY_MB%3A2048%2CVCPU%3A2&root_required=%21COMPUTE_STATUS_DISABLED => generated 2630 bytes in 54 msecs (HTTP/1.1 200) 8 headers in 297 bytes (1 switches on core 0)
2026-09-01 02:04:04.226 8 INFO placement.requestlog [req-b1511229-16f5-499d-9966-fd98aa514d3d req-1cbd8af5-41d3-4c97-aef2-b97b5cf7a891 e4e4ea0e12cf4fe7bd7aecd4f42f9c95 8f098a07b05d4b99ad82c23bb72edca2 - - 75a045858d76450888691576227db7a9 75a045858d76450888691576227db7a9] 10.0.0.57 "GET /allocations/b3ebf100-1ef4-4b06-8bfc-41fb54811b4e" status: 200 len: 19 microversion: 1.28 [pid: 8|app: 0|req: 608/1217] 10.0.0.57 () {34 vars in 860 bytes} [Tue Sep 1 02:04:04 2026] GET /allocations/b3ebf100-1ef4-4b06-8bfc-41fb54811b4e => generated 19 bytes in 13 msecs (HTTP/1.1 200) 8 headers in 295 bytes (1 switches on core 0)
2026-09-01 02:04:04.313 7 INFO placement.requestlog [req-b1511229-16f5-499d-9966-fd98aa514d3d req-60e69721-0ff9-4ca3-a534-10be17be2aac e4e4ea0e12cf4fe7bd7aecd4f42f9c95 8f098a07b05d4b99ad82c23bb72edca2 - - 75a045858d76450888691576227db7a9 75a045858d76450888691576227db7a9] 10.0.0.57 "PUT /allocations/b3ebf100-1ef4-4b06-8bfc-41fb54811b4e" status: 204 len: 0 microversion: 1.36 [pid: 7|app: 0|req: 610/1218] 10.0.0.57 () {38 vars in 913 bytes} [Tue Sep 1 02:04:04 2026] PUT /allocations/b3ebf100-1ef4-4b06-8bfc-41fb54811b4e => generated 0 bytes in 80 msecs (HTTP/1.1 204) 5 headers in 199 bytes (1 switches on core 0)
2026-09-01 02:04:05.823 8 INFO placement.requestlog [req-b1511229-16f5-499d-9966-fd98aa514d3d req-c22d5013-2e3e-4b85-b5c4-3fae95fd969f e4e4ea0e12cf4fe7bd7aecd4f42f9c95 8f098a07b05d4b99ad82c23bb72edca2 - - 75a045858d76450888691576227db7a9 75a045858d76450888691576227db7a9] 162.253.55.33 "GET /allocations/b3ebf100-1ef4-4b06-8bfc-41fb54811b4e" status: 200 len: 245 microversion: 1.28 [pid: 8|app: 0|req: 609/1219] 162.253.55.33 () {34 vars in 862 bytes} [Tue Sep 1 02:04:05 2026] GET /allocations/b3ebf100-1ef4-4b06-8bfc-41fb54811b4e => generated 245 bytes in 16 msecs (HTTP/1.1 200) 8 headers in 296 bytes (1 switches on core 0)
2026-09-01 02:04:06.874 7 INFO placement.requestlog [req-b1511229-16f5-499d-9966-fd98aa514d3d req-b93b80b0-a717-49ae-a1a9-b4a90ffa7fdc e4e4ea0e12cf4fe7bd7aecd4f42f9c95 8f098a07b05d4b99ad82c23bb72edca2 - - 75a045858d76450888691576227db7a9 75a045858d76450888691576227db7a9] 162.253.55.33 "GET /resource_providers/3bd24a2f-4030-427c-8bfb-ff2fc5772596/allocations" status: 200 len: 340 microversion: 1.0 [pid: 7|app: 0|req: 611/1220] 162.253.55.33 () {32 vars in 856 bytes} [Tue Sep 1 02:04:06 2026] GET /resource_providers/3bd24a2f-4030-427c-8bfb-ff2fc5772596/allocations => generated 340 bytes in 22 msecs (HTTP/1.1 200) 6 headers in 224 bytes (1 switches on core 0)
2026-09-01 02:04:06.900 8 INFO placement.requestlog [req-b1511229-16f5-499d-9966-fd98aa514d3d req-919e15bd-3f0c-4f92-a185-7fbe3971624d e4e4ea0e12cf4fe7bd7aecd4f42f9c95 8f098a07b05d4b99ad82c23bb72edca2 - - 75a045858d76450888691576227db7a9 75a045858d76450888691576227db7a9] 162.253.55.33 "GET /allocations/61592967-8859-42cb-9e96-e101c8a1a43d" status: 200 len: 258 microversion: 1.28 [pid: 8|app: 0|req: 610/1221] 162.253.55.33 () {34 vars in 862 bytes} [Tue Sep 1 02:04:06 2026] GET /allocations/61592967-8859-42cb-9e96-e101c8a1a43d => generated 258 bytes in 18 msecs (HTTP/1.1 200) 8 headers in 296 bytes (1 switches on core 0)
2026-09-01 02:04:06.939 7 INFO placement.requestlog [req-b1511229-16f5-499d-9966-fd98aa514d3d req-8c692c92-f2c3-4f4a-9b2c-d1364a387c9b e4e4ea0e12cf4fe7bd7aecd4f42f9c95 8f098a07b05d4b99ad82c23bb72edca2 - - 75a045858d76450888691576227db7a9 75a045858d76450888691576227db7a9] 162.253.55.33 "GET /allocations/b3ebf100-1ef4-4b06-8bfc-41fb54811b4e" status: 200 len: 245 microversion: 1.28 [pid: 7|app: 0|req: 612/1222] 162.253.55.33 () {34 vars in 862 bytes} [Tue Sep 1 02:04:06 2026] GET /allocations/b3ebf100-1ef4-4b06-8bfc-41fb54811b4e => generated 245 bytes in 17 msecs (HTTP/1.1 200) 8 headers in 296 bytes (1 switches on core 0)
2026-09-01 02:04:06.967 8 INFO placement.requestlog [req-b1511229-16f5-499d-9966-fd98aa514d3d req-9d18c4cf-90df-44ab-8b59-9906e38d0e77 e4e4ea0e12cf4fe7bd7aecd4f42f9c95 8f098a07b05d4b99ad82c23bb72edca2 - - 75a045858d76450888691576227db7a9 75a045858d76450888691576227db7a9] 162.253.55.33 "GET /allocations/2009d135-5be7-476e-9418-944bdf8b46ad" status: 200 len: 258 microversion: 1.28 [pid: 8|app: 0|req: 611/1223] 162.253.55.33 () {34 vars in 862 bytes} [Tue Sep 1 02:04:06 2026] GET /allocations/2009d135-5be7-476e-9418-944bdf8b46ad => generated 258 bytes in 21 msecs (HTTP/1.1 200) 8 headers in 296 bytes (1 switches on core 0)
2026-09-01 02:04:10.942 7 INFO placement.requestlog [None req-7c9ea0cb-8d7d-46d0-8f76-633535406083 - - - - - -] 10.0.0.122 "GET /" status: 200 len: 136 microversion: 1.0
2026-09-01 02:04:10.942 8 INFO placement.requestlog [None req-e00da700-558c-4cb0-b4fe-dad5e2979a56 - - - - - -] 10.0.0.122 "GET /" status: 200 len: 136 microversion: 1.0
2026-09-01 02:04:20.941 7 INFO placement.requestlog [None req-32aa50a1-5a90-4871-9cff-52c3631100a0 - - - - - -] 10.0.0.122 "GET /" status: 200 len: 136 microversion: 1.0
2026-09-01 02:04:20.942 8 INFO placement.requestlog [None req-95d77cd6-2b9c-42bf-a781-acadf9bb8ef3 - - - - - -] 10.0.0.122 "GET /" status: 200 len: 136 microversion: 1.0
2026-09-01 02:04:27.408 7 INFO placement.requestlog [req-d74e01f5-359d-418f-9609-76e3f22a8c7a req-fa488d2d-417f-4aed-ae79-da5abcd8a77b e4e4ea0e12cf4fe7bd7aecd4f42f9c95 8f098a07b05d4b99ad82c23bb72edca2 - - 75a045858d76450888691576227db7a9 75a045858d76450888691576227db7a9] 162.253.55.33 "GET /resource_providers/3bd24a2f-4030-427c-8bfb-ff2fc5772596/allocations" status: 200 len: 340 microversion: 1.0 [pid: 7|app: 0|req: 615/1228] 162.253.55.33 () {32 vars in 856 bytes} [Tue Sep 1 02:04:27 2026] GET /resource_providers/3bd24a2f-4030-427c-8bfb-ff2fc5772596/allocations => generated 340 bytes in 10 msecs (HTTP/1.1 200) 6 headers in 224 bytes (1 switches on core 0)
2026-09-01 02:04:27.434 8 INFO placement.requestlog [req-d74e01f5-359d-418f-9609-76e3f22a8c7a req-53729229-1550-439c-90d5-c2927fcf1623 e4e4ea0e12cf4fe7bd7aecd4f42f9c95 8f098a07b05d4b99ad82c23bb72edca2 - - 75a045858d76450888691576227db7a9 75a045858d76450888691576227db7a9] 162.253.55.33 "GET /resource_providers/3bd24a2f-4030-427c-8bfb-ff2fc5772596/allocations" status: 200 len: 340 microversion: 1.0 [pid: 8|app: 0|req: 614/1229] 162.253.55.33 () {32 vars in 856 bytes} [Tue Sep 1 02:04:27 2026] GET /resource_providers/3bd24a2f-4030-427c-8bfb-ff2fc5772596/allocations => generated 340 bytes in 22 msecs (HTTP/1.1 200) 6 headers in 224 bytes (1 switches on core 0)
2026-09-01 02:04:27.445 7 INFO placement.requestlog [req-d74e01f5-359d-418f-9609-76e3f22a8c7a req-90936ba7-4dfc-4778-9e13-dbbfc2ec0ca2 e4e4ea0e12cf4fe7bd7aecd4f42f9c95 8f098a07b05d4b99ad82c23bb72edca2 - - 75a045858d76450888691576227db7a9 75a045858d76450888691576227db7a9] 162.253.55.33 "GET /allocations/61592967-8859-42cb-9e96-e101c8a1a43d" status: 200 len: 258 microversion: 1.28 [pid: 7|app: 0|req: 616/1230] 162.253.55.33 () {34 vars in 862 bytes} [Tue Sep 1 02:04:27 2026] GET /allocations/61592967-8859-42cb-9e96-e101c8a1a43d => generated 258 bytes in 7 msecs (HTTP/1.1 200) 8 headers in 296 bytes (1 switches on core 0)
2026-09-01 02:04:27.460 8 INFO placement.requestlog [req-d74e01f5-359d-418f-9609-76e3f22a8c7a req-18821ba6-5388-4729-aa4e-2cc963dac13f e4e4ea0e12cf4fe7bd7aecd4f42f9c95 8f098a07b05d4b99ad82c23bb72edca2 - - 75a045858d76450888691576227db7a9 75a045858d76450888691576227db7a9] 162.253.55.33 "GET /allocations/b3ebf100-1ef4-4b06-8bfc-41fb54811b4e" status: 200 len: 245 microversion: 1.28 [pid: 8|app: 0|req: 615/1231] 162.253.55.33 () {34 vars in 862 bytes} [Tue Sep 1 02:04:27 2026] GET /allocations/b3ebf100-1ef4-4b06-8bfc-41fb54811b4e => generated 245 bytes in 12 msecs (HTTP/1.1 200) 8 headers in 296 bytes (1 switches on core 0)
2026-09-01 02:04:27.474 7 INFO placement.requestlog [req-d74e01f5-359d-418f-9609-76e3f22a8c7a req-7d7ea501-9c8f-4b0f-bb07-f279b4dabc7e e4e4ea0e12cf4fe7bd7aecd4f42f9c95 8f098a07b05d4b99ad82c23bb72edca2 - - 75a045858d76450888691576227db7a9 75a045858d76450888691576227db7a9] 162.253.55.33 "GET /allocations/2009d135-5be7-476e-9418-944bdf8b46ad" status: 200 len: 258 microversion: 1.28 [pid: 7|app: 0|req: 617/1232] 162.253.55.33 () {34 vars in 862 bytes} [Tue Sep 1 02:04:27 2026] GET /allocations/2009d135-5be7-476e-9418-944bdf8b46ad => generated 258 bytes in 6 msecs (HTTP/1.1 200) 8 headers in 296 bytes (1 switches on core 0)
