2026-04-13 04:29:36.460 7 INFO placement.requestlog [None req-02b43aa4-df85-4cc5-8837-51d95657abd6 cda236c768094b37bf62a14426175e77 e27c778d0c2d405ab32edcb94141c06c - - c834543de367483b98447b747fd213d8 c834543de367483b98447b747fd213d8] 10.0.0.210 "DELETE /resource_providers/ec00a194-f4b0-4a7f-bd75-7e8ca7ef8433" status: 404 len: 246 microversion: 1.1 [pid: 8|app: 0|req: 378/756] 10.0.0.210 () {34 vars in 816 bytes} [Mon Apr 13 04:29:36 2026] DELETE /resource_providers/ec00a194-f4b0-4a7f-bd75-7e8ca7ef8433 => generated 246 bytes in 14 msecs (HTTP/1.1 404) 6 headers in 231 bytes (1 switches on core 0) [pid: 7|app: 0|req: 379/757] 10.0.0.210 () {34 vars in 816 bytes} [Mon Apr 13 04:29:36 2026] DELETE /resource_providers/ec00a194-f4b0-4a7f-bd75-7e8ca7ef8433 => generated 246 bytes in 14 msecs (HTTP/1.1 404) 6 headers in 231 bytes (1 switches on core 0)
2026-04-13 04:29:37.241 8 INFO placement.requestlog [req-73b5f5b1-c51d-4a2e-a5cb-afb643d6d1f8 req-318039b4-e2a3-4dfd-8474-a93ba5f09506 56f7a612c7db4de3bc6fd13d954f8525 e27c778d0c2d405ab32edcb94141c06c - - c834543de367483b98447b747fd213d8 c834543de367483b98447b747fd213d8] 10.0.0.32 "GET /allocation_candidates?limit=1000&resources=DISK_GB%3A1%2CMEMORY_MB%3A512%2CVCPU%3A1&root_required=%21COMPUTE_STATUS_DISABLED" status: 200 len: 2149 microversion: 1.36 [pid: 8|app: 0|req: 379/758] 10.0.0.32 () {34 vars in 1011 bytes} [Mon Apr 13 04:29:37 2026] GET /allocation_candidates?limit=1000&resources=DISK_GB%3A1%2CMEMORY_MB%3A512%2CVCPU%3A1&root_required=%21COMPUTE_STATUS_DISABLED => generated 2149 bytes in 60 msecs (HTTP/1.1 200) 8 headers in 297 bytes (1 switches on core 0)
2026-04-13 04:29:37.279 7 INFO placement.requestlog [req-73b5f5b1-c51d-4a2e-a5cb-afb643d6d1f8 req-dfdbcc68-6e98-4444-bd8a-d263465141c5 56f7a612c7db4de3bc6fd13d954f8525 e27c778d0c2d405ab32edcb94141c06c - - c834543de367483b98447b747fd213d8 c834543de367483b98447b747fd213d8] 10.0.0.32 "GET /allocations/573f217b-9ace-4057-8086-a0a6ade64311" status: 200 len: 19 microversion: 1.28 [pid: 7|app: 0|req: 380/759] 10.0.0.32 () {34 vars in 860 bytes} [Mon Apr 13 04:29:37 2026] GET /allocations/573f217b-9ace-4057-8086-a0a6ade64311 => generated 19 bytes in 13 msecs (HTTP/1.1 200) 8 headers in 295 bytes (1 switches on core 0)
2026-04-13 04:29:37.344 8 INFO placement.requestlog [req-73b5f5b1-c51d-4a2e-a5cb-afb643d6d1f8 req-8c817ced-f9fe-45da-b89d-39d4f32bb12b 56f7a612c7db4de3bc6fd13d954f8525 e27c778d0c2d405ab32edcb94141c06c - - c834543de367483b98447b747fd213d8 c834543de367483b98447b747fd213d8] 10.0.0.32 "PUT /allocations/573f217b-9ace-4057-8086-a0a6ade64311" status: 204 len: 0 microversion: 1.36 [pid: 8|app: 0|req: 380/760] 10.0.0.32 () {38 vars in 913 bytes} [Mon Apr 13 04:29:37 2026] PUT /allocations/573f217b-9ace-4057-8086-a0a6ade64311 => generated 0 bytes in 56 msecs (HTTP/1.1 204) 5 headers in 199 bytes (1 switches on core 0)
2026-04-13 04:29:37.652 7 INFO placement.requestlog [req-73b5f5b1-c51d-4a2e-a5cb-afb643d6d1f8 req-2e7caf52-8d6e-4a83-a3e4-2d5afc07f9f3 56f7a612c7db4de3bc6fd13d954f8525 e27c778d0c2d405ab32edcb94141c06c - - c834543de367483b98447b747fd213d8 c834543de367483b98447b747fd213d8] 199.204.45.4 "GET /allocations/573f217b-9ace-4057-8086-a0a6ade64311" status: 200 len: 257 microversion: 1.28 [pid: 7|app: 0|req: 381/761] 199.204.45.4 () {34 vars in 861 bytes} [Mon Apr 13 04:29:37 2026] GET /allocations/573f217b-9ace-4057-8086-a0a6ade64311 => generated 257 bytes in 16 msecs (HTTP/1.1 200) 8 headers in 296 bytes (1 switches on core 0)
2026-04-13 04:29:37.850 8 INFO placement.requestlog [req-73b5f5b1-c51d-4a2e-a5cb-afb643d6d1f8 req-8d00f7de-1eec-40a3-9b99-5850d30c148b 56f7a612c7db4de3bc6fd13d954f8525 e27c778d0c2d405ab32edcb94141c06c - - c834543de367483b98447b747fd213d8 c834543de367483b98447b747fd213d8] 199.204.45.4 "GET /resource_providers/b6fd9e0c-a523-40aa-a468-fec24a27a4b8/allocations" status: 200 len: 252 microversion: 1.0 [pid: 8|app: 0|req: 381/762] 199.204.45.4 () {32 vars in 855 bytes} [Mon Apr 13 04:29:37 2026] GET /resource_providers/b6fd9e0c-a523-40aa-a468-fec24a27a4b8/allocations => generated 252 bytes in 61 msecs (HTTP/1.1 200) 6 headers in 224 bytes (1 switches on core 0)
2026-04-13 04:29:37.879 7 INFO placement.requestlog [req-73b5f5b1-c51d-4a2e-a5cb-afb643d6d1f8 req-aa6f64e1-df39-4556-b41e-2355dd05f4b2 56f7a612c7db4de3bc6fd13d954f8525 e27c778d0c2d405ab32edcb94141c06c - - c834543de367483b98447b747fd213d8 c834543de367483b98447b747fd213d8] 199.204.45.4 "GET /allocations/573f217b-9ace-4057-8086-a0a6ade64311" status: 200 len: 257 microversion: 1.28 [pid: 7|app: 0|req: 382/763] 199.204.45.4 () {34 vars in 861 bytes} [Mon Apr 13 04:29:37 2026] GET /allocations/573f217b-9ace-4057-8086-a0a6ade64311 => generated 257 bytes in 21 msecs (HTTP/1.1 200) 8 headers in 296 bytes (1 switches on core 0)
2026-04-13 04:29:37.904 8 INFO placement.requestlog [req-73b5f5b1-c51d-4a2e-a5cb-afb643d6d1f8 req-a6218d1f-e3a7-4900-aeac-136351dbdbce 56f7a612c7db4de3bc6fd13d954f8525 e27c778d0c2d405ab32edcb94141c06c - - c834543de367483b98447b747fd213d8 c834543de367483b98447b747fd213d8] 199.204.45.4 "GET /allocations/44ce8a58-40f7-4395-b8a9-3addb1ebd805" status: 200 len: 257 microversion: 1.28 [pid: 8|app: 0|req: 382/764] 199.204.45.4 () {34 vars in 861 bytes} [Mon Apr 13 04:29:37 2026] GET /allocations/44ce8a58-40f7-4395-b8a9-3addb1ebd805 => generated 257 bytes in 13 msecs (HTTP/1.1 200) 8 headers in 296 bytes (1 switches on core 0)
2026-04-13 04:29:41.640 8 INFO placement.requestlog [None req-96262012-97a5-4d1c-82d5-45f5b74d30cc cda236c768094b37bf62a14426175e77 e27c778d0c2d405ab32edcb94141c06c - - c834543de367483b98447b747fd213d8 c834543de367483b98447b747fd213d8] 10.0.0.210 "GET /resource_providers/9ee5c8ad-4971-4b2b-ad3d-9c6230733dd3/aggregates" status: 404 len: 235 microversion: 1.1 [pid: 8|app: 0|req: 383/765] 10.0.0.210 () {32 vars in 816 bytes} [Mon Apr 13 04:29:41 2026] GET /resource_providers/9ee5c8ad-4971-4b2b-ad3d-9c6230733dd3/aggregates => generated 235 bytes in 13 msecs (HTTP/1.1 404) 5 headers in 202 bytes (1 switches on core 0)
2026-04-13 04:29:41.642 7 INFO placement.requestlog [None req-95dd42a4-0d54-4cda-b224-103beecbf422 cda236c768094b37bf62a14426175e77 e27c778d0c2d405ab32edcb94141c06c - - c834543de367483b98447b747fd213d8 c834543de367483b98447b747fd213d8] 10.0.0.210 "GET /resource_providers/9ee5c8ad-4971-4b2b-ad3d-9c6230733dd3/aggregates" status: 404 len: 235 microversion: 1.1 [pid: 7|app: 0|req: 383/766] 10.0.0.210 () {32 vars in 816 bytes} [Mon Apr 13 04:29:41 2026] GET /resource_providers/9ee5c8ad-4971-4b2b-ad3d-9c6230733dd3/aggregates => generated 235 bytes in 15 msecs (HTTP/1.1 404) 5 headers in 202 bytes (1 switches on core 0)
2026-04-13 04:29:41.673 8 INFO placement.requestlog [None req-11fedb9a-5b96-4c3f-9f71-7cc9b686fa62 cda236c768094b37bf62a14426175e77 e27c778d0c2d405ab32edcb94141c06c - - c834543de367483b98447b747fd213d8 c834543de367483b98447b747fd213d8] 10.0.0.210 "DELETE /resource_providers/9ee5c8ad-4971-4b2b-ad3d-9c6230733dd3" status: 404 len: 246 microversion: 1.1 [pid: 8|app: 0|req: 384/767] 10.0.0.210 () {34 vars in 816 bytes} [Mon Apr 13 04:29:41 2026] DELETE /resource_providers/9ee5c8ad-4971-4b2b-ad3d-9c6230733dd3 => generated 246 bytes in 11 msecs (HTTP/1.1 404) 6 headers in 231 bytes (1 switches on core 0)
2026-04-13 04:29:41.742 7 INFO placement.requestlog [None req-02a62b9c-3337-450b-bd83-9ffe1e74e6f6 cda236c768094b37bf62a14426175e77 e27c778d0c2d405ab32edcb94141c06c - - c834543de367483b98447b747fd213d8 c834543de367483b98447b747fd213d8] 10.0.0.210 "DELETE /resource_providers/9ee5c8ad-4971-4b2b-ad3d-9c6230733dd3" status: 404 len: 246 microversion: 1.1 [pid: 7|app: 0|req: 384/768] 10.0.0.210 () {34 vars in 816 bytes} [Mon Apr 13 04:29:41 2026] DELETE /resource_providers/9ee5c8ad-4971-4b2b-ad3d-9c6230733dd3 => generated 246 bytes in 79 msecs (HTTP/1.1 404) 6 headers in 231 bytes (1 switches on core 0)
2026-04-13 04:29:42.426 8 INFO placement.requestlog [None req-263c21c6-b6b8-4593-9dd5-54309f957f17 - - - - - -] 10.0.0.137 "GET /" status: 200 len: 136 microversion: 1.0
2026-04-13 04:29:42.428 7 INFO placement.requestlog [None req-4e885592-069f-4046-8178-a4ddf3614f06 - - - - - -] 10.0.0.137 "GET /" status: 200 len: 136 microversion: 1.0
2026-04-13 04:29:42.835 8 INFO placement.requestlog [None req-03252cfd-4a97-466b-994b-9aaf9417661e cda236c768094b37bf62a14426175e77 e27c778d0c2d405ab32edcb94141c06c - - c834543de367483b98447b747fd213d8 c834543de367483b98447b747fd213d8] 10.0.0.210 "GET /resource_providers/854ae92c-56c7-4063-92bb-01cf29cdd2e5/aggregates" status: 404 len: 235 microversion: 1.1 [pid: 8|app: 0|req: 386/771] 10.0.0.210 () {32 vars in 816 bytes} [Mon Apr 13 04:29:42 2026] GET /resource_providers/854ae92c-56c7-4063-92bb-01cf29cdd2e5/aggregates => generated 235 bytes in 11 msecs (HTTP/1.1 404) 5 headers in 202 bytes (1 switches on core 0)
2026-04-13 04:29:42.837 7 INFO placement.requestlog [None req-30532c16-f2aa-4ba4-b0f9-9657dbedf079 cda236c768094b37bf62a14426175e77 e27c778d0c2d405ab32edcb94141c06c - - c834543de367483b98447b747fd213d8 c834543de367483b98447b747fd213d8] 10.0.0.210 "GET /resource_providers/854ae92c-56c7-4063-92bb-01cf29cdd2e5/aggregates" status: 404 len: 235 microversion: 1.1 [pid: 7|app: 0|req: 386/772] 10.0.0.210 () {32 vars in 816 bytes} [Mon Apr 13 04:29:42 2026] GET /resource_providers/854ae92c-56c7-4063-92bb-01cf29cdd2e5/aggregates => generated 235 bytes in 13 msecs (HTTP/1.1 404) 5 headers in 202 bytes (1 switches on core 0)
2026-04-13 04:29:42.861 8 INFO placement.requestlog [None req-cfc3f2a8-4329-45bb-be89-32b3dfa76f20 cda236c768094b37bf62a14426175e77 e27c778d0c2d405ab32edcb94141c06c - - c834543de367483b98447b747fd213d8 c834543de367483b98447b747fd213d8] 10.0.0.210 "DELETE /resource_providers/854ae92c-56c7-4063-92bb-01cf29cdd2e5" status: 404 len: 246 microversion: 1.1 [pid: 8|app: 0|req: 387/773] 10.0.0.210 () {34 vars in 816 bytes} [Mon Apr 13 04:29:42 2026] DELETE /resource_providers/854ae92c-56c7-4063-92bb-01cf29cdd2e5 => generated 246 bytes in 9 msecs (HTTP/1.1 404) 6 headers in 231 bytes (1 switches on core 0)
2026-04-13 04:29:42.867 7 INFO placement.requestlog [None req-8c205c47-d01f-4d69-82a5-0a5bc422b083 cda236c768094b37bf62a14426175e77 e27c778d0c2d405ab32edcb94141c06c - - c834543de367483b98447b747fd213d8 c834543de367483b98447b747fd213d8] 10.0.0.210 "DELETE /resource_providers/854ae92c-56c7-4063-92bb-01cf29cdd2e5" status: 404 len: 246 microversion: 1.1 [pid: 7|app: 0|req: 387/774] 10.0.0.210 () {34 vars in 816 bytes} [Mon Apr 13 04:29:42 2026] DELETE /resource_providers/854ae92c-56c7-4063-92bb-01cf29cdd2e5 => generated 246 bytes in 15 msecs (HTTP/1.1 404) 6 headers in 231 bytes (1 switches on core 0)
2026-04-13 04:29:44.907 7 INFO placement.requestlog [None req-866977f0-ee83-41a2-8499-f4ac32aa3017 cda236c768094b37bf62a14426175e77 e27c778d0c2d405ab32edcb94141c06c - - c834543de367483b98447b747fd213d8 c834543de367483b98447b747fd213d8] 10.0.0.210 "GET /resource_providers/0d073905-5108-4bfa-9ce0-b571f46647a7/aggregates" status: 404 len: 235 microversion: 1.1 [pid: 7|app: 0|req: 388/775] 10.0.0.210 () {32 vars in 816 bytes} [Mon Apr 13 04:29:44 2026] GET /resource_providers/0d073905-5108-4bfa-9ce0-b571f46647a7/aggregates => generated 235 bytes in 11 msecs (HTTP/1.1 404) 5 headers in 202 bytes (1 switches on core 0)
2026-04-13 04:29:44.925 8 INFO placement.requestlog [None req-017a381e-6f5d-4e82-97f8-aa83f9a50cf6 cda236c768094b37bf62a14426175e77 e27c778d0c2d405ab32edcb94141c06c - - c834543de367483b98447b747fd213d8 c834543de367483b98447b747fd213d8] 10.0.0.210 "GET /resource_providers/0d073905-5108-4bfa-9ce0-b571f46647a7/aggregates" status: 404 len: 235 microversion: 1.1 [pid: 8|app: 0|req: 388/776] 10.0.0.210 () {32 vars in 816 bytes} [Mon Apr 13 04:29:44 2026] GET /resource_providers/0d073905-5108-4bfa-9ce0-b571f46647a7/aggregates => generated 235 bytes in 29 msecs (HTTP/1.1 404) 5 headers in 202 bytes (1 switches on core 0)
2026-04-13 04:29:44.926 7 INFO placement.requestlog [None req-598b251b-be50-4ca6-8bef-a9422e1bacdb cda236c768094b37bf62a14426175e77 e27c778d0c2d405ab32edcb94141c06c - - c834543de367483b98447b747fd213d8 c834543de367483b98447b747fd213d8] 10.0.0.210 "DELETE /resource_providers/0d073905-5108-4bfa-9ce0-b571f46647a7" status: 404 len: 246 microversion: 1.1 [pid: 7|app: 0|req: 389/777] 10.0.0.210 () {34 vars in 816 bytes} [Mon Apr 13 04:29:44 2026] DELETE /resource_providers/0d073905-5108-4bfa-9ce0-b571f46647a7 => generated 246 bytes in 12 msecs (HTTP/1.1 404) 6 headers in 231 bytes (1 switches on core 0)
2026-04-13 04:29:44.956 8 INFO placement.requestlog [None req-ad5a965e-009d-4507-8ec2-0a9860eb9d60 cda236c768094b37bf62a14426175e77 e27c778d0c2d405ab32edcb94141c06c - - c834543de367483b98447b747fd213d8 c834543de367483b98447b747fd213d8] 10.0.0.210 "DELETE /resource_providers/0d073905-5108-4bfa-9ce0-b571f46647a7" status: 404 len: 246 microversion: 1.1 [pid: 8|app: 0|req: 389/778] 10.0.0.210 () {34 vars in 816 bytes} [Mon Apr 13 04:29:44 2026] DELETE /resource_providers/0d073905-5108-4bfa-9ce0-b571f46647a7 => generated 246 bytes in 10 msecs (HTTP/1.1 404) 6 headers in 231 bytes (1 switches on core 0)
2026-04-13 04:29:46.458 7 INFO placement.requestlog [req-f4d6215d-95a1-4379-9353-66bb28c501d3 req-23e77f7d-60fc-483e-a8a1-9c89c91944ed 56f7a612c7db4de3bc6fd13d954f8525 e27c778d0c2d405ab32edcb94141c06c - - c834543de367483b98447b747fd213d8 c834543de367483b98447b747fd213d8] 10.0.0.32 "GET /allocation_candidates?limit=1000&resources=DISK_GB%3A1%2CMEMORY_MB%3A512%2CVCPU%3A1&root_required=%21COMPUTE_STATUS_DISABLED" status: 200 len: 2150 microversion: 1.36 [pid: 7|app: 0|req: 390/779] 10.0.0.32 () {34 vars in 1011 bytes} [Mon Apr 13 04:29:46 2026] GET /allocation_candidates?limit=1000&resources=DISK_GB%3A1%2CMEMORY_MB%3A512%2CVCPU%3A1&root_required=%21COMPUTE_STATUS_DISABLED => generated 2150 bytes in 67 msecs (HTTP/1.1 200) 8 headers in 297 bytes (1 switches on core 0)
2026-04-13 04:29:46.497 8 INFO placement.requestlog [req-f4d6215d-95a1-4379-9353-66bb28c501d3 req-406639fa-b7a9-4827-9ffb-c8841fbeae08 56f7a612c7db4de3bc6fd13d954f8525 e27c778d0c2d405ab32edcb94141c06c - - c834543de367483b98447b747fd213d8 c834543de367483b98447b747fd213d8] 10.0.0.32 "GET /allocations/c116bb01-3bb0-4bac-96e7-cfa5f0a121cc" status: 200 len: 19 microversion: 1.28 [pid: 8|app: 0|req: 390/780] 10.0.0.32 () {34 vars in 860 bytes} [Mon Apr 13 04:29:46 2026] GET /allocations/c116bb01-3bb0-4bac-96e7-cfa5f0a121cc => generated 19 bytes in 16 msecs (HTTP/1.1 200) 8 headers in 295 bytes (1 switches on core 0)
2026-04-13 04:29:46.570 7 INFO placement.requestlog [req-f4d6215d-95a1-4379-9353-66bb28c501d3 req-36d1061a-51a4-4fd5-9bee-88ba24c0efa1 56f7a612c7db4de3bc6fd13d954f8525 e27c778d0c2d405ab32edcb94141c06c - - c834543de367483b98447b747fd213d8 c834543de367483b98447b747fd213d8] 10.0.0.32 "PUT /allocations/c116bb01-3bb0-4bac-96e7-cfa5f0a121cc" status: 204 len: 0 microversion: 1.36 [pid: 7|app: 0|req: 391/781] 10.0.0.32 () {38 vars in 913 bytes} [Mon Apr 13 04:29:46 2026] PUT /allocations/c116bb01-3bb0-4bac-96e7-cfa5f0a121cc => generated 0 bytes in 62 msecs (HTTP/1.1 204) 5 headers in 199 bytes (1 switches on core 0)
2026-04-13 04:29:46.907 8 INFO placement.requestlog [req-f4d6215d-95a1-4379-9353-66bb28c501d3 req-e60777d6-e3db-4e27-a65d-2bee085240ac 56f7a612c7db4de3bc6fd13d954f8525 e27c778d0c2d405ab32edcb94141c06c - - c834543de367483b98447b747fd213d8 c834543de367483b98447b747fd213d8] 199.204.45.4 "GET /allocations/c116bb01-3bb0-4bac-96e7-cfa5f0a121cc" status: 200 len: 257 microversion: 1.28 [pid: 8|app: 0|req: 391/782] 199.204.45.4 () {34 vars in 861 bytes} [Mon Apr 13 04:29:46 2026] GET /allocations/c116bb01-3bb0-4bac-96e7-cfa5f0a121cc => generated 257 bytes in 19 msecs (HTTP/1.1 200) 8 headers in 296 bytes (1 switches on core 0)
2026-04-13 04:29:47.075 7 INFO placement.requestlog [req-f4d6215d-95a1-4379-9353-66bb28c501d3 req-1280b9a0-ffdf-4025-b088-acb649212db7 56f7a612c7db4de3bc6fd13d954f8525 e27c778d0c2d405ab32edcb94141c06c - - c834543de367483b98447b747fd213d8 c834543de367483b98447b747fd213d8] 199.204.45.4 "GET /resource_providers/b6fd9e0c-a523-40aa-a468-fec24a27a4b8/allocations" status: 200 len: 352 microversion: 1.0 [pid: 7|app: 0|req: 392/783] 199.204.45.4 () {32 vars in 855 bytes} [Mon Apr 13 04:29:47 2026] GET /resource_providers/b6fd9e0c-a523-40aa-a468-fec24a27a4b8/allocations => generated 352 bytes in 35 msecs (HTTP/1.1 200) 6 headers in 224 bytes (1 switches on core 0)
2026-04-13 04:29:47.119 8 INFO placement.requestlog [req-f4d6215d-95a1-4379-9353-66bb28c501d3 req-38d69091-8a15-4565-85d8-5db05bf5f62b 56f7a612c7db4de3bc6fd13d954f8525 e27c778d0c2d405ab32edcb94141c06c - - c834543de367483b98447b747fd213d8 c834543de367483b98447b747fd213d8] 199.204.45.4 "GET /allocations/573f217b-9ace-4057-8086-a0a6ade64311" status: 200 len: 257 microversion: 1.28 [pid: 8|app: 0|req: 392/784] 199.204.45.4 () {34 vars in 861 bytes} [Mon Apr 13 04:29:47 2026] GET /allocations/573f217b-9ace-4057-8086-a0a6ade64311 => generated 257 bytes in 30 msecs (HTTP/1.1 200) 8 headers in 296 bytes (1 switches on core 0)
2026-04-13 04:29:47.145 7 INFO placement.requestlog [req-f4d6215d-95a1-4379-9353-66bb28c501d3 req-8d834fee-7497-4d15-b813-d4b5f77a5c3b 56f7a612c7db4de3bc6fd13d954f8525 e27c778d0c2d405ab32edcb94141c06c - - c834543de367483b98447b747fd213d8 c834543de367483b98447b747fd213d8] 199.204.45.4 "GET /allocations/44ce8a58-40f7-4395-b8a9-3addb1ebd805" status: 200 len: 257 microversion: 1.28 [pid: 7|app: 0|req: 393/785] 199.204.45.4 () {34 vars in 861 bytes} [Mon Apr 13 04:29:47 2026] GET /allocations/44ce8a58-40f7-4395-b8a9-3addb1ebd805 => generated 257 bytes in 17 msecs (HTTP/1.1 200) 8 headers in 296 bytes (1 switches on core 0)
2026-04-13 04:29:47.181 8 INFO placement.requestlog [req-f4d6215d-95a1-4379-9353-66bb28c501d3 req-be2171d6-e795-4387-a9c5-bbdaf49dd9b6 56f7a612c7db4de3bc6fd13d954f8525 e27c778d0c2d405ab32edcb94141c06c - - c834543de367483b98447b747fd213d8 c834543de367483b98447b747fd213d8] 199.204.45.4 "GET /allocations/c116bb01-3bb0-4bac-96e7-cfa5f0a121cc" status: 200 len: 257 microversion: 1.28 [pid: 8|app: 0|req: 393/786] 199.204.45.4 () {34 vars in 861 bytes} [Mon Apr 13 04:29:47 2026] GET /allocations/c116bb01-3bb0-4bac-96e7-cfa5f0a121cc => generated 257 bytes in 26 msecs (HTTP/1.1 200) 8 headers in 296 bytes (1 switches on core 0)
2026-04-13 04:29:50.756 7 INFO placement.requestlog [None req-add10903-f988-4efb-ba74-8ae310ceb9d0 cda236c768094b37bf62a14426175e77 e27c778d0c2d405ab32edcb94141c06c - - c834543de367483b98447b747fd213d8 c834543de367483b98447b747fd213d8] 10.0.0.210 "GET /resource_providers/236d8b5e-5110-4d77-8b0d-ba9006ea14d4/aggregates" status: 404 len: 235 microversion: 1.1 [pid: 7|app: 0|req: 394/787] 10.0.0.210 () {32 vars in 816 bytes} [Mon Apr 13 04:29:50 2026] GET /resource_providers/236d8b5e-5110-4d77-8b0d-ba9006ea14d4/aggregates => generated 235 bytes in 13 msecs (HTTP/1.1 404) 5 headers in 202 bytes (1 switches on core 0)
2026-04-13 04:29:50.768 8 INFO placement.requestlog [None req-252ad5c3-649e-40c1-9c74-667795b4eea4 cda236c768094b37bf62a14426175e77 e27c778d0c2d405ab32edcb94141c06c - - c834543de367483b98447b747fd213d8 c834543de367483b98447b747fd213d8] 10.0.0.210 "GET /resource_providers/236d8b5e-5110-4d77-8b0d-ba9006ea14d4/aggregates" status: 404 len: 235 microversion: 1.1 [pid: 8|app: 0|req: 394/788] 10.0.0.210 () {32 vars in 816 bytes} [Mon Apr 13 04:29:50 2026] GET /resource_providers/236d8b5e-5110-4d77-8b0d-ba9006ea14d4/aggregates => generated 235 bytes in 25 msecs (HTTP/1.1 404) 5 headers in 202 bytes (1 switches on core 0)
2026-04-13 04:29:50.777 8 INFO placement.requestlog [None req-bfab598a-a7df-43eb-bce5-5663ee3f20b0 cda236c768094b37bf62a14426175e77 e27c778d0c2d405ab32edcb94141c06c - - c834543de367483b98447b747fd213d8 c834543de367483b98447b747fd213d8] 10.0.0.210 "DELETE /resource_providers/236d8b5e-5110-4d77-8b0d-ba9006ea14d4" status: 404 len: 246 microversion: 1.1 [pid: 8|app: 0|req: 395/789] 10.0.0.210 () {34 vars in 816 bytes} [Mon Apr 13 04:29:50 2026] DELETE /resource_providers/236d8b5e-5110-4d77-8b0d-ba9006ea14d4 => generated 246 bytes in 8 msecs (HTTP/1.1 404) 6 headers in 231 bytes (1 switches on core 0)
2026-04-13 04:29:50.788 8 INFO placement.requestlog [None req-338b7cc8-e88b-4902-85b0-63d83106beb7 cda236c768094b37bf62a14426175e77 e27c778d0c2d405ab32edcb94141c06c - - c834543de367483b98447b747fd213d8 c834543de367483b98447b747fd213d8] 10.0.0.210 "DELETE /resource_providers/236d8b5e-5110-4d77-8b0d-ba9006ea14d4" status: 404 len: 246 microversion: 1.1 [pid: 8|app: 0|req: 396/790] 10.0.0.210 () {34 vars in 816 bytes} [Mon Apr 13 04:29:50 2026] DELETE /resource_providers/236d8b5e-5110-4d77-8b0d-ba9006ea14d4 => generated 246 bytes in 9 msecs (HTTP/1.1 404) 6 headers in 231 bytes (1 switches on core 0)
2026-04-13 04:29:50.791 7 INFO placement.requestlog [req-b3de7e71-2361-4118-915f-fca2366e9bd5 req-69fdb148-db34-4f1c-8b0a-fdba44c4aa8e 56f7a612c7db4de3bc6fd13d954f8525 e27c778d0c2d405ab32edcb94141c06c - - c834543de367483b98447b747fd213d8 c834543de367483b98447b747fd213d8] 199.204.45.4 "GET /resource_providers/b6fd9e0c-a523-40aa-a468-fec24a27a4b8/allocations" status: 200 len: 352 microversion: 1.0 [pid: 7|app: 0|req: 395/791] 199.204.45.4 () {32 vars in 855 bytes} [Mon Apr 13 04:29:50 2026] GET /resource_providers/b6fd9e0c-a523-40aa-a468-fec24a27a4b8/allocations => generated 352 bytes in 30 msecs (HTTP/1.1 200) 6 headers in 224 bytes (1 switches on core 0)
2026-04-13 04:29:50.823 8 INFO placement.requestlog [req-b3de7e71-2361-4118-915f-fca2366e9bd5 req-ca5ad6b9-58a9-4a5e-accc-df8a54070f80 56f7a612c7db4de3bc6fd13d954f8525 e27c778d0c2d405ab32edcb94141c06c - - c834543de367483b98447b747fd213d8 c834543de367483b98447b747fd213d8] 199.204.45.4 "GET /allocations/573f217b-9ace-4057-8086-a0a6ade64311" status: 200 len: 257 microversion: 1.28 [pid: 8|app: 0|req: 397/792] 199.204.45.4 () {34 vars in 861 bytes} [Mon Apr 13 04:29:50 2026] GET /allocations/573f217b-9ace-4057-8086-a0a6ade64311 => generated 257 bytes in 25 msecs (HTTP/1.1 200) 8 headers in 296 bytes (1 switches on core 0)
2026-04-13 04:29:50.868 7 INFO placement.requestlog [req-b3de7e71-2361-4118-915f-fca2366e9bd5 req-fbffb753-bbbc-4719-94f9-51f169c46baa 56f7a612c7db4de3bc6fd13d954f8525 e27c778d0c2d405ab32edcb94141c06c - - c834543de367483b98447b747fd213d8 c834543de367483b98447b747fd213d8] 199.204.45.4 "GET /allocations/44ce8a58-40f7-4395-b8a9-3addb1ebd805" status: 200 len: 257 microversion: 1.28 [pid: 7|app: 0|req: 396/793] 199.204.45.4 () {34 vars in 861 bytes} [Mon Apr 13 04:29:50 2026] GET /allocations/44ce8a58-40f7-4395-b8a9-3addb1ebd805 => generated 257 bytes in 20 msecs (HTTP/1.1 200) 8 headers in 296 bytes (1 switches on core 0)
2026-04-13 04:29:50.902 8 INFO placement.requestlog [req-b3de7e71-2361-4118-915f-fca2366e9bd5 req-6860d39a-bd52-4d49-ac00-8bb990d7c17e 56f7a612c7db4de3bc6fd13d954f8525 e27c778d0c2d405ab32edcb94141c06c - - c834543de367483b98447b747fd213d8 c834543de367483b98447b747fd213d8] 199.204.45.4 "GET /allocations/c116bb01-3bb0-4bac-96e7-cfa5f0a121cc" status: 200 len: 257 microversion: 1.28 [pid: 8|app: 0|req: 398/794] 199.204.45.4 () {34 vars in 861 bytes} [Mon Apr 13 04:29:50 2026] GET /allocations/c116bb01-3bb0-4bac-96e7-cfa5f0a121cc => generated 257 bytes in 26 msecs (HTTP/1.1 200) 8 headers in 296 bytes (1 switches on core 0)
2026-04-13 04:29:50.983 7 INFO placement.requestlog [req-b3de7e71-2361-4118-915f-fca2366e9bd5 req-abf55459-87e5-4fa6-9b80-155aaa25048c 56f7a612c7db4de3bc6fd13d954f8525 e27c778d0c2d405ab32edcb94141c06c - - c834543de367483b98447b747fd213d8 c834543de367483b98447b747fd213d8] 199.204.45.4 "DELETE /allocations/573f217b-9ace-4057-8086-a0a6ade64311" status: 204 len: 0 microversion: 1.0 [pid: 7|app: 0|req: 397/795] 199.204.45.4 () {34 vars in 839 bytes} [Mon Apr 13 04:29:50 2026] DELETE /allocations/573f217b-9ace-4057-8086-a0a6ade64311 => generated 0 bytes in 34 msecs (HTTP/1.1 204) 5 headers in 198 bytes (1 switches on core 0)
2026-04-13 04:29:51.547 7 INFO placement.requestlog [None req-fd19dc7e-e4e1-4b09-9fa5-036c6643e7bd cda236c768094b37bf62a14426175e77 e27c778d0c2d405ab32edcb94141c06c - - c834543de367483b98447b747fd213d8 c834543de367483b98447b747fd213d8] 10.0.0.210 "GET /resource_providers/21636c0f-89e8-41d7-8e42-32e96b12d596/aggregates" status: 404 len: 235 microversion: 1.1 [pid: 7|app: 0|req: 398/796] 10.0.0.210 () {32 vars in 816 bytes} [Mon Apr 13 04:29:51 2026] GET /resource_providers/21636c0f-89e8-41d7-8e42-32e96b12d596/aggregates => generated 235 bytes in 14 msecs (HTTP/1.1 404) 5 headers in 202 bytes (1 switches on core 0)
2026-04-13 04:29:51.554 8 INFO placement.requestlog [None req-7c9ecad0-2dc2-432f-bb7e-00bb154d742a cda236c768094b37bf62a14426175e77 e27c778d0c2d405ab32edcb94141c06c - - c834543de367483b98447b747fd213d8 c834543de367483b98447b747fd213d8] 10.0.0.210 "GET /resource_providers/21636c0f-89e8-41d7-8e42-32e96b12d596/aggregates" status: 404 len: 235 microversion: 1.1 [pid: 8|app: 0|req: 399/797] 10.0.0.210 () {32 vars in 816 bytes} [Mon Apr 13 04:29:51 2026] GET /resource_providers/21636c0f-89e8-41d7-8e42-32e96b12d596/aggregates => generated 235 bytes in 21 msecs (HTTP/1.1 404) 5 headers in 202 bytes (1 switches on core 0)
2026-04-13 04:29:51.572 7 INFO placement.requestlog [None req-94490c27-01af-4655-ae2a-6d56b7209a2a cda236c768094b37bf62a14426175e77 e27c778d0c2d405ab32edcb94141c06c - - c834543de367483b98447b747fd213d8 c834543de367483b98447b747fd213d8] 10.0.0.210 "DELETE /resource_providers/21636c0f-89e8-41d7-8e42-32e96b12d596" status: 404 len: 246 microversion: 1.1 [pid: 7|app: 0|req: 399/798] 10.0.0.210 () {34 vars in 816 bytes} [Mon Apr 13 04:29:51 2026] DELETE /resource_providers/21636c0f-89e8-41d7-8e42-32e96b12d596 => generated 246 bytes in 16 msecs (HTTP/1.1 404) 6 headers in 231 bytes (1 switches on core 0)
2026-04-13 04:29:51.574 8 INFO placement.requestlog [None req-1553bd68-d3b3-4986-80c4-ce78d6bf9b32 cda236c768094b37bf62a14426175e77 e27c778d0c2d405ab32edcb94141c06c - - c834543de367483b98447b747fd213d8 c834543de367483b98447b747fd213d8] 10.0.0.210 "DELETE /resource_providers/21636c0f-89e8-41d7-8e42-32e96b12d596" status: 404 len: 246 microversion: 1.1 [pid: 8|app: 0|req: 400/799] 10.0.0.210 () {34 vars in 816 bytes} [Mon Apr 13 04:29:51 2026] DELETE /resource_providers/21636c0f-89e8-41d7-8e42-32e96b12d596 => generated 246 bytes in 11 msecs (HTTP/1.1 404) 6 headers in 231 bytes (1 switches on core 0)
2026-04-13 04:29:52.425 8 INFO placement.requestlog [None req-e8f8f9ff-5e3c-422d-a0c2-0bd5bfe8159c - - - - - -] 10.0.0.137 "GET /" status: 200 len: 136 microversion: 1.0
2026-04-13 04:29:52.425 7 INFO placement.requestlog [None req-14203131-b576-4d1f-870d-1a7020d1d7a1 - - - - - -] 10.0.0.137 "GET /" status: 200 len: 136 microversion: 1.0
2026-04-13 04:29:55.548 8 INFO placement.requestlog [None req-ea1d272e-5940-4516-a024-64412141f5fe cda236c768094b37bf62a14426175e77 e27c778d0c2d405ab32edcb94141c06c - - c834543de367483b98447b747fd213d8 c834543de367483b98447b747fd213d8] 10.0.0.210 "GET /resource_providers/dfd96371-5f33-4f68-bf88-a97c730b6360/aggregates" status: 404 len: 235 microversion: 1.1 [pid: 8|app: 0|req: 402/802] 10.0.0.210 () {32 vars in 816 bytes} [Mon Apr 13 04:29:55 2026] GET /resource_providers/dfd96371-5f33-4f68-bf88-a97c730b6360/aggregates => generated 235 bytes in 17 msecs (HTTP/1.1 404) 5 headers in 202 bytes (1 switches on core 0)
2026-04-13 04:29:55.548 7 INFO placement.requestlog [None req-7917c802-4563-49e8-a081-0beaa4935546 cda236c768094b37bf62a14426175e77 e27c778d0c2d405ab32edcb94141c06c - - c834543de367483b98447b747fd213d8 c834543de367483b98447b747fd213d8] 10.0.0.210 "GET /resource_providers/dfd96371-5f33-4f68-bf88-a97c730b6360/aggregates" status: 404 len: 235 microversion: 1.1 [pid: 7|app: 0|req: 401/803] 10.0.0.210 () {32 vars in 816 bytes} [Mon Apr 13 04:29:55 2026] GET /resource_providers/dfd96371-5f33-4f68-bf88-a97c730b6360/aggregates => generated 235 bytes in 18 msecs (HTTP/1.1 404) 5 headers in 202 bytes (1 switches on core 0)
2026-04-13 04:29:55.580 8 INFO placement.requestlog [None req-9801eb98-fe9d-4b8f-86d3-87c2be4a3d7d cda236c768094b37bf62a14426175e77 e27c778d0c2d405ab32edcb94141c06c - - c834543de367483b98447b747fd213d8 c834543de367483b98447b747fd213d8] 10.0.0.210 "DELETE /resource_providers/dfd96371-5f33-4f68-bf88-a97c730b6360" status: 404 len: 246 microversion: 1.1 [pid: 8|app: 0|req: 403/804] 10.0.0.210 () {34 vars in 816 bytes} [Mon Apr 13 04:29:55 2026] DELETE /resource_providers/dfd96371-5f33-4f68-bf88-a97c730b6360 => generated 246 bytes in 14 msecs (HTTP/1.1 404) 6 headers in 231 bytes (1 switches on core 0)
2026-04-13 04:29:55.582 7 INFO placement.requestlog [None req-69af47bd-cacf-4cd5-8026-b36640f2aa58 cda236c768094b37bf62a14426175e77 e27c778d0c2d405ab32edcb94141c06c - - c834543de367483b98447b747fd213d8 c834543de367483b98447b747fd213d8] 10.0.0.210 "DELETE /resource_providers/dfd96371-5f33-4f68-bf88-a97c730b6360" status: 404 len: 246 microversion: 1.1 [pid: 7|app: 0|req: 402/805] 10.0.0.210 () {34 vars in 816 bytes} [Mon Apr 13 04:29:55 2026] DELETE /resource_providers/dfd96371-5f33-4f68-bf88-a97c730b6360 => generated 246 bytes in 16 msecs (HTTP/1.1 404) 6 headers in 231 bytes (1 switches on core 0)
2026-04-13 04:29:56.524 8 INFO placement.requestlog [req-deced8af-a73b-4fc6-8035-932b6c8d40c9 req-673dac2c-251e-47be-bbfe-0a12ec832d56 56f7a612c7db4de3bc6fd13d954f8525 e27c778d0c2d405ab32edcb94141c06c - - c834543de367483b98447b747fd213d8 c834543de367483b98447b747fd213d8] 199.204.45.4 "GET /resource_providers/b6fd9e0c-a523-40aa-a468-fec24a27a4b8/allocations" status: 200 len: 252 microversion: 1.0 [pid: 8|app: 0|req: 404/806] 199.204.45.4 () {32 vars in 855 bytes} [Mon Apr 13 04:29:56 2026] GET /resource_providers/b6fd9e0c-a523-40aa-a468-fec24a27a4b8/allocations => generated 252 bytes in 29 msecs (HTTP/1.1 200) 6 headers in 224 bytes (1 switches on core 0)
2026-04-13 04:29:56.590 7 INFO placement.requestlog [req-deced8af-a73b-4fc6-8035-932b6c8d40c9 req-e01f3f3c-46d6-47c6-83a3-9c214abae466 56f7a612c7db4de3bc6fd13d954f8525 e27c778d0c2d405ab32edcb94141c06c - - c834543de367483b98447b747fd213d8 c834543de367483b98447b747fd213d8] 199.204.45.4 "GET /resource_providers/b6fd9e0c-a523-40aa-a468-fec24a27a4b8/allocations" status: 200 len: 252 microversion: 1.0 [pid: 7|app: 0|req: 403/807] 199.204.45.4 () {32 vars in 855 bytes} [Mon Apr 13 04:29:56 2026] GET /resource_providers/b6fd9e0c-a523-40aa-a468-fec24a27a4b8/allocations => generated 252 bytes in 23 msecs (HTTP/1.1 200) 6 headers in 224 bytes (1 switches on core 0)
2026-04-13 04:29:56.612 8 INFO placement.requestlog [req-deced8af-a73b-4fc6-8035-932b6c8d40c9 req-d533346f-133e-42c1-a63b-daae811105f1 56f7a612c7db4de3bc6fd13d954f8525 e27c778d0c2d405ab32edcb94141c06c - - c834543de367483b98447b747fd213d8 c834543de367483b98447b747fd213d8] 199.204.45.4 "GET /allocations/44ce8a58-40f7-4395-b8a9-3addb1ebd805" status: 200 len: 257 microversion: 1.28 [pid: 8|app: 0|req: 405/808] 199.204.45.4 () {34 vars in 861 bytes} [Mon Apr 13 04:29:56 2026] GET /allocations/44ce8a58-40f7-4395-b8a9-3addb1ebd805 => generated 257 bytes in 16 msecs (HTTP/1.1 200) 8 headers in 296 bytes (1 switches on core 0)
2026-04-13 04:29:56.661 7 INFO placement.requestlog [req-deced8af-a73b-4fc6-8035-932b6c8d40c9 req-bccedae7-47b9-46bb-b24e-67441f8fbdc1 56f7a612c7db4de3bc6fd13d954f8525 e27c778d0c2d405ab32edcb94141c06c - - c834543de367483b98447b747fd213d8 c834543de367483b98447b747fd213d8] 199.204.45.4 "GET /allocations/c116bb01-3bb0-4bac-96e7-cfa5f0a121cc" status: 200 len: 257 microversion: 1.28 [pid: 7|app: 0|req: 404/809] 199.204.45.4 () {34 vars in 861 bytes} [Mon Apr 13 04:29:56 2026] GET /allocations/c116bb01-3bb0-4bac-96e7-cfa5f0a121cc => generated 257 bytes in 39 msecs (HTTP/1.1 200) 8 headers in 296 bytes (1 switches on core 0)
2026-04-13 04:29:57.097 8 INFO placement.requestlog [req-fded31e6-5190-46f6-883e-87f8add4e299 req-8c729c3d-c28a-4280-b845-92f82ba6d0b8 56f7a612c7db4de3bc6fd13d954f8525 e27c778d0c2d405ab32edcb94141c06c - - c834543de367483b98447b747fd213d8 c834543de367483b98447b747fd213d8] 199.204.45.4 "GET /resource_providers/b6fd9e0c-a523-40aa-a468-fec24a27a4b8/allocations" status: 200 len: 252 microversion: 1.0 [pid: 8|app: 0|req: 406/810] 199.204.45.4 () {32 vars in 855 bytes} [Mon Apr 13 04:29:57 2026] GET /resource_providers/b6fd9e0c-a523-40aa-a468-fec24a27a4b8/allocations => generated 252 bytes in 22 msecs (HTTP/1.1 200) 6 headers in 224 bytes (1 switches on core 0)
2026-04-13 04:29:57.127 7 INFO placement.requestlog [req-fded31e6-5190-46f6-883e-87f8add4e299 req-7b877258-870a-405d-9c3e-fc32255710b2 56f7a612c7db4de3bc6fd13d954f8525 e27c778d0c2d405ab32edcb94141c06c - - c834543de367483b98447b747fd213d8 c834543de367483b98447b747fd213d8] 199.204.45.4 "GET /allocations/44ce8a58-40f7-4395-b8a9-3addb1ebd805" status: 200 len: 257 microversion: 1.28 [pid: 7|app: 0|req: 405/811] 199.204.45.4 () {34 vars in 861 bytes} [Mon Apr 13 04:29:57 2026] GET /allocations/44ce8a58-40f7-4395-b8a9-3addb1ebd805 => generated 257 bytes in 22 msecs (HTTP/1.1 200) 8 headers in 296 bytes (1 switches on core 0)
2026-04-13 04:29:57.162 8 INFO placement.requestlog [req-fded31e6-5190-46f6-883e-87f8add4e299 req-01238ef2-8c34-48ac-832b-045ccceb50cd 56f7a612c7db4de3bc6fd13d954f8525 e27c778d0c2d405ab32edcb94141c06c - - c834543de367483b98447b747fd213d8 c834543de367483b98447b747fd213d8] 199.204.45.4 "GET /allocations/c116bb01-3bb0-4bac-96e7-cfa5f0a121cc" status: 200 len: 257 microversion: 1.28 [pid: 8|app: 0|req: 407/812] 199.204.45.4 () {34 vars in 861 bytes} [Mon Apr 13 04:29:57 2026] GET /allocations/c116bb01-3bb0-4bac-96e7-cfa5f0a121cc => generated 257 bytes in 21 msecs (HTTP/1.1 200) 8 headers in 296 bytes (1 switches on core 0)
2026-04-13 04:29:57.214 7 INFO placement.requestlog [req-fded31e6-5190-46f6-883e-87f8add4e299 req-c834abbd-74f1-4229-a0a1-5a34227a0570 56f7a612c7db4de3bc6fd13d954f8525 e27c778d0c2d405ab32edcb94141c06c - - c834543de367483b98447b747fd213d8 c834543de367483b98447b747fd213d8] 199.204.45.4 "DELETE /allocations/c116bb01-3bb0-4bac-96e7-cfa5f0a121cc" status: 204 len: 0 microversion: 1.0 [pid: 7|app: 0|req: 406/813] 199.204.45.4 () {34 vars in 839 bytes} [Mon Apr 13 04:29:57 2026] DELETE /allocations/c116bb01-3bb0-4bac-96e7-cfa5f0a121cc => generated 0 bytes in 26 msecs (HTTP/1.1 204) 5 headers in 198 bytes (1 switches on core 0)
2026-04-13 04:29:57.367 8 INFO placement.requestlog [None req-5aed5ddf-0b55-4117-9e60-6f5ba05f571a cda236c768094b37bf62a14426175e77 e27c778d0c2d405ab32edcb94141c06c - - c834543de367483b98447b747fd213d8 c834543de367483b98447b747fd213d8] 10.0.0.210 "GET /resource_providers/04699c5f-5f7b-4f53-b000-80f0f71dd7ca/aggregates" status: 404 len: 235 microversion: 1.1 [pid: 8|app: 0|req: 408/814] 10.0.0.210 () {32 vars in 816 bytes} [Mon Apr 13 04:29:57 2026] GET /resource_providers/04699c5f-5f7b-4f53-b000-80f0f71dd7ca/aggregates => generated 235 bytes in 9 msecs (HTTP/1.1 404) 5 headers in 202 bytes (1 switches on core 0)
2026-04-13 04:29:57.368 7 INFO placement.requestlog [None req-cf2032c3-9e3f-4a36-b024-a00b98e7033e cda236c768094b37bf62a14426175e77 e27c778d0c2d405ab32edcb94141c06c - - c834543de367483b98447b747fd213d8 c834543de367483b98447b747fd213d8] 10.0.0.210 "GET /resource_providers/04699c5f-5f7b-4f53-b000-80f0f71dd7ca/aggregates" status: 404 len: 235 microversion: 1.1 [pid: 7|app: 0|req: 407/815] 10.0.0.210 () {32 vars in 816 bytes} [Mon Apr 13 04:29:57 2026] GET /resource_providers/04699c5f-5f7b-4f53-b000-80f0f71dd7ca/aggregates => generated 235 bytes in 9 msecs (HTTP/1.1 404) 5 headers in 202 bytes (1 switches on core 0)
2026-04-13 04:29:57.396 8 INFO placement.requestlog [None req-02c8d571-89fd-4de3-ae4e-cccea98e4728 cda236c768094b37bf62a14426175e77 e27c778d0c2d405ab32edcb94141c06c - - c834543de367483b98447b747fd213d8 c834543de367483b98447b747fd213d8] 10.0.0.210 "DELETE /resource_providers/04699c5f-5f7b-4f53-b000-80f0f71dd7ca" status: 404 len: 246 microversion: 1.1 [pid: 8|app: 0|req: 409/816] 10.0.0.210 () {34 vars in 816 bytes} [Mon Apr 13 04:29:57 2026] DELETE /resource_providers/04699c5f-5f7b-4f53-b000-80f0f71dd7ca => generated 246 bytes in 8 msecs (HTTP/1.1 404) 6 headers in 231 bytes (1 switches on core 0)
2026-04-13 04:29:57.397 7 INFO placement.requestlog [None req-3114247f-8e9e-4b45-afe3-dfa4fb8be970 cda236c768094b37bf62a14426175e77 e27c778d0c2d405ab32edcb94141c06c - - c834543de367483b98447b747fd213d8 c834543de367483b98447b747fd213d8] 10.0.0.210 "DELETE /resource_providers/04699c5f-5f7b-4f53-b000-80f0f71dd7ca" status: 404 len: 246 microversion: 1.1 [pid: 7|app: 0|req: 408/817] 10.0.0.210 () {34 vars in 816 bytes} [Mon Apr 13 04:29:57 2026] DELETE /resource_providers/04699c5f-5f7b-4f53-b000-80f0f71dd7ca => generated 246 bytes in 9 msecs (HTTP/1.1 404) 6 headers in 231 bytes (1 switches on core 0)
2026-04-13 04:29:57.606 8 INFO placement.requestlog [None req-ba9e2c3a-5a1c-4107-9f40-977e77b0174e cda236c768094b37bf62a14426175e77 e27c778d0c2d405ab32edcb94141c06c - - c834543de367483b98447b747fd213d8 c834543de367483b98447b747fd213d8] 10.0.0.210 "GET /resource_providers/65afffc7-84ce-4f48-9e20-5b69cf5d3974/aggregates" status: 404 len: 235 microversion: 1.1 [pid: 8|app: 0|req: 410/818] 10.0.0.210 () {32 vars in 816 bytes} [Mon Apr 13 04:29:57 2026] GET /resource_providers/65afffc7-84ce-4f48-9e20-5b69cf5d3974/aggregates => generated 235 bytes in 8 msecs (HTTP/1.1 404) 5 headers in 202 bytes (1 switches on core 0)
2026-04-13 04:29:57.611 7 INFO placement.requestlog [None req-97c2727a-7031-4c8e-ae8e-0fbb7e210ba6 cda236c768094b37bf62a14426175e77 e27c778d0c2d405ab32edcb94141c06c - - c834543de367483b98447b747fd213d8 c834543de367483b98447b747fd213d8] 10.0.0.210 "GET /resource_providers/65afffc7-84ce-4f48-9e20-5b69cf5d3974/aggregates" status: 404 len: 235 microversion: 1.1 [pid: 7|app: 0|req: 409/819] 10.0.0.210 () {32 vars in 816 bytes} [Mon Apr 13 04:29:57 2026] GET /resource_providers/65afffc7-84ce-4f48-9e20-5b69cf5d3974/aggregates => generated 235 bytes in 13 msecs (HTTP/1.1 404) 5 headers in 202 bytes (1 switches on core 0)
2026-04-13 04:29:57.623 8 INFO placement.requestlog [None req-9b935619-4444-4872-a237-94ceb65819c0 cda236c768094b37bf62a14426175e77 e27c778d0c2d405ab32edcb94141c06c - - c834543de367483b98447b747fd213d8 c834543de367483b98447b747fd213d8] 10.0.0.210 "DELETE /resource_providers/65afffc7-84ce-4f48-9e20-5b69cf5d3974" status: 404 len: 246 microversion: 1.1 [pid: 8|app: 0|req: 411/820] 10.0.0.210 () {34 vars in 816 bytes} [Mon Apr 13 04:29:57 2026] DELETE /resource_providers/65afffc7-84ce-4f48-9e20-5b69cf5d3974 => generated 246 bytes in 8 msecs (HTTP/1.1 404) 6 headers in 231 bytes (1 switches on core 0)
2026-04-13 04:29:57.634 7 INFO placement.requestlog [None req-5535f434-0a1d-4303-a772-41170589954c cda236c768094b37bf62a14426175e77 e27c778d0c2d405ab32edcb94141c06c - - c834543de367483b98447b747fd213d8 c834543de367483b98447b747fd213d8] 10.0.0.210 "DELETE /resource_providers/65afffc7-84ce-4f48-9e20-5b69cf5d3974" status: 404 len: 246 microversion: 1.1 [pid: 7|app: 0|req: 410/821] 10.0.0.210 () {34 vars in 816 bytes} [Mon Apr 13 04:29:57 2026] DELETE /resource_providers/65afffc7-84ce-4f48-9e20-5b69cf5d3974 => generated 246 bytes in 12 msecs (HTTP/1.1 404) 6 headers in 231 bytes (1 switches on core 0)
2026-04-13 04:29:59.422 7 INFO placement.requestlog [None req-3070a744-ca62-4c81-8d87-1731204b03b0 cda236c768094b37bf62a14426175e77 e27c778d0c2d405ab32edcb94141c06c - - c834543de367483b98447b747fd213d8 c834543de367483b98447b747fd213d8] 10.0.0.210 "GET /resource_providers/99fea3ec-e76e-40ba-a6b3-7d25fb55f5a0/aggregates" status: 404 len: 235 microversion: 1.1 [pid: 7|app: 0|req: 411/822] 10.0.0.210 () {32 vars in 816 bytes} [Mon Apr 13 04:29:59 2026] GET /resource_providers/99fea3ec-e76e-40ba-a6b3-7d25fb55f5a0/aggregates => generated 235 bytes in 13 msecs (HTTP/1.1 404) 5 headers in 202 bytes (1 switches on core 0)
2026-04-13 04:29:59.422 8 INFO placement.requestlog [None req-bf183058-c406-4c33-8757-271bdb395c41 cda236c768094b37bf62a14426175e77 e27c778d0c2d405ab32edcb94141c06c - - c834543de367483b98447b747fd213d8 c834543de367483b98447b747fd213d8] 10.0.0.210 "GET /resource_providers/99fea3ec-e76e-40ba-a6b3-7d25fb55f5a0/aggregates" status: 404 len: 235 microversion: 1.1 [pid: 8|app: 0|req: 412/823] 10.0.0.210 () {32 vars in 816 bytes} [Mon Apr 13 04:29:59 2026] GET /resource_providers/99fea3ec-e76e-40ba-a6b3-7d25fb55f5a0/aggregates => generated 235 bytes in 22 msecs (HTTP/1.1 404) 5 headers in 202 bytes (1 switches on core 0)
2026-04-13 04:29:59.447 7 INFO placement.requestlog [None req-1026428b-b286-4aff-93e3-9fa50f21a876 cda236c768094b37bf62a14426175e77 e27c778d0c2d405ab32edcb94141c06c - - c834543de367483b98447b747fd213d8 c834543de367483b98447b747fd213d8] 10.0.0.210 "DELETE /resource_providers/99fea3ec-e76e-40ba-a6b3-7d25fb55f5a0" status: 404 len: 246 microversion: 1.1 [pid: 7|app: 0|req: 412/824] 10.0.0.210 () {34 vars in 816 bytes} [Mon Apr 13 04:29:59 2026] DELETE /resource_providers/99fea3ec-e76e-40ba-a6b3-7d25fb55f5a0 => generated 246 bytes in 11 msecs (HTTP/1.1 404) 6 headers in 231 bytes (1 switches on core 0)
2026-04-13 04:29:59.452 8 INFO placement.requestlog [None req-605fccc1-925a-43ee-8ca5-7a1dee0aa9d1 cda236c768094b37bf62a14426175e77 e27c778d0c2d405ab32edcb94141c06c - - c834543de367483b98447b747fd213d8 c834543de367483b98447b747fd213d8] 10.0.0.210 "DELETE /resource_providers/99fea3ec-e76e-40ba-a6b3-7d25fb55f5a0" status: 404 len: 246 microversion: 1.1 [pid: 8|app: 0|req: 413/825] 10.0.0.210 () {34 vars in 816 bytes} [Mon Apr 13 04:29:59 2026] DELETE /resource_providers/99fea3ec-e76e-40ba-a6b3-7d25fb55f5a0 => generated 246 bytes in 16 msecs (HTTP/1.1 404) 6 headers in 231 bytes (1 switches on core 0)
2026-04-13 04:29:59.643 7 INFO placement.requestlog [None req-8efb0f1c-d415-44d5-8538-f9e606607289 cda236c768094b37bf62a14426175e77 e27c778d0c2d405ab32edcb94141c06c - - c834543de367483b98447b747fd213d8 c834543de367483b98447b747fd213d8] 10.0.0.210 "GET /resource_providers/21f316d4-bb0a-4020-8462-cef1b17277f9/aggregates" status: 404 len: 235 microversion: 1.1 [pid: 7|app: 0|req: 413/826] 10.0.0.210 () {32 vars in 816 bytes} [Mon Apr 13 04:29:59 2026] GET /resource_providers/21f316d4-bb0a-4020-8462-cef1b17277f9/aggregates => generated 235 bytes in 13 msecs (HTTP/1.1 404) 5 headers in 202 bytes (1 switches on core 0)
2026-04-13 04:29:59.670 8 INFO placement.requestlog [None req-7879ebd0-664a-40d4-92cf-b80d55602ea4 cda236c768094b37bf62a14426175e77 e27c778d0c2d405ab32edcb94141c06c - - c834543de367483b98447b747fd213d8 c834543de367483b98447b747fd213d8] 10.0.0.210 "DELETE /resource_providers/21f316d4-bb0a-4020-8462-cef1b17277f9" status: 404 len: 246 microversion: 1.1 [pid: 8|app: 0|req: 414/827] 10.0.0.210 () {34 vars in 816 bytes} [Mon Apr 13 04:29:59 2026] DELETE /resource_providers/21f316d4-bb0a-4020-8462-cef1b17277f9 => generated 246 bytes in 11 msecs (HTTP/1.1 404) 6 headers in 231 bytes (1 switches on core 0)
2026-04-13 04:29:59.672 7 INFO placement.requestlog [None req-f85cbdb3-aba8-407d-9d99-c032b2dba48e cda236c768094b37bf62a14426175e77 e27c778d0c2d405ab32edcb94141c06c - - c834543de367483b98447b747fd213d8 c834543de367483b98447b747fd213d8] 10.0.0.210 "GET /resource_providers/21f316d4-bb0a-4020-8462-cef1b17277f9/aggregates" status: 404 len: 235 microversion: 1.1 [pid: 7|app: 0|req: 414/828] 10.0.0.210 () {32 vars in 816 bytes} [Mon Apr 13 04:29:59 2026] GET /resource_providers/21f316d4-bb0a-4020-8462-cef1b17277f9/aggregates => generated 235 bytes in 13 msecs (HTTP/1.1 404) 5 headers in 202 bytes (1 switches on core 0)
2026-04-13 04:29:59.713 8 INFO placement.requestlog [None req-29449f6f-afc0-4963-b39c-a2f4f7c3cd07 cda236c768094b37bf62a14426175e77 e27c778d0c2d405ab32edcb94141c06c - - c834543de367483b98447b747fd213d8 c834543de367483b98447b747fd213d8] 10.0.0.210 "DELETE /resource_providers/21f316d4-bb0a-4020-8462-cef1b17277f9" status: 404 len: 246 microversion: 1.1 [pid: 8|app: 0|req: 415/829] 10.0.0.210 () {34 vars in 816 bytes} [Mon Apr 13 04:29:59 2026] DELETE /resource_providers/21f316d4-bb0a-4020-8462-cef1b17277f9 => generated 246 bytes in 10 msecs (HTTP/1.1 404) 6 headers in 231 bytes (1 switches on core 0)
2026-04-13 04:30:01.695 7 INFO placement.requestlog [None req-2e3b56c7-aac7-4089-a0bb-60380441f8fc cda236c768094b37bf62a14426175e77 e27c778d0c2d405ab32edcb94141c06c - - c834543de367483b98447b747fd213d8 c834543de367483b98447b747fd213d8] 10.0.0.210 "GET /resource_providers/d68fe10b-24b8-42f1-90da-a31dcd1aa036/aggregates" status: 404 len: 235 microversion: 1.1 [pid: 7|app: 0|req: 415/830] 10.0.0.210 () {32 vars in 816 bytes} [Mon Apr 13 04:30:01 2026] GET /resource_providers/d68fe10b-24b8-42f1-90da-a31dcd1aa036/aggregates => generated 235 bytes in 11 msecs (HTTP/1.1 404) 5 headers in 202 bytes (1 switches on core 0)
2026-04-13 04:30:01.732 8 INFO placement.requestlog [None req-12335783-cfef-4874-ad7d-a1e6fb565d97 cda236c768094b37bf62a14426175e77 e27c778d0c2d405ab32edcb94141c06c - - c834543de367483b98447b747fd213d8 c834543de367483b98447b747fd213d8] 10.0.0.210 "GET /resource_providers/d68fe10b-24b8-42f1-90da-a31dcd1aa036/aggregates" status: 404 len: 235 microversion: 1.1 [pid: 8|app: 0|req: 416/831] 10.0.0.210 () {32 vars in 816 bytes} [Mon Apr 13 04:30:01 2026] GET /resource_providers/d68fe10b-24b8-42f1-90da-a31dcd1aa036/aggregates => generated 235 bytes in 12 msecs (HTTP/1.1 404) 5 headers in 202 bytes (1 switches on core 0)
2026-04-13 04:30:01.737 7 INFO placement.requestlog [None req-8e259a63-92de-444b-a7cb-64ebefa7e7da cda236c768094b37bf62a14426175e77 e27c778d0c2d405ab32edcb94141c06c - - c834543de367483b98447b747fd213d8 c834543de367483b98447b747fd213d8] 10.0.0.210 "DELETE /resource_providers/d68fe10b-24b8-42f1-90da-a31dcd1aa036" status: 404 len: 246 microversion: 1.1 [pid: 7|app: 0|req: 416/832] 10.0.0.210 () {34 vars in 816 bytes} [Mon Apr 13 04:30:01 2026] DELETE /resource_providers/d68fe10b-24b8-42f1-90da-a31dcd1aa036 => generated 246 bytes in 12 msecs (HTTP/1.1 404) 6 headers in 231 bytes (1 switches on core 0)
2026-04-13 04:30:01.770 8 INFO placement.requestlog [None req-59cfd24d-b514-481e-b507-698ec743972c cda236c768094b37bf62a14426175e77 e27c778d0c2d405ab32edcb94141c06c - - c834543de367483b98447b747fd213d8 c834543de367483b98447b747fd213d8] 10.0.0.210 "DELETE /resource_providers/d68fe10b-24b8-42f1-90da-a31dcd1aa036" status: 404 len: 246 microversion: 1.1 [pid: 8|app: 0|req: 417/833] 10.0.0.210 () {34 vars in 816 bytes} [Mon Apr 13 04:30:01 2026] DELETE /resource_providers/d68fe10b-24b8-42f1-90da-a31dcd1aa036 => generated 246 bytes in 14 msecs (HTTP/1.1 404) 6 headers in 231 bytes (1 switches on core 0)
2026-04-13 04:30:02.428 7 INFO placement.requestlog [None req-e2292f3a-66d6-4048-9fcb-ea4ad48f376c - - - - - -] 10.0.0.137 "GET /" status: 200 len: 136 microversion: 1.0
2026-04-13 04:30:02.428 8 INFO placement.requestlog [None req-bb5174c1-b6f0-4bbc-a339-22dea18e2e69 - - - - - -] 10.0.0.137 "GET /" status: 200 len: 136 microversion: 1.0
2026-04-13 04:30:03.836 8 INFO placement.requestlog [None req-2c56fe6e-77df-4c26-a0f1-312c8da0a3c1 cda236c768094b37bf62a14426175e77 e27c778d0c2d405ab32edcb94141c06c - - c834543de367483b98447b747fd213d8 c834543de367483b98447b747fd213d8] 10.0.0.210 "GET /resource_providers/0ed3ea95-bca3-47e1-89ef-dc41e3b7c53f/aggregates" status: 404 len: 235 microversion: 1.1 [pid: 8|app: 0|req: 419/836] 10.0.0.210 () {32 vars in 816 bytes} [Mon Apr 13 04:30:03 2026] GET /resource_providers/0ed3ea95-bca3-47e1-89ef-dc41e3b7c53f/aggregates => generated 235 bytes in 11 msecs (HTTP/1.1 404) 5 headers in 202 bytes (1 switches on core 0)
2026-04-13 04:30:03.846 7 INFO placement.requestlog [None req-2e4dfa86-1253-4ef7-9d3c-c703fb2c9beb cda236c768094b37bf62a14426175e77 e27c778d0c2d405ab32edcb94141c06c - - c834543de367483b98447b747fd213d8 c834543de367483b98447b747fd213d8] 10.0.0.210 "GET /resource_providers/0ed3ea95-bca3-47e1-89ef-dc41e3b7c53f/aggregates" status: 404 len: 235 microversion: 1.1 [pid: 7|app: 0|req: 418/837] 10.0.0.210 () {32 vars in 816 bytes} [Mon Apr 13 04:30:03 2026] GET /resource_providers/0ed3ea95-bca3-47e1-89ef-dc41e3b7c53f/aggregates => generated 235 bytes in 22 msecs (HTTP/1.1 404) 5 headers in 202 bytes (1 switches on core 0)
2026-04-13 04:30:03.875 8 INFO placement.requestlog [None req-f35ebc91-8a13-44fa-aded-6e1943803c6e cda236c768094b37bf62a14426175e77 e27c778d0c2d405ab32edcb94141c06c - - c834543de367483b98447b747fd213d8 c834543de367483b98447b747fd213d8] 10.0.0.210 "DELETE /resource_providers/0ed3ea95-bca3-47e1-89ef-dc41e3b7c53f" status: 404 len: 246 microversion: 1.1 [pid: 8|app: 0|req: 420/838] 10.0.0.210 () {34 vars in 816 bytes} [Mon Apr 13 04:30:03 2026] DELETE /resource_providers/0ed3ea95-bca3-47e1-89ef-dc41e3b7c53f => generated 246 bytes in 14 msecs (HTTP/1.1 404) 6 headers in 231 bytes (1 switches on core 0)
2026-04-13 04:30:03.876 7 INFO placement.requestlog [None req-ac25f709-a54d-4181-af97-30f112dedcec cda236c768094b37bf62a14426175e77 e27c778d0c2d405ab32edcb94141c06c - - c834543de367483b98447b747fd213d8 c834543de367483b98447b747fd213d8] 10.0.0.210 "DELETE /resource_providers/0ed3ea95-bca3-47e1-89ef-dc41e3b7c53f" status: 404 len: 246 microversion: 1.1 [pid: 7|app: 0|req: 419/839] 10.0.0.210 () {34 vars in 816 bytes} [Mon Apr 13 04:30:03 2026] DELETE /resource_providers/0ed3ea95-bca3-47e1-89ef-dc41e3b7c53f => generated 246 bytes in 15 msecs (HTTP/1.1 404) 6 headers in 231 bytes (1 switches on core 0)
2026-04-13 04:30:06.130 8 INFO placement.requestlog [req-556d6e61-71db-4870-8061-83962d95402d req-1c06ab62-1368-4d37-8836-c9690d5247af 56f7a612c7db4de3bc6fd13d954f8525 e27c778d0c2d405ab32edcb94141c06c - - c834543de367483b98447b747fd213d8 c834543de367483b98447b747fd213d8] 199.204.45.4 "GET /resource_providers/b6fd9e0c-a523-40aa-a468-fec24a27a4b8/allocations" status: 200 len: 152 microversion: 1.0 [pid: 8|app: 0|req: 421/840] 199.204.45.4 () {32 vars in 855 bytes} [Mon Apr 13 04:30:06 2026] GET /resource_providers/b6fd9e0c-a523-40aa-a468-fec24a27a4b8/allocations => generated 152 bytes in 26 msecs (HTTP/1.1 200) 6 headers in 224 bytes (1 switches on core 0)
