May 15 23:53:12.781035 np0000174362 systemd[1]: Starting devstack@n-api-meta.service - Devstack devstack@n-api-meta.service...
May 15 23:53:12.787304 np0000174362 devstack@n-api-meta.service[108230]: [uWSGI] getting INI configuration from /etc/nova/nova-metadata-uwsgi.ini
May 15 23:53:12.790329 np0000174362 devstack@n-api-meta.service[108230]: *** Starting uWSGI 2.0.24-debian (64bit) on [Fri May 15 23:53:12 2026] ***
May 15 23:53:12.790329 np0000174362 devstack@n-api-meta.service[108230]: compiled with version: 13.2.0 on 17 April 2024 16:23:48
May 15 23:53:12.790329 np0000174362 devstack@n-api-meta.service[108230]: os: Linux-6.8.0-111-generic #111-Ubuntu SMP PREEMPT_DYNAMIC Sat Apr 11 23:16:02 UTC 2026
May 15 23:53:12.790329 np0000174362 devstack@n-api-meta.service[108230]: nodename: np0000174362
May 15 23:53:12.790329 np0000174362 devstack@n-api-meta.service[108230]: machine: x86_64
May 15 23:53:12.790329 np0000174362 devstack@n-api-meta.service[108230]: clock source: unix
May 15 23:53:12.790329 np0000174362 devstack@n-api-meta.service[108230]: pcre jit disabled
May 15 23:53:12.790329 np0000174362 devstack@n-api-meta.service[108230]: detected number of CPU cores: 16
May 15 23:53:12.790329 np0000174362 devstack@n-api-meta.service[108230]: current working directory: /
May 15 23:53:12.790329 np0000174362 devstack@n-api-meta.service[108230]: detected binary path: /usr/bin/uwsgi-core
May 15 23:53:12.790329 np0000174362 devstack@n-api-meta.service[108230]: your processes number limit is 256917
May 15 23:53:12.790329 np0000174362 devstack@n-api-meta.service[108230]: your memory page size is 4096 bytes
May 15 23:53:12.790329 np0000174362 devstack@n-api-meta.service[108230]: detected max file descriptor number: 2048
May 15 23:53:12.790329 np0000174362 devstack@n-api-meta.service[108230]: lock engine: pthread robust mutexes
May 15 23:53:12.791107 np0000174362 devstack@n-api-meta.service[108230]: thunder lock: enabled
May 15 23:53:12.791107 np0000174362 devstack@n-api-meta.service[108230]: uWSGI http bound on 0.0.0.0:8775 fd 5
May 15 23:53:12.791107 np0000174362 devstack@n-api-meta.service[108230]: uwsgi socket 0 bound to TCP address 127.0.0.1:44509 (port auto-assigned) fd 4
May 15 23:53:12.791107 np0000174362 devstack@n-api-meta.service[108230]: Python version: 3.12.3 (main, Mar 23 2026, 19:04:32) [GCC 13.3.0]
May 15 23:53:12.791107 np0000174362 devstack@n-api-meta.service[108230]: PEP 405 virtualenv detected: /opt/stack/data/venv
May 15 23:53:12.791107 np0000174362 devstack@n-api-meta.service[108230]: Set PythonHome to /opt/stack/data/venv
May 15 23:53:12.834207 np0000174362 devstack@n-api-meta.service[108230]: Python main interpreter initialized at 0x7ac40b4a3668
May 15 23:53:12.834207 np0000174362 devstack@n-api-meta.service[108230]: python threads support enabled
May 15 23:53:12.834207 np0000174362 devstack@n-api-meta.service[108230]: your server socket listen backlog is limited to 100 connections
May 15 23:53:12.834207 np0000174362 devstack@n-api-meta.service[108230]: your mercy for graceful operations on workers is 80 seconds
May 15 23:53:12.834758 np0000174362 devstack@n-api-meta.service[108230]: mapped 671795 bytes (656 KB) for 4 cores
May 15 23:53:12.834917 np0000174362 devstack@n-api-meta.service[108230]: *** Operational MODE: preforking ***
May 15 23:53:12.835095 np0000174362 devstack@n-api-meta.service[108230]: *** uWSGI is running in multiple interpreter mode ***
May 15 23:53:12.835095 np0000174362 devstack@n-api-meta.service[108230]: spawned uWSGI master process (pid: 108230)
May 15 23:53:12.835178 np0000174362 systemd[1]: Started devstack@n-api-meta.service - Devstack devstack@n-api-meta.service.
May 15 23:53:12.835786 np0000174362 devstack@n-api-meta.service[108230]: spawned uWSGI worker 1 (pid: 108231, cores: 1)
May 15 23:53:12.836557 np0000174362 devstack@n-api-meta.service[108230]: spawned uWSGI worker 2 (pid: 108232, cores: 1)
May 15 23:53:12.837133 np0000174362 devstack@n-api-meta.service[108230]: spawned uWSGI worker 3 (pid: 108233, cores: 1)
May 15 23:53:12.837665 np0000174362 devstack@n-api-meta.service[108230]: spawned uWSGI worker 4 (pid: 108234, cores: 1)
May 15 23:53:12.838180 np0000174362 devstack@n-api-meta.service[108230]: spawned uWSGI http 1 (pid: 108235)
May 15 23:53:12.838180 np0000174362 devstack@n-api-meta.service[108230]: running "unix_signal:15 gracefully_kill_them_all" (master-start)...
May 15 23:53:13.156000 np0000174362 devstack@n-api-meta.service[108234]: /opt/stack/data/venv/lib/python3.12/site-packages/oslo_concurrency/lockutils.py:41: EventletDeprecationWarning:
May 15 23:53:13.156000 np0000174362 devstack@n-api-meta.service[108234]: Eventlet is deprecated. It is currently being maintained in bugfix mode, and
May 15 23:53:13.156000 np0000174362 devstack@n-api-meta.service[108234]: we strongly recommend against using it for new projects.
May 15 23:53:13.156000 np0000174362 devstack@n-api-meta.service[108234]: If you are already using Eventlet, we recommend migrating to a different
May 15 23:53:13.156000 np0000174362 devstack@n-api-meta.service[108234]: framework. For more detail see
May 15 23:53:13.156000 np0000174362 devstack@n-api-meta.service[108234]: https://eventlet.readthedocs.io/en/latest/asyncio/migration.html
May 15 23:53:13.156000 np0000174362 devstack@n-api-meta.service[108234]: import eventlet
May 15 23:53:13.159240 np0000174362 devstack@n-api-meta.service[108233]: /opt/stack/data/venv/lib/python3.12/site-packages/oslo_concurrency/lockutils.py:41: EventletDeprecationWarning:
May 15 23:53:13.159240 np0000174362 devstack@n-api-meta.service[108233]: Eventlet is deprecated. It is currently being maintained in bugfix mode, and
May 15 23:53:13.159240 np0000174362 devstack@n-api-meta.service[108233]: we strongly recommend against using it for new projects.
May 15 23:53:13.159240 np0000174362 devstack@n-api-meta.service[108233]: If you are already using Eventlet, we recommend migrating to a different
May 15 23:53:13.159240 np0000174362 devstack@n-api-meta.service[108233]: framework. For more detail see
May 15 23:53:13.159240 np0000174362 devstack@n-api-meta.service[108233]: https://eventlet.readthedocs.io/en/latest/asyncio/migration.html
May 15 23:53:13.159240 np0000174362 devstack@n-api-meta.service[108233]: import eventlet
May 15 23:53:13.161738 np0000174362 devstack@n-api-meta.service[108232]: /opt/stack/data/venv/lib/python3.12/site-packages/oslo_concurrency/lockutils.py:41: EventletDeprecationWarning:
May 15 23:53:13.161738 np0000174362 devstack@n-api-meta.service[108232]: Eventlet is deprecated. It is currently being maintained in bugfix mode, and
May 15 23:53:13.161738 np0000174362 devstack@n-api-meta.service[108232]: we strongly recommend against using it for new projects.
May 15 23:53:13.161738 np0000174362 devstack@n-api-meta.service[108232]: If you are already using Eventlet, we recommend migrating to a different
May 15 23:53:13.161738 np0000174362 devstack@n-api-meta.service[108232]: framework. For more detail see
May 15 23:53:13.161738 np0000174362 devstack@n-api-meta.service[108232]: https://eventlet.readthedocs.io/en/latest/asyncio/migration.html
May 15 23:53:13.161738 np0000174362 devstack@n-api-meta.service[108232]: import eventlet
May 15 23:53:13.169664 np0000174362 devstack@n-api-meta.service[108231]: /opt/stack/data/venv/lib/python3.12/site-packages/oslo_concurrency/lockutils.py:41: EventletDeprecationWarning:
May 15 23:53:13.169664 np0000174362 devstack@n-api-meta.service[108231]: Eventlet is deprecated. It is currently being maintained in bugfix mode, and
May 15 23:53:13.169664 np0000174362 devstack@n-api-meta.service[108231]: we strongly recommend against using it for new projects.
May 15 23:53:13.169664 np0000174362 devstack@n-api-meta.service[108231]: If you are already using Eventlet, we recommend migrating to a different
May 15 23:53:13.169664 np0000174362 devstack@n-api-meta.service[108231]: framework. For more detail see
May 15 23:53:13.169664 np0000174362 devstack@n-api-meta.service[108231]: https://eventlet.readthedocs.io/en/latest/asyncio/migration.html
May 15 23:53:13.169664 np0000174362 devstack@n-api-meta.service[108231]: import eventlet
May 15 23:53:14.637665 np0000174362 devstack@n-api-meta.service[108234]: INFO dbcounter [None req-853d54ca-76c9-4eb6-8b49-facc25bbc5c2 None None] Registered counter for database nova_api
May 15 23:53:14.654545 np0000174362 devstack@n-api-meta.service[108234]: DEBUG oslo_db.sqlalchemy.engines [None req-853d54ca-76c9-4eb6-8b49-facc25bbc5c2 None None] MySQL server mode set to STRICT_TRANS_TABLES,STRICT_ALL_TABLES,NO_ZERO_IN_DATE,NO_ZERO_DATE,ERROR_FOR_DIVISION_BY_ZERO,TRADITIONAL,NO_ENGINE_SUBSTITUTION {{(pid=108234) _check_effective_sql_mode /opt/stack/data/venv/lib/python3.12/site-packages/oslo_db/sqlalchemy/engines.py:325}}
May 15 23:53:14.687301 np0000174362 devstack@n-api-meta.service[108234]: DEBUG dbcounter [-] [108234] Writer thread running {{(pid=108234) stat_writer /opt/stack/data/venv/lib/python3.12/site-packages/dbcounter.py:102}}
May 15 23:53:14.689790 np0000174362 devstack@n-api-meta.service[108232]: INFO dbcounter [None req-deacf119-e25e-463d-a62b-2b2acc25aa03 None None] Registered counter for database nova_api
May 15 23:53:14.690098 np0000174362 devstack@n-api-meta.service[108234]: DEBUG nova.context [None req-853d54ca-76c9-4eb6-8b49-facc25bbc5c2 None None] Found 2 cells: 00000000-0000-0000-0000-000000000000(cell0),3d9c9e85-899d-470f-831f-92a09a4ccbc8(cell1) {{(pid=108234) load_cells /opt/stack/nova/nova/context.py:509}}
May 15 23:53:14.690098 np0000174362 devstack@n-api-meta.service[108234]: INFO nova.utils [None req-853d54ca-76c9-4eb6-8b49-facc25bbc5c2 None None] The cell worker thread pool MainProcess.cell_worker is initialized
May 15 23:53:14.691883 np0000174362 devstack@n-api-meta.service[108234]: DEBUG oslo_concurrency.lockutils [None req-853d54ca-76c9-4eb6-8b49-facc25bbc5c2 None None] Acquiring lock "00000000-0000-0000-0000-000000000000" by "nova.context.set_target_cell..get_or_set_cached_cell_and_set_connections" {{(pid=108234) inner /opt/stack/data/venv/lib/python3.12/site-packages/oslo_concurrency/lockutils.py:506}}
May 15 23:53:14.692110 np0000174362 devstack@n-api-meta.service[108234]: DEBUG oslo_concurrency.lockutils [None req-853d54ca-76c9-4eb6-8b49-facc25bbc5c2 None None] Lock "00000000-0000-0000-0000-000000000000" acquired by "nova.context.set_target_cell..get_or_set_cached_cell_and_set_connections" :: waited 0.000s {{(pid=108234) inner /opt/stack/data/venv/lib/python3.12/site-packages/oslo_concurrency/lockutils.py:519}}
May 15 23:53:14.692510 np0000174362 devstack@n-api-meta.service[108234]: DEBUG oslo_concurrency.lockutils [None req-853d54ca-76c9-4eb6-8b49-facc25bbc5c2 None None] Lock "00000000-0000-0000-0000-000000000000" "released" by "nova.context.set_target_cell..get_or_set_cached_cell_and_set_connections" :: held 0.000s {{(pid=108234) inner /opt/stack/data/venv/lib/python3.12/site-packages/oslo_concurrency/lockutils.py:538}}
May 15 23:53:14.693221 np0000174362 devstack@n-api-meta.service[108234]: DEBUG oslo_concurrency.lockutils [None req-853d54ca-76c9-4eb6-8b49-facc25bbc5c2 None None] Acquiring lock "3d9c9e85-899d-470f-831f-92a09a4ccbc8" by "nova.context.set_target_cell..get_or_set_cached_cell_and_set_connections" {{(pid=108234) inner /opt/stack/data/venv/lib/python3.12/site-packages/oslo_concurrency/lockutils.py:506}}
May 15 23:53:14.693387 np0000174362 devstack@n-api-meta.service[108234]: DEBUG oslo_concurrency.lockutils [None req-853d54ca-76c9-4eb6-8b49-facc25bbc5c2 None None] Lock "3d9c9e85-899d-470f-831f-92a09a4ccbc8" acquired by "nova.context.set_target_cell..get_or_set_cached_cell_and_set_connections" :: waited 0.000s {{(pid=108234) inner /opt/stack/data/venv/lib/python3.12/site-packages/oslo_concurrency/lockutils.py:519}}
May 15 23:53:14.694140 np0000174362 devstack@n-api-meta.service[108233]: INFO dbcounter [None req-bb2329fa-dfea-4f02-8015-3fb23a1151e0 None None] Registered counter for database nova_api
May 15 23:53:14.694409 np0000174362 devstack@n-api-meta.service[108234]: DEBUG oslo_concurrency.lockutils [None req-853d54ca-76c9-4eb6-8b49-facc25bbc5c2 None None] Lock "3d9c9e85-899d-470f-831f-92a09a4ccbc8" "released" by "nova.context.set_target_cell..get_or_set_cached_cell_and_set_connections" :: held 0.001s {{(pid=108234) inner /opt/stack/data/venv/lib/python3.12/site-packages/oslo_concurrency/lockutils.py:538}}
May 15 23:53:14.696470 np0000174362 devstack@n-api-meta.service[108234]: INFO dbcounter [None req-853d54ca-76c9-4eb6-8b49-facc25bbc5c2 None None] Registered counter for database nova_cell0
May 15 23:53:14.701142 np0000174362 devstack@n-api-meta.service[108234]: INFO dbcounter [None req-853d54ca-76c9-4eb6-8b49-facc25bbc5c2 None None] Registered counter for database nova_cell1
May 15 23:53:14.712794 np0000174362 devstack@n-api-meta.service[108232]: DEBUG oslo_db.sqlalchemy.engines [None req-deacf119-e25e-463d-a62b-2b2acc25aa03 None None] MySQL server mode set to STRICT_TRANS_TABLES,STRICT_ALL_TABLES,NO_ZERO_IN_DATE,NO_ZERO_DATE,ERROR_FOR_DIVISION_BY_ZERO,TRADITIONAL,NO_ENGINE_SUBSTITUTION {{(pid=108232) _check_effective_sql_mode /opt/stack/data/venv/lib/python3.12/site-packages/oslo_db/sqlalchemy/engines.py:325}}
May 15 23:53:14.714301 np0000174362 devstack@n-api-meta.service[108233]: DEBUG oslo_db.sqlalchemy.engines [None req-bb2329fa-dfea-4f02-8015-3fb23a1151e0 None None] MySQL server mode set to STRICT_TRANS_TABLES,STRICT_ALL_TABLES,NO_ZERO_IN_DATE,NO_ZERO_DATE,ERROR_FOR_DIVISION_BY_ZERO,TRADITIONAL,NO_ENGINE_SUBSTITUTION {{(pid=108233) _check_effective_sql_mode /opt/stack/data/venv/lib/python3.12/site-packages/oslo_db/sqlalchemy/engines.py:325}}
May 15 23:53:14.720205 np0000174362 devstack@n-api-meta.service[108234]: DEBUG oslo_db.sqlalchemy.engines [None req-853d54ca-76c9-4eb6-8b49-facc25bbc5c2 None None] MySQL server mode set to STRICT_TRANS_TABLES,STRICT_ALL_TABLES,NO_ZERO_IN_DATE,NO_ZERO_DATE,ERROR_FOR_DIVISION_BY_ZERO,TRADITIONAL,NO_ENGINE_SUBSTITUTION {{(pid=108234) _check_effective_sql_mode /opt/stack/data/venv/lib/python3.12/site-packages/oslo_db/sqlalchemy/engines.py:325}}
May 15 23:53:14.723201 np0000174362 devstack@n-api-meta.service[108231]: INFO dbcounter [None req-15888a89-6a66-4428-b3e5-170f7c3f11dc None None] Registered counter for database nova_api
May 15 23:53:14.725697 np0000174362 devstack@n-api-meta.service[108234]: DEBUG oslo_db.sqlalchemy.engines [None req-853d54ca-76c9-4eb6-8b49-facc25bbc5c2 None None] MySQL server mode set to STRICT_TRANS_TABLES,STRICT_ALL_TABLES,NO_ZERO_IN_DATE,NO_ZERO_DATE,ERROR_FOR_DIVISION_BY_ZERO,TRADITIONAL,NO_ENGINE_SUBSTITUTION {{(pid=108234) _check_effective_sql_mode /opt/stack/data/venv/lib/python3.12/site-packages/oslo_db/sqlalchemy/engines.py:325}}
May 15 23:53:14.738556 np0000174362 devstack@n-api-meta.service[108231]: DEBUG oslo_db.sqlalchemy.engines [None req-15888a89-6a66-4428-b3e5-170f7c3f11dc None None] MySQL server mode set to STRICT_TRANS_TABLES,STRICT_ALL_TABLES,NO_ZERO_IN_DATE,NO_ZERO_DATE,ERROR_FOR_DIVISION_BY_ZERO,TRADITIONAL,NO_ENGINE_SUBSTITUTION {{(pid=108231) _check_effective_sql_mode /opt/stack/data/venv/lib/python3.12/site-packages/oslo_db/sqlalchemy/engines.py:325}}
May 15 23:53:14.745991 np0000174362 devstack@n-api-meta.service[108232]: DEBUG dbcounter [-] [108232] Writer thread running {{(pid=108232) stat_writer /opt/stack/data/venv/lib/python3.12/site-packages/dbcounter.py:102}}
May 15 23:53:14.747802 np0000174362 devstack@n-api-meta.service[108233]: DEBUG dbcounter [-] [108233] Writer thread running {{(pid=108233) stat_writer /opt/stack/data/venv/lib/python3.12/site-packages/dbcounter.py:102}}
May 15 23:53:14.748552 np0000174362 devstack@n-api-meta.service[108232]: DEBUG nova.context [None req-deacf119-e25e-463d-a62b-2b2acc25aa03 None None] Found 2 cells: 00000000-0000-0000-0000-000000000000(cell0),3d9c9e85-899d-470f-831f-92a09a4ccbc8(cell1) {{(pid=108232) load_cells /opt/stack/nova/nova/context.py:509}}
May 15 23:53:14.748654 np0000174362 devstack@n-api-meta.service[108232]: INFO nova.utils [None req-deacf119-e25e-463d-a62b-2b2acc25aa03 None None] The cell worker thread pool MainProcess.cell_worker is initialized
May 15 23:53:14.750381 np0000174362 devstack@n-api-meta.service[108233]: DEBUG nova.context [None req-bb2329fa-dfea-4f02-8015-3fb23a1151e0 None None] Found 2 cells: 00000000-0000-0000-0000-000000000000(cell0),3d9c9e85-899d-470f-831f-92a09a4ccbc8(cell1) {{(pid=108233) load_cells /opt/stack/nova/nova/context.py:509}}
May 15 23:53:14.750476 np0000174362 devstack@n-api-meta.service[108232]: DEBUG oslo_concurrency.lockutils [None req-deacf119-e25e-463d-a62b-2b2acc25aa03 None None] Acquiring lock "00000000-0000-0000-0000-000000000000" by "nova.context.set_target_cell..get_or_set_cached_cell_and_set_connections" {{(pid=108232) inner /opt/stack/data/venv/lib/python3.12/site-packages/oslo_concurrency/lockutils.py:506}}
May 15 23:53:14.750574 np0000174362 devstack@n-api-meta.service[108232]: DEBUG oslo_concurrency.lockutils [None req-deacf119-e25e-463d-a62b-2b2acc25aa03 None None] Lock "00000000-0000-0000-0000-000000000000" acquired by "nova.context.set_target_cell..get_or_set_cached_cell_and_set_connections" :: waited 0.000s {{(pid=108232) inner /opt/stack/data/venv/lib/python3.12/site-packages/oslo_concurrency/lockutils.py:519}}
May 15 23:53:14.750638 np0000174362 devstack@n-api-meta.service[108233]: INFO nova.utils [None req-bb2329fa-dfea-4f02-8015-3fb23a1151e0 None None] The cell worker thread pool MainProcess.cell_worker is initialized
May 15 23:53:14.750932 np0000174362 devstack@n-api-meta.service[108232]: DEBUG oslo_concurrency.lockutils [None req-deacf119-e25e-463d-a62b-2b2acc25aa03 None None] Lock "00000000-0000-0000-0000-000000000000" "released" by "nova.context.set_target_cell..get_or_set_cached_cell_and_set_connections" :: held 0.000s {{(pid=108232) inner /opt/stack/data/venv/lib/python3.12/site-packages/oslo_concurrency/lockutils.py:538}}
May 15 23:53:14.751665 np0000174362 devstack@n-api-meta.service[108232]: DEBUG oslo_concurrency.lockutils [None req-deacf119-e25e-463d-a62b-2b2acc25aa03 None None] Acquiring lock "3d9c9e85-899d-470f-831f-92a09a4ccbc8" by "nova.context.set_target_cell..get_or_set_cached_cell_and_set_connections" {{(pid=108232) inner /opt/stack/data/venv/lib/python3.12/site-packages/oslo_concurrency/lockutils.py:506}}
May 15 23:53:14.751818 np0000174362 devstack@n-api-meta.service[108232]: DEBUG oslo_concurrency.lockutils [None req-deacf119-e25e-463d-a62b-2b2acc25aa03 None None] Lock "3d9c9e85-899d-470f-831f-92a09a4ccbc8" acquired by "nova.context.set_target_cell..get_or_set_cached_cell_and_set_connections" :: waited 0.000s {{(pid=108232) inner /opt/stack/data/venv/lib/python3.12/site-packages/oslo_concurrency/lockutils.py:519}}
May 15 23:53:14.752397 np0000174362 devstack@n-api-meta.service[108233]: DEBUG oslo_concurrency.lockutils [None req-bb2329fa-dfea-4f02-8015-3fb23a1151e0 None None] Acquiring lock "00000000-0000-0000-0000-000000000000" by "nova.context.set_target_cell..get_or_set_cached_cell_and_set_connections" {{(pid=108233) inner /opt/stack/data/venv/lib/python3.12/site-packages/oslo_concurrency/lockutils.py:506}}
May 15 23:53:14.752612 np0000174362 devstack@n-api-meta.service[108233]: DEBUG oslo_concurrency.lockutils [None req-bb2329fa-dfea-4f02-8015-3fb23a1151e0 None None] Lock "00000000-0000-0000-0000-000000000000" acquired by "nova.context.set_target_cell..get_or_set_cached_cell_and_set_connections" :: waited 0.000s {{(pid=108233) inner /opt/stack/data/venv/lib/python3.12/site-packages/oslo_concurrency/lockutils.py:519}}
May 15 23:53:14.752701 np0000174362 devstack@n-api-meta.service[108232]: DEBUG oslo_concurrency.lockutils [None req-deacf119-e25e-463d-a62b-2b2acc25aa03 None None] Lock "3d9c9e85-899d-470f-831f-92a09a4ccbc8" "released" by "nova.context.set_target_cell..get_or_set_cached_cell_and_set_connections" :: held 0.001s {{(pid=108232) inner /opt/stack/data/venv/lib/python3.12/site-packages/oslo_concurrency/lockutils.py:538}}
May 15 23:53:14.752991 np0000174362 devstack@n-api-meta.service[108233]: DEBUG oslo_concurrency.lockutils [None req-bb2329fa-dfea-4f02-8015-3fb23a1151e0 None None] Lock "00000000-0000-0000-0000-000000000000" "released" by "nova.context.set_target_cell..get_or_set_cached_cell_and_set_connections" :: held 0.000s {{(pid=108233) inner /opt/stack/data/venv/lib/python3.12/site-packages/oslo_concurrency/lockutils.py:538}}
May 15 23:53:14.753614 np0000174362 devstack@n-api-meta.service[108233]: DEBUG oslo_concurrency.lockutils [None req-bb2329fa-dfea-4f02-8015-3fb23a1151e0 None None] Acquiring lock "3d9c9e85-899d-470f-831f-92a09a4ccbc8" by "nova.context.set_target_cell..get_or_set_cached_cell_and_set_connections" {{(pid=108233) inner /opt/stack/data/venv/lib/python3.12/site-packages/oslo_concurrency/lockutils.py:506}}
May 15 23:53:14.753780 np0000174362 devstack@n-api-meta.service[108233]: DEBUG oslo_concurrency.lockutils [None req-bb2329fa-dfea-4f02-8015-3fb23a1151e0 None None] Lock "3d9c9e85-899d-470f-831f-92a09a4ccbc8" acquired by "nova.context.set_target_cell..get_or_set_cached_cell_and_set_connections" :: waited 0.000s {{(pid=108233) inner /opt/stack/data/venv/lib/python3.12/site-packages/oslo_concurrency/lockutils.py:519}}
May 15 23:53:14.754627 np0000174362 devstack@n-api-meta.service[108233]: DEBUG oslo_concurrency.lockutils [None req-bb2329fa-dfea-4f02-8015-3fb23a1151e0 None None] Lock "3d9c9e85-899d-470f-831f-92a09a4ccbc8" "released" by "nova.context.set_target_cell..get_or_set_cached_cell_and_set_connections" :: held 0.001s {{(pid=108233) inner /opt/stack/data/venv/lib/python3.12/site-packages/oslo_concurrency/lockutils.py:538}}
May 15 23:53:14.755633 np0000174362 devstack@n-api-meta.service[108232]: INFO dbcounter [None req-deacf119-e25e-463d-a62b-2b2acc25aa03 None None] Registered counter for database nova_cell0
May 15 23:53:14.756554 np0000174362 devstack@n-api-meta.service[108233]: INFO dbcounter [None req-bb2329fa-dfea-4f02-8015-3fb23a1151e0 None None] Registered counter for database nova_cell0
May 15 23:53:14.760853 np0000174362 devstack@n-api-meta.service[108232]: INFO dbcounter [None req-deacf119-e25e-463d-a62b-2b2acc25aa03 None None] Registered counter for database nova_cell1
May 15 23:53:14.761201 np0000174362 devstack@n-api-meta.service[108233]: INFO dbcounter [None req-bb2329fa-dfea-4f02-8015-3fb23a1151e0 None None] Registered counter for database nova_cell1
May 15 23:53:14.770121 np0000174362 devstack@n-api-meta.service[108231]: DEBUG dbcounter [-] [108231] Writer thread running {{(pid=108231) stat_writer /opt/stack/data/venv/lib/python3.12/site-packages/dbcounter.py:102}}
May 15 23:53:14.772065 np0000174362 devstack@n-api-meta.service[108232]: DEBUG oslo_db.sqlalchemy.engines [None req-deacf119-e25e-463d-a62b-2b2acc25aa03 None None] MySQL server mode set to STRICT_TRANS_TABLES,STRICT_ALL_TABLES,NO_ZERO_IN_DATE,NO_ZERO_DATE,ERROR_FOR_DIVISION_BY_ZERO,TRADITIONAL,NO_ENGINE_SUBSTITUTION {{(pid=108232) _check_effective_sql_mode /opt/stack/data/venv/lib/python3.12/site-packages/oslo_db/sqlalchemy/engines.py:325}}
May 15 23:53:14.772346 np0000174362 devstack@n-api-meta.service[108231]: DEBUG nova.context [None req-15888a89-6a66-4428-b3e5-170f7c3f11dc None None] Found 2 cells: 00000000-0000-0000-0000-000000000000(cell0),3d9c9e85-899d-470f-831f-92a09a4ccbc8(cell1) {{(pid=108231) load_cells /opt/stack/nova/nova/context.py:509}}
May 15 23:53:14.772574 np0000174362 devstack@n-api-meta.service[108231]: INFO nova.utils [None req-15888a89-6a66-4428-b3e5-170f7c3f11dc None None] The cell worker thread pool MainProcess.cell_worker is initialized
May 15 23:53:14.774367 np0000174362 devstack@n-api-meta.service[108231]: DEBUG oslo_concurrency.lockutils [None req-15888a89-6a66-4428-b3e5-170f7c3f11dc None None] Acquiring lock "00000000-0000-0000-0000-000000000000" by "nova.context.set_target_cell..get_or_set_cached_cell_and_set_connections" {{(pid=108231) inner /opt/stack/data/venv/lib/python3.12/site-packages/oslo_concurrency/lockutils.py:506}}
May 15 23:53:14.774529 np0000174362 devstack@n-api-meta.service[108231]: DEBUG oslo_concurrency.lockutils [None req-15888a89-6a66-4428-b3e5-170f7c3f11dc None None] Lock "00000000-0000-0000-0000-000000000000" acquired by "nova.context.set_target_cell..get_or_set_cached_cell_and_set_connections" :: waited 0.000s {{(pid=108231) inner /opt/stack/data/venv/lib/python3.12/site-packages/oslo_concurrency/lockutils.py:519}}
May 15 23:53:14.774891 np0000174362 devstack@n-api-meta.service[108231]: DEBUG oslo_concurrency.lockutils [None req-15888a89-6a66-4428-b3e5-170f7c3f11dc None None] Lock "00000000-0000-0000-0000-000000000000" "released" by "nova.context.set_target_cell..get_or_set_cached_cell_and_set_connections" :: held 0.000s {{(pid=108231) inner /opt/stack/data/venv/lib/python3.12/site-packages/oslo_concurrency/lockutils.py:538}}
May 15 23:53:14.775568 np0000174362 devstack@n-api-meta.service[108231]: DEBUG oslo_concurrency.lockutils [None req-15888a89-6a66-4428-b3e5-170f7c3f11dc None None] Acquiring lock "3d9c9e85-899d-470f-831f-92a09a4ccbc8" by "nova.context.set_target_cell..get_or_set_cached_cell_and_set_connections" {{(pid=108231) inner /opt/stack/data/venv/lib/python3.12/site-packages/oslo_concurrency/lockutils.py:506}}
May 15 23:53:14.775711 np0000174362 devstack@n-api-meta.service[108231]: DEBUG oslo_concurrency.lockutils [None req-15888a89-6a66-4428-b3e5-170f7c3f11dc None None] Lock "3d9c9e85-899d-470f-831f-92a09a4ccbc8" acquired by "nova.context.set_target_cell..get_or_set_cached_cell_and_set_connections" :: waited 0.000s {{(pid=108231) inner /opt/stack/data/venv/lib/python3.12/site-packages/oslo_concurrency/lockutils.py:519}}
May 15 23:53:14.776290 np0000174362 devstack@n-api-meta.service[108233]: DEBUG oslo_db.sqlalchemy.engines [None req-bb2329fa-dfea-4f02-8015-3fb23a1151e0 None None] MySQL server mode set to STRICT_TRANS_TABLES,STRICT_ALL_TABLES,NO_ZERO_IN_DATE,NO_ZERO_DATE,ERROR_FOR_DIVISION_BY_ZERO,TRADITIONAL,NO_ENGINE_SUBSTITUTION {{(pid=108233) _check_effective_sql_mode /opt/stack/data/venv/lib/python3.12/site-packages/oslo_db/sqlalchemy/engines.py:325}}
May 15 23:53:14.776582 np0000174362 devstack@n-api-meta.service[108231]: DEBUG oslo_concurrency.lockutils [None req-15888a89-6a66-4428-b3e5-170f7c3f11dc None None] Lock "3d9c9e85-899d-470f-831f-92a09a4ccbc8" "released" by "nova.context.set_target_cell..get_or_set_cached_cell_and_set_connections" :: held 0.001s {{(pid=108231) inner /opt/stack/data/venv/lib/python3.12/site-packages/oslo_concurrency/lockutils.py:538}}
May 15 23:53:14.781496 np0000174362 devstack@n-api-meta.service[108231]: INFO dbcounter [None req-15888a89-6a66-4428-b3e5-170f7c3f11dc None None] Registered counter for database nova_cell0
May 15 23:53:14.787549 np0000174362 devstack@n-api-meta.service[108231]: INFO dbcounter [None req-15888a89-6a66-4428-b3e5-170f7c3f11dc None None] Registered counter for database nova_cell1
May 15 23:53:14.790652 np0000174362 devstack@n-api-meta.service[108232]: DEBUG oslo_db.sqlalchemy.engines [None req-deacf119-e25e-463d-a62b-2b2acc25aa03 None None] MySQL server mode set to STRICT_TRANS_TABLES,STRICT_ALL_TABLES,NO_ZERO_IN_DATE,NO_ZERO_DATE,ERROR_FOR_DIVISION_BY_ZERO,TRADITIONAL,NO_ENGINE_SUBSTITUTION {{(pid=108232) _check_effective_sql_mode /opt/stack/data/venv/lib/python3.12/site-packages/oslo_db/sqlalchemy/engines.py:325}}
May 15 23:53:14.796136 np0000174362 devstack@n-api-meta.service[108233]: DEBUG oslo_db.sqlalchemy.engines [None req-bb2329fa-dfea-4f02-8015-3fb23a1151e0 None None] MySQL server mode set to STRICT_TRANS_TABLES,STRICT_ALL_TABLES,NO_ZERO_IN_DATE,NO_ZERO_DATE,ERROR_FOR_DIVISION_BY_ZERO,TRADITIONAL,NO_ENGINE_SUBSTITUTION {{(pid=108233) _check_effective_sql_mode /opt/stack/data/venv/lib/python3.12/site-packages/oslo_db/sqlalchemy/engines.py:325}}
May 15 23:53:14.798142 np0000174362 devstack@n-api-meta.service[108231]: DEBUG oslo_db.sqlalchemy.engines [None req-15888a89-6a66-4428-b3e5-170f7c3f11dc None None] MySQL server mode set to STRICT_TRANS_TABLES,STRICT_ALL_TABLES,NO_ZERO_IN_DATE,NO_ZERO_DATE,ERROR_FOR_DIVISION_BY_ZERO,TRADITIONAL,NO_ENGINE_SUBSTITUTION {{(pid=108231) _check_effective_sql_mode /opt/stack/data/venv/lib/python3.12/site-packages/oslo_db/sqlalchemy/engines.py:325}}
May 15 23:53:14.808342 np0000174362 devstack@n-api-meta.service[108231]: DEBUG oslo_db.sqlalchemy.engines [None req-15888a89-6a66-4428-b3e5-170f7c3f11dc None None] MySQL server mode set to STRICT_TRANS_TABLES,STRICT_ALL_TABLES,NO_ZERO_IN_DATE,NO_ZERO_DATE,ERROR_FOR_DIVISION_BY_ZERO,TRADITIONAL,NO_ENGINE_SUBSTITUTION {{(pid=108231) _check_effective_sql_mode /opt/stack/data/venv/lib/python3.12/site-packages/oslo_db/sqlalchemy/engines.py:325}}
May 15 23:53:14.826680 np0000174362 devstack@n-api-meta.service[108234]: DEBUG dbcounter [-] [108234] Writer thread running {{(pid=108234) stat_writer /opt/stack/data/venv/lib/python3.12/site-packages/dbcounter.py:102}}
May 15 23:53:14.827747 np0000174362 devstack@n-api-meta.service[108234]: DEBUG dbcounter [-] [108234] Writer thread running {{(pid=108234) stat_writer /opt/stack/data/venv/lib/python3.12/site-packages/dbcounter.py:102}}
May 15 23:53:14.832151 np0000174362 devstack@n-api-meta.service[108234]: INFO dbcounter [None req-853d54ca-76c9-4eb6-8b49-facc25bbc5c2 None None] Registered counter for database nova_cell0
May 15 23:53:14.840607 np0000174362 devstack@n-api-meta.service[108234]: DEBUG oslo_db.sqlalchemy.engines [None req-853d54ca-76c9-4eb6-8b49-facc25bbc5c2 None None] MySQL server mode set to STRICT_TRANS_TABLES,STRICT_ALL_TABLES,NO_ZERO_IN_DATE,NO_ZERO_DATE,ERROR_FOR_DIVISION_BY_ZERO,TRADITIONAL,NO_ENGINE_SUBSTITUTION {{(pid=108234) _check_effective_sql_mode /opt/stack/data/venv/lib/python3.12/site-packages/oslo_db/sqlalchemy/engines.py:325}}
May 15 23:53:14.847698 np0000174362 devstack@n-api-meta.service[108234]: DEBUG dbcounter [-] [108234] Writer thread running {{(pid=108234) stat_writer /opt/stack/data/venv/lib/python3.12/site-packages/dbcounter.py:102}}
May 15 23:53:14.866457 np0000174362 devstack@n-api-meta.service[108232]: DEBUG dbcounter [-] [108232] Writer thread running {{(pid=108232) stat_writer /opt/stack/data/venv/lib/python3.12/site-packages/dbcounter.py:102}}
May 15 23:53:14.871923 np0000174362 devstack@n-api-meta.service[108233]: DEBUG dbcounter [-] [108233] Writer thread running {{(pid=108233) stat_writer /opt/stack/data/venv/lib/python3.12/site-packages/dbcounter.py:102}}
May 15 23:53:14.873216 np0000174362 devstack@n-api-meta.service[108232]: DEBUG dbcounter [-] [108232] Writer thread running {{(pid=108232) stat_writer /opt/stack/data/venv/lib/python3.12/site-packages/dbcounter.py:102}}
May 15 23:53:14.877894 np0000174362 devstack@n-api-meta.service[108233]: DEBUG dbcounter [-] [108233] Writer thread running {{(pid=108233) stat_writer /opt/stack/data/venv/lib/python3.12/site-packages/dbcounter.py:102}}
May 15 23:53:14.878216 np0000174362 devstack@n-api-meta.service[108232]: INFO dbcounter [None req-deacf119-e25e-463d-a62b-2b2acc25aa03 None None] Registered counter for database nova_cell0
May 15 23:53:14.881920 np0000174362 devstack@n-api-meta.service[108233]: INFO dbcounter [None req-bb2329fa-dfea-4f02-8015-3fb23a1151e0 None None] Registered counter for database nova_cell0
May 15 23:53:14.887013 np0000174362 devstack@n-api-meta.service[108232]: DEBUG oslo_db.sqlalchemy.engines [None req-deacf119-e25e-463d-a62b-2b2acc25aa03 None None] MySQL server mode set to STRICT_TRANS_TABLES,STRICT_ALL_TABLES,NO_ZERO_IN_DATE,NO_ZERO_DATE,ERROR_FOR_DIVISION_BY_ZERO,TRADITIONAL,NO_ENGINE_SUBSTITUTION {{(pid=108232) _check_effective_sql_mode /opt/stack/data/venv/lib/python3.12/site-packages/oslo_db/sqlalchemy/engines.py:325}}
May 15 23:53:14.889741 np0000174362 devstack@n-api-meta.service[108234]: WARNING nova.api.metadata.handler [None req-853d54ca-76c9-4eb6-8b49-facc25bbc5c2 None None] metadata_proxy_shared_secret is not configured, the metadata information returned by the proxy cannot be trusted
May 15 23:53:14.891547 np0000174362 devstack@n-api-meta.service[108233]: DEBUG oslo_db.sqlalchemy.engines [None req-bb2329fa-dfea-4f02-8015-3fb23a1151e0 None None] MySQL server mode set to STRICT_TRANS_TABLES,STRICT_ALL_TABLES,NO_ZERO_IN_DATE,NO_ZERO_DATE,ERROR_FOR_DIVISION_BY_ZERO,TRADITIONAL,NO_ENGINE_SUBSTITUTION {{(pid=108233) _check_effective_sql_mode /opt/stack/data/venv/lib/python3.12/site-packages/oslo_db/sqlalchemy/engines.py:325}}
May 15 23:53:14.891962 np0000174362 devstack@n-api-meta.service[108234]: DEBUG nova.api.openstack.wsgi_app [None req-853d54ca-76c9-4eb6-8b49-facc25bbc5c2 None None] ******************************************************************************** {{(pid=108234) log_opt_values /opt/stack/data/venv/lib/python3.12/site-packages/oslo_config/cfg.py:2979}}
May 15 23:53:14.892070 np0000174362 devstack@n-api-meta.service[108234]: DEBUG nova.api.openstack.wsgi_app [None req-853d54ca-76c9-4eb6-8b49-facc25bbc5c2 None None] Configuration options gathered from: {{(pid=108234) log_opt_values /opt/stack/data/venv/lib/python3.12/site-packages/oslo_config/cfg.py:2980}}
May 15 23:53:14.892198 np0000174362 devstack@n-api-meta.service[108234]: DEBUG nova.api.openstack.wsgi_app [None req-853d54ca-76c9-4eb6-8b49-facc25bbc5c2 None None] command line args: [] {{(pid=108234) log_opt_values /opt/stack/data/venv/lib/python3.12/site-packages/oslo_config/cfg.py:2981}}
May 15 23:53:14.892340 np0000174362 devstack@n-api-meta.service[108234]: DEBUG nova.api.openstack.wsgi_app [None req-853d54ca-76c9-4eb6-8b49-facc25bbc5c2 None None] config files: ['/etc/nova/api-paste.ini', '/etc/nova/nova.conf'] {{(pid=108234) log_opt_values /opt/stack/data/venv/lib/python3.12/site-packages/oslo_config/cfg.py:2982}}
May 15 23:53:14.892437 np0000174362 devstack@n-api-meta.service[108234]: DEBUG nova.api.openstack.wsgi_app [None req-853d54ca-76c9-4eb6-8b49-facc25bbc5c2 None None] ================================================================================ {{(pid=108234) log_opt_values /opt/stack/data/venv/lib/python3.12/site-packages/oslo_config/cfg.py:2987}}
May 15 23:53:14.892651 np0000174362 devstack@n-api-meta.service[108234]: DEBUG nova.api.openstack.wsgi_app [None req-853d54ca-76c9-4eb6-8b49-facc25bbc5c2 None None] allow_resize_to_same_host = True {{(pid=108234) log_opt_values /opt/stack/data/venv/lib/python3.12/site-packages/oslo_config/cfg.py:2995}}
May 15 23:53:14.892791 np0000174362 devstack@n-api-meta.service[108234]: DEBUG nova.api.openstack.wsgi_app [None req-853d54ca-76c9-4eb6-8b49-facc25bbc5c2 None None] arq_binding_timeout = 300 {{(pid=108234) log_opt_values /opt/stack/data/venv/lib/python3.12/site-packages/oslo_config/cfg.py:2995}}
May 15 23:53:14.892850 np0000174362 devstack@n-api-meta.service[108232]: DEBUG dbcounter [-] [108232] Writer thread running {{(pid=108232) stat_writer /opt/stack/data/venv/lib/python3.12/site-packages/dbcounter.py:102}}
May 15 23:53:14.892905 np0000174362 devstack@n-api-meta.service[108234]: DEBUG nova.api.openstack.wsgi_app [None req-853d54ca-76c9-4eb6-8b49-facc25bbc5c2 None None] block_device_allocate_retries = 60 {{(pid=108234) log_opt_values /opt/stack/data/venv/lib/python3.12/site-packages/oslo_config/cfg.py:2995}}
May 15 23:53:14.893048 np0000174362 devstack@n-api-meta.service[108234]: DEBUG nova.api.openstack.wsgi_app [None req-853d54ca-76c9-4eb6-8b49-facc25bbc5c2 None None] block_device_allocate_retries_interval = 3 {{(pid=108234) log_opt_values /opt/stack/data/venv/lib/python3.12/site-packages/oslo_config/cfg.py:2995}}
May 15 23:53:14.893194 np0000174362 devstack@n-api-meta.service[108234]: DEBUG nova.api.openstack.wsgi_app [None req-853d54ca-76c9-4eb6-8b49-facc25bbc5c2 None None] cell_worker_thread_pool_size = 5 {{(pid=108234) log_opt_values /opt/stack/data/venv/lib/python3.12/site-packages/oslo_config/cfg.py:2995}}
May 15 23:53:14.893299 np0000174362 devstack@n-api-meta.service[108234]: DEBUG nova.api.openstack.wsgi_app [None req-853d54ca-76c9-4eb6-8b49-facc25bbc5c2 None None] cert = self.pem {{(pid=108234) log_opt_values /opt/stack/data/venv/lib/python3.12/site-packages/oslo_config/cfg.py:2995}}
May 15 23:53:14.893440 np0000174362 devstack@n-api-meta.service[108234]: DEBUG nova.api.openstack.wsgi_app [None req-853d54ca-76c9-4eb6-8b49-facc25bbc5c2 None None] compute_driver = libvirt.LibvirtDriver {{(pid=108234) log_opt_values /opt/stack/data/venv/lib/python3.12/site-packages/oslo_config/cfg.py:2995}}
May 15 23:53:14.893577 np0000174362 devstack@n-api-meta.service[108234]: DEBUG nova.api.openstack.wsgi_app [None req-853d54ca-76c9-4eb6-8b49-facc25bbc5c2 None None] compute_monitors = [] {{(pid=108234) log_opt_values /opt/stack/data/venv/lib/python3.12/site-packages/oslo_config/cfg.py:2995}}
May 15 23:53:14.893707 np0000174362 devstack@n-api-meta.service[108234]: DEBUG nova.api.openstack.wsgi_app [None req-853d54ca-76c9-4eb6-8b49-facc25bbc5c2 None None] config_dir = [] {{(pid=108234) log_opt_values /opt/stack/data/venv/lib/python3.12/site-packages/oslo_config/cfg.py:2995}}
May 15 23:53:14.893853 np0000174362 devstack@n-api-meta.service[108234]: DEBUG nova.api.openstack.wsgi_app [None req-853d54ca-76c9-4eb6-8b49-facc25bbc5c2 None None] config_drive_format = iso9660 {{(pid=108234) log_opt_values /opt/stack/data/venv/lib/python3.12/site-packages/oslo_config/cfg.py:2995}}
May 15 23:53:14.893997 np0000174362 devstack@n-api-meta.service[108234]: DEBUG nova.api.openstack.wsgi_app [None req-853d54ca-76c9-4eb6-8b49-facc25bbc5c2 None None] config_file = ['/etc/nova/api-paste.ini', '/etc/nova/nova.conf'] {{(pid=108234) log_opt_values /opt/stack/data/venv/lib/python3.12/site-packages/oslo_config/cfg.py:2995}}
May 15 23:53:14.894135 np0000174362 devstack@n-api-meta.service[108234]: DEBUG nova.api.openstack.wsgi_app [None req-853d54ca-76c9-4eb6-8b49-facc25bbc5c2 None None] config_source = [] {{(pid=108234) log_opt_values /opt/stack/data/venv/lib/python3.12/site-packages/oslo_config/cfg.py:2995}}
May 15 23:53:14.894284 np0000174362 devstack@n-api-meta.service[108234]: DEBUG nova.api.openstack.wsgi_app [None req-853d54ca-76c9-4eb6-8b49-facc25bbc5c2 None None] console_host = np0000174362 {{(pid=108234) log_opt_values /opt/stack/data/venv/lib/python3.12/site-packages/oslo_config/cfg.py:2995}}
May 15 23:53:14.894407 np0000174362 devstack@n-api-meta.service[108234]: DEBUG nova.api.openstack.wsgi_app [None req-853d54ca-76c9-4eb6-8b49-facc25bbc5c2 None None] control_exchange = nova {{(pid=108234) log_opt_values /opt/stack/data/venv/lib/python3.12/site-packages/oslo_config/cfg.py:2995}}
May 15 23:53:14.894537 np0000174362 devstack@n-api-meta.service[108234]: DEBUG nova.api.openstack.wsgi_app [None req-853d54ca-76c9-4eb6-8b49-facc25bbc5c2 None None] cpu_allocation_ratio = None {{(pid=108234) log_opt_values /opt/stack/data/venv/lib/python3.12/site-packages/oslo_config/cfg.py:2995}}
May 15 23:53:14.894688 np0000174362 devstack@n-api-meta.service[108234]: DEBUG nova.api.openstack.wsgi_app [None req-853d54ca-76c9-4eb6-8b49-facc25bbc5c2 None None] daemon = False {{(pid=108234) log_opt_values /opt/stack/data/venv/lib/python3.12/site-packages/oslo_config/cfg.py:2995}}
May 15 23:53:14.894839 np0000174362 devstack@n-api-meta.service[108234]: DEBUG nova.api.openstack.wsgi_app [None req-853d54ca-76c9-4eb6-8b49-facc25bbc5c2 None None] debug = True {{(pid=108234) log_opt_values /opt/stack/data/venv/lib/python3.12/site-packages/oslo_config/cfg.py:2995}}
May 15 23:53:14.894967 np0000174362 devstack@n-api-meta.service[108234]: DEBUG nova.api.openstack.wsgi_app [None req-853d54ca-76c9-4eb6-8b49-facc25bbc5c2 None None] default_access_ip_network_name = None {{(pid=108234) log_opt_values /opt/stack/data/venv/lib/python3.12/site-packages/oslo_config/cfg.py:2995}}
May 15 23:53:14.895102 np0000174362 devstack@n-api-meta.service[108234]: DEBUG nova.api.openstack.wsgi_app [None req-853d54ca-76c9-4eb6-8b49-facc25bbc5c2 None None] default_availability_zone = nova {{(pid=108234) log_opt_values /opt/stack/data/venv/lib/python3.12/site-packages/oslo_config/cfg.py:2995}}
May 15 23:53:14.895236 np0000174362 devstack@n-api-meta.service[108234]: DEBUG nova.api.openstack.wsgi_app [None req-853d54ca-76c9-4eb6-8b49-facc25bbc5c2 None None] default_ephemeral_format = ext4 {{(pid=108234) log_opt_values /opt/stack/data/venv/lib/python3.12/site-packages/oslo_config/cfg.py:2995}}
May 15 23:53:14.895378 np0000174362 devstack@n-api-meta.service[108234]: DEBUG nova.api.openstack.wsgi_app [None req-853d54ca-76c9-4eb6-8b49-facc25bbc5c2 None None] default_green_pool_size = 1000 {{(pid=108234) log_opt_values /opt/stack/data/venv/lib/python3.12/site-packages/oslo_config/cfg.py:2995}}
May 15 23:53:14.895590 np0000174362 devstack@n-api-meta.service[108234]: DEBUG nova.api.openstack.wsgi_app [None req-853d54ca-76c9-4eb6-8b49-facc25bbc5c2 None None] default_log_levels = ['amqp=WARN', 'boto=WARN', 'sqlalchemy=WARN', 'suds=INFO', 'oslo.messaging=INFO', 'oslo_messaging=INFO', 'iso8601=WARN', 'requests.packages.urllib3.connectionpool=WARN', 'urllib3.connectionpool=WARN', 'websocket=WARN', 'requests.packages.urllib3.util.retry=WARN', 'urllib3.util.retry=WARN', 'keystonemiddleware=WARN', 'routes.middleware=WARN', 'stevedore=WARN', 'taskflow=WARN', 'keystoneauth=WARN', 'oslo.cache=INFO', 'oslo_policy=INFO', 'dogpile.core.dogpile=INFO', 'glanceclient=WARN', 'oslo.privsep.daemon=INFO'] {{(pid=108234) log_opt_values /opt/stack/data/venv/lib/python3.12/site-packages/oslo_config/cfg.py:2995}}
May 15 23:53:14.895738 np0000174362 devstack@n-api-meta.service[108234]: DEBUG nova.api.openstack.wsgi_app [None req-853d54ca-76c9-4eb6-8b49-facc25bbc5c2 None None] default_schedule_zone = None {{(pid=108234) log_opt_values /opt/stack/data/venv/lib/python3.12/site-packages/oslo_config/cfg.py:2995}}
May 15 23:53:14.895865 np0000174362 devstack@n-api-meta.service[108234]: DEBUG nova.api.openstack.wsgi_app [None req-853d54ca-76c9-4eb6-8b49-facc25bbc5c2 None None] default_thread_pool_size = 10 {{(pid=108234) log_opt_values /opt/stack/data/venv/lib/python3.12/site-packages/oslo_config/cfg.py:2995}}
May 15 23:53:14.895982 np0000174362 devstack@n-api-meta.service[108234]: DEBUG nova.api.openstack.wsgi_app [None req-853d54ca-76c9-4eb6-8b49-facc25bbc5c2 None None] disk_allocation_ratio = None {{(pid=108234) log_opt_values /opt/stack/data/venv/lib/python3.12/site-packages/oslo_config/cfg.py:2995}}
May 15 23:53:14.896098 np0000174362 devstack@n-api-meta.service[108234]: DEBUG nova.api.openstack.wsgi_app [None req-853d54ca-76c9-4eb6-8b49-facc25bbc5c2 None None] enable_new_services = True {{(pid=108234) log_opt_values /opt/stack/data/venv/lib/python3.12/site-packages/oslo_config/cfg.py:2995}}
May 15 23:53:14.896223 np0000174362 devstack@n-api-meta.service[108234]: DEBUG nova.api.openstack.wsgi_app [None req-853d54ca-76c9-4eb6-8b49-facc25bbc5c2 None None] flat_injected = False {{(pid=108234) log_opt_values /opt/stack/data/venv/lib/python3.12/site-packages/oslo_config/cfg.py:2995}}
May 15 23:53:14.896350 np0000174362 devstack@n-api-meta.service[108234]: DEBUG nova.api.openstack.wsgi_app [None req-853d54ca-76c9-4eb6-8b49-facc25bbc5c2 None None] force_config_drive = False {{(pid=108234) log_opt_values /opt/stack/data/venv/lib/python3.12/site-packages/oslo_config/cfg.py:2995}}
May 15 23:53:14.896520 np0000174362 devstack@n-api-meta.service[108234]: DEBUG nova.api.openstack.wsgi_app [None req-853d54ca-76c9-4eb6-8b49-facc25bbc5c2 None None] force_raw_images = True {{(pid=108234) log_opt_values /opt/stack/data/venv/lib/python3.12/site-packages/oslo_config/cfg.py:2995}}
May 15 23:53:14.896689 np0000174362 devstack@n-api-meta.service[108234]: DEBUG nova.api.openstack.wsgi_app [None req-853d54ca-76c9-4eb6-8b49-facc25bbc5c2 None None] graceful_shutdown_timeout = 5 {{(pid=108234) log_opt_values /opt/stack/data/venv/lib/python3.12/site-packages/oslo_config/cfg.py:2995}}
May 15 23:53:14.896861 np0000174362 devstack@n-api-meta.service[108234]: DEBUG nova.api.openstack.wsgi_app [None req-853d54ca-76c9-4eb6-8b49-facc25bbc5c2 None None] heal_instance_info_cache_interval = -1 {{(pid=108234) log_opt_values /opt/stack/data/venv/lib/python3.12/site-packages/oslo_config/cfg.py:2995}}
May 15 23:53:14.897046 np0000174362 devstack@n-api-meta.service[108234]: DEBUG nova.api.openstack.wsgi_app [None req-853d54ca-76c9-4eb6-8b49-facc25bbc5c2 None None] host = np0000174362 {{(pid=108234) log_opt_values /opt/stack/data/venv/lib/python3.12/site-packages/oslo_config/cfg.py:2995}}
May 15 23:53:14.897184 np0000174362 devstack@n-api-meta.service[108234]: DEBUG nova.api.openstack.wsgi_app [None req-853d54ca-76c9-4eb6-8b49-facc25bbc5c2 None None] initial_cpu_allocation_ratio = 4.0 {{(pid=108234) log_opt_values /opt/stack/data/venv/lib/python3.12/site-packages/oslo_config/cfg.py:2995}}
May 15 23:53:14.897315 np0000174362 devstack@n-api-meta.service[108234]: DEBUG nova.api.openstack.wsgi_app [None req-853d54ca-76c9-4eb6-8b49-facc25bbc5c2 None None] initial_disk_allocation_ratio = 1.0 {{(pid=108234) log_opt_values /opt/stack/data/venv/lib/python3.12/site-packages/oslo_config/cfg.py:2995}}
May 15 23:53:14.897445 np0000174362 devstack@n-api-meta.service[108234]: DEBUG nova.api.openstack.wsgi_app [None req-853d54ca-76c9-4eb6-8b49-facc25bbc5c2 None None] initial_ram_allocation_ratio = 1.0 {{(pid=108234) log_opt_values /opt/stack/data/venv/lib/python3.12/site-packages/oslo_config/cfg.py:2995}}
May 15 23:53:14.897499 np0000174362 devstack@n-api-meta.service[108233]: DEBUG dbcounter [-] [108233] Writer thread running {{(pid=108233) stat_writer /opt/stack/data/venv/lib/python3.12/site-packages/dbcounter.py:102}}
May 15 23:53:14.897616 np0000174362 devstack@n-api-meta.service[108234]: DEBUG nova.api.openstack.wsgi_app [None req-853d54ca-76c9-4eb6-8b49-facc25bbc5c2 None None] injected_network_template = /opt/stack/nova/nova/virt/interfaces.template {{(pid=108234) log_opt_values /opt/stack/data/venv/lib/python3.12/site-packages/oslo_config/cfg.py:2995}}
May 15 23:53:14.897744 np0000174362 devstack@n-api-meta.service[108234]: DEBUG nova.api.openstack.wsgi_app [None req-853d54ca-76c9-4eb6-8b49-facc25bbc5c2 None None] instance_build_timeout = 0 {{(pid=108234) log_opt_values /opt/stack/data/venv/lib/python3.12/site-packages/oslo_config/cfg.py:2995}}
May 15 23:53:14.897931 np0000174362 devstack@n-api-meta.service[108234]: DEBUG nova.api.openstack.wsgi_app [None req-853d54ca-76c9-4eb6-8b49-facc25bbc5c2 None None] instance_delete_interval = 300 {{(pid=108234) log_opt_values /opt/stack/data/venv/lib/python3.12/site-packages/oslo_config/cfg.py:2995}}
May 15 23:53:14.898068 np0000174362 devstack@n-api-meta.service[108234]: DEBUG nova.api.openstack.wsgi_app [None req-853d54ca-76c9-4eb6-8b49-facc25bbc5c2 None None] instance_format = [instance: %(uuid)s] {{(pid=108234) log_opt_values /opt/stack/data/venv/lib/python3.12/site-packages/oslo_config/cfg.py:2995}}
May 15 23:53:14.898211 np0000174362 devstack@n-api-meta.service[108234]: DEBUG nova.api.openstack.wsgi_app [None req-853d54ca-76c9-4eb6-8b49-facc25bbc5c2 None None] instance_name_template = instance-%08x {{(pid=108234) log_opt_values /opt/stack/data/venv/lib/python3.12/site-packages/oslo_config/cfg.py:2995}}
May 15 23:53:14.898338 np0000174362 devstack@n-api-meta.service[108234]: DEBUG nova.api.openstack.wsgi_app [None req-853d54ca-76c9-4eb6-8b49-facc25bbc5c2 None None] instance_usage_audit = False {{(pid=108234) log_opt_values /opt/stack/data/venv/lib/python3.12/site-packages/oslo_config/cfg.py:2995}}
May 15 23:53:14.898466 np0000174362 devstack@n-api-meta.service[108234]: DEBUG nova.api.openstack.wsgi_app [None req-853d54ca-76c9-4eb6-8b49-facc25bbc5c2 None None] instance_usage_audit_period = month {{(pid=108234) log_opt_values /opt/stack/data/venv/lib/python3.12/site-packages/oslo_config/cfg.py:2995}}
May 15 23:53:14.898598 np0000174362 devstack@n-api-meta.service[108234]: DEBUG nova.api.openstack.wsgi_app [None req-853d54ca-76c9-4eb6-8b49-facc25bbc5c2 None None] instance_uuid_format = [instance: %(uuid)s] {{(pid=108234) log_opt_values /opt/stack/data/venv/lib/python3.12/site-packages/oslo_config/cfg.py:2995}}
May 15 23:53:14.898770 np0000174362 devstack@n-api-meta.service[108234]: DEBUG nova.api.openstack.wsgi_app [None req-853d54ca-76c9-4eb6-8b49-facc25bbc5c2 None None] instances_path = /opt/stack/data/nova/instances {{(pid=108234) log_opt_values /opt/stack/data/venv/lib/python3.12/site-packages/oslo_config/cfg.py:2995}}
May 15 23:53:14.898943 np0000174362 devstack@n-api-meta.service[108234]: DEBUG nova.api.openstack.wsgi_app [None req-853d54ca-76c9-4eb6-8b49-facc25bbc5c2 None None] internal_service_availability_zone = internal {{(pid=108234) log_opt_values /opt/stack/data/venv/lib/python3.12/site-packages/oslo_config/cfg.py:2995}}
May 15 23:53:14.899066 np0000174362 devstack@n-api-meta.service[108234]: DEBUG nova.api.openstack.wsgi_app [None req-853d54ca-76c9-4eb6-8b49-facc25bbc5c2 None None] key = None {{(pid=108234) log_opt_values /opt/stack/data/venv/lib/python3.12/site-packages/oslo_config/cfg.py:2995}}
May 15 23:53:14.899127 np0000174362 devstack@n-api-meta.service[108231]: DEBUG dbcounter [-] [108231] Writer thread running {{(pid=108231) stat_writer /opt/stack/data/venv/lib/python3.12/site-packages/dbcounter.py:102}}
May 15 23:53:14.899186 np0000174362 devstack@n-api-meta.service[108234]: DEBUG nova.api.openstack.wsgi_app [None req-853d54ca-76c9-4eb6-8b49-facc25bbc5c2 None None] live_migration_retry_count = 30 {{(pid=108234) log_opt_values /opt/stack/data/venv/lib/python3.12/site-packages/oslo_config/cfg.py:2995}}
May 15 23:53:14.899325 np0000174362 devstack@n-api-meta.service[108234]: DEBUG nova.api.openstack.wsgi_app [None req-853d54ca-76c9-4eb6-8b49-facc25bbc5c2 None None] log_color = False {{(pid=108234) log_opt_values /opt/stack/data/venv/lib/python3.12/site-packages/oslo_config/cfg.py:2995}}
