Mar 18 19:43:14.077250 np0000159908 systemd[1]: Starting devstack@n-api-meta.service - Devstack devstack@n-api-meta.service...
Mar 18 19:43:14.086125 np0000159908 devstack@n-api-meta.service[107488]: [uWSGI] getting INI configuration from /etc/nova/nova-metadata-uwsgi.ini
Mar 18 19:43:14.086864 np0000159908 devstack@n-api-meta.service[107488]: open("./http_plugin.so"): No such file or directory [core/utils.c line 3709]
Mar 18 19:43:14.086864 np0000159908 devstack@n-api-meta.service[107488]: !!! UNABLE to load uWSGI plugin: ./http_plugin.so: cannot open shared object file: No such file or directory !!!
Mar 18 19:43:14.086864 np0000159908 devstack@n-api-meta.service[107488]: open("./python3_plugin.so"): No such file or directory [core/utils.c line 3709]
Mar 18 19:43:14.086864 np0000159908 devstack@n-api-meta.service[107488]: !!! UNABLE to load uWSGI plugin: ./python3_plugin.so: cannot open shared object file: No such file or directory !!!
Mar 18 19:43:14.086864 np0000159908 devstack@n-api-meta.service[107488]: *** Starting uWSGI 2.0.31 (64bit) on [Wed Mar 18 19:43:14 2026] ***
Mar 18 19:43:14.086864 np0000159908 devstack@n-api-meta.service[107488]: compiled with version: 13.3.0 on 18 March 2026 19:33:03
Mar 18 19:43:14.086864 np0000159908 devstack@n-api-meta.service[107488]: os: Linux-6.8.0-101-generic #101-Ubuntu SMP PREEMPT_DYNAMIC Mon Feb 9 10:15:05 UTC 2026
Mar 18 19:43:14.086864 np0000159908 devstack@n-api-meta.service[107488]: nodename: np0000159908
Mar 18 19:43:14.086864 np0000159908 devstack@n-api-meta.service[107488]: machine: x86_64
Mar 18 19:43:14.086864 np0000159908 devstack@n-api-meta.service[107488]: clock source: unix
Mar 18 19:43:14.086864 np0000159908 devstack@n-api-meta.service[107488]: pcre jit disabled
Mar 18 19:43:14.086864 np0000159908 devstack@n-api-meta.service[107488]: detected number of CPU cores: 16
Mar 18 19:43:14.086864 np0000159908 devstack@n-api-meta.service[107488]: current working directory: /
Mar 18 19:43:14.086864 np0000159908 devstack@n-api-meta.service[107488]: detected binary path: /opt/stack/data/venv/bin/uwsgi
Mar 18 19:43:14.086864 np0000159908 devstack@n-api-meta.service[107488]: your processes number limit is 256917
Mar 18 19:43:14.086864 np0000159908 devstack@n-api-meta.service[107488]: your memory page size is 4096 bytes
Mar 18 19:43:14.086864 np0000159908 devstack@n-api-meta.service[107488]: detected max file descriptor number: 2048
Mar 18 19:43:14.086864 np0000159908 devstack@n-api-meta.service[107488]: lock engine: pthread robust mutexes
Mar 18 19:43:14.086864 np0000159908 devstack@n-api-meta.service[107488]: thunder lock: enabled
Mar 18 19:43:14.086864 np0000159908 devstack@n-api-meta.service[107488]: uWSGI http bound on 0.0.0.0:8775 fd 5
Mar 18 19:43:14.088229 np0000159908 devstack@n-api-meta.service[107488]: uwsgi socket 0 bound to TCP address 127.0.0.1:38185 (port auto-assigned) fd 4
Mar 18 19:43:14.088229 np0000159908 devstack@n-api-meta.service[107488]: Python version: 3.12.3 (main, Mar 3 2026, 12:15:18) [GCC 13.3.0]
Mar 18 19:43:14.088229 np0000159908 devstack@n-api-meta.service[107488]: PEP 405 virtualenv detected: /opt/stack/data/venv
Mar 18 19:43:14.088229 np0000159908 devstack@n-api-meta.service[107488]: Set PythonHome to /opt/stack/data/venv
Mar 18 19:43:14.123262 np0000159908 devstack@n-api-meta.service[107488]: Python main interpreter initialized at 0x774ba6aa3668
Mar 18 19:43:14.123262 np0000159908 devstack@n-api-meta.service[107488]: python threads support enabled
Mar 18 19:43:14.123262 np0000159908 devstack@n-api-meta.service[107488]: your server socket listen backlog is limited to 100 connections
Mar 18 19:43:14.123262 np0000159908 devstack@n-api-meta.service[107488]: your mercy for graceful operations on workers is 80 seconds
Mar 18 19:43:14.123732 np0000159908 devstack@n-api-meta.service[107488]: mapped 671795 bytes (656 KB) for 4 cores
Mar 18 19:43:14.123908 np0000159908 devstack@n-api-meta.service[107488]: *** Operational MODE: preforking ***
Mar 18 19:43:14.124128 np0000159908 devstack@n-api-meta.service[107488]: *** uWSGI is running in multiple interpreter mode ***
Mar 18 19:43:14.124128 np0000159908 devstack@n-api-meta.service[107488]: spawned uWSGI master process (pid: 107488)
Mar 18 19:43:14.124365 np0000159908 systemd[1]: Started devstack@n-api-meta.service - Devstack devstack@n-api-meta.service.
Mar 18 19:43:14.124778 np0000159908 devstack@n-api-meta.service[107488]: spawned uWSGI worker 1 (pid: 107489, cores: 1)
Mar 18 19:43:14.125207 np0000159908 devstack@n-api-meta.service[107488]: spawned uWSGI worker 2 (pid: 107490, cores: 1)
Mar 18 19:43:14.125615 np0000159908 devstack@n-api-meta.service[107488]: spawned uWSGI worker 3 (pid: 107491, cores: 1)
Mar 18 19:43:14.126115 np0000159908 devstack@n-api-meta.service[107488]: spawned uWSGI worker 4 (pid: 107492, cores: 1)
Mar 18 19:43:14.126564 np0000159908 devstack@n-api-meta.service[107488]: spawned uWSGI http 1 (pid: 107493)
Mar 18 19:43:14.126564 np0000159908 devstack@n-api-meta.service[107488]: running "unix_signal:15 gracefully_kill_them_all" (master-start)...
Mar 18 19:43:14.468654 np0000159908 devstack@n-api-meta.service[107491]: Service is starting with native threading. This is currently experimental. Do not use it in production without first testing it in pre-production.
Mar 18 19:43:14.479628 np0000159908 devstack@n-api-meta.service[107490]: Service is starting with native threading. This is currently experimental. Do not use it in production without first testing it in pre-production.
Mar 18 19:43:14.485770 np0000159908 devstack@n-api-meta.service[107492]: Service is starting with native threading. This is currently experimental. Do not use it in production without first testing it in pre-production.
Mar 18 19:43:14.490099 np0000159908 devstack@n-api-meta.service[107489]: Service is starting with native threading. This is currently experimental. Do not use it in production without first testing it in pre-production.
Mar 18 19:43:15.934187 np0000159908 devstack@n-api-meta.service[107492]: INFO dbcounter [None req-6b106283-2cdf-4a56-95c3-afc4ab0eea6f None None] Registered counter for database nova_api
Mar 18 19:43:15.943438 np0000159908 devstack@n-api-meta.service[107491]: INFO dbcounter [None req-11dc11d8-a958-495f-ba3d-3582e8426915 None None] Registered counter for database nova_api
Mar 18 19:43:15.944873 np0000159908 devstack@n-api-meta.service[107490]: INFO dbcounter [None req-d973a5bf-0979-45d2-a057-f76cc79876ef None None] Registered counter for database nova_api
Mar 18 19:43:15.951306 np0000159908 devstack@n-api-meta.service[107492]: DEBUG oslo_db.sqlalchemy.engines [None req-6b106283-2cdf-4a56-95c3-afc4ab0eea6f None None] MySQL server mode set to STRICT_TRANS_TABLES,STRICT_ALL_TABLES,NO_ZERO_IN_DATE,NO_ZERO_DATE,ERROR_FOR_DIVISION_BY_ZERO,TRADITIONAL,NO_ENGINE_SUBSTITUTION {{(pid=107492) _check_effective_sql_mode /opt/stack/data/venv/lib/python3.12/site-packages/oslo_db/sqlalchemy/engines.py:325}}
Mar 18 19:43:15.962200 np0000159908 devstack@n-api-meta.service[107491]: DEBUG oslo_db.sqlalchemy.engines [None req-11dc11d8-a958-495f-ba3d-3582e8426915 None None] MySQL server mode set to STRICT_TRANS_TABLES,STRICT_ALL_TABLES,NO_ZERO_IN_DATE,NO_ZERO_DATE,ERROR_FOR_DIVISION_BY_ZERO,TRADITIONAL,NO_ENGINE_SUBSTITUTION {{(pid=107491) _check_effective_sql_mode /opt/stack/data/venv/lib/python3.12/site-packages/oslo_db/sqlalchemy/engines.py:325}}
Mar 18 19:43:15.965973 np0000159908 devstack@n-api-meta.service[107490]: DEBUG oslo_db.sqlalchemy.engines [None req-d973a5bf-0979-45d2-a057-f76cc79876ef None None] MySQL server mode set to STRICT_TRANS_TABLES,STRICT_ALL_TABLES,NO_ZERO_IN_DATE,NO_ZERO_DATE,ERROR_FOR_DIVISION_BY_ZERO,TRADITIONAL,NO_ENGINE_SUBSTITUTION {{(pid=107490) _check_effective_sql_mode /opt/stack/data/venv/lib/python3.12/site-packages/oslo_db/sqlalchemy/engines.py:325}}
Mar 18 19:43:15.969201 np0000159908 devstack@n-api-meta.service[107489]: INFO dbcounter [None req-a3e4f1dd-fa52-41f6-b0fc-cbf360e35e98 None None] Registered counter for database nova_api
Mar 18 19:43:15.984644 np0000159908 devstack@n-api-meta.service[107489]: DEBUG oslo_db.sqlalchemy.engines [None req-a3e4f1dd-fa52-41f6-b0fc-cbf360e35e98 None None] MySQL server mode set to STRICT_TRANS_TABLES,STRICT_ALL_TABLES,NO_ZERO_IN_DATE,NO_ZERO_DATE,ERROR_FOR_DIVISION_BY_ZERO,TRADITIONAL,NO_ENGINE_SUBSTITUTION {{(pid=107489) _check_effective_sql_mode /opt/stack/data/venv/lib/python3.12/site-packages/oslo_db/sqlalchemy/engines.py:325}}
Mar 18 19:43:15.991403 np0000159908 devstack@n-api-meta.service[107492]: DEBUG dbcounter [-] [107492] Writer thread running {{(pid=107492) stat_writer /opt/stack/data/venv/lib/python3.12/site-packages/dbcounter.py:102}}
Mar 18 19:43:15.993449 np0000159908 devstack@n-api-meta.service[107492]: DEBUG nova.context [None req-6b106283-2cdf-4a56-95c3-afc4ab0eea6f None None] Found 2 cells: 00000000-0000-0000-0000-000000000000(cell0),4b1b8456-894e-4455-80e8-f70ac026b0c4(cell1) {{(pid=107492) load_cells /opt/stack/nova/nova/context.py:509}}
Mar 18 19:43:15.993675 np0000159908 devstack@n-api-meta.service[107492]: INFO nova.utils [None req-6b106283-2cdf-4a56-95c3-afc4ab0eea6f None None] The cell worker thread pool MainProcess.cell_worker is initialized
Mar 18 19:43:15.995477 np0000159908 devstack@n-api-meta.service[107492]: DEBUG oslo_concurrency.lockutils [None req-6b106283-2cdf-4a56-95c3-afc4ab0eea6f None None] Acquiring lock "00000000-0000-0000-0000-000000000000" by "nova.context.set_target_cell..get_or_set_cached_cell_and_set_connections" {{(pid=107492) inner /opt/stack/data/venv/lib/python3.12/site-packages/oslo_concurrency/lockutils.py:506}}
Mar 18 19:43:15.995632 np0000159908 devstack@n-api-meta.service[107492]: DEBUG oslo_concurrency.lockutils [None req-6b106283-2cdf-4a56-95c3-afc4ab0eea6f None None] Lock "00000000-0000-0000-0000-000000000000" acquired by "nova.context.set_target_cell..get_or_set_cached_cell_and_set_connections" :: waited 0.000s {{(pid=107492) inner /opt/stack/data/venv/lib/python3.12/site-packages/oslo_concurrency/lockutils.py:519}}
Mar 18 19:43:15.996036 np0000159908 devstack@n-api-meta.service[107492]: DEBUG oslo_concurrency.lockutils [None req-6b106283-2cdf-4a56-95c3-afc4ab0eea6f None None] Lock "00000000-0000-0000-0000-000000000000" "released" by "nova.context.set_target_cell..get_or_set_cached_cell_and_set_connections" :: held 0.000s {{(pid=107492) inner /opt/stack/data/venv/lib/python3.12/site-packages/oslo_concurrency/lockutils.py:538}}
Mar 18 19:43:15.996711 np0000159908 devstack@n-api-meta.service[107492]: DEBUG oslo_concurrency.lockutils [None req-6b106283-2cdf-4a56-95c3-afc4ab0eea6f None None] Acquiring lock "4b1b8456-894e-4455-80e8-f70ac026b0c4" by "nova.context.set_target_cell..get_or_set_cached_cell_and_set_connections" {{(pid=107492) inner /opt/stack/data/venv/lib/python3.12/site-packages/oslo_concurrency/lockutils.py:506}}
Mar 18 19:43:15.996858 np0000159908 devstack@n-api-meta.service[107492]: DEBUG oslo_concurrency.lockutils [None req-6b106283-2cdf-4a56-95c3-afc4ab0eea6f None None] Lock "4b1b8456-894e-4455-80e8-f70ac026b0c4" acquired by "nova.context.set_target_cell..get_or_set_cached_cell_and_set_connections" :: waited 0.000s {{(pid=107492) inner /opt/stack/data/venv/lib/python3.12/site-packages/oslo_concurrency/lockutils.py:519}}
Mar 18 19:43:15.997855 np0000159908 devstack@n-api-meta.service[107492]: DEBUG oslo_concurrency.lockutils [None req-6b106283-2cdf-4a56-95c3-afc4ab0eea6f None None] Lock "4b1b8456-894e-4455-80e8-f70ac026b0c4" "released" by "nova.context.set_target_cell..get_or_set_cached_cell_and_set_connections" :: held 0.001s {{(pid=107492) inner /opt/stack/data/venv/lib/python3.12/site-packages/oslo_concurrency/lockutils.py:538}}
Mar 18 19:43:16.000227 np0000159908 devstack@n-api-meta.service[107492]: INFO dbcounter [None req-6b106283-2cdf-4a56-95c3-afc4ab0eea6f None None] Registered counter for database nova_cell0
Mar 18 19:43:16.005281 np0000159908 devstack@n-api-meta.service[107490]: DEBUG dbcounter [-] [107490] Writer thread running {{(pid=107490) stat_writer /opt/stack/data/venv/lib/python3.12/site-packages/dbcounter.py:102}}
Mar 18 19:43:16.006488 np0000159908 devstack@n-api-meta.service[107492]: INFO dbcounter [None req-6b106283-2cdf-4a56-95c3-afc4ab0eea6f None None] Registered counter for database nova_cell1
Mar 18 19:43:16.007576 np0000159908 devstack@n-api-meta.service[107490]: DEBUG nova.context [None req-d973a5bf-0979-45d2-a057-f76cc79876ef None None] Found 2 cells: 00000000-0000-0000-0000-000000000000(cell0),4b1b8456-894e-4455-80e8-f70ac026b0c4(cell1) {{(pid=107490) load_cells /opt/stack/nova/nova/context.py:509}}
Mar 18 19:43:16.007849 np0000159908 devstack@n-api-meta.service[107490]: INFO nova.utils [None req-d973a5bf-0979-45d2-a057-f76cc79876ef None None] The cell worker thread pool MainProcess.cell_worker is initialized
Mar 18 19:43:16.009321 np0000159908 devstack@n-api-meta.service[107491]: DEBUG dbcounter [-] [107491] Writer thread running {{(pid=107491) stat_writer /opt/stack/data/venv/lib/python3.12/site-packages/dbcounter.py:102}}
Mar 18 19:43:16.012707 np0000159908 devstack@n-api-meta.service[107490]: DEBUG oslo_concurrency.lockutils [None req-d973a5bf-0979-45d2-a057-f76cc79876ef None None] Acquiring lock "00000000-0000-0000-0000-000000000000" by "nova.context.set_target_cell..get_or_set_cached_cell_and_set_connections" {{(pid=107490) inner /opt/stack/data/venv/lib/python3.12/site-packages/oslo_concurrency/lockutils.py:506}}
Mar 18 19:43:16.012707 np0000159908 devstack@n-api-meta.service[107490]: DEBUG oslo_concurrency.lockutils [None req-d973a5bf-0979-45d2-a057-f76cc79876ef None None] Lock "00000000-0000-0000-0000-000000000000" acquired by "nova.context.set_target_cell..get_or_set_cached_cell_and_set_connections" :: waited 0.000s {{(pid=107490) inner /opt/stack/data/venv/lib/python3.12/site-packages/oslo_concurrency/lockutils.py:519}}
Mar 18 19:43:16.012707 np0000159908 devstack@n-api-meta.service[107490]: DEBUG oslo_concurrency.lockutils [None req-d973a5bf-0979-45d2-a057-f76cc79876ef None None] Lock "00000000-0000-0000-0000-000000000000" "released" by "nova.context.set_target_cell..get_or_set_cached_cell_and_set_connections" :: held 0.000s {{(pid=107490) inner /opt/stack/data/venv/lib/python3.12/site-packages/oslo_concurrency/lockutils.py:538}}
Mar 18 19:43:16.012707 np0000159908 devstack@n-api-meta.service[107490]: DEBUG oslo_concurrency.lockutils [None req-d973a5bf-0979-45d2-a057-f76cc79876ef None None] Acquiring lock "4b1b8456-894e-4455-80e8-f70ac026b0c4" by "nova.context.set_target_cell..get_or_set_cached_cell_and_set_connections" {{(pid=107490) inner /opt/stack/data/venv/lib/python3.12/site-packages/oslo_concurrency/lockutils.py:506}}
Mar 18 19:43:16.012707 np0000159908 devstack@n-api-meta.service[107490]: DEBUG oslo_concurrency.lockutils [None req-d973a5bf-0979-45d2-a057-f76cc79876ef None None] Lock "4b1b8456-894e-4455-80e8-f70ac026b0c4" acquired by "nova.context.set_target_cell..get_or_set_cached_cell_and_set_connections" :: waited 0.000s {{(pid=107490) inner /opt/stack/data/venv/lib/python3.12/site-packages/oslo_concurrency/lockutils.py:519}}
Mar 18 19:43:16.013008 np0000159908 devstack@n-api-meta.service[107491]: DEBUG nova.context [None req-11dc11d8-a958-495f-ba3d-3582e8426915 None None] Found 2 cells: 00000000-0000-0000-0000-000000000000(cell0),4b1b8456-894e-4455-80e8-f70ac026b0c4(cell1) {{(pid=107491) load_cells /opt/stack/nova/nova/context.py:509}}
Mar 18 19:43:16.013008 np0000159908 devstack@n-api-meta.service[107491]: INFO nova.utils [None req-11dc11d8-a958-495f-ba3d-3582e8426915 None None] The cell worker thread pool MainProcess.cell_worker is initialized
Mar 18 19:43:16.013110 np0000159908 devstack@n-api-meta.service[107490]: DEBUG oslo_concurrency.lockutils [None req-d973a5bf-0979-45d2-a057-f76cc79876ef None None] Lock "4b1b8456-894e-4455-80e8-f70ac026b0c4" "released" by "nova.context.set_target_cell..get_or_set_cached_cell_and_set_connections" :: held 0.001s {{(pid=107490) inner /opt/stack/data/venv/lib/python3.12/site-packages/oslo_concurrency/lockutils.py:538}}
Mar 18 19:43:16.013923 np0000159908 devstack@n-api-meta.service[107491]: DEBUG oslo_concurrency.lockutils [None req-11dc11d8-a958-495f-ba3d-3582e8426915 None None] Acquiring lock "00000000-0000-0000-0000-000000000000" by "nova.context.set_target_cell..get_or_set_cached_cell_and_set_connections" {{(pid=107491) inner /opt/stack/data/venv/lib/python3.12/site-packages/oslo_concurrency/lockutils.py:506}}
Mar 18 19:43:16.014110 np0000159908 devstack@n-api-meta.service[107491]: DEBUG oslo_concurrency.lockutils [None req-11dc11d8-a958-495f-ba3d-3582e8426915 None None] Lock "00000000-0000-0000-0000-000000000000" acquired by "nova.context.set_target_cell..get_or_set_cached_cell_and_set_connections" :: waited 0.000s {{(pid=107491) inner /opt/stack/data/venv/lib/python3.12/site-packages/oslo_concurrency/lockutils.py:519}}
Mar 18 19:43:16.014502 np0000159908 devstack@n-api-meta.service[107491]: DEBUG oslo_concurrency.lockutils [None req-11dc11d8-a958-495f-ba3d-3582e8426915 None None] Lock "00000000-0000-0000-0000-000000000000" "released" by "nova.context.set_target_cell..get_or_set_cached_cell_and_set_connections" :: held 0.000s {{(pid=107491) inner /opt/stack/data/venv/lib/python3.12/site-packages/oslo_concurrency/lockutils.py:538}}
Mar 18 19:43:16.015296 np0000159908 devstack@n-api-meta.service[107491]: DEBUG oslo_concurrency.lockutils [None req-11dc11d8-a958-495f-ba3d-3582e8426915 None None] Acquiring lock "4b1b8456-894e-4455-80e8-f70ac026b0c4" by "nova.context.set_target_cell..get_or_set_cached_cell_and_set_connections" {{(pid=107491) inner /opt/stack/data/venv/lib/python3.12/site-packages/oslo_concurrency/lockutils.py:506}}
Mar 18 19:43:16.015370 np0000159908 devstack@n-api-meta.service[107490]: INFO dbcounter [None req-d973a5bf-0979-45d2-a057-f76cc79876ef None None] Registered counter for database nova_cell0
Mar 18 19:43:16.015483 np0000159908 devstack@n-api-meta.service[107491]: DEBUG oslo_concurrency.lockutils [None req-11dc11d8-a958-495f-ba3d-3582e8426915 None None] Lock "4b1b8456-894e-4455-80e8-f70ac026b0c4" acquired by "nova.context.set_target_cell..get_or_set_cached_cell_and_set_connections" :: waited 0.000s {{(pid=107491) inner /opt/stack/data/venv/lib/python3.12/site-packages/oslo_concurrency/lockutils.py:519}}
Mar 18 19:43:16.016420 np0000159908 devstack@n-api-meta.service[107491]: DEBUG oslo_concurrency.lockutils [None req-11dc11d8-a958-495f-ba3d-3582e8426915 None None] Lock "4b1b8456-894e-4455-80e8-f70ac026b0c4" "released" by "nova.context.set_target_cell..get_or_set_cached_cell_and_set_connections" :: held 0.001s {{(pid=107491) inner /opt/stack/data/venv/lib/python3.12/site-packages/oslo_concurrency/lockutils.py:538}}
Mar 18 19:43:16.018334 np0000159908 devstack@n-api-meta.service[107492]: DEBUG oslo_db.sqlalchemy.engines [None req-6b106283-2cdf-4a56-95c3-afc4ab0eea6f None None] MySQL server mode set to STRICT_TRANS_TABLES,STRICT_ALL_TABLES,NO_ZERO_IN_DATE,NO_ZERO_DATE,ERROR_FOR_DIVISION_BY_ZERO,TRADITIONAL,NO_ENGINE_SUBSTITUTION {{(pid=107492) _check_effective_sql_mode /opt/stack/data/venv/lib/python3.12/site-packages/oslo_db/sqlalchemy/engines.py:325}}
Mar 18 19:43:16.019600 np0000159908 devstack@n-api-meta.service[107492]: DEBUG oslo_db.sqlalchemy.engines [None req-6b106283-2cdf-4a56-95c3-afc4ab0eea6f None None] MySQL server mode set to STRICT_TRANS_TABLES,STRICT_ALL_TABLES,NO_ZERO_IN_DATE,NO_ZERO_DATE,ERROR_FOR_DIVISION_BY_ZERO,TRADITIONAL,NO_ENGINE_SUBSTITUTION {{(pid=107492) _check_effective_sql_mode /opt/stack/data/venv/lib/python3.12/site-packages/oslo_db/sqlalchemy/engines.py:325}}
Mar 18 19:43:16.019775 np0000159908 devstack@n-api-meta.service[107490]: INFO dbcounter [None req-d973a5bf-0979-45d2-a057-f76cc79876ef None None] Registered counter for database nova_cell1
Mar 18 19:43:16.020489 np0000159908 devstack@n-api-meta.service[107491]: INFO dbcounter [None req-11dc11d8-a958-495f-ba3d-3582e8426915 None None] Registered counter for database nova_cell0
Mar 18 19:43:16.022304 np0000159908 devstack@n-api-meta.service[107489]: DEBUG dbcounter [-] [107489] Writer thread running {{(pid=107489) stat_writer /opt/stack/data/venv/lib/python3.12/site-packages/dbcounter.py:102}}
Mar 18 19:43:16.026148 np0000159908 devstack@n-api-meta.service[107491]: INFO dbcounter [None req-11dc11d8-a958-495f-ba3d-3582e8426915 None None] Registered counter for database nova_cell1
Mar 18 19:43:16.027890 np0000159908 devstack@n-api-meta.service[107489]: DEBUG nova.context [None req-a3e4f1dd-fa52-41f6-b0fc-cbf360e35e98 None None] Found 2 cells: 00000000-0000-0000-0000-000000000000(cell0),4b1b8456-894e-4455-80e8-f70ac026b0c4(cell1) {{(pid=107489) load_cells /opt/stack/nova/nova/context.py:509}}
Mar 18 19:43:16.028120 np0000159908 devstack@n-api-meta.service[107489]: INFO nova.utils [None req-a3e4f1dd-fa52-41f6-b0fc-cbf360e35e98 None None] The cell worker thread pool MainProcess.cell_worker is initialized
Mar 18 19:43:16.028294 np0000159908 devstack@n-api-meta.service[107490]: DEBUG oslo_db.sqlalchemy.engines [None req-d973a5bf-0979-45d2-a057-f76cc79876ef None None] MySQL server mode set to STRICT_TRANS_TABLES,STRICT_ALL_TABLES,NO_ZERO_IN_DATE,NO_ZERO_DATE,ERROR_FOR_DIVISION_BY_ZERO,TRADITIONAL,NO_ENGINE_SUBSTITUTION {{(pid=107490) _check_effective_sql_mode /opt/stack/data/venv/lib/python3.12/site-packages/oslo_db/sqlalchemy/engines.py:325}}
Mar 18 19:43:16.029857 np0000159908 devstack@n-api-meta.service[107489]: DEBUG oslo_concurrency.lockutils [None req-a3e4f1dd-fa52-41f6-b0fc-cbf360e35e98 None None] Acquiring lock "00000000-0000-0000-0000-000000000000" by "nova.context.set_target_cell..get_or_set_cached_cell_and_set_connections" {{(pid=107489) inner /opt/stack/data/venv/lib/python3.12/site-packages/oslo_concurrency/lockutils.py:506}}
Mar 18 19:43:16.030021 np0000159908 devstack@n-api-meta.service[107489]: DEBUG oslo_concurrency.lockutils [None req-a3e4f1dd-fa52-41f6-b0fc-cbf360e35e98 None None] Lock "00000000-0000-0000-0000-000000000000" acquired by "nova.context.set_target_cell..get_or_set_cached_cell_and_set_connections" :: waited 0.000s {{(pid=107489) inner /opt/stack/data/venv/lib/python3.12/site-packages/oslo_concurrency/lockutils.py:519}}
Mar 18 19:43:16.030376 np0000159908 devstack@n-api-meta.service[107489]: DEBUG oslo_concurrency.lockutils [None req-a3e4f1dd-fa52-41f6-b0fc-cbf360e35e98 None None] Lock "00000000-0000-0000-0000-000000000000" "released" by "nova.context.set_target_cell..get_or_set_cached_cell_and_set_connections" :: held 0.000s {{(pid=107489) inner /opt/stack/data/venv/lib/python3.12/site-packages/oslo_concurrency/lockutils.py:538}}
Mar 18 19:43:16.031117 np0000159908 devstack@n-api-meta.service[107489]: DEBUG oslo_concurrency.lockutils [None req-a3e4f1dd-fa52-41f6-b0fc-cbf360e35e98 None None] Acquiring lock "4b1b8456-894e-4455-80e8-f70ac026b0c4" by "nova.context.set_target_cell..get_or_set_cached_cell_and_set_connections" {{(pid=107489) inner /opt/stack/data/venv/lib/python3.12/site-packages/oslo_concurrency/lockutils.py:506}}
Mar 18 19:43:16.031256 np0000159908 devstack@n-api-meta.service[107489]: DEBUG oslo_concurrency.lockutils [None req-a3e4f1dd-fa52-41f6-b0fc-cbf360e35e98 None None] Lock "4b1b8456-894e-4455-80e8-f70ac026b0c4" acquired by "nova.context.set_target_cell..get_or_set_cached_cell_and_set_connections" :: waited 0.000s {{(pid=107489) inner /opt/stack/data/venv/lib/python3.12/site-packages/oslo_concurrency/lockutils.py:519}}
Mar 18 19:43:16.032090 np0000159908 devstack@n-api-meta.service[107489]: DEBUG oslo_concurrency.lockutils [None req-a3e4f1dd-fa52-41f6-b0fc-cbf360e35e98 None None] Lock "4b1b8456-894e-4455-80e8-f70ac026b0c4" "released" by "nova.context.set_target_cell..get_or_set_cached_cell_and_set_connections" :: held 0.001s {{(pid=107489) inner /opt/stack/data/venv/lib/python3.12/site-packages/oslo_concurrency/lockutils.py:538}}
Mar 18 19:43:16.032543 np0000159908 devstack@n-api-meta.service[107490]: DEBUG oslo_db.sqlalchemy.engines [None req-d973a5bf-0979-45d2-a057-f76cc79876ef None None] MySQL server mode set to STRICT_TRANS_TABLES,STRICT_ALL_TABLES,NO_ZERO_IN_DATE,NO_ZERO_DATE,ERROR_FOR_DIVISION_BY_ZERO,TRADITIONAL,NO_ENGINE_SUBSTITUTION {{(pid=107490) _check_effective_sql_mode /opt/stack/data/venv/lib/python3.12/site-packages/oslo_db/sqlalchemy/engines.py:325}}
Mar 18 19:43:16.034610 np0000159908 devstack@n-api-meta.service[107489]: INFO dbcounter [None req-a3e4f1dd-fa52-41f6-b0fc-cbf360e35e98 None None] Registered counter for database nova_cell0
Mar 18 19:43:16.035547 np0000159908 devstack@n-api-meta.service[107491]: DEBUG oslo_db.sqlalchemy.engines [None req-11dc11d8-a958-495f-ba3d-3582e8426915 None None] MySQL server mode set to STRICT_TRANS_TABLES,STRICT_ALL_TABLES,NO_ZERO_IN_DATE,NO_ZERO_DATE,ERROR_FOR_DIVISION_BY_ZERO,TRADITIONAL,NO_ENGINE_SUBSTITUTION {{(pid=107491) _check_effective_sql_mode /opt/stack/data/venv/lib/python3.12/site-packages/oslo_db/sqlalchemy/engines.py:325}}
Mar 18 19:43:16.040140 np0000159908 devstack@n-api-meta.service[107489]: INFO dbcounter [None req-a3e4f1dd-fa52-41f6-b0fc-cbf360e35e98 None None] Registered counter for database nova_cell1
Mar 18 19:43:16.049746 np0000159908 devstack@n-api-meta.service[107491]: DEBUG oslo_db.sqlalchemy.engines [None req-11dc11d8-a958-495f-ba3d-3582e8426915 None None] MySQL server mode set to STRICT_TRANS_TABLES,STRICT_ALL_TABLES,NO_ZERO_IN_DATE,NO_ZERO_DATE,ERROR_FOR_DIVISION_BY_ZERO,TRADITIONAL,NO_ENGINE_SUBSTITUTION {{(pid=107491) _check_effective_sql_mode /opt/stack/data/venv/lib/python3.12/site-packages/oslo_db/sqlalchemy/engines.py:325}}
Mar 18 19:43:16.050116 np0000159908 devstack@n-api-meta.service[107489]: DEBUG oslo_db.sqlalchemy.engines [None req-a3e4f1dd-fa52-41f6-b0fc-cbf360e35e98 None None] MySQL server mode set to STRICT_TRANS_TABLES,STRICT_ALL_TABLES,NO_ZERO_IN_DATE,NO_ZERO_DATE,ERROR_FOR_DIVISION_BY_ZERO,TRADITIONAL,NO_ENGINE_SUBSTITUTION {{(pid=107489) _check_effective_sql_mode /opt/stack/data/venv/lib/python3.12/site-packages/oslo_db/sqlalchemy/engines.py:325}}
Mar 18 19:43:16.062055 np0000159908 devstack@n-api-meta.service[107489]: DEBUG oslo_db.sqlalchemy.engines [None req-a3e4f1dd-fa52-41f6-b0fc-cbf360e35e98 None None] MySQL server mode set to STRICT_TRANS_TABLES,STRICT_ALL_TABLES,NO_ZERO_IN_DATE,NO_ZERO_DATE,ERROR_FOR_DIVISION_BY_ZERO,TRADITIONAL,NO_ENGINE_SUBSTITUTION {{(pid=107489) _check_effective_sql_mode /opt/stack/data/venv/lib/python3.12/site-packages/oslo_db/sqlalchemy/engines.py:325}}
Mar 18 19:43:16.120655 np0000159908 devstack@n-api-meta.service[107490]: DEBUG dbcounter [-] [107490] Writer thread running {{(pid=107490) stat_writer /opt/stack/data/venv/lib/python3.12/site-packages/dbcounter.py:102}}
Mar 18 19:43:16.123997 np0000159908 devstack@n-api-meta.service[107490]: DEBUG dbcounter [-] [107490] Writer thread running {{(pid=107490) stat_writer /opt/stack/data/venv/lib/python3.12/site-packages/dbcounter.py:102}}
Mar 18 19:43:16.126930 np0000159908 devstack@n-api-meta.service[107491]: DEBUG dbcounter [-] [107491] Writer thread running {{(pid=107491) stat_writer /opt/stack/data/venv/lib/python3.12/site-packages/dbcounter.py:102}}
Mar 18 19:43:16.128646 np0000159908 devstack@n-api-meta.service[107492]: DEBUG dbcounter [-] [107492] Writer thread running {{(pid=107492) stat_writer /opt/stack/data/venv/lib/python3.12/site-packages/dbcounter.py:102}}
Mar 18 19:43:16.129300 np0000159908 devstack@n-api-meta.service[107492]: DEBUG dbcounter [-] [107492] Writer thread running {{(pid=107492) stat_writer /opt/stack/data/venv/lib/python3.12/site-packages/dbcounter.py:102}}
Mar 18 19:43:16.129704 np0000159908 devstack@n-api-meta.service[107490]: INFO dbcounter [None req-d973a5bf-0979-45d2-a057-f76cc79876ef None None] Registered counter for database nova_cell0
Mar 18 19:43:16.133723 np0000159908 devstack@n-api-meta.service[107491]: DEBUG dbcounter [-] [107491] Writer thread running {{(pid=107491) stat_writer /opt/stack/data/venv/lib/python3.12/site-packages/dbcounter.py:102}}
Mar 18 19:43:16.135639 np0000159908 devstack@n-api-meta.service[107492]: INFO dbcounter [None req-6b106283-2cdf-4a56-95c3-afc4ab0eea6f None None] Registered counter for database nova_cell0
Mar 18 19:43:16.138311 np0000159908 devstack@n-api-meta.service[107490]: DEBUG oslo_db.sqlalchemy.engines [None req-d973a5bf-0979-45d2-a057-f76cc79876ef None None] MySQL server mode set to STRICT_TRANS_TABLES,STRICT_ALL_TABLES,NO_ZERO_IN_DATE,NO_ZERO_DATE,ERROR_FOR_DIVISION_BY_ZERO,TRADITIONAL,NO_ENGINE_SUBSTITUTION {{(pid=107490) _check_effective_sql_mode /opt/stack/data/venv/lib/python3.12/site-packages/oslo_db/sqlalchemy/engines.py:325}}
Mar 18 19:43:16.139883 np0000159908 devstack@n-api-meta.service[107491]: INFO dbcounter [None req-11dc11d8-a958-495f-ba3d-3582e8426915 None None] Registered counter for database nova_cell0
Mar 18 19:43:16.145274 np0000159908 devstack@n-api-meta.service[107489]: DEBUG dbcounter [-] [107489] Writer thread running {{(pid=107489) stat_writer /opt/stack/data/venv/lib/python3.12/site-packages/dbcounter.py:102}}
Mar 18 19:43:16.147489 np0000159908 devstack@n-api-meta.service[107492]: DEBUG oslo_db.sqlalchemy.engines [None req-6b106283-2cdf-4a56-95c3-afc4ab0eea6f None None] MySQL server mode set to STRICT_TRANS_TABLES,STRICT_ALL_TABLES,NO_ZERO_IN_DATE,NO_ZERO_DATE,ERROR_FOR_DIVISION_BY_ZERO,TRADITIONAL,NO_ENGINE_SUBSTITUTION {{(pid=107492) _check_effective_sql_mode /opt/stack/data/venv/lib/python3.12/site-packages/oslo_db/sqlalchemy/engines.py:325}}
Mar 18 19:43:16.147856 np0000159908 devstack@n-api-meta.service[107490]: DEBUG dbcounter [-] [107490] Writer thread running {{(pid=107490) stat_writer /opt/stack/data/venv/lib/python3.12/site-packages/dbcounter.py:102}}
Mar 18 19:43:16.150198 np0000159908 devstack@n-api-meta.service[107491]: DEBUG oslo_db.sqlalchemy.engines [None req-11dc11d8-a958-495f-ba3d-3582e8426915 None None] MySQL server mode set to STRICT_TRANS_TABLES,STRICT_ALL_TABLES,NO_ZERO_IN_DATE,NO_ZERO_DATE,ERROR_FOR_DIVISION_BY_ZERO,TRADITIONAL,NO_ENGINE_SUBSTITUTION {{(pid=107491) _check_effective_sql_mode /opt/stack/data/venv/lib/python3.12/site-packages/oslo_db/sqlalchemy/engines.py:325}}
Mar 18 19:43:16.151459 np0000159908 devstack@n-api-meta.service[107489]: DEBUG dbcounter [-] [107489] Writer thread running {{(pid=107489) stat_writer /opt/stack/data/venv/lib/python3.12/site-packages/dbcounter.py:102}}
Mar 18 19:43:16.157368 np0000159908 devstack@n-api-meta.service[107491]: DEBUG dbcounter [-] [107491] Writer thread running {{(pid=107491) stat_writer /opt/stack/data/venv/lib/python3.12/site-packages/dbcounter.py:102}}
Mar 18 19:43:16.158536 np0000159908 devstack@n-api-meta.service[107492]: DEBUG dbcounter [-] [107492] Writer thread running {{(pid=107492) stat_writer /opt/stack/data/venv/lib/python3.12/site-packages/dbcounter.py:102}}
Mar 18 19:43:16.159529 np0000159908 devstack@n-api-meta.service[107489]: INFO dbcounter [None req-a3e4f1dd-fa52-41f6-b0fc-cbf360e35e98 None None] Registered counter for database nova_cell0
Mar 18 19:43:16.169134 np0000159908 devstack@n-api-meta.service[107489]: DEBUG oslo_db.sqlalchemy.engines [None req-a3e4f1dd-fa52-41f6-b0fc-cbf360e35e98 None None] MySQL server mode set to STRICT_TRANS_TABLES,STRICT_ALL_TABLES,NO_ZERO_IN_DATE,NO_ZERO_DATE,ERROR_FOR_DIVISION_BY_ZERO,TRADITIONAL,NO_ENGINE_SUBSTITUTION {{(pid=107489) _check_effective_sql_mode /opt/stack/data/venv/lib/python3.12/site-packages/oslo_db/sqlalchemy/engines.py:325}}
Mar 18 19:43:16.180225 np0000159908 devstack@n-api-meta.service[107489]: DEBUG dbcounter [-] [107489] Writer thread running {{(pid=107489) stat_writer /opt/stack/data/venv/lib/python3.12/site-packages/dbcounter.py:102}}
Mar 18 19:43:16.204060 np0000159908 devstack@n-api-meta.service[107492]: WARNING nova.api.metadata.handler [None req-6b106283-2cdf-4a56-95c3-afc4ab0eea6f None None] metadata_proxy_shared_secret is not configured, the metadata information returned by the proxy cannot be trusted
Mar 18 19:43:16.206248 np0000159908 devstack@n-api-meta.service[107492]: DEBUG nova.api.openstack.wsgi_app [None req-6b106283-2cdf-4a56-95c3-afc4ab0eea6f None None] ******************************************************************************** {{(pid=107492) log_opt_values /opt/stack/data/venv/lib/python3.12/site-packages/oslo_config/cfg.py:2979}}
Mar 18 19:43:16.206361 np0000159908 devstack@n-api-meta.service[107492]: DEBUG nova.api.openstack.wsgi_app [None req-6b106283-2cdf-4a56-95c3-afc4ab0eea6f None None] Configuration options gathered from: {{(pid=107492) log_opt_values /opt/stack/data/venv/lib/python3.12/site-packages/oslo_config/cfg.py:2980}}
Mar 18 19:43:16.206454 np0000159908 devstack@n-api-meta.service[107492]: DEBUG nova.api.openstack.wsgi_app [None req-6b106283-2cdf-4a56-95c3-afc4ab0eea6f None None] command line args: [] {{(pid=107492) log_opt_values /opt/stack/data/venv/lib/python3.12/site-packages/oslo_config/cfg.py:2981}}
Mar 18 19:43:16.206657 np0000159908 devstack@n-api-meta.service[107492]: DEBUG nova.api.openstack.wsgi_app [None req-6b106283-2cdf-4a56-95c3-afc4ab0eea6f None None] config files: ['/etc/nova/api-paste.ini', '/etc/nova/nova.conf'] {{(pid=107492) log_opt_values /opt/stack/data/venv/lib/python3.12/site-packages/oslo_config/cfg.py:2982}}
Mar 18 19:43:16.206843 np0000159908 devstack@n-api-meta.service[107492]: DEBUG nova.api.openstack.wsgi_app [None req-6b106283-2cdf-4a56-95c3-afc4ab0eea6f None None] ================================================================================ {{(pid=107492) log_opt_values /opt/stack/data/venv/lib/python3.12/site-packages/oslo_config/cfg.py:2987}}
Mar 18 19:43:16.207124 np0000159908 devstack@n-api-meta.service[107492]: DEBUG nova.api.openstack.wsgi_app [None req-6b106283-2cdf-4a56-95c3-afc4ab0eea6f None None] allow_resize_to_same_host = True {{(pid=107492) log_opt_values /opt/stack/data/venv/lib/python3.12/site-packages/oslo_config/cfg.py:2995}}
Mar 18 19:43:16.207124 np0000159908 devstack@n-api-meta.service[107492]: DEBUG nova.api.openstack.wsgi_app [None req-6b106283-2cdf-4a56-95c3-afc4ab0eea6f None None] arq_binding_timeout = 300 {{(pid=107492) log_opt_values /opt/stack/data/venv/lib/python3.12/site-packages/oslo_config/cfg.py:2995}}
Mar 18 19:43:16.207486 np0000159908 devstack@n-api-meta.service[107492]: DEBUG nova.api.openstack.wsgi_app [None req-6b106283-2cdf-4a56-95c3-afc4ab0eea6f None None] block_device_allocate_retries = 60 {{(pid=107492) log_opt_values /opt/stack/data/venv/lib/python3.12/site-packages/oslo_config/cfg.py:2995}}
Mar 18 19:43:16.207486 np0000159908 devstack@n-api-meta.service[107492]: DEBUG nova.api.openstack.wsgi_app [None req-6b106283-2cdf-4a56-95c3-afc4ab0eea6f None None] block_device_allocate_retries_interval = 3 {{(pid=107492) log_opt_values /opt/stack/data/venv/lib/python3.12/site-packages/oslo_config/cfg.py:2995}}
Mar 18 19:43:16.207486 np0000159908 devstack@n-api-meta.service[107492]: DEBUG nova.api.openstack.wsgi_app [None req-6b106283-2cdf-4a56-95c3-afc4ab0eea6f None None] cell_worker_thread_pool_size = 5 {{(pid=107492) log_opt_values /opt/stack/data/venv/lib/python3.12/site-packages/oslo_config/cfg.py:2995}}
Mar 18 19:43:16.207716 np0000159908 devstack@n-api-meta.service[107490]: WARNING nova.api.metadata.handler [None req-d973a5bf-0979-45d2-a057-f76cc79876ef None None] metadata_proxy_shared_secret is not configured, the metadata information returned by the proxy cannot be trusted
Mar 18 19:43:16.207793 np0000159908 devstack@n-api-meta.service[107492]: DEBUG nova.api.openstack.wsgi_app [None req-6b106283-2cdf-4a56-95c3-afc4ab0eea6f None None] cert = self.pem {{(pid=107492) log_opt_values /opt/stack/data/venv/lib/python3.12/site-packages/oslo_config/cfg.py:2995}}
Mar 18 19:43:16.207793 np0000159908 devstack@n-api-meta.service[107492]: DEBUG nova.api.openstack.wsgi_app [None req-6b106283-2cdf-4a56-95c3-afc4ab0eea6f None None] compute_driver = libvirt.LibvirtDriver {{(pid=107492) log_opt_values /opt/stack/data/venv/lib/python3.12/site-packages/oslo_config/cfg.py:2995}}
Mar 18 19:43:16.207793 np0000159908 devstack@n-api-meta.service[107492]: DEBUG nova.api.openstack.wsgi_app [None req-6b106283-2cdf-4a56-95c3-afc4ab0eea6f None None] compute_monitors = [] {{(pid=107492) log_opt_values /opt/stack/data/venv/lib/python3.12/site-packages/oslo_config/cfg.py:2995}}
Mar 18 19:43:16.208016 np0000159908 devstack@n-api-meta.service[107492]: DEBUG nova.api.openstack.wsgi_app [None req-6b106283-2cdf-4a56-95c3-afc4ab0eea6f None None] config_dir = [] {{(pid=107492) log_opt_values /opt/stack/data/venv/lib/python3.12/site-packages/oslo_config/cfg.py:2995}}
Mar 18 19:43:16.208135 np0000159908 devstack@n-api-meta.service[107492]: DEBUG nova.api.openstack.wsgi_app [None req-6b106283-2cdf-4a56-95c3-afc4ab0eea6f None None] config_drive_format = iso9660 {{(pid=107492) log_opt_values /opt/stack/data/venv/lib/python3.12/site-packages/oslo_config/cfg.py:2995}}
Mar 18 19:43:16.208204 np0000159908 devstack@n-api-meta.service[107491]: WARNING nova.api.metadata.handler [None req-11dc11d8-a958-495f-ba3d-3582e8426915 None None] metadata_proxy_shared_secret is not configured, the metadata information returned by the proxy cannot be trusted
Mar 18 19:43:16.208276 np0000159908 devstack@n-api-meta.service[107492]: DEBUG nova.api.openstack.wsgi_app [None req-6b106283-2cdf-4a56-95c3-afc4ab0eea6f None None] config_file = ['/etc/nova/api-paste.ini', '/etc/nova/nova.conf'] {{(pid=107492) log_opt_values /opt/stack/data/venv/lib/python3.12/site-packages/oslo_config/cfg.py:2995}}
Mar 18 19:43:16.208276 np0000159908 devstack@n-api-meta.service[107492]: DEBUG nova.api.openstack.wsgi_app [None req-6b106283-2cdf-4a56-95c3-afc4ab0eea6f None None] config_source = [] {{(pid=107492) log_opt_values /opt/stack/data/venv/lib/python3.12/site-packages/oslo_config/cfg.py:2995}}
Mar 18 19:43:16.208630 np0000159908 devstack@n-api-meta.service[107492]: DEBUG nova.api.openstack.wsgi_app [None req-6b106283-2cdf-4a56-95c3-afc4ab0eea6f None None] console_host = np0000159908 {{(pid=107492) log_opt_values /opt/stack/data/venv/lib/python3.12/site-packages/oslo_config/cfg.py:2995}}
Mar 18 19:43:16.208630 np0000159908 devstack@n-api-meta.service[107492]: DEBUG nova.api.openstack.wsgi_app [None req-6b106283-2cdf-4a56-95c3-afc4ab0eea6f None None] control_exchange = nova {{(pid=107492) log_opt_values /opt/stack/data/venv/lib/python3.12/site-packages/oslo_config/cfg.py:2995}}
Mar 18 19:43:16.208952 np0000159908 devstack@n-api-meta.service[107492]: DEBUG nova.api.openstack.wsgi_app [None req-6b106283-2cdf-4a56-95c3-afc4ab0eea6f None None] cpu_allocation_ratio = None {{(pid=107492) log_opt_values /opt/stack/data/venv/lib/python3.12/site-packages/oslo_config/cfg.py:2995}}
Mar 18 19:43:16.208952 np0000159908 devstack@n-api-meta.service[107492]: DEBUG nova.api.openstack.wsgi_app [None req-6b106283-2cdf-4a56-95c3-afc4ab0eea6f None None] daemon = False {{(pid=107492) log_opt_values /opt/stack/data/venv/lib/python3.12/site-packages/oslo_config/cfg.py:2995}}
Mar 18 19:43:16.208952 np0000159908 devstack@n-api-meta.service[107492]: DEBUG nova.api.openstack.wsgi_app [None req-6b106283-2cdf-4a56-95c3-afc4ab0eea6f None None] debug = True {{(pid=107492) log_opt_values /opt/stack/data/venv/lib/python3.12/site-packages/oslo_config/cfg.py:2995}}
Mar 18 19:43:16.209276 np0000159908 devstack@n-api-meta.service[107492]: DEBUG nova.api.openstack.wsgi_app [None req-6b106283-2cdf-4a56-95c3-afc4ab0eea6f None None] default_access_ip_network_name = None {{(pid=107492) log_opt_values /opt/stack/data/venv/lib/python3.12/site-packages/oslo_config/cfg.py:2995}}
Mar 18 19:43:16.209276 np0000159908 devstack@n-api-meta.service[107492]: DEBUG nova.api.openstack.wsgi_app [None req-6b106283-2cdf-4a56-95c3-afc4ab0eea6f None None] default_availability_zone = nova {{(pid=107492) log_opt_values /opt/stack/data/venv/lib/python3.12/site-packages/oslo_config/cfg.py:2995}}
Mar 18 19:43:16.209550 np0000159908 devstack@n-api-meta.service[107492]: DEBUG nova.api.openstack.wsgi_app [None req-6b106283-2cdf-4a56-95c3-afc4ab0eea6f None None] default_ephemeral_format = ext4 {{(pid=107492) log_opt_values /opt/stack/data/venv/lib/python3.12/site-packages/oslo_config/cfg.py:2995}}
Mar 18 19:43:16.209550 np0000159908 devstack@n-api-meta.service[107492]: DEBUG nova.api.openstack.wsgi_app [None req-6b106283-2cdf-4a56-95c3-afc4ab0eea6f None None] default_green_pool_size = 1000 {{(pid=107492) log_opt_values /opt/stack/data/venv/lib/python3.12/site-packages/oslo_config/cfg.py:2995}}
Mar 18 19:43:16.209791 np0000159908 devstack@n-api-meta.service[107492]: DEBUG nova.api.openstack.wsgi_app [None req-6b106283-2cdf-4a56-95c3-afc4ab0eea6f None None] default_log_levels = ['amqp=WARN', 'boto=WARN', 'sqlalchemy=WARN', 'suds=INFO', 'oslo.messaging=INFO', 'oslo_messaging=INFO', 'iso8601=WARN', 'requests.packages.urllib3.connectionpool=WARN', 'urllib3.connectionpool=WARN', 'websocket=WARN', 'requests.packages.urllib3.util.retry=WARN', 'urllib3.util.retry=WARN', 'keystonemiddleware=WARN', 'routes.middleware=WARN', 'stevedore=WARN', 'taskflow=WARN', 'keystoneauth=WARN', 'oslo.cache=INFO', 'oslo_policy=INFO', 'dogpile.core.dogpile=INFO', 'glanceclient=WARN', 'oslo.privsep.daemon=INFO'] {{(pid=107492) log_opt_values /opt/stack/data/venv/lib/python3.12/site-packages/oslo_config/cfg.py:2995}}
Mar 18 19:43:16.209791 np0000159908 devstack@n-api-meta.service[107492]: DEBUG nova.api.openstack.wsgi_app [None req-6b106283-2cdf-4a56-95c3-afc4ab0eea6f None None] default_schedule_zone = None {{(pid=107492) log_opt_values /opt/stack/data/venv/lib/python3.12/site-packages/oslo_config/cfg.py:2995}}
Mar 18 19:43:16.210165 np0000159908 devstack@n-api-meta.service[107492]: DEBUG nova.api.openstack.wsgi_app [None req-6b106283-2cdf-4a56-95c3-afc4ab0eea6f None None] default_thread_pool_size = 10 {{(pid=107492) log_opt_values /opt/stack/data/venv/lib/python3.12/site-packages/oslo_config/cfg.py:2995}}
Mar 18 19:43:16.210165 np0000159908 devstack@n-api-meta.service[107492]: DEBUG nova.api.openstack.wsgi_app [None req-6b106283-2cdf-4a56-95c3-afc4ab0eea6f None None] disk_allocation_ratio = None {{(pid=107492) log_opt_values /opt/stack/data/venv/lib/python3.12/site-packages/oslo_config/cfg.py:2995}}
Mar 18 19:43:16.210165 np0000159908 devstack@n-api-meta.service[107492]: DEBUG nova.api.openstack.wsgi_app [None req-6b106283-2cdf-4a56-95c3-afc4ab0eea6f None None] enable_new_services = True {{(pid=107492) log_opt_values /opt/stack/data/venv/lib/python3.12/site-packages/oslo_config/cfg.py:2995}}
Mar 18 19:43:16.210640 np0000159908 devstack@n-api-meta.service[107492]: DEBUG nova.api.openstack.wsgi_app [None req-6b106283-2cdf-4a56-95c3-afc4ab0eea6f None None] flat_injected = False {{(pid=107492) log_opt_values /opt/stack/data/venv/lib/python3.12/site-packages/oslo_config/cfg.py:2995}}
Mar 18 19:43:16.210640 np0000159908 devstack@n-api-meta.service[107492]: DEBUG nova.api.openstack.wsgi_app [None req-6b106283-2cdf-4a56-95c3-afc4ab0eea6f None None] force_config_drive = False {{(pid=107492) log_opt_values /opt/stack/data/venv/lib/python3.12/site-packages/oslo_config/cfg.py:2995}}
Mar 18 19:43:16.210640 np0000159908 devstack@n-api-meta.service[107492]: DEBUG nova.api.openstack.wsgi_app [None req-6b106283-2cdf-4a56-95c3-afc4ab0eea6f None None] force_raw_images = True {{(pid=107492) log_opt_values /opt/stack/data/venv/lib/python3.12/site-packages/oslo_config/cfg.py:2995}}
Mar 18 19:43:16.210640 np0000159908 devstack@n-api-meta.service[107492]: DEBUG nova.api.openstack.wsgi_app [None req-6b106283-2cdf-4a56-95c3-afc4ab0eea6f None None] graceful_shutdown_timeout = 5 {{(pid=107492) log_opt_values /opt/stack/data/venv/lib/python3.12/site-packages/oslo_config/cfg.py:2995}}
Mar 18 19:43:16.211275 np0000159908 devstack@n-api-meta.service[107492]: DEBUG nova.api.openstack.wsgi_app [None req-6b106283-2cdf-4a56-95c3-afc4ab0eea6f None None] heal_instance_info_cache_interval = -1 {{(pid=107492) log_opt_values /opt/stack/data/venv/lib/python3.12/site-packages/oslo_config/cfg.py:2995}}
Mar 18 19:43:16.211275 np0000159908 devstack@n-api-meta.service[107492]: DEBUG nova.api.openstack.wsgi_app [None req-6b106283-2cdf-4a56-95c3-afc4ab0eea6f None None] host = np0000159908 {{(pid=107492) log_opt_values /opt/stack/data/venv/lib/python3.12/site-packages/oslo_config/cfg.py:2995}}
Mar 18 19:43:16.211275 np0000159908 devstack@n-api-meta.service[107492]: DEBUG nova.api.openstack.wsgi_app [None req-6b106283-2cdf-4a56-95c3-afc4ab0eea6f None None] initial_cpu_allocation_ratio = 4.0 {{(pid=107492) log_opt_values /opt/stack/data/venv/lib/python3.12/site-packages/oslo_config/cfg.py:2995}}
Mar 18 19:43:16.211541 np0000159908 devstack@n-api-meta.service[107491]: DEBUG nova.api.openstack.wsgi_app [None req-11dc11d8-a958-495f-ba3d-3582e8426915 None None] ******************************************************************************** {{(pid=107491) log_opt_values /opt/stack/data/venv/lib/python3.12/site-packages/oslo_config/cfg.py:2979}}
Mar 18 19:43:16.211655 np0000159908 devstack@n-api-meta.service[107489]: WARNING nova.api.metadata.handler [None req-a3e4f1dd-fa52-41f6-b0fc-cbf360e35e98 None None] metadata_proxy_shared_secret is not configured, the metadata information returned by the proxy cannot be trusted
Mar 18 19:43:16.211746 np0000159908 devstack@n-api-meta.service[107492]: DEBUG nova.api.openstack.wsgi_app [None req-6b106283-2cdf-4a56-95c3-afc4ab0eea6f None None] initial_disk_allocation_ratio = 1.0 {{(pid=107492) log_opt_values /opt/stack/data/venv/lib/python3.12/site-packages/oslo_config/cfg.py:2995}}
Mar 18 19:43:16.211746 np0000159908 devstack@n-api-meta.service[107492]: DEBUG nova.api.openstack.wsgi_app [None req-6b106283-2cdf-4a56-95c3-afc4ab0eea6f None None] initial_ram_allocation_ratio = 1.0 {{(pid=107492) log_opt_values /opt/stack/data/venv/lib/python3.12/site-packages/oslo_config/cfg.py:2995}}
Mar 18 19:43:16.211827 np0000159908 devstack@n-api-meta.service[107491]: DEBUG nova.api.openstack.wsgi_app [None req-11dc11d8-a958-495f-ba3d-3582e8426915 None None] Configuration options gathered from: {{(pid=107491) log_opt_values /opt/stack/data/venv/lib/python3.12/site-packages/oslo_config/cfg.py:2980}}
Mar 18 19:43:16.211999 np0000159908 devstack@n-api-meta.service[107492]: DEBUG nova.api.openstack.wsgi_app [None req-6b106283-2cdf-4a56-95c3-afc4ab0eea6f None None] injected_network_template = /opt/stack/nova/nova/virt/interfaces.template {{(pid=107492) log_opt_values /opt/stack/data/venv/lib/python3.12/site-packages/oslo_config/cfg.py:2995}}
Mar 18 19:43:16.212057 np0000159908 devstack@n-api-meta.service[107491]: DEBUG nova.api.openstack.wsgi_app [None req-11dc11d8-a958-495f-ba3d-3582e8426915 None None] command line args: [] {{(pid=107491) log_opt_values /opt/stack/data/venv/lib/python3.12/site-packages/oslo_config/cfg.py:2981}}
Mar 18 19:43:16.212097 np0000159908 devstack@n-api-meta.service[107492]: DEBUG nova.api.openstack.wsgi_app [None req-6b106283-2cdf-4a56-95c3-afc4ab0eea6f None None] instance_build_timeout = 0 {{(pid=107492) log_opt_values /opt/stack/data/venv/lib/python3.12/site-packages/oslo_config/cfg.py:2995}}
Mar 18 19:43:16.212097 np0000159908 devstack@n-api-meta.service[107492]: DEBUG nova.api.openstack.wsgi_app [None req-6b106283-2cdf-4a56-95c3-afc4ab0eea6f None None] instance_delete_interval = 300 {{(pid=107492) log_opt_values /opt/stack/data/venv/lib/python3.12/site-packages/oslo_config/cfg.py:2995}}
Mar 18 19:43:16.212181 np0000159908 devstack@n-api-meta.service[107490]: DEBUG nova.api.openstack.wsgi_app [None req-d973a5bf-0979-45d2-a057-f76cc79876ef None None] ******************************************************************************** {{(pid=107490) log_opt_values /opt/stack/data/venv/lib/python3.12/site-packages/oslo_config/cfg.py:2979}}
Mar 18 19:43:16.212221 np0000159908 devstack@n-api-meta.service[107491]: DEBUG nova.api.openstack.wsgi_app [None req-11dc11d8-a958-495f-ba3d-3582e8426915 None None] config files: ['/etc/nova/api-paste.ini', '/etc/nova/nova.conf'] {{(pid=107491) log_opt_values /opt/stack/data/venv/lib/python3.12/site-packages/oslo_config/cfg.py:2982}}
Mar 18 19:43:16.212270 np0000159908 devstack@n-api-meta.service[107492]: DEBUG nova.api.openstack.wsgi_app [None req-6b106283-2cdf-4a56-95c3-afc4ab0eea6f None None] instance_format = [instance: %(uuid)s] {{(pid=107492) log_opt_values /opt/stack/data/venv/lib/python3.12/site-packages/oslo_config/cfg.py:2995}}
Mar 18 19:43:16.212320 np0000159908 devstack@n-api-meta.service[107490]: DEBUG nova.api.openstack.wsgi_app [None req-d973a5bf-0979-45d2-a057-f76cc79876ef None None] Configuration options gathered from: {{(pid=107490) log_opt_values /opt/stack/data/venv/lib/python3.12/site-packages/oslo_config/cfg.py:2980}}
Mar 18 19:43:16.212369 np0000159908 devstack@n-api-meta.service[107491]: DEBUG nova.api.openstack.wsgi_app [None req-11dc11d8-a958-495f-ba3d-3582e8426915 None None] ================================================================================ {{(pid=107491) log_opt_values /opt/stack/data/venv/lib/python3.12/site-packages/oslo_config/cfg.py:2987}}
Mar 18 19:43:16.212418 np0000159908 devstack@n-api-meta.service[107492]: DEBUG nova.api.openstack.wsgi_app [None req-6b106283-2cdf-4a56-95c3-afc4ab0eea6f None None] instance_name_template = instance-%08x {{(pid=107492) log_opt_values /opt/stack/data/venv/lib/python3.12/site-packages/oslo_config/cfg.py:2995}}
Mar 18 19:43:16.212461 np0000159908 devstack@n-api-meta.service[107490]: DEBUG nova.api.openstack.wsgi_app [None req-d973a5bf-0979-45d2-a057-f76cc79876ef None None] command line args: [] {{(pid=107490) log_opt_values /opt/stack/data/venv/lib/python3.12/site-packages/oslo_config/cfg.py:2981}}
Mar 18 19:43:16.212498 np0000159908 devstack@n-api-meta.service[107492]: DEBUG nova.api.openstack.wsgi_app [None req-6b106283-2cdf-4a56-95c3-afc4ab0eea6f None None] instance_usage_audit = False {{(pid=107492) log_opt_values /opt/stack/data/venv/lib/python3.12/site-packages/oslo_config/cfg.py:2995}}
