2026-05-18 17:11:07.215 8 WARNING tagging [None req-aa423caa-5ddc-48a8-a040-20358fc502a1 ec4116cbcd1c41acae98ce8bee323696 9eb05416c5634c5b87607c9878ac994f - - default default] project_id key not found in request, using tenant_id instead. This support has been deprecated and will be removed in a future release. [pid: 8|app: 0|req: 1286/2416] 10.0.0.149 () {32 vars in 747 bytes} [Mon May 18 17:11:07 2026] GET /v2.0/security-groups/18f8461b-c76e-40e3-ad60-c75d503de39a/tags => generated 37 bytes in 32 msecs (HTTP/1.1 200) 4 headers in 156 bytes (1 switches on core 0)
2026-05-18 17:11:07.275 8 WARNING tagging [None req-1c1804df-1053-4839-bd5c-69fad4378e77 ec4116cbcd1c41acae98ce8bee323696 9eb05416c5634c5b87607c9878ac994f - - default default] project_id key not found in request, using tenant_id instead. This support has been deprecated and will be removed in a future release. [pid: 8|app: 0|req: 1287/2417] 10.0.0.149 () {32 vars in 755 bytes} [Mon May 18 17:11:07 2026] GET /v2.0/security-groups/18f8461b-c76e-40e3-ad60-c75d503de39a/tags/red => generated 0 bytes in 58 msecs (HTTP/1.1 204) 2 headers in 112 bytes (1 switches on core 0)
2026-05-18 17:11:07.322 8 WARNING tagging [None req-9a0e24e7-f903-4763-82f5-daae2507c441 ec4116cbcd1c41acae98ce8bee323696 9eb05416c5634c5b87607c9878ac994f - - default default] project_id key not found in request, using tenant_id instead. This support has been deprecated and will be removed in a future release.
2026-05-18 17:11:07.330 8 INFO neutron.api.v2.resource [None req-9a0e24e7-f903-4763-82f5-daae2507c441 ec4116cbcd1c41acae98ce8bee323696 9eb05416c5634c5b87607c9878ac994f - - default default] show failed (client error): The resource could not be found. [pid: 8|app: 0|req: 1288/2418] 10.0.0.149 () {32 vars in 759 bytes} [Mon May 18 17:11:07 2026] GET /v2.0/security-groups/18f8461b-c76e-40e3-ad60-c75d503de39a/tags/green => generated 99 bytes in 37 msecs (HTTP/1.1 404) 4 headers in 163 bytes (1 switches on core 0)
2026-05-18 17:11:07.365 8 WARNING tagging [None req-2c2f2f77-4bf0-4105-8086-0fb17045488b ec4116cbcd1c41acae98ce8bee323696 9eb05416c5634c5b87607c9878ac994f - - default default] project_id key not found in request, using tenant_id instead. This support has been deprecated and will be removed in a future release. [pid: 8|app: 0|req: 1289/2419] 10.0.0.149 () {32 vars in 758 bytes} [Mon May 18 17:11:07 2026] DELETE /v2.0/security-groups/18f8461b-c76e-40e3-ad60-c75d503de39a/tags/red => generated 0 bytes in 56 msecs (HTTP/1.1 204) 2 headers in 112 bytes (1 switches on core 0)
2026-05-18 17:11:07.424 8 WARNING tagging [None req-c16cc03f-f3ff-433a-905e-3a69a8b5b975 ec4116cbcd1c41acae98ce8bee323696 9eb05416c5634c5b87607c9878ac994f - - default default] project_id key not found in request, using tenant_id instead. This support has been deprecated and will be removed in a future release. [pid: 8|app: 0|req: 1290/2420] 10.0.0.149 () {32 vars in 747 bytes} [Mon May 18 17:11:07 2026] GET /v2.0/security-groups/18f8461b-c76e-40e3-ad60-c75d503de39a/tags => generated 30 bytes in 44 msecs (HTTP/1.1 200) 4 headers in 156 bytes (1 switches on core 0)
2026-05-18 17:11:07.477 8 WARNING tagging [None req-a9cef72d-dc7d-4175-a105-77fa207d5ed6 ec4116cbcd1c41acae98ce8bee323696 9eb05416c5634c5b87607c9878ac994f - - default default] project_id key not found in request, using tenant_id instead. This support has been deprecated and will be removed in a future release.
2026-05-18 17:11:07.529 8 INFO neutron.api.v2.resource [None req-a9cef72d-dc7d-4175-a105-77fa207d5ed6 ec4116cbcd1c41acae98ce8bee323696 9eb05416c5634c5b87607c9878ac994f - - default default] delete failed (client error): The resource could not be found. [pid: 8|app: 0|req: 1291/2421] 10.0.0.149 () {32 vars in 762 bytes} [Mon May 18 17:11:07 2026] DELETE /v2.0/security-groups/18f8461b-c76e-40e3-ad60-c75d503de39a/tags/green => generated 99 bytes in 81 msecs (HTTP/1.1 404) 4 headers in 163 bytes (1 switches on core 0)
2026-05-18 17:11:07.572 8 WARNING tagging [None req-8b881c91-555a-42be-b2df-885af508910b ec4116cbcd1c41acae98ce8bee323696 9eb05416c5634c5b87607c9878ac994f - - default default] project_id key not found in request, using tenant_id instead. This support has been deprecated and will be removed in a future release. [pid: 8|app: 0|req: 1292/2422] 10.0.0.149 () {32 vars in 750 bytes} [Mon May 18 17:11:07 2026] DELETE /v2.0/security-groups/18f8461b-c76e-40e3-ad60-c75d503de39a/tags => generated 0 bytes in 73 msecs (HTTP/1.1 204) 2 headers in 112 bytes (1 switches on core 0)
2026-05-18 17:11:07.629 7 INFO neutron.db.ovn_revision_numbers_db [None req-943001a5-7b84-4839-923c-0572b7209946 b59f2f8f75e74d3c94d1d0228a8ba51b 3e2da0208c2f44749de421a80dfd5780 - - default default] Successfully bumped revision number for resource 53a42959-7dbe-4356-a7a6-5aae2a163377 (type: floatingips) to 4
2026-05-18 17:11:07.655 8 WARNING tagging [None req-72db9218-9100-4b3d-9745-079600a445df ec4116cbcd1c41acae98ce8bee323696 9eb05416c5634c5b87607c9878ac994f - - default default] project_id key not found in request, using tenant_id instead. This support has been deprecated and will be removed in a future release. [pid: 8|app: 0|req: 1293/2423] 10.0.0.149 () {32 vars in 747 bytes} [Mon May 18 17:11:07 2026] GET /v2.0/security-groups/18f8461b-c76e-40e3-ad60-c75d503de39a/tags => generated 12 bytes in 53 msecs (HTTP/1.1 200) 4 headers in 156 bytes (1 switches on core 0)
2026-05-18 17:11:07.797 7 INFO neutron.db.ovn_revision_numbers_db [None req-943001a5-7b84-4839-923c-0572b7209946 b59f2f8f75e74d3c94d1d0228a8ba51b 3e2da0208c2f44749de421a80dfd5780 - - default default] Successfully bumped revision number for resource 53a42959-7dbe-4356-a7a6-5aae2a163377 (type: floatingips) to 5
2026-05-18 17:11:07.798 7 INFO neutron.db.l3_db [None req-943001a5-7b84-4839-923c-0572b7209946 b59f2f8f75e74d3c94d1d0228a8ba51b 3e2da0208c2f44749de421a80dfd5780 - - default default] Floating IP 53a42959-7dbe-4356-a7a6-5aae2a163377 associated. External IP: 10.96.250.205, port: d2530eef-cc1b-41a1-8ff0-c643c44d99d3. [pid: 7|app: 0|req: 1131/2424] 10.0.0.149 () {34 vars in 749 bytes} [Mon May 18 17:11:06 2026] PUT /v2.0/floatingips/53a42959-7dbe-4356-a7a6-5aae2a163377 => generated 855 bytes in 925 msecs (HTTP/1.1 200) 4 headers in 157 bytes (1 switches on core 0) /var/lib/openstack/lib/python3.12/site-packages/pycadf/identifier.py:70: UserWarning: Invalid uuid: neutron. To ensure interoperability, identifiers should be a valid uuid. warnings.warn(('Invalid uuid: %s. To ensure interoperability, ' [pid: 8|app: 0|req: 1294/2425] 10.0.0.149 () {32 vars in 740 bytes} [Mon May 18 17:11:07 2026] DELETE /v2.0/security-groups/18f8461b-c76e-40e3-ad60-c75d503de39a => generated 0 bytes in 180 msecs (HTTP/1.1 204) 2 headers in 112 bytes (1 switches on core 0)
2026-05-18 17:11:07.900 7 INFO neutron.notifiers.nova [-] Nova event matching ['req-39b7af5f-b7b7-4fdd-b759-09977fe940b1'] response: {'name': 'network-changed', 'server_uuid': '7baab69c-e183-4ec2-8a96-4620df26dff5', 'tag': 'd2530eef-cc1b-41a1-8ff0-c643c44d99d3', 'status': 'completed', 'code': 200} [pid: 7|app: 0|req: 1132/2426] 10.0.0.149 () {32 vars in 729 bytes} [Mon May 18 17:11:07 2026] GET /v2.0/floatingips/53a42959-7dbe-4356-a7a6-5aae2a163377 => generated 857 bytes in 70 msecs (HTTP/1.1 200) 4 headers in 157 bytes (1 switches on core 0)
2026-05-18 17:11:08.244 8 INFO neutron.db.ovn_revision_numbers_db [None req-26344bf6-229d-4e7d-828d-bc57140d8dd5 51ea5ecb61a14f5eb81b127bd9a66a8f 7b190c9b5cdb46048cab0a0b14c399ef - - default default] Successfully bumped revision number for resource 1d66c008-84b6-4d70-8711-907b6d8e5ccc (type: security_groups) to 1
2026-05-18 17:11:08.257 8 INFO neutron.db.ovn_revision_numbers_db [None req-26344bf6-229d-4e7d-828d-bc57140d8dd5 51ea5ecb61a14f5eb81b127bd9a66a8f 7b190c9b5cdb46048cab0a0b14c399ef - - default default] Successfully bumped revision number for resource 139ea9c2-9143-42c7-b09e-53e1f33ab7a3 (type: security_group_rules) to 0
2026-05-18 17:11:08.270 8 INFO neutron.db.ovn_revision_numbers_db [None req-26344bf6-229d-4e7d-828d-bc57140d8dd5 51ea5ecb61a14f5eb81b127bd9a66a8f 7b190c9b5cdb46048cab0a0b14c399ef - - default default] Successfully bumped revision number for resource 8d19c52e-9220-4578-8b7b-84efd466660b (type: security_group_rules) to 0
2026-05-18 17:11:08.282 8 INFO neutron.db.ovn_revision_numbers_db [None req-26344bf6-229d-4e7d-828d-bc57140d8dd5 51ea5ecb61a14f5eb81b127bd9a66a8f 7b190c9b5cdb46048cab0a0b14c399ef - - default default] Successfully bumped revision number for resource c897506f-b463-4977-94e1-6270b9d452ee (type: security_group_rules) to 0
2026-05-18 17:11:08.293 8 INFO neutron.db.ovn_revision_numbers_db [None req-26344bf6-229d-4e7d-828d-bc57140d8dd5 51ea5ecb61a14f5eb81b127bd9a66a8f 7b190c9b5cdb46048cab0a0b14c399ef - - default default] Successfully bumped revision number for resource f4a7d8b8-989a-47ff-938d-afd5daac2657 (type: security_group_rules) to 0
2026-05-18 17:11:08.378 8 INFO neutron.db.segments_db [None req-26344bf6-229d-4e7d-828d-bc57140d8dd5 51ea5ecb61a14f5eb81b127bd9a66a8f 7b190c9b5cdb46048cab0a0b14c399ef - - default default] Added segment 5aeccbf8-7875-47a0-8489-2b0125a9ae4e of type geneve for network 2e37830d-4ec2-4c4c-b9d1-b8d63ac817f7 [pid: 7|app: 0|req: 1133/2427] 199.204.45.115 () {34 vars in 1080 bytes} [Mon May 18 17:11:08 2026] GET /v2.0/ports?tenant_id=3e2da0208c2f44749de421a80dfd5780&device_id=7baab69c-e183-4ec2-8a96-4620df26dff5 => generated 1232 bytes in 43 msecs (HTTP/1.1 200) 4 headers in 158 bytes (1 switches on core 0)
2026-05-18 17:11:08.503 8 INFO neutron.db.ovn_revision_numbers_db [None req-26344bf6-229d-4e7d-828d-bc57140d8dd5 51ea5ecb61a14f5eb81b127bd9a66a8f 7b190c9b5cdb46048cab0a0b14c399ef - - default default] Successfully bumped revision number for resource 2e37830d-4ec2-4c4c-b9d1-b8d63ac817f7 (type: networks) to 1 [pid: 7|app: 0|req: 1134/2428] 199.204.45.115 () {34 vars in 986 bytes} [Mon May 18 17:11:08 2026] GET /v2.0/networks?id=9ee39fbc-b144-4855-926a-10e0b5ca3dc0 => generated 797 bytes in 56 msecs (HTTP/1.1 200) 4 headers in 157 bytes (1 switches on core 0) [pid: 7|app: 0|req: 1135/2429] 199.204.45.115 () {34 vars in 1058 bytes} [Mon May 18 17:11:08 2026] GET /v2.0/floatingips?fixed_ip_address=10.100.0.8&port_id=d2530eef-cc1b-41a1-8ff0-c643c44d99d3 => generated 860 bytes in 42 msecs (HTTP/1.1 200) 4 headers in 157 bytes (1 switches on core 0)
2026-05-18 17:11:08.675 8 WARNING neutron.scheduler.dhcp_agent_scheduler [None req-26344bf6-229d-4e7d-828d-bc57140d8dd5 51ea5ecb61a14f5eb81b127bd9a66a8f 7b190c9b5cdb46048cab0a0b14c399ef - - default default] No more DHCP agents
2026-05-18 17:11:08.676 8 WARNING neutron.api.rpc.agentnotifiers.dhcp_rpc_agent_api [None req-26344bf6-229d-4e7d-828d-bc57140d8dd5 51ea5ecb61a14f5eb81b127bd9a66a8f 7b190c9b5cdb46048cab0a0b14c399ef - - default default] Unable to schedule network 2e37830d-4ec2-4c4c-b9d1-b8d63ac817f7: no agents available; will retry on subsequent port and subnet creation events.
2026-05-18 17:11:08.694 7 WARNING neutron.db.securitygroups_db [None req-20fad4b2-a008-4055-9514-b1b79df64c78 51ea5ecb61a14f5eb81b127bd9a66a8f 7b190c9b5cdb46048cab0a0b14c399ef - - default default] project_id key not found in filters, using tenant_id instead. This support has been deprecated and will be removed in a future release. [pid: 7|app: 0|req: 1136/2430] 10.0.0.149 () {32 vars in 774 bytes} [Mon May 18 17:11:08 2026] GET /v2.0/security-groups?tenant_id=9eb05416c5634c5b87607c9878ac994f&name=default => generated 2925 bytes in 178 msecs (HTTP/1.1 200) 4 headers in 158 bytes (1 switches on core 0)
2026-05-18 17:11:08.760 7 INFO neutron.plugins.ml2.drivers.ovn.mech_driver.mech_driver [None req-81ce1904-4406-471b-8ad9-2a669454c544 - - - - - -] OVN reports status down for port: cf5a1299-9698-48c6-a3f4-cd5d9de9288c
2026-05-18 17:11:08.784 8 INFO neutron.db.ovn_revision_numbers_db [None req-26344bf6-229d-4e7d-828d-bc57140d8dd5 51ea5ecb61a14f5eb81b127bd9a66a8f 7b190c9b5cdb46048cab0a0b14c399ef - - default default] Successfully bumped revision number for resource cf5a1299-9698-48c6-a3f4-cd5d9de9288c (type: ports) to 1 [pid: 7|app: 0|req: 1137/2431] 199.204.45.115 () {34 vars in 984 bytes} [Mon May 18 17:11:08 2026] GET /v2.0/subnets?id=db0cc65d-2418-41de-ac1e-4362832a3ac2 => generated 678 bytes in 46 msecs (HTTP/1.1 200) 4 headers in 157 bytes (1 switches on core 0) [pid: 8|app: 0|req: 1295/2432] 10.0.0.149 () {34 vars in 671 bytes} [Mon May 18 17:11:07 2026] POST /v2.0/networks => generated 782 bytes in 943 msecs (HTTP/1.1 201) 4 headers in 162 bytes (1 switches on core 0) [pid: 8|app: 0|req: 1296/2433] 199.204.45.115 () {34 vars in 1052 bytes} [Mon May 18 17:11:08 2026] GET /v2.0/ports?network_id=9ee39fbc-b144-4855-926a-10e0b5ca3dc0&device_owner=network%3Adhcp => generated 12 bytes in 31 msecs (HTTP/1.1 200) 4 headers in 156 bytes (1 switches on core 0)
2026-05-18 17:11:09.034 8 WARNING neutron.scheduler.dhcp_agent_scheduler [None req-eb89e3a2-2276-410d-9596-b1ba615d54a2 51ea5ecb61a14f5eb81b127bd9a66a8f 7b190c9b5cdb46048cab0a0b14c399ef - - default default] No more DHCP agents
2026-05-18 17:11:09.036 8 WARNING neutron.api.rpc.agentnotifiers.dhcp_rpc_agent_api [None req-eb89e3a2-2276-410d-9596-b1ba615d54a2 51ea5ecb61a14f5eb81b127bd9a66a8f 7b190c9b5cdb46048cab0a0b14c399ef - - default default] Unable to schedule network 2e37830d-4ec2-4c4c-b9d1-b8d63ac817f7: no agents available; will retry on subsequent port and subnet creation events. [pid: 7|app: 0|req: 1138/2434] 10.0.0.149 () {32 vars in 740 bytes} [Mon May 18 17:11:08 2026] DELETE /v2.0/security-groups/8c75cab6-baea-421b-9508-6f25db705a7f => generated 0 bytes in 334 msecs (HTTP/1.1 204) 2 headers in 112 bytes (1 switches on core 0) [pid: 7|app: 0|req: 1139/2435] 199.204.45.115 () {34 vars in 1012 bytes} [Mon May 18 17:11:09 2026] GET /v2.0/networks/9ee39fbc-b144-4855-926a-10e0b5ca3dc0?fields=segments => generated 14 bytes in 46 msecs (HTTP/1.1 200) 4 headers in 156 bytes (1 switches on core 0) [pid: 7|app: 0|req: 1140/2436] 199.204.45.115 () {34 vars in 1112 bytes} [Mon May 18 17:11:09 2026] GET /v2.0/networks/9ee39fbc-b144-4855-926a-10e0b5ca3dc0?fields=provider%3Aphysical_network&fields=provider%3Anetwork_type => generated 79 bytes in 51 msecs (HTTP/1.1 200) 4 headers in 156 bytes (1 switches on core 0)
2026-05-18 17:11:09.269 7 WARNING neutron.db.securitygroups_db [None req-faae1a9b-acec-4789-bde4-3e7e13891802 51ea5ecb61a14f5eb81b127bd9a66a8f 7b190c9b5cdb46048cab0a0b14c399ef - - default default] project_id key not found in filters, using tenant_id instead. This support has been deprecated and will be removed in a future release.
2026-05-18 17:11:09.423 7 INFO neutron.db.ovn_revision_numbers_db [None req-faae1a9b-acec-4789-bde4-3e7e13891802 51ea5ecb61a14f5eb81b127bd9a66a8f 7b190c9b5cdb46048cab0a0b14c399ef - - default default] Successfully bumped revision number for resource f6b27a66-f010-4c05-ab3e-7d109741cf54 (type: security_groups) to 1
2026-05-18 17:11:09.436 7 INFO neutron.db.ovn_revision_numbers_db [None req-faae1a9b-acec-4789-bde4-3e7e13891802 51ea5ecb61a14f5eb81b127bd9a66a8f 7b190c9b5cdb46048cab0a0b14c399ef - - default default] Successfully bumped revision number for resource 4731b8c2-a9bc-4109-bb86-2ead1f447254 (type: security_group_rules) to 0
2026-05-18 17:11:09.451 7 INFO neutron.db.ovn_revision_numbers_db [None req-faae1a9b-acec-4789-bde4-3e7e13891802 51ea5ecb61a14f5eb81b127bd9a66a8f 7b190c9b5cdb46048cab0a0b14c399ef - - default default] Successfully bumped revision number for resource 6a0b6f35-3e0b-4434-9e93-d5a873cf507c (type: security_group_rules) to 0
2026-05-18 17:11:09.470 7 INFO neutron.db.ovn_revision_numbers_db [None req-faae1a9b-acec-4789-bde4-3e7e13891802 51ea5ecb61a14f5eb81b127bd9a66a8f 7b190c9b5cdb46048cab0a0b14c399ef - - default default] Successfully bumped revision number for resource 7837de97-1b09-4e13-ae88-bb97424cd72d (type: security_group_rules) to 0
2026-05-18 17:11:09.485 7 INFO neutron.db.ovn_revision_numbers_db [None req-faae1a9b-acec-4789-bde4-3e7e13891802 51ea5ecb61a14f5eb81b127bd9a66a8f 7b190c9b5cdb46048cab0a0b14c399ef - - default default] Successfully bumped revision number for resource fe9a87ee-1678-45f3-b001-31c2692388c2 (type: security_group_rules) to 0
2026-05-18 17:11:09.562 8 INFO neutron.db.ovn_revision_numbers_db [None req-eb89e3a2-2276-410d-9596-b1ba615d54a2 51ea5ecb61a14f5eb81b127bd9a66a8f 7b190c9b5cdb46048cab0a0b14c399ef - - default default] Successfully bumped revision number for resource cf5a1299-9698-48c6-a3f4-cd5d9de9288c (type: ports) to 2 [pid: 7|app: 0|req: 1141/2437] 10.0.0.149 () {32 vars in 774 bytes} [Mon May 18 17:11:09 2026] GET /v2.0/security-groups?tenant_id=0d64f479128c4e57bd49ee58cf7c85c8&name=default => generated 2925 bytes in 304 msecs (HTTP/1.1 200) 4 headers in 158 bytes (1 switches on core 0)
2026-05-18 17:11:09.603 8 INFO neutron.db.ovn_revision_numbers_db [None req-eb89e3a2-2276-410d-9596-b1ba615d54a2 51ea5ecb61a14f5eb81b127bd9a66a8f 7b190c9b5cdb46048cab0a0b14c399ef - - default default] Successfully bumped revision number for resource 1e9ba1a7-26d3-4268-9467-584f76b3992b (type: subnets) to 0 [pid: 8|app: 0|req: 1297/2438] 10.0.0.149 () {34 vars in 669 bytes} [Mon May 18 17:11:08 2026] POST /v2.0/subnets => generated 688 bytes in 777 msecs (HTTP/1.1 201) 4 headers in 162 bytes (1 switches on core 0) [pid: 7|app: 0|req: 1142/2439] 10.0.0.149 () {32 vars in 740 bytes} [Mon May 18 17:11:09 2026] DELETE /v2.0/security-groups/f6b27a66-f010-4c05-ab3e-7d109741cf54 => generated 0 bytes in 211 msecs (HTTP/1.1 204) 2 headers in 112 bytes (1 switches on core 0)
2026-05-18 17:11:10.118 8 WARNING neutron.scheduler.dhcp_agent_scheduler [None req-363acf37-c764-48a3-8690-c4b6a05737ae 51ea5ecb61a14f5eb81b127bd9a66a8f 7b190c9b5cdb46048cab0a0b14c399ef - - default default] No more DHCP agents
2026-05-18 17:11:10.120 8 WARNING neutron.api.rpc.agentnotifiers.dhcp_rpc_agent_api [None req-363acf37-c764-48a3-8690-c4b6a05737ae 51ea5ecb61a14f5eb81b127bd9a66a8f 7b190c9b5cdb46048cab0a0b14c399ef - - default default] Unable to schedule network 7fb5eb63-abd3-4195-ace1-cbbaef90de80: no agents available; will retry on subsequent port and subnet creation events.
2026-05-18 17:11:10.235 7 INFO neutron.plugins.ml2.drivers.ovn.mech_driver.mech_driver [None req-81ce1904-4406-471b-8ad9-2a669454c544 - - - - - -] OVN reports status down for port: f9d93590-e271-4bc6-8184-d4826465aef4
2026-05-18 17:11:10.275 8 INFO neutron.db.ovn_revision_numbers_db [None req-363acf37-c764-48a3-8690-c4b6a05737ae 51ea5ecb61a14f5eb81b127bd9a66a8f 7b190c9b5cdb46048cab0a0b14c399ef - - default default] Successfully bumped revision number for resource f9d93590-e271-4bc6-8184-d4826465aef4 (type: ports) to 1
2026-05-18 17:11:11.046 7 INFO neutron.plugins.ml2.drivers.ovn.mech_driver.mech_driver [None req-81ce1904-4406-471b-8ad9-2a669454c544 - - - - - -] OVN reports status up for port: f9d93590-e271-4bc6-8184-d4826465aef4
2026-05-18 17:11:11.048 8 INFO neutron.plugins.ml2.drivers.ovn.mech_driver.ovsdb.ovsdb_monitor [None req-8b24a898-1ebe-4f72-abe3-06f4026275e0 - - - - - -] Router d6f5a24a-4fbe-4e6a-8e1c-2c030cd3a73e is bound to host instance
2026-05-18 17:11:11.068 7 INFO neutron.plugins.ml2.plugin [None req-81ce1904-4406-471b-8ad9-2a669454c544 - - - - - -] Attempt 1 to provision port f9d93590-e271-4bc6-8184-d4826465aef4
2026-05-18 17:11:11.142 8 INFO neutron.db.ovn_revision_numbers_db [None req-363acf37-c764-48a3-8690-c4b6a05737ae 51ea5ecb61a14f5eb81b127bd9a66a8f 7b190c9b5cdb46048cab0a0b14c399ef - - default default] Successfully bumped revision number for resource f9d93590-e271-4bc6-8184-d4826465aef4 (type: router_ports) to 1
2026-05-18 17:11:11.300 8 INFO neutron.db.ovn_revision_numbers_db [None req-363acf37-c764-48a3-8690-c4b6a05737ae 51ea5ecb61a14f5eb81b127bd9a66a8f 7b190c9b5cdb46048cab0a0b14c399ef - - default default] Successfully bumped revision number for resource d6f5a24a-4fbe-4e6a-8e1c-2c030cd3a73e (type: routers) to 2 [pid: 8|app: 0|req: 1298/2440] 10.0.0.149 () {34 vars in 669 bytes} [Mon May 18 17:11:09 2026] POST /v2.0/routers => generated 987 bytes in 1705 msecs (HTTP/1.1 201) 4 headers in 162 bytes (1 switches on core 0)
2026-05-18 17:11:11.924 7 WARNING neutron.scheduler.dhcp_agent_scheduler [None req-bf013c2c-cd2d-44e6-a9ba-03da1f448e79 51ea5ecb61a14f5eb81b127bd9a66a8f 7b190c9b5cdb46048cab0a0b14c399ef - - default default] No more DHCP agents
2026-05-18 17:11:11.925 7 WARNING neutron.api.rpc.agentnotifiers.dhcp_rpc_agent_api [None req-bf013c2c-cd2d-44e6-a9ba-03da1f448e79 51ea5ecb61a14f5eb81b127bd9a66a8f 7b190c9b5cdb46048cab0a0b14c399ef - - default default] Unable to schedule network 2e37830d-4ec2-4c4c-b9d1-b8d63ac817f7: no agents available; will retry on subsequent port and subnet creation events.
2026-05-18 17:11:12.117 7 INFO neutron.db.ovn_revision_numbers_db [None req-bf013c2c-cd2d-44e6-a9ba-03da1f448e79 51ea5ecb61a14f5eb81b127bd9a66a8f 7b190c9b5cdb46048cab0a0b14c399ef - - default default] Successfully bumped revision number for resource 1d6605f2-db5c-4881-91bb-0c09d6e1ea1f (type: ports) to 1
2026-05-18 17:11:12.238 8 INFO neutron.db.ovn_revision_numbers_db [None req-d06ce21c-fd74-4761-a24b-1d70d6ddc922 - - - - - -] Successfully bumped revision number for resource f9d93590-e271-4bc6-8184-d4826465aef4 (type: ports) to 4
2026-05-18 17:11:12.601 8 INFO neutron.db.ovn_revision_numbers_db [None req-d06ce21c-fd74-4761-a24b-1d70d6ddc922 - - - - - -] Successfully bumped revision number for resource f9d93590-e271-4bc6-8184-d4826465aef4 (type: ports) to 5
2026-05-18 17:11:12.947 7 WARNING neutron.scheduler.dhcp_agent_scheduler [None req-bf013c2c-cd2d-44e6-a9ba-03da1f448e79 51ea5ecb61a14f5eb81b127bd9a66a8f 7b190c9b5cdb46048cab0a0b14c399ef - - default default] No more DHCP agents
2026-05-18 17:11:12.949 7 WARNING neutron.api.rpc.agentnotifiers.dhcp_rpc_agent_api [None req-bf013c2c-cd2d-44e6-a9ba-03da1f448e79 51ea5ecb61a14f5eb81b127bd9a66a8f 7b190c9b5cdb46048cab0a0b14c399ef - - default default] Unable to schedule network 2e37830d-4ec2-4c4c-b9d1-b8d63ac817f7: no agents available; will retry on subsequent port and subnet creation events.
2026-05-18 17:11:13.474 7 INFO neutron.db.ovn_revision_numbers_db [None req-bf013c2c-cd2d-44e6-a9ba-03da1f448e79 51ea5ecb61a14f5eb81b127bd9a66a8f 7b190c9b5cdb46048cab0a0b14c399ef - - default default] Successfully bumped revision number for resource 1d6605f2-db5c-4881-91bb-0c09d6e1ea1f (type: router_ports) to 1 [pid: 7|app: 0|req: 1143/2441] 10.0.0.149 () {34 vars in 783 bytes} [Mon May 18 17:11:11 2026] PUT /v2.0/routers/d6f5a24a-4fbe-4e6a-8e1c-2c030cd3a73e/add_router_interface => generated 310 bytes in 2139 msecs (HTTP/1.1 200) 4 headers in 157 bytes (1 switches on core 0)
2026-05-18 17:11:14.119 7 INFO neutron.plugins.ml2.drivers.ovn.mech_driver.mech_driver [None req-81ce1904-4406-471b-8ad9-2a669454c544 - - - - - -] OVN reports status down for port: 1d6605f2-db5c-4881-91bb-0c09d6e1ea1f
2026-05-18 17:11:14.176 7 WARNING neutron.plugins.ml2.drivers.ovn.mech_driver.ovsdb.ovn_client [None req-81ce1904-4406-471b-8ad9-2a669454c544 - - - - - -] Logical_Switch_Port 1d6605f2-db5c-4881-91bb-0c09d6e1ea1f host information not removed, the port state is up
2026-05-18 17:11:14.177 7 INFO neutron.plugins.ml2.drivers.ovn.mech_driver.mech_driver [None req-81ce1904-4406-471b-8ad9-2a669454c544 - - - - - -] OVN reports status up for port: 1d6605f2-db5c-4881-91bb-0c09d6e1ea1f
2026-05-18 17:11:14.191 7 INFO neutron.plugins.ml2.plugin [None req-81ce1904-4406-471b-8ad9-2a669454c544 - - - - - -] Attempt 1 to provision port 1d6605f2-db5c-4881-91bb-0c09d6e1ea1f
2026-05-18 17:11:14.636 7 INFO neutron.db.ovn_revision_numbers_db [None req-81ce1904-4406-471b-8ad9-2a669454c544 - - - - - -] Successfully bumped revision number for resource 1d6605f2-db5c-4881-91bb-0c09d6e1ea1f (type: ports) to 2
2026-05-18 17:11:14.753 8 INFO neutron.db.ovn_revision_numbers_db [None req-03329d66-534c-4eda-b023-caf8b3b4d143 51ea5ecb61a14f5eb81b127bd9a66a8f 7b190c9b5cdb46048cab0a0b14c399ef - - default default] Successfully bumped revision number for resource b62d015f-8728-4ec1-9f40-6cbbb59a49c4 (type: security_groups) to 1
2026-05-18 17:11:14.765 8 INFO neutron.db.ovn_revision_numbers_db [None req-03329d66-534c-4eda-b023-caf8b3b4d143 51ea5ecb61a14f5eb81b127bd9a66a8f 7b190c9b5cdb46048cab0a0b14c399ef - - default default] Successfully bumped revision number for resource 4924ca5e-d054-41f2-b562-eeda1b22fa8b (type: security_group_rules) to 0
2026-05-18 17:11:14.775 8 INFO neutron.db.ovn_revision_numbers_db [None req-03329d66-534c-4eda-b023-caf8b3b4d143 51ea5ecb61a14f5eb81b127bd9a66a8f 7b190c9b5cdb46048cab0a0b14c399ef - - default default] Successfully bumped revision number for resource 4941d7ef-5768-433b-99ee-fb1e6946e846 (type: security_group_rules) to 0
2026-05-18 17:11:14.788 8 INFO neutron.db.ovn_revision_numbers_db [None req-03329d66-534c-4eda-b023-caf8b3b4d143 51ea5ecb61a14f5eb81b127bd9a66a8f 7b190c9b5cdb46048cab0a0b14c399ef - - default default] Successfully bumped revision number for resource 93eca09e-1170-41a8-8b6e-ae1f5f946fa1 (type: security_group_rules) to 0
2026-05-18 17:11:14.798 8 INFO neutron.db.ovn_revision_numbers_db [None req-03329d66-534c-4eda-b023-caf8b3b4d143 51ea5ecb61a14f5eb81b127bd9a66a8f 7b190c9b5cdb46048cab0a0b14c399ef - - default default] Successfully bumped revision number for resource a861c58a-9531-4e17-b833-a24a9e04ff2d (type: security_group_rules) to 0
2026-05-18 17:11:14.871 8 INFO neutron.db.segments_db [None req-03329d66-534c-4eda-b023-caf8b3b4d143 51ea5ecb61a14f5eb81b127bd9a66a8f 7b190c9b5cdb46048cab0a0b14c399ef - - default default] Added segment c5820401-9f08-4cb3-afd2-6a2c4ead4a50 of type geneve for network c8abbd4d-889a-48d0-b99e-abf8e3e0dd1a
2026-05-18 17:11:14.996 8 INFO neutron.db.ovn_revision_numbers_db [None req-03329d66-534c-4eda-b023-caf8b3b4d143 51ea5ecb61a14f5eb81b127bd9a66a8f 7b190c9b5cdb46048cab0a0b14c399ef - - default default] Successfully bumped revision number for resource c8abbd4d-889a-48d0-b99e-abf8e3e0dd1a (type: networks) to 1
2026-05-18 17:11:15.176 8 WARNING neutron.scheduler.dhcp_agent_scheduler [None req-03329d66-534c-4eda-b023-caf8b3b4d143 51ea5ecb61a14f5eb81b127bd9a66a8f 7b190c9b5cdb46048cab0a0b14c399ef - - default default] No more DHCP agents
2026-05-18 17:11:15.178 8 WARNING neutron.api.rpc.agentnotifiers.dhcp_rpc_agent_api [None req-03329d66-534c-4eda-b023-caf8b3b4d143 51ea5ecb61a14f5eb81b127bd9a66a8f 7b190c9b5cdb46048cab0a0b14c399ef - - default default] Unable to schedule network c8abbd4d-889a-48d0-b99e-abf8e3e0dd1a: no agents available; will retry on subsequent port and subnet creation events.
2026-05-18 17:11:15.275 8 INFO neutron.db.ovn_revision_numbers_db [None req-03329d66-534c-4eda-b023-caf8b3b4d143 51ea5ecb61a14f5eb81b127bd9a66a8f 7b190c9b5cdb46048cab0a0b14c399ef - - default default] Successfully bumped revision number for resource 905494a6-5a7e-4add-80e0-1b334397b03c (type: ports) to 1 [pid: 8|app: 0|req: 1299/2442] 10.0.0.149 () {34 vars in 671 bytes} [Mon May 18 17:11:14 2026] POST /v2.0/networks => generated 782 bytes in 708 msecs (HTTP/1.1 201) 4 headers in 162 bytes (1 switches on core 0)
2026-05-18 17:11:15.451 7 WARNING neutron.scheduler.dhcp_agent_scheduler [None req-c19668c0-9f28-4618-abd2-eaf2bf843124 51ea5ecb61a14f5eb81b127bd9a66a8f 7b190c9b5cdb46048cab0a0b14c399ef - - default default] No more DHCP agents
2026-05-18 17:11:15.460 7 WARNING neutron.api.rpc.agentnotifiers.dhcp_rpc_agent_api [None req-c19668c0-9f28-4618-abd2-eaf2bf843124 51ea5ecb61a14f5eb81b127bd9a66a8f 7b190c9b5cdb46048cab0a0b14c399ef - - default default] Unable to schedule network c8abbd4d-889a-48d0-b99e-abf8e3e0dd1a: no agents available; will retry on subsequent port and subnet creation events.
2026-05-18 17:11:16.027 7 INFO neutron.db.ovn_revision_numbers_db [None req-c19668c0-9f28-4618-abd2-eaf2bf843124 51ea5ecb61a14f5eb81b127bd9a66a8f 7b190c9b5cdb46048cab0a0b14c399ef - - default default] Successfully bumped revision number for resource 905494a6-5a7e-4add-80e0-1b334397b03c (type: ports) to 2
2026-05-18 17:11:16.050 7 INFO neutron.db.ovn_revision_numbers_db [None req-c19668c0-9f28-4618-abd2-eaf2bf843124 51ea5ecb61a14f5eb81b127bd9a66a8f 7b190c9b5cdb46048cab0a0b14c399ef - - default default] Successfully bumped revision number for resource 84725cb4-30c1-4b94-8294-b4d2976f8687 (type: subnets) to 0 [pid: 7|app: 0|req: 1144/2443] 10.0.0.149 () {34 vars in 669 bytes} [Mon May 18 17:11:15 2026] POST /v2.0/subnets => generated 688 bytes in 769 msecs (HTTP/1.1 201) 4 headers in 162 bytes (1 switches on core 0)
2026-05-18 17:11:16.504 8 WARNING neutron.scheduler.dhcp_agent_scheduler [None req-6f2e2fdd-3744-443b-a5e8-89f1ce9c4d59 51ea5ecb61a14f5eb81b127bd9a66a8f 7b190c9b5cdb46048cab0a0b14c399ef - - default default] No more DHCP agents
2026-05-18 17:11:16.506 8 WARNING neutron.api.rpc.agentnotifiers.dhcp_rpc_agent_api [None req-6f2e2fdd-3744-443b-a5e8-89f1ce9c4d59 51ea5ecb61a14f5eb81b127bd9a66a8f 7b190c9b5cdb46048cab0a0b14c399ef - - default default] Unable to schedule network 7fb5eb63-abd3-4195-ace1-cbbaef90de80: no agents available; will retry on subsequent port and subnet creation events.
2026-05-18 17:11:16.658 8 INFO neutron.plugins.ml2.drivers.ovn.mech_driver.mech_driver [None req-bd0ab95d-49bd-43ff-8c63-0d77a8edd01a - - - - - -] OVN reports status down for port: 6c34359c-d5fe-4ee5-a750-53214110d24c
2026-05-18 17:11:16.726 8 INFO neutron.db.ovn_revision_numbers_db [None req-6f2e2fdd-3744-443b-a5e8-89f1ce9c4d59 51ea5ecb61a14f5eb81b127bd9a66a8f 7b190c9b5cdb46048cab0a0b14c399ef - - default default] Successfully bumped revision number for resource 6c34359c-d5fe-4ee5-a750-53214110d24c (type: ports) to 1
2026-05-18 17:11:17.476 8 INFO neutron.plugins.ml2.drivers.ovn.mech_driver.mech_driver [None req-bd0ab95d-49bd-43ff-8c63-0d77a8edd01a - - - - - -] OVN reports status up for port: 6c34359c-d5fe-4ee5-a750-53214110d24c
2026-05-18 17:11:17.525 8 INFO neutron.plugins.ml2.plugin [None req-bd0ab95d-49bd-43ff-8c63-0d77a8edd01a - - - - - -] Attempt 1 to provision port 6c34359c-d5fe-4ee5-a750-53214110d24c
2026-05-18 17:11:17.533 8 INFO neutron.plugins.ml2.drivers.ovn.mech_driver.ovsdb.ovsdb_monitor [None req-d06ce21c-fd74-4761-a24b-1d70d6ddc922 - - - - - -] Router c7080d6a-f3aa-4f00-bf97-9da5e1a00cec is bound to host instance
2026-05-18 17:11:17.581 8 INFO neutron.db.ovn_revision_numbers_db [None req-6f2e2fdd-3744-443b-a5e8-89f1ce9c4d59 51ea5ecb61a14f5eb81b127bd9a66a8f 7b190c9b5cdb46048cab0a0b14c399ef - - default default] Successfully bumped revision number for resource 6c34359c-d5fe-4ee5-a750-53214110d24c (type: router_ports) to 1 [pid: 7|app: 0|req: 1145/2444] 10.0.0.190 () {34 vars in 990 bytes} [Mon May 18 17:11:17 2026] GET /v2.0/ports?device_id=7baab69c-e183-4ec2-8a96-4620df26dff5 => generated 1232 bytes in 61 msecs (HTTP/1.1 200) 4 headers in 158 bytes (1 switches on core 0) [pid: 7|app: 0|req: 1146/2445] 10.0.0.190 () {34 vars in 1040 bytes} [Mon May 18 17:11:17 2026] GET /v2.0/security-groups?id=d57a00d6-2ee6-461e-ba81-2544ab4bb5a1&fields=id&fields=name => generated 113 bytes in 39 msecs (HTTP/1.1 200) 4 headers in 157 bytes (1 switches on core 0)
2026-05-18 17:11:17.726 8 INFO neutron.db.ovn_revision_numbers_db [None req-6f2e2fdd-3744-443b-a5e8-89f1ce9c4d59 51ea5ecb61a14f5eb81b127bd9a66a8f 7b190c9b5cdb46048cab0a0b14c399ef - - default default] Successfully bumped revision number for resource c7080d6a-f3aa-4f00-bf97-9da5e1a00cec (type: routers) to 2 [pid: 8|app: 0|req: 1300/2446] 10.0.0.149 () {34 vars in 669 bytes} [Mon May 18 17:11:16 2026] POST /v2.0/routers => generated 987 bytes in 1680 msecs (HTTP/1.1 201) 4 headers in 162 bytes (1 switches on core 0)
2026-05-18 17:11:18.271 7 WARNING neutron.scheduler.dhcp_agent_scheduler [None req-d33f2fb3-6e98-4dbb-b786-c292c53caafb 51ea5ecb61a14f5eb81b127bd9a66a8f 7b190c9b5cdb46048cab0a0b14c399ef - - default default] No more DHCP agents
2026-05-18 17:11:18.273 7 WARNING neutron.api.rpc.agentnotifiers.dhcp_rpc_agent_api [None req-d33f2fb3-6e98-4dbb-b786-c292c53caafb 51ea5ecb61a14f5eb81b127bd9a66a8f 7b190c9b5cdb46048cab0a0b14c399ef - - default default] Unable to schedule network c8abbd4d-889a-48d0-b99e-abf8e3e0dd1a: no agents available; will retry on subsequent port and subnet creation events.
2026-05-18 17:11:18.460 7 INFO neutron.db.ovn_revision_numbers_db [None req-d33f2fb3-6e98-4dbb-b786-c292c53caafb 51ea5ecb61a14f5eb81b127bd9a66a8f 7b190c9b5cdb46048cab0a0b14c399ef - - default default] Successfully bumped revision number for resource 88dd0261-54e8-4894-9cc1-e9b5ea72dc2f (type: ports) to 1
2026-05-18 17:11:18.669 8 INFO neutron.db.ovn_revision_numbers_db [None req-6f34a483-d500-4464-bb12-f2546893beaf - - - - - -] Successfully bumped revision number for resource 6c34359c-d5fe-4ee5-a750-53214110d24c (type: ports) to 4 [pid: 8|app: 0|req: 1301/2447] 10.0.0.89 () {34 vars in 989 bytes} [Mon May 18 17:11:18 2026] GET /v2.0/ports?device_id=7baab69c-e183-4ec2-8a96-4620df26dff5 => generated 971 bytes in 176 msecs (HTTP/1.1 200) 4 headers in 157 bytes (1 switches on core 0) [pid: 8|app: 0|req: 1302/2448] 10.0.0.89 () {34 vars in 1039 bytes} [Mon May 18 17:11:18 2026] GET /v2.0/security-groups?id=d57a00d6-2ee6-461e-ba81-2544ab4bb5a1&fields=id&fields=name => generated 113 bytes in 64 msecs (HTTP/1.1 200) 4 headers in 157 bytes (1 switches on core 0)
2026-05-18 17:11:19.205 8 INFO neutron.db.ovn_revision_numbers_db [None req-6f34a483-d500-4464-bb12-f2546893beaf - - - - - -] Successfully bumped revision number for resource 6c34359c-d5fe-4ee5-a750-53214110d24c (type: ports) to 5
2026-05-18 17:11:19.301 7 WARNING neutron.scheduler.dhcp_agent_scheduler [None req-d33f2fb3-6e98-4dbb-b786-c292c53caafb 51ea5ecb61a14f5eb81b127bd9a66a8f 7b190c9b5cdb46048cab0a0b14c399ef - - default default] No more DHCP agents
2026-05-18 17:11:19.303 7 WARNING neutron.api.rpc.agentnotifiers.dhcp_rpc_agent_api [None req-d33f2fb3-6e98-4dbb-b786-c292c53caafb 51ea5ecb61a14f5eb81b127bd9a66a8f 7b190c9b5cdb46048cab0a0b14c399ef - - default default] Unable to schedule network c8abbd4d-889a-48d0-b99e-abf8e3e0dd1a: no agents available; will retry on subsequent port and subnet creation events.
2026-05-18 17:11:19.597 7 WARNING neutron.plugins.ml2.drivers.ovn.mech_driver.ovsdb.ovn_client [None req-d78228fa-2d1c-45b0-acab-61d14d7575aa - - - - - -] No hosting information found for port 1d6605f2-db5c-4881-91bb-0c09d6e1ea1f: RuntimeError: No hosting information found for port 1d6605f2-db5c-4881-91bb-0c09d6e1ea1f
2026-05-18 17:11:19.642 7 INFO neutron.common.ovn.utils [None req-d78228fa-2d1c-45b0-acab-61d14d7575aa - - - - - -] HA Chassis Group neutron-2e37830d-4ec2-4c4c-b9d1-b8d63ac817f7 synchronized; highest priority chassis 743bcfc7-90d4-42a6-b11a-22afc31104a7
2026-05-18 17:11:19.854 7 INFO neutron.db.ovn_revision_numbers_db [None req-d78228fa-2d1c-45b0-acab-61d14d7575aa - - - - - -] Successfully bumped revision number for resource 1d6605f2-db5c-4881-91bb-0c09d6e1ea1f (type: router_ports) to 2
2026-05-18 17:11:19.996 7 INFO neutron.plugins.ml2.drivers.ovn.mech_driver.mech_driver [None req-d78228fa-2d1c-45b0-acab-61d14d7575aa - - - - - -] OVN reports status down for port: 905494a6-5a7e-4add-80e0-1b334397b03c
2026-05-18 17:11:20.053 7 INFO neutron.db.ovn_revision_numbers_db [None req-d33f2fb3-6e98-4dbb-b786-c292c53caafb 51ea5ecb61a14f5eb81b127bd9a66a8f 7b190c9b5cdb46048cab0a0b14c399ef - - default default] Successfully bumped revision number for resource 88dd0261-54e8-4894-9cc1-e9b5ea72dc2f (type: router_ports) to 1 [pid: 7|app: 0|req: 1147/2451] 10.0.0.149 () {34 vars in 783 bytes} [Mon May 18 17:11:17 2026] PUT /v2.0/routers/c7080d6a-f3aa-4f00-bf97-9da5e1a00cec/add_router_interface => generated 310 bytes in 2294 msecs (HTTP/1.1 200) 4 headers in 157 bytes (1 switches on core 0)
2026-05-18 17:11:20.145 7 INFO neutron.common.ovn.utils [None req-d78228fa-2d1c-45b0-acab-61d14d7575aa - - - - - -] HA Chassis Group neutron-c8abbd4d-889a-48d0-b99e-abf8e3e0dd1a synchronized; highest priority chassis 743bcfc7-90d4-42a6-b11a-22afc31104a7
2026-05-18 17:11:20.151 7 INFO neutron.plugins.ml2.drivers.ovn.mech_driver.mech_driver [None req-d78228fa-2d1c-45b0-acab-61d14d7575aa - - - - - -] OVN reports status down for port: 88dd0261-54e8-4894-9cc1-e9b5ea72dc2f [pid: 8|app: 0|req: 1305/2452] 10.0.0.89 () {34 vars in 989 bytes} [Mon May 18 17:11:20 2026] GET /v2.0/ports?device_id=7baab69c-e183-4ec2-8a96-4620df26dff5 => generated 971 bytes in 83 msecs (HTTP/1.1 200) 4 headers in 157 bytes (1 switches on core 0)
2026-05-18 17:11:20.227 7 WARNING neutron.plugins.ml2.drivers.ovn.mech_driver.ovsdb.ovn_client [None req-d78228fa-2d1c-45b0-acab-61d14d7575aa - - - - - -] Logical_Switch_Port 88dd0261-54e8-4894-9cc1-e9b5ea72dc2f host information not removed, the port state is up
2026-05-18 17:11:20.228 7 INFO neutron.plugins.ml2.drivers.ovn.mech_driver.mech_driver [None req-d78228fa-2d1c-45b0-acab-61d14d7575aa - - - - - -] OVN reports status up for port: 88dd0261-54e8-4894-9cc1-e9b5ea72dc2f
2026-05-18 17:11:20.239 8 INFO neutron.common.ovn.utils [None req-bd0ab95d-49bd-43ff-8c63-0d77a8edd01a - - - - - -] HA Chassis Group neutron-c8abbd4d-889a-48d0-b99e-abf8e3e0dd1a synchronized; highest priority chassis 743bcfc7-90d4-42a6-b11a-22afc31104a7
2026-05-18 17:11:20.240 8 INFO neutron.plugins.ml2.drivers.ovn.mech_driver.mech_driver [None req-bd0ab95d-49bd-43ff-8c63-0d77a8edd01a - - - - - -] OVN reports status down for port: d2530eef-cc1b-41a1-8ff0-c643c44d99d3
2026-05-18 17:11:20.259 7 INFO neutron.plugins.ml2.plugin [None req-d78228fa-2d1c-45b0-acab-61d14d7575aa - - - - - -] Attempt 1 to provision port 88dd0261-54e8-4894-9cc1-e9b5ea72dc2f [pid: 7|app: 0|req: 1148/2453] 10.0.0.89 () {34 vars in 1039 bytes} [Mon May 18 17:11:20 2026] GET /v2.0/security-groups?id=d57a00d6-2ee6-461e-ba81-2544ab4bb5a1&fields=id&fields=name => generated 113 bytes in 71 msecs (HTTP/1.1 200) 4 headers in 157 bytes (1 switches on core 0)
2026-05-18 17:11:20.407 8 INFO neutron.notifiers.nova [-] Nova event matching ['req-f0453be8-a1e8-4d1c-9c2e-69329e65f77a'] response: {'server_uuid': '7baab69c-e183-4ec2-8a96-4620df26dff5', 'name': 'network-vif-unplugged', 'status': 'completed', 'tag': 'd2530eef-cc1b-41a1-8ff0-c643c44d99d3', 'code': 200}
2026-05-18 17:11:20.555 8 INFO neutron.db.ovn_revision_numbers_db [None req-bd0ab95d-49bd-43ff-8c63-0d77a8edd01a - - - - - -] Successfully bumped revision number for resource d2530eef-cc1b-41a1-8ff0-c643c44d99d3 (type: ports) to 6
2026-05-18 17:11:20.757 7 INFO neutron.db.ovn_revision_numbers_db [None req-d78228fa-2d1c-45b0-acab-61d14d7575aa - - - - - -] Successfully bumped revision number for resource 88dd0261-54e8-4894-9cc1-e9b5ea72dc2f (type: ports) to 2 /var/lib/openstack/lib/python3.12/site-packages/pycadf/identifier.py:70: UserWarning: Invalid uuid: neutron. To ensure interoperability, identifiers should be a valid uuid. warnings.warn(('Invalid uuid: %s. To ensure interoperability, '
2026-05-18 17:11:20.940 8 INFO neutron.db.ovn_revision_numbers_db [None req-f4b94c29-ac08-4e41-b216-3937955fa282 420af8fdd5504c2abcdfd4c27cc298c8 53bc9a565ba347d89dd3a4e32d12c93d - - default default] Successfully bumped revision number for resource bf5daa86-4f6e-4454-835b-3bb0106cc87a (type: security_groups) to 1
2026-05-18 17:11:20.953 8 INFO neutron.db.ovn_revision_numbers_db [None req-f4b94c29-ac08-4e41-b216-3937955fa282 420af8fdd5504c2abcdfd4c27cc298c8 53bc9a565ba347d89dd3a4e32d12c93d - - default default] Successfully bumped revision number for resource 23a2447b-ec96-4fde-866f-73064f073411 (type: security_group_rules) to 0
2026-05-18 17:11:20.965 8 INFO neutron.db.ovn_revision_numbers_db [None req-f4b94c29-ac08-4e41-b216-3937955fa282 420af8fdd5504c2abcdfd4c27cc298c8 53bc9a565ba347d89dd3a4e32d12c93d - - default default] Successfully bumped revision number for resource 8e8623ba-90ae-4453-ab67-decf117262e5 (type: security_group_rules) to 0 [pid: 8|app: 0|req: 1306/2454] 10.0.0.149 () {34 vars in 685 bytes} [Mon May 18 17:11:20 2026] POST /v2.0/security-groups => generated 1675 bytes in 244 msecs (HTTP/1.1 201) 4 headers in 163 bytes (1 switches on core 0) [pid: 8|app: 0|req: 1307/2455] 199.204.45.115 () {34 vars in 994 bytes} [Mon May 18 17:11:21 2026] GET /v2.0/ports?device_id=7baab69c-e183-4ec2-8a96-4620df26dff5 => generated 969 bytes in 54 msecs (HTTP/1.1 200) 4 headers in 157 bytes (1 switches on core 0)
2026-05-18 17:11:21.159 7 INFO neutron.db.ovn_revision_numbers_db [None req-a8412e7d-8e63-4f3c-af68-aca0810302ad 420af8fdd5504c2abcdfd4c27cc298c8 53bc9a565ba347d89dd3a4e32d12c93d - - default default] Successfully bumped revision number for resource 6ecd3fe6-0de7-4a67-a506-c236b8700f09 (type: security_group_rules) to 0 [pid: 7|app: 0|req: 1149/2456] 10.0.0.149 () {34 vars in 695 bytes} [Mon May 18 17:11:21 2026] POST /v2.0/security-group-rules => generated 597 bytes in 168 msecs (HTTP/1.1 201) 4 headers in 162 bytes (1 switches on core 0)
2026-05-18 17:11:21.307 8 INFO neutron_taas.services.taas.taas_plugin [req-47597acb-faf4-4599-8d30-76fabf5c1378 req-542f0494-6e86-4121-adef-10f06a04ac71 b59f2f8f75e74d3c94d1d0228a8ba51b 3e2da0208c2f44749de421a80dfd5780 - - default default] TaaS: Handle Delete Port: d2530eef-cc1b-41a1-8ff0-c643c44d99d3
2026-05-18 17:11:21.310 8 INFO neutron_taas.services.taas.tap_mirror_plugin [req-47597acb-faf4-4599-8d30-76fabf5c1378 req-542f0494-6e86-4121-adef-10f06a04ac71 b59f2f8f75e74d3c94d1d0228a8ba51b 3e2da0208c2f44749de421a80dfd5780 - - default default] Tap Mirror: Handle Delete Port: d2530eef-cc1b-41a1-8ff0-c643c44d99d3
2026-05-18 17:11:21.316 7 INFO neutron.db.ovn_revision_numbers_db [None req-8de73ea5-16af-427c-8cb8-801d52cf6344 420af8fdd5504c2abcdfd4c27cc298c8 53bc9a565ba347d89dd3a4e32d12c93d - - default default] Successfully bumped revision number for resource 6d6471c4-d334-4bd8-ae60-2072a17474cd (type: security_group_rules) to 0 [pid: 7|app: 0|req: 1150/2457] 10.0.0.149 () {34 vars in 695 bytes} [Mon May 18 17:11:21 2026] POST /v2.0/security-group-rules => generated 596 bytes in 157 msecs (HTTP/1.1 201) 4 headers in 162 bytes (1 switches on core 0)
2026-05-18 17:11:21.504 7 INFO neutron.db.ovn_revision_numbers_db [None req-9380420c-6733-4a51-b5e3-d4c3541f28f2 420af8fdd5504c2abcdfd4c27cc298c8 53bc9a565ba347d89dd3a4e32d12c93d - - default default] Successfully bumped revision number for resource 2a58a12e-6343-4c94-a10a-35afb4b1f0e0 (type: security_group_rules) to 0
2026-05-18 17:11:21.508 8 INFO neutron.db.l3_db [req-47597acb-faf4-4599-8d30-76fabf5c1378 req-542f0494-6e86-4121-adef-10f06a04ac71 b59f2f8f75e74d3c94d1d0228a8ba51b 3e2da0208c2f44749de421a80dfd5780 - - default default] Floating IP 53a42959-7dbe-4356-a7a6-5aae2a163377 disassociated. External IP: 10.96.250.205, port: d2530eef-cc1b-41a1-8ff0-c643c44d99d3. [pid: 7|app: 0|req: 1151/2458] 10.0.0.149 () {34 vars in 695 bytes} [Mon May 18 17:11:21 2026] POST /v2.0/security-group-rules => generated 602 bytes in 176 msecs (HTTP/1.1 201) 4 headers in 162 bytes (1 switches on core 0) [pid: 7|app: 0|req: 1152/2459] 10.0.0.89 () {34 vars in 989 bytes} [Mon May 18 17:11:21 2026] GET /v2.0/ports?device_id=7baab69c-e183-4ec2-8a96-4620df26dff5 => generated 969 bytes in 91 msecs (HTTP/1.1 200) 4 headers in 157 bytes (1 switches on core 0) [pid: 8|app: 0|req: 1308/2460] 199.204.45.115 () {36 vars in 997 bytes} [Mon May 18 17:11:21 2026] DELETE /v2.0/ports/d2530eef-cc1b-41a1-8ff0-c643c44d99d3 => generated 0 bytes in 550 msecs (HTTP/1.1 204) 3 headers in 131 bytes (1 switches on core 0) [pid: 8|app: 0|req: 1309/2461] 10.0.0.89 () {34 vars in 1039 bytes} [Mon May 18 17:11:21 2026] GET /v2.0/security-groups?id=d57a00d6-2ee6-461e-ba81-2544ab4bb5a1&fields=id&fields=name => generated 113 bytes in 37 msecs (HTTP/1.1 200) 4 headers in 157 bytes (1 switches on core 0)
2026-05-18 17:11:21.800 7 INFO neutron.db.ovn_revision_numbers_db [None req-2703f0ee-b43d-42b2-98b0-3706e9eaa58a 420af8fdd5504c2abcdfd4c27cc298c8 53bc9a565ba347d89dd3a4e32d12c93d - - default default] Successfully bumped revision number for resource f64553ef-56d4-4c8d-b877-11a622b04513 (type: security_group_rules) to 0 [pid: 7|app: 0|req: 1153/2462] 10.0.0.149 () {34 vars in 695 bytes} [Mon May 18 17:11:21 2026] POST /v2.0/security-group-rules => generated 601 bytes in 201 msecs (HTTP/1.1 201) 4 headers in 162 bytes (1 switches on core 0)
2026-05-18 17:11:21.882 8 INFO neutron.db.securitygroups_db [None req-1f29bd3a-f872-40a8-864e-f40e958d4b84 420af8fdd5504c2abcdfd4c27cc298c8 53bc9a565ba347d89dd3a4e32d12c93d - - default default] Project 53bc9a565ba347d89dd3a4e32d12c93d added a security group rule with legacy IPv6 ICMP protocol name icmp, ipv6-icmp should be used instead. It was automatically converted.
2026-05-18 17:11:21.976 8 INFO neutron.db.ovn_revision_numbers_db [None req-1f29bd3a-f872-40a8-864e-f40e958d4b84 420af8fdd5504c2abcdfd4c27cc298c8 53bc9a565ba347d89dd3a4e32d12c93d - - default default] Successfully bumped revision number for resource eb9ee487-4677-45b7-9aeb-d0018f768ead (type: security_group_rules) to 0 [pid: 8|app: 0|req: 1310/2463] 10.0.0.149 () {34 vars in 695 bytes} [Mon May 18 17:11:21 2026] POST /v2.0/security-group-rules => generated 607 bytes in 179 msecs (HTTP/1.1 201) 4 headers in 162 bytes (1 switches on core 0)
2026-05-18 17:11:22.055 7 INFO neutron.db.securitygroups_db [None req-e6ec8ca1-e66e-462e-a05f-04cc12fa5737 420af8fdd5504c2abcdfd4c27cc298c8 53bc9a565ba347d89dd3a4e32d12c93d - - default default] Project 53bc9a565ba347d89dd3a4e32d12c93d added a security group rule with legacy IPv6 ICMP protocol name icmp, ipv6-icmp should be used instead. It was automatically converted.
2026-05-18 17:11:22.148 7 INFO neutron.db.ovn_revision_numbers_db [None req-e6ec8ca1-e66e-462e-a05f-04cc12fa5737 420af8fdd5504c2abcdfd4c27cc298c8 53bc9a565ba347d89dd3a4e32d12c93d - - default default] Successfully bumped revision number for resource 19315f16-3f79-4da6-b8dc-61384f0cdcd1 (type: security_group_rules) to 0 [pid: 7|app: 0|req: 1154/2464] 10.0.0.149 () {34 vars in 695 bytes} [Mon May 18 17:11:22 2026] POST /v2.0/security-group-rules => generated 606 bytes in 166 msecs (HTTP/1.1 201) 4 headers in 162 bytes (1 switches on core 0)
2026-05-18 17:11:22.449 8 INFO neutron.notifiers.nova [-] Nova event matching ['req-6b7c57f5-fdec-475c-9c3f-508c351b8c3f'] response: {'server_uuid': '7baab69c-e183-4ec2-8a96-4620df26dff5', 'name': 'network-vif-unplugged', 'status': 'completed', 'tag': 'd2530eef-cc1b-41a1-8ff0-c643c44d99d3', 'code': 200}
2026-05-18 17:11:22.449 8 INFO neutron.notifiers.nova [-] Nova event matching ['req-6b7c57f5-fdec-475c-9c3f-508c351b8c3f'] response: {'server_uuid': '7baab69c-e183-4ec2-8a96-4620df26dff5', 'name': 'network-vif-deleted', 'tag': 'd2530eef-cc1b-41a1-8ff0-c643c44d99d3', 'status': 'completed', 'code': 200}
2026-05-18 17:11:22.716 8 INFO neutron.db.ovn_revision_numbers_db [None req-e9e2c0c0-8f22-42fe-b323-a356191959e9 420af8fdd5504c2abcdfd4c27cc298c8 53bc9a565ba347d89dd3a4e32d12c93d - - default default] Successfully bumped revision number for resource dda197b6-156e-483c-af0e-8c34cfd00344 (type: security_groups) to 1
2026-05-18 17:11:22.730 8 INFO neutron.db.ovn_revision_numbers_db [None req-e9e2c0c0-8f22-42fe-b323-a356191959e9 420af8fdd5504c2abcdfd4c27cc298c8 53bc9a565ba347d89dd3a4e32d12c93d - - default default] Successfully bumped revision number for resource 1ed15db8-25c0-4d95-a7bd-87ea2a2b605a (type: security_group_rules) to 0
2026-05-18 17:11:22.743 8 INFO neutron.db.ovn_revision_numbers_db [None req-e9e2c0c0-8f22-42fe-b323-a356191959e9 420af8fdd5504c2abcdfd4c27cc298c8 53bc9a565ba347d89dd3a4e32d12c93d - - default default] Successfully bumped revision number for resource 8f01d128-e2a6-469f-a5c5-260f41407f33 (type: security_group_rules) to 0 [pid: 8|app: 0|req: 1311/2465] 10.0.0.149 () {34 vars in 685 bytes} [Mon May 18 17:11:22 2026] POST /v2.0/security-groups => generated 1660 bytes in 225 msecs (HTTP/1.1 201) 4 headers in 163 bytes (1 switches on core 0) [pid: 8|app: 0|req: 1312/2466] 10.0.0.89 () {34 vars in 989 bytes} [Mon May 18 17:11:22 2026] GET /v2.0/ports?device_id=7baab69c-e183-4ec2-8a96-4620df26dff5 => generated 12 bytes in 34 msecs (HTTP/1.1 200) 4 headers in 156 bytes (1 switches on core 0)
2026-05-18 17:11:22.922 7 INFO neutron.db.ovn_revision_numbers_db [None req-aa3e0c83-87e1-4dd1-a110-35421f9a8fe2 420af8fdd5504c2abcdfd4c27cc298c8 53bc9a565ba347d89dd3a4e32d12c93d - - default default] Successfully bumped revision number for resource 20437266-76ee-4a7a-b0d3-16ab1c238ba9 (type: security_group_rules) to 0 [pid: 7|app: 0|req: 1155/2467] 10.0.0.149 () {34 vars in 695 bytes} [Mon May 18 17:11:22 2026] POST /v2.0/security-group-rules => generated 597 bytes in 168 msecs (HTTP/1.1 201) 4 headers in 162 bytes (1 switches on core 0)
2026-05-18 17:11:23.101 8 INFO neutron.db.ovn_revision_numbers_db [None req-a27d3e74-3e4d-41af-9199-41d08b9b7caa 420af8fdd5504c2abcdfd4c27cc298c8 53bc9a565ba347d89dd3a4e32d12c93d - - default default] Successfully bumped revision number for resource 082acd19-beee-4c98-b30e-211d4f85d089 (type: security_group_rules) to 0 [pid: 8|app: 0|req: 1313/2468] 10.0.0.149 () {34 vars in 695 bytes} [Mon May 18 17:11:22 2026] POST /v2.0/security-group-rules => generated 602 bytes in 168 msecs (HTTP/1.1 201) 4 headers in 162 bytes (1 switches on core 0)
2026-05-18 17:11:23.392 7 WARNING neutron.scheduler.dhcp_agent_scheduler [None req-05c1de32-4ba7-4fd8-bb3c-a5e79ab1f93d 420af8fdd5504c2abcdfd4c27cc298c8 53bc9a565ba347d89dd3a4e32d12c93d - - default default] No more DHCP agents
2026-05-18 17:11:23.394 7 WARNING neutron.api.rpc.agentnotifiers.dhcp_rpc_agent_api [None req-05c1de32-4ba7-4fd8-bb3c-a5e79ab1f93d 420af8fdd5504c2abcdfd4c27cc298c8 53bc9a565ba347d89dd3a4e32d12c93d - - default default] Unable to schedule network 7fb5eb63-abd3-4195-ace1-cbbaef90de80: no agents available; will retry on subsequent port and subnet creation events. [pid: 7|app: 0|req: 1156/2469] 10.0.0.149 () {34 vars in 676 bytes} [Mon May 18 17:11:23 2026] POST /v2.0/floatingips => generated 552 bytes in 564 msecs (HTTP/1.1 201) 4 headers in 162 bytes (1 switches on core 0)
