2026-05-18 17:12:35.051 7 INFO neutron.api.v2.resource [None req-ff2cbc70-105a-466b-8ffb-555087a63549 2cf71facd724454eb528fa0d66fed5ad 089fd880e07a42dbaabb744863a6b88d - - default default] delete failed (client error): The resource could not be found. [pid: 7|app: 0|req: 1321/2778] 10.0.0.149 () {32 vars in 742 bytes} [Mon May 18 17:12:34 2026] DELETE /v2.0/ports/6ca9c4f1-2893-436b-b6c3-62adfa153a08/tags/green => generated 99 bytes in 76 msecs (HTTP/1.1 404) 4 headers in 163 bytes (1 switches on core 0) /var/lib/openstack/lib/python3.12/site-packages/pycadf/identifier.py:70: UserWarning: Invalid uuid: neutron. To ensure interoperability, identifiers should be a valid uuid. warnings.warn(('Invalid uuid: %s. To ensure interoperability, ' [pid: 8|app: 0|req: 1458/2779] 10.0.0.149 () {32 vars in 730 bytes} [Mon May 18 17:12:35 2026] DELETE /v2.0/ports/6ca9c4f1-2893-436b-b6c3-62adfa153a08/tags => generated 0 bytes in 73 msecs (HTTP/1.1 204) 2 headers in 112 bytes (1 switches on core 0) /var/lib/openstack/lib/python3.12/site-packages/pycadf/identifier.py:70: UserWarning: Invalid uuid: neutron. To ensure interoperability, identifiers should be a valid uuid. warnings.warn(('Invalid uuid: %s. To ensure interoperability, ' [pid: 7|app: 0|req: 1322/2780] 10.0.0.149 () {32 vars in 727 bytes} [Mon May 18 17:12:35 2026] GET /v2.0/ports/6ca9c4f1-2893-436b-b6c3-62adfa153a08/tags => generated 12 bytes in 60 msecs (HTTP/1.1 200) 4 headers in 156 bytes (1 switches on core 0) /var/lib/openstack/lib/python3.12/site-packages/pycadf/identifier.py:70: UserWarning: Invalid uuid: neutron. To ensure interoperability, identifiers should be a valid uuid. warnings.warn(('Invalid uuid: %s. To ensure interoperability, '
2026-05-18 17:12:35.341 8 INFO neutron_taas.services.taas.taas_plugin [None req-74be5ecb-1a2e-48c3-b0dd-29f7dd5da1c1 2cf71facd724454eb528fa0d66fed5ad 089fd880e07a42dbaabb744863a6b88d - - default default] TaaS: Handle Delete Port: 6ca9c4f1-2893-436b-b6c3-62adfa153a08
2026-05-18 17:12:35.345 8 INFO neutron_taas.services.taas.tap_mirror_plugin [None req-74be5ecb-1a2e-48c3-b0dd-29f7dd5da1c1 2cf71facd724454eb528fa0d66fed5ad 089fd880e07a42dbaabb744863a6b88d - - default default] Tap Mirror: Handle Delete Port: 6ca9c4f1-2893-436b-b6c3-62adfa153a08 [pid: 8|app: 0|req: 1459/2781] 10.0.0.149 () {32 vars in 720 bytes} [Mon May 18 17:12:35 2026] DELETE /v2.0/ports/6ca9c4f1-2893-436b-b6c3-62adfa153a08 => generated 0 bytes in 270 msecs (HTTP/1.1 204) 3 headers in 131 bytes (1 switches on core 0) /var/lib/openstack/lib/python3.12/site-packages/pycadf/identifier.py:70: UserWarning: Invalid uuid: neutron. To ensure interoperability, identifiers should be a valid uuid. warnings.warn(('Invalid uuid: %s. To ensure interoperability, '
2026-05-18 17:12:35.597 7 INFO neutron_taas.services.taas.taas_plugin [None req-862f494c-18dd-4565-8cd2-ba8ce308925e 2cf71facd724454eb528fa0d66fed5ad 089fd880e07a42dbaabb744863a6b88d - - default default] TaaS: Handle Delete Port: 776f51f2-f199-49e6-8be3-6b9d3ba6ff45
2026-05-18 17:12:35.600 7 INFO neutron_taas.services.taas.tap_mirror_plugin [None req-862f494c-18dd-4565-8cd2-ba8ce308925e 2cf71facd724454eb528fa0d66fed5ad 089fd880e07a42dbaabb744863a6b88d - - default default] Tap Mirror: Handle Delete Port: 776f51f2-f199-49e6-8be3-6b9d3ba6ff45
2026-05-18 17:12:35.809 7 INFO neutron.services.segments.plugin [-] Segment a6a9ea00-530c-4cc9-9b11-9eb80f595060 resource provider aggregate not found
2026-05-18 17:12:35.812 7 INFO neutron.services.segments.plugin [-] Segment a6a9ea00-530c-4cc9-9b11-9eb80f595060 resource provider aggregate not found
2026-05-18 17:12:35.838 7 INFO neutron.services.segments.plugin [-] Segment a6a9ea00-530c-4cc9-9b11-9eb80f595060 resource provider not found; error: Placement Client Error (4xx): {"errors": [{"status": 404, "title": "Not Found", "detail": "The resource could not be found.\n\n No resource provider with uuid a6a9ea00-530c-4cc9-9b11-9eb80f595060 found for delete ", "request_id": "req-7dfbc39e-a395-44b1-8734-de6a051661b1"}]}
2026-05-18 17:12:35.841 7 INFO neutron.services.segments.plugin [-] Segment a6a9ea00-530c-4cc9-9b11-9eb80f595060 resource provider not found; error: Placement Client Error (4xx): {"errors": [{"status": 404, "title": "Not Found", "detail": "The resource could not be found.\n\n No resource provider with uuid a6a9ea00-530c-4cc9-9b11-9eb80f595060 found for delete ", "request_id": "req-c7c751ba-4f8d-425a-9439-d58fb6c8f85e"}]} [pid: 7|app: 0|req: 1323/2782] 10.0.0.149 () {32 vars in 726 bytes} [Mon May 18 17:12:35 2026] DELETE /v2.0/networks/c4897bb9-b633-419e-b210-0a34d714ff09 => generated 0 bytes in 389 msecs (HTTP/1.1 204) 3 headers in 131 bytes (1 switches on core 0)
2026-05-18 17:12:36.664 8 WARNING neutron.db.securitygroups_db [None req-aeb2b440-3a57-4e08-9684-3b92085e3fb2 51ea5ecb61a14f5eb81b127bd9a66a8f 7b190c9b5cdb46048cab0a0b14c399ef - - default default] project_id key not found in filters, using tenant_id instead. This support has been deprecated and will be removed in a future release. [pid: 8|app: 0|req: 1460/2783] 10.0.0.149 () {32 vars in 774 bytes} [Mon May 18 17:12:36 2026] GET /v2.0/security-groups?tenant_id=089fd880e07a42dbaabb744863a6b88d&name=default => generated 2929 bytes in 132 msecs (HTTP/1.1 200) 4 headers in 158 bytes (1 switches on core 0) [pid: 7|app: 0|req: 1324/2784] 10.0.0.149 () {32 vars in 740 bytes} [Mon May 18 17:12:36 2026] DELETE /v2.0/security-groups/6473c309-e079-43bd-a85d-e6f86d40863f => generated 0 bytes in 202 msecs (HTTP/1.1 204) 2 headers in 112 bytes (1 switches on core 0)
2026-05-18 17:12:37.022 8 WARNING neutron.db.securitygroups_db [None req-97bbd556-fa81-4c52-943c-8dbb07b1a533 51ea5ecb61a14f5eb81b127bd9a66a8f 7b190c9b5cdb46048cab0a0b14c399ef - - default default] project_id key not found in filters, using tenant_id instead. This support has been deprecated and will be removed in a future release.
2026-05-18 17:12:37.159 8 INFO neutron.db.ovn_revision_numbers_db [None req-97bbd556-fa81-4c52-943c-8dbb07b1a533 51ea5ecb61a14f5eb81b127bd9a66a8f 7b190c9b5cdb46048cab0a0b14c399ef - - default default] Successfully bumped revision number for resource 03422966-7ecf-41fc-a091-af2a79f5b9b1 (type: security_groups) to 1
2026-05-18 17:12:37.172 8 INFO neutron.db.ovn_revision_numbers_db [None req-97bbd556-fa81-4c52-943c-8dbb07b1a533 51ea5ecb61a14f5eb81b127bd9a66a8f 7b190c9b5cdb46048cab0a0b14c399ef - - default default] Successfully bumped revision number for resource 1df658e8-0175-4a87-b266-b83964e16f65 (type: security_group_rules) to 0
2026-05-18 17:12:37.193 8 INFO neutron.db.ovn_revision_numbers_db [None req-97bbd556-fa81-4c52-943c-8dbb07b1a533 51ea5ecb61a14f5eb81b127bd9a66a8f 7b190c9b5cdb46048cab0a0b14c399ef - - default default] Successfully bumped revision number for resource 9e7a8484-4423-4616-9c88-e3ab9338e21d (type: security_group_rules) to 0
2026-05-18 17:12:37.205 8 INFO neutron.db.ovn_revision_numbers_db [None req-97bbd556-fa81-4c52-943c-8dbb07b1a533 51ea5ecb61a14f5eb81b127bd9a66a8f 7b190c9b5cdb46048cab0a0b14c399ef - - default default] Successfully bumped revision number for resource eca8289b-13a2-43a5-b6e4-31e8145e0635 (type: security_group_rules) to 0
2026-05-18 17:12:37.215 8 INFO neutron.db.ovn_revision_numbers_db [None req-97bbd556-fa81-4c52-943c-8dbb07b1a533 51ea5ecb61a14f5eb81b127bd9a66a8f 7b190c9b5cdb46048cab0a0b14c399ef - - default default] Successfully bumped revision number for resource f2b47ec5-f351-4baa-8b14-48b0c5785d6b (type: security_group_rules) to 0 [pid: 8|app: 0|req: 1461/2785] 10.0.0.149 () {32 vars in 774 bytes} [Mon May 18 17:12:37 2026] GET /v2.0/security-groups?tenant_id=e5f39d8360144bf2906b4498a5f65d6d&name=default => generated 2929 bytes in 240 msecs (HTTP/1.1 200) 4 headers in 158 bytes (1 switches on core 0) [pid: 7|app: 0|req: 1325/2786] 10.0.0.149 () {32 vars in 740 bytes} [Mon May 18 17:12:37 2026] DELETE /v2.0/security-groups/03422966-7ecf-41fc-a091-af2a79f5b9b1 => generated 0 bytes in 203 msecs (HTTP/1.1 204) 2 headers in 112 bytes (1 switches on core 0) [pid: 8|app: 0|req: 1462/2787] 10.0.0.169 () {28 vars in 579 bytes} [Mon May 18 17:12:39 2026] GET /v2.0/ports => generated 5221 bytes in 225 msecs (HTTP/1.1 200) 4 headers in 158 bytes (1 switches on core 0) [pid: 7|app: 0|req: 1326/2788] 10.0.0.169 () {28 vars in 619 bytes} [Mon May 18 17:12:39 2026] GET /v2.0/network-ip-availabilities => generated 1867 bytes in 24 msecs (HTTP/1.1 200) 4 headers in 158 bytes (1 switches on core 0) [pid: 8|app: 0|req: 1463/2789] 10.0.0.169 () {28 vars in 591 bytes} [Mon May 18 17:12:39 2026] GET /v2.0/floatingips => generated 19 bytes in 21 msecs (HTTP/1.1 200) 4 headers in 156 bytes (1 switches on core 0) [pid: 7|app: 0|req: 1327/2790] 10.0.0.169 () {28 vars in 583 bytes} [Mon May 18 17:12:39 2026] GET /v2.0/subnets => generated 1308 bytes in 49 msecs (HTTP/1.1 200) 4 headers in 158 bytes (1 switches on core 0) [pid: 8|app: 0|req: 1464/2791] 10.0.0.169 () {28 vars in 583 bytes} [Mon May 18 17:12:39 2026] GET /v2.0/routers => generated 15 bytes in 22 msecs (HTTP/1.1 200) 4 headers in 156 bytes (1 switches on core 0) [pid: 7|app: 0|req: 1328/2792] 10.0.0.169 () {28 vars in 624 bytes} [Mon May 18 17:12:39 2026] GET /v2.0/agents?binary=ovn-controller => generated 416 bytes in 57 msecs (HTTP/1.1 200) 4 headers in 157 bytes (1 switches on core 0) [pid: 8|app: 0|req: 1465/2793] 10.0.0.169 () {28 vars in 583 bytes} [Mon May 18 17:12:39 2026] GET /v2.0/subnets => generated 1308 bytes in 30 msecs (HTTP/1.1 200) 4 headers in 158 bytes (1 switches on core 0) [pid: 7|app: 0|req: 1329/2794] 10.0.0.169 () {28 vars in 591 bytes} [Mon May 18 17:12:39 2026] GET /v2.0/subnetpools => generated 19 bytes in 14 msecs (HTTP/1.1 200) 4 headers in 156 bytes (1 switches on core 0) [pid: 8|app: 0|req: 1466/2795] 10.0.0.169 () {28 vars in 581 bytes} [Mon May 18 17:12:39 2026] GET /v2.0/agents => generated 1214 bytes in 14 msecs (HTTP/1.1 200) 4 headers in 158 bytes (1 switches on core 0) [pid: 7|app: 0|req: 1330/2796] 10.0.0.169 () {28 vars in 585 bytes} [Mon May 18 17:12:39 2026] GET /v2.0/networks => generated 2288 bytes in 52 msecs (HTTP/1.1 200) 4 headers in 158 bytes (1 switches on core 0) [pid: 8|app: 0|req: 1467/2797] 10.0.0.169 () {28 vars in 599 bytes} [Mon May 18 17:12:39 2026] GET /v2.0/security-groups => generated 17401 bytes in 40 msecs (HTTP/1.1 200) 4 headers in 159 bytes (1 switches on core 0)
2026-05-18 17:12:41.323 7 INFO neutron.db.ovn_revision_numbers_db [None req-9cc48c8a-b82d-4cbe-bf5c-559abb9560ae f6f59a269d39400bb4ed5eb6afc676f0 2a68a11fb291439da28c703ace6c9ce9 - - default default] Successfully bumped revision number for resource 3cea61d2-33f7-4c43-85e4-85def2d4ffe7 (type: security_groups) to 1
2026-05-18 17:12:41.338 7 INFO neutron.db.ovn_revision_numbers_db [None req-9cc48c8a-b82d-4cbe-bf5c-559abb9560ae f6f59a269d39400bb4ed5eb6afc676f0 2a68a11fb291439da28c703ace6c9ce9 - - default default] Successfully bumped revision number for resource 638f1aa4-e696-4b5d-85f0-577f6dd51d4c (type: security_group_rules) to 0
2026-05-18 17:12:41.350 7 INFO neutron.db.ovn_revision_numbers_db [None req-9cc48c8a-b82d-4cbe-bf5c-559abb9560ae f6f59a269d39400bb4ed5eb6afc676f0 2a68a11fb291439da28c703ace6c9ce9 - - default default] Successfully bumped revision number for resource ab4ba0af-4094-4f04-86e6-1d9f856fe8ea (type: security_group_rules) to 0
2026-05-18 17:12:41.364 7 INFO neutron.db.ovn_revision_numbers_db [None req-9cc48c8a-b82d-4cbe-bf5c-559abb9560ae f6f59a269d39400bb4ed5eb6afc676f0 2a68a11fb291439da28c703ace6c9ce9 - - default default] Successfully bumped revision number for resource be982d5b-0530-46d8-b0f7-f401c8711c12 (type: security_group_rules) to 0
2026-05-18 17:12:41.378 7 INFO neutron.db.ovn_revision_numbers_db [None req-9cc48c8a-b82d-4cbe-bf5c-559abb9560ae f6f59a269d39400bb4ed5eb6afc676f0 2a68a11fb291439da28c703ace6c9ce9 - - default default] Successfully bumped revision number for resource e473896f-5ee4-4bf0-92f6-c3752ed2a136 (type: security_group_rules) to 0
2026-05-18 17:12:41.454 7 INFO neutron.db.segments_db [None req-9cc48c8a-b82d-4cbe-bf5c-559abb9560ae f6f59a269d39400bb4ed5eb6afc676f0 2a68a11fb291439da28c703ace6c9ce9 - - default default] Added segment 2eb2f22d-caa1-44bc-8db9-9e886adbe3c7 of type geneve for network a546fcaf-5f57-4737-ba43-f8f814dc0b7f
2026-05-18 17:12:41.580 7 INFO neutron.db.ovn_revision_numbers_db [None req-9cc48c8a-b82d-4cbe-bf5c-559abb9560ae f6f59a269d39400bb4ed5eb6afc676f0 2a68a11fb291439da28c703ace6c9ce9 - - default default] Successfully bumped revision number for resource a546fcaf-5f57-4737-ba43-f8f814dc0b7f (type: networks) to 1
2026-05-18 17:12:41.762 7 WARNING neutron.scheduler.dhcp_agent_scheduler [None req-9cc48c8a-b82d-4cbe-bf5c-559abb9560ae f6f59a269d39400bb4ed5eb6afc676f0 2a68a11fb291439da28c703ace6c9ce9 - - default default] No more DHCP agents
2026-05-18 17:12:41.764 7 WARNING neutron.api.rpc.agentnotifiers.dhcp_rpc_agent_api [None req-9cc48c8a-b82d-4cbe-bf5c-559abb9560ae f6f59a269d39400bb4ed5eb6afc676f0 2a68a11fb291439da28c703ace6c9ce9 - - default default] Unable to schedule network a546fcaf-5f57-4737-ba43-f8f814dc0b7f: no agents available; will retry on subsequent port and subnet creation events.
2026-05-18 17:12:41.804 8 INFO neutron.plugins.ml2.drivers.ovn.mech_driver.mech_driver [None req-0c7aa89d-e298-4f40-92b7-e90d715589e5 - - - - - -] OVN reports status down for port: f6247b44-6654-4b4c-991e-581ead9f3841
2026-05-18 17:12:41.850 7 INFO neutron.db.ovn_revision_numbers_db [None req-9cc48c8a-b82d-4cbe-bf5c-559abb9560ae f6f59a269d39400bb4ed5eb6afc676f0 2a68a11fb291439da28c703ace6c9ce9 - - default default] Successfully bumped revision number for resource f6247b44-6654-4b4c-991e-581ead9f3841 (type: ports) to 1 [pid: 7|app: 0|req: 1331/2798] 10.0.0.149 () {34 vars in 670 bytes} [Mon May 18 17:12:40 2026] POST /v2.0/networks => generated 669 bytes in 938 msecs (HTTP/1.1 201) 4 headers in 162 bytes (1 switches on core 0)
2026-05-18 17:12:42.111 8 WARNING neutron.scheduler.dhcp_agent_scheduler [None req-78e06744-8600-4ca0-8b61-513261a1c8d0 f6f59a269d39400bb4ed5eb6afc676f0 2a68a11fb291439da28c703ace6c9ce9 - - default default] No more DHCP agents
2026-05-18 17:12:42.113 8 WARNING neutron.api.rpc.agentnotifiers.dhcp_rpc_agent_api [None req-78e06744-8600-4ca0-8b61-513261a1c8d0 f6f59a269d39400bb4ed5eb6afc676f0 2a68a11fb291439da28c703ace6c9ce9 - - default default] Unable to schedule network a546fcaf-5f57-4737-ba43-f8f814dc0b7f: no agents available; will retry on subsequent port and subnet creation events.
2026-05-18 17:12:42.163 7 INFO neutron.plugins.ml2.drivers.ovn.mech_driver.mech_driver [None req-801dedfd-d2d3-4d9f-a9d2-eee6dec72913 - - - - - -] OVN reports status down for port: 2ea44595-cfa7-4a6b-bb91-126f2566443d
2026-05-18 17:12:42.200 8 INFO neutron.db.ovn_revision_numbers_db [None req-78e06744-8600-4ca0-8b61-513261a1c8d0 f6f59a269d39400bb4ed5eb6afc676f0 2a68a11fb291439da28c703ace6c9ce9 - - default default] Successfully bumped revision number for resource 2ea44595-cfa7-4a6b-bb91-126f2566443d (type: ports) to 1 [pid: 8|app: 0|req: 1468/2799] 10.0.0.149 () {34 vars in 664 bytes} [Mon May 18 17:12:41 2026] POST /v2.0/ports => generated 743 bytes in 381 msecs (HTTP/1.1 201) 4 headers in 162 bytes (1 switches on core 0) [pid: 7|app: 0|req: 1332/2800] 10.0.0.149 () {34 vars in 666 bytes} [Mon May 18 17:12:42 2026] POST /v2.0/trunks => generated 409 bytes in 259 msecs (HTTP/1.1 201) 4 headers in 162 bytes (1 switches on core 0) /var/lib/openstack/lib/python3.12/site-packages/pycadf/identifier.py:70: UserWarning: Invalid uuid: neutron. To ensure interoperability, identifiers should be a valid uuid. warnings.warn(('Invalid uuid: %s. To ensure interoperability, '
2026-05-18 17:12:42.567 8 WARNING tagging [None req-4f4d9af5-2df0-4b29-abd0-31aa552f0902 f6f59a269d39400bb4ed5eb6afc676f0 2a68a11fb291439da28c703ace6c9ce9 - - default default] project_id key not found in request, using tenant_id instead. This support has been deprecated and will be removed in a future release. [pid: 8|app: 0|req: 1469/2801] 10.0.0.149 () {34 vars in 749 bytes} [Mon May 18 17:12:42 2026] PUT /v2.0/trunks/05c7d1be-c6e8-4a56-91c1-fd58433836b6/tags => generated 25 bytes in 43 msecs (HTTP/1.1 200) 4 headers in 156 bytes (1 switches on core 0)
2026-05-18 17:12:42.613 7 WARNING tagging [None req-2a417208-c736-4178-9c30-e5b1c05a656a f6f59a269d39400bb4ed5eb6afc676f0 2a68a11fb291439da28c703ace6c9ce9 - - default default] project_id key not found in request, using tenant_id instead. This support has been deprecated and will be removed in a future release. [pid: 7|app: 0|req: 1333/2802] 10.0.0.149 () {32 vars in 729 bytes} [Mon May 18 17:12:42 2026] GET /v2.0/trunks/05c7d1be-c6e8-4a56-91c1-fd58433836b6/tags => generated 25 bytes in 39 msecs (HTTP/1.1 200) 4 headers in 156 bytes (1 switches on core 0)
2026-05-18 17:12:42.653 8 WARNING tagging [None req-124dca49-1f66-47ae-a524-16f62c0daa0b f6f59a269d39400bb4ed5eb6afc676f0 2a68a11fb291439da28c703ace6c9ce9 - - default default] project_id key not found in request, using tenant_id instead. This support has been deprecated and will be removed in a future release. [pid: 8|app: 0|req: 1470/2803] 10.0.0.149 () {34 vars in 760 bytes} [Mon May 18 17:12:42 2026] PUT /v2.0/trunks/05c7d1be-c6e8-4a56-91c1-fd58433836b6/tags/green => generated 4 bytes in 49 msecs (HTTP/1.1 201) 4 headers in 160 bytes (1 switches on core 0)
2026-05-18 17:12:42.712 7 WARNING tagging [None req-66ffa476-3b6f-4414-9c6a-c03f4f281f5c f6f59a269d39400bb4ed5eb6afc676f0 2a68a11fb291439da28c703ace6c9ce9 - - default default] project_id key not found in request, using tenant_id instead. This support has been deprecated and will be removed in a future release. [pid: 7|app: 0|req: 1334/2804] 10.0.0.149 () {32 vars in 729 bytes} [Mon May 18 17:12:42 2026] GET /v2.0/trunks/05c7d1be-c6e8-4a56-91c1-fd58433836b6/tags => generated 34 bytes in 31 msecs (HTTP/1.1 200) 4 headers in 156 bytes (1 switches on core 0)
2026-05-18 17:12:42.743 8 WARNING tagging [None req-ec71321e-2622-47dc-8576-14795614d265 f6f59a269d39400bb4ed5eb6afc676f0 2a68a11fb291439da28c703ace6c9ce9 - - default default] project_id key not found in request, using tenant_id instead. This support has been deprecated and will be removed in a future release. [pid: 8|app: 0|req: 1471/2805] 10.0.0.149 () {34 vars in 756 bytes} [Mon May 18 17:12:42 2026] PUT /v2.0/trunks/05c7d1be-c6e8-4a56-91c1-fd58433836b6/tags/red => generated 4 bytes in 30 msecs (HTTP/1.1 201) 4 headers in 160 bytes (1 switches on core 0)
2026-05-18 17:12:42.784 7 WARNING tagging [None req-4cde9317-142d-43f4-a2d2-ef59958c13c2 f6f59a269d39400bb4ed5eb6afc676f0 2a68a11fb291439da28c703ace6c9ce9 - - default default] project_id key not found in request, using tenant_id instead. This support has been deprecated and will be removed in a future release. [pid: 7|app: 0|req: 1335/2806] 10.0.0.149 () {32 vars in 729 bytes} [Mon May 18 17:12:42 2026] GET /v2.0/trunks/05c7d1be-c6e8-4a56-91c1-fd58433836b6/tags => generated 34 bytes in 22 msecs (HTTP/1.1 200) 4 headers in 156 bytes (1 switches on core 0)
2026-05-18 17:12:42.809 8 WARNING tagging [None req-efdc73a6-9bf8-44ff-9b8c-4ae214a81bd8 f6f59a269d39400bb4ed5eb6afc676f0 2a68a11fb291439da28c703ace6c9ce9 - - default default] project_id key not found in request, using tenant_id instead. This support has been deprecated and will be removed in a future release. [pid: 8|app: 0|req: 1472/2807] 10.0.0.149 () {34 vars in 778 bytes} [Mon May 18 17:12:42 2026] PUT /v2.0/trunks/05c7d1be-c6e8-4a56-91c1-fd58433836b6/tags/black.or.white => generated 4 bytes in 47 msecs (HTTP/1.1 201) 4 headers in 160 bytes (1 switches on core 0)
2026-05-18 17:12:42.863 7 WARNING tagging [None req-2e86e5aa-be88-4c13-a7c3-15aa2ae091a3 f6f59a269d39400bb4ed5eb6afc676f0 2a68a11fb291439da28c703ace6c9ce9 - - default default] project_id key not found in request, using tenant_id instead. This support has been deprecated and will be removed in a future release. [pid: 7|app: 0|req: 1336/2808] 10.0.0.149 () {32 vars in 729 bytes} [Mon May 18 17:12:42 2026] GET /v2.0/trunks/05c7d1be-c6e8-4a56-91c1-fd58433836b6/tags => generated 52 bytes in 25 msecs (HTTP/1.1 200) 4 headers in 156 bytes (1 switches on core 0)
2026-05-18 17:12:42.900 8 WARNING tagging [None req-84a82261-da30-4f8e-bd6d-66f465613f4c f6f59a269d39400bb4ed5eb6afc676f0 2a68a11fb291439da28c703ace6c9ce9 - - default default] project_id key not found in request, using tenant_id instead. This support has been deprecated and will be removed in a future release. [pid: 8|app: 0|req: 1473/2809] 10.0.0.149 () {34 vars in 749 bytes} [Mon May 18 17:12:42 2026] PUT /v2.0/trunks/05c7d1be-c6e8-4a56-91c1-fd58433836b6/tags => generated 37 bytes in 53 msecs (HTTP/1.1 200) 4 headers in 156 bytes (1 switches on core 0)
2026-05-18 17:12:42.958 7 WARNING tagging [None req-ef44c0cc-2ad8-438b-8e66-4724c240b703 f6f59a269d39400bb4ed5eb6afc676f0 2a68a11fb291439da28c703ace6c9ce9 - - default default] project_id key not found in request, using tenant_id instead. This support has been deprecated and will be removed in a future release. [pid: 7|app: 0|req: 1337/2810] 10.0.0.149 () {32 vars in 729 bytes} [Mon May 18 17:12:42 2026] GET /v2.0/trunks/05c7d1be-c6e8-4a56-91c1-fd58433836b6/tags => generated 37 bytes in 31 msecs (HTTP/1.1 200) 4 headers in 156 bytes (1 switches on core 0)
2026-05-18 17:12:42.991 8 WARNING tagging [None req-cf209158-fcc7-48ed-8a6c-78e1a2df2239 f6f59a269d39400bb4ed5eb6afc676f0 2a68a11fb291439da28c703ace6c9ce9 - - default default] project_id key not found in request, using tenant_id instead. This support has been deprecated and will be removed in a future release. [pid: 8|app: 0|req: 1474/2811] 10.0.0.149 () {32 vars in 737 bytes} [Mon May 18 17:12:42 2026] GET /v2.0/trunks/05c7d1be-c6e8-4a56-91c1-fd58433836b6/tags/red => generated 0 bytes in 31 msecs (HTTP/1.1 204) 2 headers in 112 bytes (1 switches on core 0)
2026-05-18 17:12:43.023 7 WARNING tagging [None req-3fa5d725-33ca-4fc7-9535-2dcf2647e319 f6f59a269d39400bb4ed5eb6afc676f0 2a68a11fb291439da28c703ace6c9ce9 - - default default] project_id key not found in request, using tenant_id instead. This support has been deprecated and will be removed in a future release.
2026-05-18 17:12:43.030 7 INFO neutron.api.v2.resource [None req-3fa5d725-33ca-4fc7-9535-2dcf2647e319 f6f59a269d39400bb4ed5eb6afc676f0 2a68a11fb291439da28c703ace6c9ce9 - - default default] show failed (client error): The resource could not be found. [pid: 7|app: 0|req: 1338/2812] 10.0.0.149 () {32 vars in 741 bytes} [Mon May 18 17:12:43 2026] GET /v2.0/trunks/05c7d1be-c6e8-4a56-91c1-fd58433836b6/tags/green => generated 99 bytes in 22 msecs (HTTP/1.1 404) 4 headers in 163 bytes (1 switches on core 0)
2026-05-18 17:12:43.055 8 WARNING tagging [None req-a5f62b7e-a2f4-4bae-a809-c0cc32fc90bb f6f59a269d39400bb4ed5eb6afc676f0 2a68a11fb291439da28c703ace6c9ce9 - - default default] project_id key not found in request, using tenant_id instead. This support has been deprecated and will be removed in a future release. [pid: 8|app: 0|req: 1475/2813] 10.0.0.149 () {32 vars in 740 bytes} [Mon May 18 17:12:43 2026] DELETE /v2.0/trunks/05c7d1be-c6e8-4a56-91c1-fd58433836b6/tags/red => generated 0 bytes in 47 msecs (HTTP/1.1 204) 2 headers in 112 bytes (1 switches on core 0)
2026-05-18 17:12:43.108 7 WARNING tagging [None req-953eee71-a7f2-4c27-a1f4-c2f9b2aff7ac f6f59a269d39400bb4ed5eb6afc676f0 2a68a11fb291439da28c703ace6c9ce9 - - default default] project_id key not found in request, using tenant_id instead. This support has been deprecated and will be removed in a future release. [pid: 7|app: 0|req: 1339/2814] 10.0.0.149 () {32 vars in 729 bytes} [Mon May 18 17:12:43 2026] GET /v2.0/trunks/05c7d1be-c6e8-4a56-91c1-fd58433836b6/tags => generated 30 bytes in 26 msecs (HTTP/1.1 200) 4 headers in 156 bytes (1 switches on core 0)
2026-05-18 17:12:43.141 8 WARNING tagging [None req-729601d0-cde2-487f-9797-1d9a25f0d7db f6f59a269d39400bb4ed5eb6afc676f0 2a68a11fb291439da28c703ace6c9ce9 - - default default] project_id key not found in request, using tenant_id instead. This support has been deprecated and will be removed in a future release.
2026-05-18 17:12:43.157 8 INFO neutron.api.v2.resource [None req-729601d0-cde2-487f-9797-1d9a25f0d7db f6f59a269d39400bb4ed5eb6afc676f0 2a68a11fb291439da28c703ace6c9ce9 - - default default] delete failed (client error): The resource could not be found. [pid: 8|app: 0|req: 1476/2815] 10.0.0.149 () {32 vars in 744 bytes} [Mon May 18 17:12:43 2026] DELETE /v2.0/trunks/05c7d1be-c6e8-4a56-91c1-fd58433836b6/tags/green => generated 99 bytes in 36 msecs (HTTP/1.1 404) 4 headers in 163 bytes (1 switches on core 0)
2026-05-18 17:12:43.183 7 WARNING tagging [None req-e25be590-03e5-45c7-8268-0f702b2c6079 f6f59a269d39400bb4ed5eb6afc676f0 2a68a11fb291439da28c703ace6c9ce9 - - default default] project_id key not found in request, using tenant_id instead. This support has been deprecated and will be removed in a future release. [pid: 7|app: 0|req: 1340/2816] 10.0.0.149 () {32 vars in 732 bytes} [Mon May 18 17:12:43 2026] DELETE /v2.0/trunks/05c7d1be-c6e8-4a56-91c1-fd58433836b6/tags => generated 0 bytes in 42 msecs (HTTP/1.1 204) 2 headers in 112 bytes (1 switches on core 0)
2026-05-18 17:12:43.228 8 WARNING tagging [None req-cdec94c6-06ea-4113-a53b-c826dee3c1d0 f6f59a269d39400bb4ed5eb6afc676f0 2a68a11fb291439da28c703ace6c9ce9 - - default default] project_id key not found in request, using tenant_id instead. This support has been deprecated and will be removed in a future release. [pid: 8|app: 0|req: 1477/2817] 10.0.0.149 () {32 vars in 729 bytes} [Mon May 18 17:12:43 2026] GET /v2.0/trunks/05c7d1be-c6e8-4a56-91c1-fd58433836b6/tags => generated 12 bytes in 29 msecs (HTTP/1.1 200) 4 headers in 156 bytes (1 switches on core 0) [pid: 7|app: 0|req: 1341/2818] 10.0.0.149 () {32 vars in 719 bytes} [Mon May 18 17:12:43 2026] GET /v2.0/trunks/05c7d1be-c6e8-4a56-91c1-fd58433836b6 => generated 409 bytes in 16 msecs (HTTP/1.1 200) 4 headers in 157 bytes (1 switches on core 0) [pid: 8|app: 0|req: 1478/2819] 10.0.0.149 () {32 vars in 717 bytes} [Mon May 18 17:12:43 2026] GET /v2.0/ports/2ea44595-cfa7-4a6b-bb91-126f2566443d => generated 826 bytes in 76 msecs (HTTP/1.1 200) 4 headers in 157 bytes (1 switches on core 0) [pid: 7|app: 0|req: 1342/2820] 10.0.0.149 () {32 vars in 722 bytes} [Mon May 18 17:12:43 2026] DELETE /v2.0/trunks/05c7d1be-c6e8-4a56-91c1-fd58433836b6 => generated 0 bytes in 89 msecs (HTTP/1.1 204) 2 headers in 112 bytes (1 switches on core 0)
2026-05-18 17:12:43.596 8 INFO neutron_taas.services.taas.taas_plugin [None req-35b006e1-e446-4ebf-914c-acd217ac4d82 f6f59a269d39400bb4ed5eb6afc676f0 2a68a11fb291439da28c703ace6c9ce9 - - default default] TaaS: Handle Delete Port: 2ea44595-cfa7-4a6b-bb91-126f2566443d
2026-05-18 17:12:43.600 8 INFO neutron_taas.services.taas.tap_mirror_plugin [None req-35b006e1-e446-4ebf-914c-acd217ac4d82 f6f59a269d39400bb4ed5eb6afc676f0 2a68a11fb291439da28c703ace6c9ce9 - - default default] Tap Mirror: Handle Delete Port: 2ea44595-cfa7-4a6b-bb91-126f2566443d [pid: 8|app: 0|req: 1479/2821] 10.0.0.149 () {32 vars in 720 bytes} [Mon May 18 17:12:43 2026] DELETE /v2.0/ports/2ea44595-cfa7-4a6b-bb91-126f2566443d => generated 0 bytes in 270 msecs (HTTP/1.1 204) 3 headers in 131 bytes (1 switches on core 0)
2026-05-18 17:12:43.855 7 INFO neutron_taas.services.taas.taas_plugin [None req-082afc0a-31ae-4113-af0b-e7e8f37a6a23 f6f59a269d39400bb4ed5eb6afc676f0 2a68a11fb291439da28c703ace6c9ce9 - - default default] TaaS: Handle Delete Port: f6247b44-6654-4b4c-991e-581ead9f3841
2026-05-18 17:12:43.857 7 INFO neutron_taas.services.taas.tap_mirror_plugin [None req-082afc0a-31ae-4113-af0b-e7e8f37a6a23 f6f59a269d39400bb4ed5eb6afc676f0 2a68a11fb291439da28c703ace6c9ce9 - - default default] Tap Mirror: Handle Delete Port: f6247b44-6654-4b4c-991e-581ead9f3841
2026-05-18 17:12:44.046 7 INFO neutron.services.segments.plugin [-] Segment 2eb2f22d-caa1-44bc-8db9-9e886adbe3c7 resource provider aggregate not found
2026-05-18 17:12:44.057 7 INFO neutron.services.segments.plugin [-] Segment 2eb2f22d-caa1-44bc-8db9-9e886adbe3c7 resource provider aggregate not found
2026-05-18 17:12:44.067 7 INFO neutron.services.segments.plugin [-] Segment 2eb2f22d-caa1-44bc-8db9-9e886adbe3c7 resource provider not found; error: Placement Client Error (4xx): {"errors": [{"status": 404, "title": "Not Found", "detail": "The resource could not be found.\n\n No resource provider with uuid 2eb2f22d-caa1-44bc-8db9-9e886adbe3c7 found for delete ", "request_id": "req-0e8d40ec-69c4-485e-930f-47eaf706c66c"}]}
2026-05-18 17:12:44.086 7 INFO neutron.services.segments.plugin [-] Segment 2eb2f22d-caa1-44bc-8db9-9e886adbe3c7 resource provider not found; error: Placement Client Error (4xx): {"errors": [{"status": 404, "title": "Not Found", "detail": "The resource could not be found.\n\n No resource provider with uuid 2eb2f22d-caa1-44bc-8db9-9e886adbe3c7 found for delete ", "request_id": "req-ce616f64-60bb-43c7-956d-f67ed1ebc51a"}]} [pid: 7|app: 0|req: 1343/2822] 10.0.0.149 () {32 vars in 726 bytes} [Mon May 18 17:12:43 2026] DELETE /v2.0/networks/a546fcaf-5f57-4737-ba43-f8f814dc0b7f => generated 0 bytes in 387 msecs (HTTP/1.1 204) 3 headers in 131 bytes (1 switches on core 0)
2026-05-18 17:12:44.900 8 WARNING neutron.db.securitygroups_db [None req-d87e9df9-a17b-442c-abc4-604608ecedaf 51ea5ecb61a14f5eb81b127bd9a66a8f 7b190c9b5cdb46048cab0a0b14c399ef - - default default] project_id key not found in filters, using tenant_id instead. This support has been deprecated and will be removed in a future release. [pid: 8|app: 0|req: 1480/2823] 10.0.0.149 () {32 vars in 774 bytes} [Mon May 18 17:12:44 2026] GET /v2.0/security-groups?tenant_id=2a68a11fb291439da28c703ace6c9ce9&name=default => generated 2929 bytes in 151 msecs (HTTP/1.1 200) 4 headers in 158 bytes (1 switches on core 0) [pid: 7|app: 0|req: 1344/2824] 10.0.0.149 () {32 vars in 740 bytes} [Mon May 18 17:12:44 2026] DELETE /v2.0/security-groups/3cea61d2-33f7-4c43-85e4-85def2d4ffe7 => generated 0 bytes in 171 msecs (HTTP/1.1 204) 2 headers in 112 bytes (1 switches on core 0)
2026-05-18 17:12:45.209 8 WARNING neutron.db.securitygroups_db [None req-aa725d43-9d68-4a14-9517-3c255571d945 51ea5ecb61a14f5eb81b127bd9a66a8f 7b190c9b5cdb46048cab0a0b14c399ef - - default default] project_id key not found in filters, using tenant_id instead. This support has been deprecated and will be removed in a future release.
2026-05-18 17:12:45.342 8 INFO neutron.db.ovn_revision_numbers_db [None req-aa725d43-9d68-4a14-9517-3c255571d945 51ea5ecb61a14f5eb81b127bd9a66a8f 7b190c9b5cdb46048cab0a0b14c399ef - - default default] Successfully bumped revision number for resource df9fdb10-ac5e-42ce-b666-cdd1731f79ba (type: security_groups) to 1
2026-05-18 17:12:45.359 8 INFO neutron.db.ovn_revision_numbers_db [None req-aa725d43-9d68-4a14-9517-3c255571d945 51ea5ecb61a14f5eb81b127bd9a66a8f 7b190c9b5cdb46048cab0a0b14c399ef - - default default] Successfully bumped revision number for resource 439bea6e-b45d-41ef-8a7f-8262c0bbc816 (type: security_group_rules) to 0
2026-05-18 17:12:45.374 8 INFO neutron.db.ovn_revision_numbers_db [None req-aa725d43-9d68-4a14-9517-3c255571d945 51ea5ecb61a14f5eb81b127bd9a66a8f 7b190c9b5cdb46048cab0a0b14c399ef - - default default] Successfully bumped revision number for resource 4df8ff59-afe0-474d-bb99-249c5b634deb (type: security_group_rules) to 0
2026-05-18 17:12:45.391 8 INFO neutron.db.ovn_revision_numbers_db [None req-aa725d43-9d68-4a14-9517-3c255571d945 51ea5ecb61a14f5eb81b127bd9a66a8f 7b190c9b5cdb46048cab0a0b14c399ef - - default default] Successfully bumped revision number for resource 6fc73078-39b3-43af-ab05-84db125189ef (type: security_group_rules) to 0
2026-05-18 17:12:45.406 8 INFO neutron.db.ovn_revision_numbers_db [None req-aa725d43-9d68-4a14-9517-3c255571d945 51ea5ecb61a14f5eb81b127bd9a66a8f 7b190c9b5cdb46048cab0a0b14c399ef - - default default] Successfully bumped revision number for resource 8793190c-8d39-4dff-a0e7-c5d17f73819e (type: security_group_rules) to 0 [pid: 8|app: 0|req: 1481/2825] 10.0.0.149 () {32 vars in 774 bytes} [Mon May 18 17:12:45 2026] GET /v2.0/security-groups?tenant_id=8ca8693b20964f7088f4e4df731e5090&name=default => generated 2929 bytes in 261 msecs (HTTP/1.1 200) 4 headers in 158 bytes (1 switches on core 0) [pid: 7|app: 0|req: 1345/2826] 10.0.0.149 () {32 vars in 740 bytes} [Mon May 18 17:12:45 2026] DELETE /v2.0/security-groups/df9fdb10-ac5e-42ce-b666-cdd1731f79ba => generated 0 bytes in 178 msecs (HTTP/1.1 204) 2 headers in 112 bytes (1 switches on core 0)
2026-05-18 17:12:55.079 7 INFO neutron.db.ovn_revision_numbers_db [None req-2d4afee0-77e8-43c6-a6c4-ced582086c50 9d3ee3e1b42344c19be9b6816e608280 6cc09f4d4f5849c4837f3e760edf5733 - - default default] Successfully bumped revision number for resource 2c4ae019-62e4-4a5b-b36d-9dc245112f79 (type: security_groups) to 1
2026-05-18 17:12:55.091 7 INFO neutron.db.ovn_revision_numbers_db [None req-2d4afee0-77e8-43c6-a6c4-ced582086c50 9d3ee3e1b42344c19be9b6816e608280 6cc09f4d4f5849c4837f3e760edf5733 - - default default] Successfully bumped revision number for resource 5bc58c09-2169-42b7-9676-cc79325f501c (type: security_group_rules) to 0
2026-05-18 17:12:55.107 7 INFO neutron.db.ovn_revision_numbers_db [None req-2d4afee0-77e8-43c6-a6c4-ced582086c50 9d3ee3e1b42344c19be9b6816e608280 6cc09f4d4f5849c4837f3e760edf5733 - - default default] Successfully bumped revision number for resource 9506c65d-3dd2-4fb1-af84-aa28fb892a9a (type: security_group_rules) to 0
2026-05-18 17:12:55.122 7 INFO neutron.db.ovn_revision_numbers_db [None req-2d4afee0-77e8-43c6-a6c4-ced582086c50 9d3ee3e1b42344c19be9b6816e608280 6cc09f4d4f5849c4837f3e760edf5733 - - default default] Successfully bumped revision number for resource b3b70647-4f0f-4c80-a9da-c526410e5801 (type: security_group_rules) to 0
2026-05-18 17:12:55.135 7 INFO neutron.db.ovn_revision_numbers_db [None req-2d4afee0-77e8-43c6-a6c4-ced582086c50 9d3ee3e1b42344c19be9b6816e608280 6cc09f4d4f5849c4837f3e760edf5733 - - default default] Successfully bumped revision number for resource ebdacda3-bdef-407f-874f-efa93151e42d (type: security_group_rules) to 0
2026-05-18 17:12:55.215 7 INFO neutron.db.segments_db [None req-2d4afee0-77e8-43c6-a6c4-ced582086c50 9d3ee3e1b42344c19be9b6816e608280 6cc09f4d4f5849c4837f3e760edf5733 - - default default] Added segment 45ae30e4-a5a8-4b6d-82be-f75bde29b223 of type geneve for network 1748a3e7-43b5-4434-948e-83fb4b254e79
2026-05-18 17:12:55.341 7 INFO neutron.db.ovn_revision_numbers_db [None req-2d4afee0-77e8-43c6-a6c4-ced582086c50 9d3ee3e1b42344c19be9b6816e608280 6cc09f4d4f5849c4837f3e760edf5733 - - default default] Successfully bumped revision number for resource 1748a3e7-43b5-4434-948e-83fb4b254e79 (type: networks) to 1
2026-05-18 17:12:55.501 7 WARNING neutron.scheduler.dhcp_agent_scheduler [None req-2d4afee0-77e8-43c6-a6c4-ced582086c50 9d3ee3e1b42344c19be9b6816e608280 6cc09f4d4f5849c4837f3e760edf5733 - - default default] No more DHCP agents
2026-05-18 17:12:55.502 7 WARNING neutron.api.rpc.agentnotifiers.dhcp_rpc_agent_api [None req-2d4afee0-77e8-43c6-a6c4-ced582086c50 9d3ee3e1b42344c19be9b6816e608280 6cc09f4d4f5849c4837f3e760edf5733 - - default default] Unable to schedule network 1748a3e7-43b5-4434-948e-83fb4b254e79: no agents available; will retry on subsequent port and subnet creation events.
2026-05-18 17:12:55.562 7 INFO neutron.plugins.ml2.drivers.ovn.mech_driver.mech_driver [None req-801dedfd-d2d3-4d9f-a9d2-eee6dec72913 - - - - - -] OVN reports status down for port: 8aac3373-e35e-4822-b700-300f3eac1589
2026-05-18 17:12:55.638 7 INFO neutron.db.ovn_revision_numbers_db [None req-2d4afee0-77e8-43c6-a6c4-ced582086c50 9d3ee3e1b42344c19be9b6816e608280 6cc09f4d4f5849c4837f3e760edf5733 - - default default] Successfully bumped revision number for resource 8aac3373-e35e-4822-b700-300f3eac1589 (type: ports) to 1 [pid: 7|app: 0|req: 1347/2829] 10.0.0.149 () {34 vars in 670 bytes} [Mon May 18 17:12:54 2026] POST /v2.0/networks => generated 677 bytes in 972 msecs (HTTP/1.1 201) 4 headers in 162 bytes (1 switches on core 0)
2026-05-18 17:12:55.938 8 WARNING neutron.scheduler.dhcp_agent_scheduler [None req-df1c9638-cda0-4967-8519-9ab2657b1929 9d3ee3e1b42344c19be9b6816e608280 6cc09f4d4f5849c4837f3e760edf5733 - - default default] No more DHCP agents
2026-05-18 17:12:55.939 8 WARNING neutron.api.rpc.agentnotifiers.dhcp_rpc_agent_api [None req-df1c9638-cda0-4967-8519-9ab2657b1929 9d3ee3e1b42344c19be9b6816e608280 6cc09f4d4f5849c4837f3e760edf5733 - - default default] Unable to schedule network 1748a3e7-43b5-4434-948e-83fb4b254e79: no agents available; will retry on subsequent port and subnet creation events.
2026-05-18 17:12:56.462 8 INFO neutron.db.ovn_revision_numbers_db [None req-df1c9638-cda0-4967-8519-9ab2657b1929 9d3ee3e1b42344c19be9b6816e608280 6cc09f4d4f5849c4837f3e760edf5733 - - default default] Successfully bumped revision number for resource 8aac3373-e35e-4822-b700-300f3eac1589 (type: ports) to 2
2026-05-18 17:12:56.504 8 INFO neutron.db.ovn_revision_numbers_db [None req-df1c9638-cda0-4967-8519-9ab2657b1929 9d3ee3e1b42344c19be9b6816e608280 6cc09f4d4f5849c4837f3e760edf5733 - - default default] Successfully bumped revision number for resource 78121fbd-b8c4-4c9e-a08c-b4cf7044eac9 (type: subnets) to 0 [pid: 8|app: 0|req: 1483/2830] 10.0.0.149 () {34 vars in 669 bytes} [Mon May 18 17:12:55 2026] POST /v2.0/subnets => generated 658 bytes in 809 msecs (HTTP/1.1 201) 4 headers in 162 bytes (1 switches on core 0) [pid: 7|app: 0|req: 1348/2831] 10.0.0.149 () {32 vars in 722 bytes} [Mon May 18 17:12:56 2026] GET /v2.0/subnetpools?name=shared-default-subnetpool-v6 => generated 19 bytes in 42 msecs (HTTP/1.1 200) 4 headers in 156 bytes (1 switches on core 0)
2026-05-18 17:12:56.784 8 WARNING neutron.scheduler.dhcp_agent_scheduler [None req-e0013deb-3b4a-4372-808e-141cbae673b6 9d3ee3e1b42344c19be9b6816e608280 6cc09f4d4f5849c4837f3e760edf5733 - - default default] No more DHCP agents
2026-05-18 17:12:56.785 8 WARNING neutron.api.rpc.agentnotifiers.dhcp_rpc_agent_api [None req-e0013deb-3b4a-4372-808e-141cbae673b6 9d3ee3e1b42344c19be9b6816e608280 6cc09f4d4f5849c4837f3e760edf5733 - - default default] Unable to schedule network 1748a3e7-43b5-4434-948e-83fb4b254e79: no agents available; will retry on subsequent port and subnet creation events.
2026-05-18 17:12:56.820 8 INFO neutron.db.ovn_revision_numbers_db [None req-e0013deb-3b4a-4372-808e-141cbae673b6 9d3ee3e1b42344c19be9b6816e608280 6cc09f4d4f5849c4837f3e760edf5733 - - default default] Successfully bumped revision number for resource 3f72b55e-72c3-49c0-b20e-fd8a6c992580 (type: subnets) to 0 [pid: 8|app: 0|req: 1484/2832] 10.0.0.149 () {34 vars in 669 bytes} [Mon May 18 17:12:56 2026] POST /v2.0/subnets => generated 731 bytes in 259 msecs (HTTP/1.1 201) 4 headers in 162 bytes (1 switches on core 0)
2026-05-18 17:12:56.939 7 INFO neutron.db.segments_db [None req-dba7b27b-5119-40a0-a67b-fd40c08fec35 9d3ee3e1b42344c19be9b6816e608280 6cc09f4d4f5849c4837f3e760edf5733 - - default default] Added segment 6442087a-3fd8-43a5-8296-4e3a3be8af30 of type geneve for network d5e8bd8a-8bbd-482e-adcd-6d294f28b8ae
2026-05-18 17:12:57.074 7 INFO neutron.db.ovn_revision_numbers_db [None req-dba7b27b-5119-40a0-a67b-fd40c08fec35 9d3ee3e1b42344c19be9b6816e608280 6cc09f4d4f5849c4837f3e760edf5733 - - default default] Successfully bumped revision number for resource d5e8bd8a-8bbd-482e-adcd-6d294f28b8ae (type: networks) to 1
2026-05-18 17:12:57.261 7 WARNING neutron.scheduler.dhcp_agent_scheduler [None req-dba7b27b-5119-40a0-a67b-fd40c08fec35 9d3ee3e1b42344c19be9b6816e608280 6cc09f4d4f5849c4837f3e760edf5733 - - default default] No more DHCP agents
2026-05-18 17:12:57.263 7 WARNING neutron.api.rpc.agentnotifiers.dhcp_rpc_agent_api [None req-dba7b27b-5119-40a0-a67b-fd40c08fec35 9d3ee3e1b42344c19be9b6816e608280 6cc09f4d4f5849c4837f3e760edf5733 - - default default] Unable to schedule network d5e8bd8a-8bbd-482e-adcd-6d294f28b8ae: no agents available; will retry on subsequent port and subnet creation events.
2026-05-18 17:12:57.322 7 INFO neutron.plugins.ml2.drivers.ovn.mech_driver.mech_driver [None req-801dedfd-d2d3-4d9f-a9d2-eee6dec72913 - - - - - -] OVN reports status down for port: 9b822484-7842-4382-abd8-5c2dfa4690b6
2026-05-18 17:12:57.393 7 INFO neutron.db.ovn_revision_numbers_db [None req-dba7b27b-5119-40a0-a67b-fd40c08fec35 9d3ee3e1b42344c19be9b6816e608280 6cc09f4d4f5849c4837f3e760edf5733 - - default default] Successfully bumped revision number for resource 9b822484-7842-4382-abd8-5c2dfa4690b6 (type: ports) to 1 [pid: 7|app: 0|req: 1349/2833] 10.0.0.149 () {34 vars in 670 bytes} [Mon May 18 17:12:56 2026] POST /v2.0/networks => generated 675 bytes in 596 msecs (HTTP/1.1 201) 4 headers in 162 bytes (1 switches on core 0)
2026-05-18 17:12:57.658 8 WARNING neutron.scheduler.dhcp_agent_scheduler [None req-cdb60898-c278-43a5-8664-52357895c19e 9d3ee3e1b42344c19be9b6816e608280 6cc09f4d4f5849c4837f3e760edf5733 - - default default] No more DHCP agents
2026-05-18 17:12:57.659 8 WARNING neutron.api.rpc.agentnotifiers.dhcp_rpc_agent_api [None req-cdb60898-c278-43a5-8664-52357895c19e 9d3ee3e1b42344c19be9b6816e608280 6cc09f4d4f5849c4837f3e760edf5733 - - default default] Unable to schedule network d5e8bd8a-8bbd-482e-adcd-6d294f28b8ae: no agents available; will retry on subsequent port and subnet creation events.
2026-05-18 17:12:58.131 8 INFO neutron.db.ovn_revision_numbers_db [None req-cdb60898-c278-43a5-8664-52357895c19e 9d3ee3e1b42344c19be9b6816e608280 6cc09f4d4f5849c4837f3e760edf5733 - - default default] Successfully bumped revision number for resource 9b822484-7842-4382-abd8-5c2dfa4690b6 (type: ports) to 2
2026-05-18 17:12:58.166 8 INFO neutron.db.ovn_revision_numbers_db [None req-cdb60898-c278-43a5-8664-52357895c19e 9d3ee3e1b42344c19be9b6816e608280 6cc09f4d4f5849c4837f3e760edf5733 - - default default] Successfully bumped revision number for resource 7d863148-0086-4326-bf41-775e398f0767 (type: subnets) to 0 [pid: 8|app: 0|req: 1485/2834] 10.0.0.149 () {34 vars in 669 bytes} [Mon May 18 17:12:57 2026] POST /v2.0/subnets => generated 655 bytes in 741 msecs (HTTP/1.1 201) 4 headers in 162 bytes (1 switches on core 0)
2026-05-18 17:12:58.437 7 WARNING neutron.scheduler.dhcp_agent_scheduler [None req-71e09094-8be1-49bc-9f14-be7b8d7d0aa4 9d3ee3e1b42344c19be9b6816e608280 6cc09f4d4f5849c4837f3e760edf5733 - - default default] No more DHCP agents
2026-05-18 17:12:58.439 7 WARNING neutron.api.rpc.agentnotifiers.dhcp_rpc_agent_api [None req-71e09094-8be1-49bc-9f14-be7b8d7d0aa4 9d3ee3e1b42344c19be9b6816e608280 6cc09f4d4f5849c4837f3e760edf5733 - - default default] Unable to schedule network d5e8bd8a-8bbd-482e-adcd-6d294f28b8ae: no agents available; will retry on subsequent port and subnet creation events.
2026-05-18 17:12:58.474 7 INFO neutron.db.ovn_revision_numbers_db [None req-71e09094-8be1-49bc-9f14-be7b8d7d0aa4 9d3ee3e1b42344c19be9b6816e608280 6cc09f4d4f5849c4837f3e760edf5733 - - default default] Successfully bumped revision number for resource 56326535-86e3-415a-aa7f-ea40f2aef36a (type: subnets) to 0 [pid: 7|app: 0|req: 1350/2835] 10.0.0.149 () {34 vars in 669 bytes} [Mon May 18 17:12:58 2026] POST /v2.0/subnets => generated 726 bytes in 304 msecs (HTTP/1.1 201) 4 headers in 162 bytes (1 switches on core 0)
2026-05-18 17:12:58.607 8 INFO neutron.db.segments_db [None req-98d168ed-f4c9-4ae1-86f4-43dc55cfa153 9d3ee3e1b42344c19be9b6816e608280 6cc09f4d4f5849c4837f3e760edf5733 - - default default] Added segment 521eba08-4768-47d7-bf9c-d20f61bc8141 of type geneve for network ec854766-fde0-410f-b908-6901a0cde943
2026-05-18 17:12:58.742 8 INFO neutron.db.ovn_revision_numbers_db [None req-98d168ed-f4c9-4ae1-86f4-43dc55cfa153 9d3ee3e1b42344c19be9b6816e608280 6cc09f4d4f5849c4837f3e760edf5733 - - default default] Successfully bumped revision number for resource ec854766-fde0-410f-b908-6901a0cde943 (type: networks) to 1
2026-05-18 17:12:58.946 8 WARNING neutron.scheduler.dhcp_agent_scheduler [None req-98d168ed-f4c9-4ae1-86f4-43dc55cfa153 9d3ee3e1b42344c19be9b6816e608280 6cc09f4d4f5849c4837f3e760edf5733 - - default default] No more DHCP agents
2026-05-18 17:12:58.948 8 WARNING neutron.api.rpc.agentnotifiers.dhcp_rpc_agent_api [None req-98d168ed-f4c9-4ae1-86f4-43dc55cfa153 9d3ee3e1b42344c19be9b6816e608280 6cc09f4d4f5849c4837f3e760edf5733 - - default default] Unable to schedule network ec854766-fde0-410f-b908-6901a0cde943: no agents available; will retry on subsequent port and subnet creation events.
2026-05-18 17:12:59.001 8 INFO neutron.plugins.ml2.drivers.ovn.mech_driver.mech_driver [None req-0c7aa89d-e298-4f40-92b7-e90d715589e5 - - - - - -] OVN reports status down for port: 49dc8f81-9cb4-453c-8e76-79c7369a3bce
2026-05-18 17:12:59.067 8 INFO neutron.db.ovn_revision_numbers_db [None req-98d168ed-f4c9-4ae1-86f4-43dc55cfa153 9d3ee3e1b42344c19be9b6816e608280 6cc09f4d4f5849c4837f3e760edf5733 - - default default] Successfully bumped revision number for resource 49dc8f81-9cb4-453c-8e76-79c7369a3bce (type: ports) to 1 [pid: 8|app: 0|req: 1486/2836] 10.0.0.149 () {34 vars in 670 bytes} [Mon May 18 17:12:58 2026] POST /v2.0/networks => generated 676 bytes in 609 msecs (HTTP/1.1 201) 4 headers in 162 bytes (1 switches on core 0)
2026-05-18 17:12:59.328 7 WARNING neutron.scheduler.dhcp_agent_scheduler [None req-1e8845f7-db57-44b9-b593-b35eabaa4b65 9d3ee3e1b42344c19be9b6816e608280 6cc09f4d4f5849c4837f3e760edf5733 - - default default] No more DHCP agents
2026-05-18 17:12:59.330 7 WARNING neutron.api.rpc.agentnotifiers.dhcp_rpc_agent_api [None req-1e8845f7-db57-44b9-b593-b35eabaa4b65 9d3ee3e1b42344c19be9b6816e608280 6cc09f4d4f5849c4837f3e760edf5733 - - default default] Unable to schedule network ec854766-fde0-410f-b908-6901a0cde943: no agents available; will retry on subsequent port and subnet creation events.
2026-05-18 17:12:59.826 7 INFO neutron.db.ovn_revision_numbers_db [None req-1e8845f7-db57-44b9-b593-b35eabaa4b65 9d3ee3e1b42344c19be9b6816e608280 6cc09f4d4f5849c4837f3e760edf5733 - - default default] Successfully bumped revision number for resource 49dc8f81-9cb4-453c-8e76-79c7369a3bce (type: ports) to 2
2026-05-18 17:12:59.864 7 INFO neutron.db.ovn_revision_numbers_db [None req-1e8845f7-db57-44b9-b593-b35eabaa4b65 9d3ee3e1b42344c19be9b6816e608280 6cc09f4d4f5849c4837f3e760edf5733 - - default default] Successfully bumped revision number for resource e4e2cec6-2845-4ac8-84d5-02e800819625 (type: subnets) to 0 [pid: 7|app: 0|req: 1351/2837] 10.0.0.149 () {34 vars in 669 bytes} [Mon May 18 17:12:59 2026] POST /v2.0/subnets => generated 656 bytes in 768 msecs (HTTP/1.1 201) 4 headers in 162 bytes (1 switches on core 0)
2026-05-18 17:13:00.146 8 WARNING neutron.scheduler.dhcp_agent_scheduler [None req-a19f92b8-620f-4825-885c-634039a9b60d 9d3ee3e1b42344c19be9b6816e608280 6cc09f4d4f5849c4837f3e760edf5733 - - default default] No more DHCP agents
2026-05-18 17:13:00.148 8 WARNING neutron.api.rpc.agentnotifiers.dhcp_rpc_agent_api [None req-a19f92b8-620f-4825-885c-634039a9b60d 9d3ee3e1b42344c19be9b6816e608280 6cc09f4d4f5849c4837f3e760edf5733 - - default default] Unable to schedule network ec854766-fde0-410f-b908-6901a0cde943: no agents available; will retry on subsequent port and subnet creation events.
2026-05-18 17:13:00.184 8 INFO neutron.db.ovn_revision_numbers_db [None req-a19f92b8-620f-4825-885c-634039a9b60d 9d3ee3e1b42344c19be9b6816e608280 6cc09f4d4f5849c4837f3e760edf5733 - - default default] Successfully bumped revision number for resource 1dbf9444-f895-4f16-968a-3adb2f3ab707 (type: subnets) to 0 [pid: 8|app: 0|req: 1487/2838] 10.0.0.149 () {34 vars in 669 bytes} [Mon May 18 17:12:59 2026] POST /v2.0/subnets => generated 730 bytes in 313 msecs (HTTP/1.1 201) 4 headers in 162 bytes (1 switches on core 0)
2026-05-18 17:13:00.694 7 WARNING neutron.scheduler.dhcp_agent_scheduler [None req-e84e9035-3f2b-49bb-8841-3ef5f30c83da 9d3ee3e1b42344c19be9b6816e608280 6cc09f4d4f5849c4837f3e760edf5733 - - default default] No more DHCP agents
2026-05-18 17:13:00.695 7 WARNING neutron.api.rpc.agentnotifiers.dhcp_rpc_agent_api [None req-e84e9035-3f2b-49bb-8841-3ef5f30c83da 9d3ee3e1b42344c19be9b6816e608280 6cc09f4d4f5849c4837f3e760edf5733 - - default default] Unable to schedule network 7fb5eb63-abd3-4195-ace1-cbbaef90de80: no agents available; will retry on subsequent port and subnet creation events.
2026-05-18 17:13:00.829 8 INFO neutron.plugins.ml2.drivers.ovn.mech_driver.mech_driver [None req-0c7aa89d-e298-4f40-92b7-e90d715589e5 - - - - - -] OVN reports status down for port: 6229e6cf-4aa4-4fd5-b557-0624b8d1eda1
2026-05-18 17:13:00.837 7 INFO neutron.db.ovn_revision_numbers_db [None req-e84e9035-3f2b-49bb-8841-3ef5f30c83da 9d3ee3e1b42344c19be9b6816e608280 6cc09f4d4f5849c4837f3e760edf5733 - - default default] Successfully bumped revision number for resource 6229e6cf-4aa4-4fd5-b557-0624b8d1eda1 (type: ports) to 1
2026-05-18 17:13:01.577 7 INFO neutron.plugins.ml2.drivers.ovn.mech_driver.ovsdb.ovsdb_monitor [None req-77f45307-ea95-4e92-ad49-c26fc0ef9474 - - - - - -] Router 9a5331f2-543c-4bb9-9c3d-3eb299b50308 is bound to host instance
2026-05-18 17:13:01.621 8 INFO neutron.plugins.ml2.drivers.ovn.mech_driver.mech_driver [None req-0c7aa89d-e298-4f40-92b7-e90d715589e5 - - - - - -] OVN reports status up for port: 6229e6cf-4aa4-4fd5-b557-0624b8d1eda1
2026-05-18 17:13:01.640 8 INFO neutron.plugins.ml2.plugin [None req-0c7aa89d-e298-4f40-92b7-e90d715589e5 - - - - - -] Attempt 1 to provision port 6229e6cf-4aa4-4fd5-b557-0624b8d1eda1
2026-05-18 17:13:01.721 7 INFO neutron.db.ovn_revision_numbers_db [None req-e84e9035-3f2b-49bb-8841-3ef5f30c83da 9d3ee3e1b42344c19be9b6816e608280 6cc09f4d4f5849c4837f3e760edf5733 - - default default] Successfully bumped revision number for resource 6229e6cf-4aa4-4fd5-b557-0624b8d1eda1 (type: router_ports) to 1
