2026-05-18 17:09:10.470 7 INFO neutron.db.segments_db [None req-e92f5610-6fca-449e-8cbc-7447452a6d67 035bfe455e174cd3bb850d08fbcf207f 32956793c63f44ef835efe30fd63cca3 - - default default] Added segment 12790566-30b6-4063-8c90-1f90b7422fc0 of type geneve for network 1d55e382-a4ff-4034-b31c-284f4b851632 [pid: 8|app: 0|req: 866/1647] 10.0.0.149 () {32 vars in 724 bytes} [Mon May 18 17:09:10 2026] DELETE /v2.0/routers/50ffdb6e-da58-4660-bca8-9d8dbb16ccdd => generated 0 bytes in 212 msecs (HTTP/1.1 204) 2 headers in 112 bytes (1 switches on core 0)
2026-05-18 17:09:10.598 7 WARNING neutron.plugins.ml2.drivers.ovn.mech_driver.ovsdb.ovn_client [None req-b549b457-5ae4-4f62-8160-a9efc1659483 - - - - - -] No hosting information found for port 481f9917-cf94-4655-9ad4-e890d69bff8d: RuntimeError: No hosting information found for port 481f9917-cf94-4655-9ad4-e890d69bff8d
2026-05-18 17:09:10.630 7 INFO neutron.db.ovn_revision_numbers_db [None req-e92f5610-6fca-449e-8cbc-7447452a6d67 035bfe455e174cd3bb850d08fbcf207f 32956793c63f44ef835efe30fd63cca3 - - default default] Successfully bumped revision number for resource 1d55e382-a4ff-4034-b31c-284f4b851632 (type: networks) to 1
2026-05-18 17:09:10.674 7 INFO neutron.common.ovn.utils [None req-b549b457-5ae4-4f62-8160-a9efc1659483 - - - - - -] HA Chassis Group neutron-2436b8fb-d74d-4c36-80f2-f0f16c1568d2 synchronized; highest priority chassis 743bcfc7-90d4-42a6-b11a-22afc31104a7
2026-05-18 17:09:10.827 8 INFO neutron.db.ovn_revision_numbers_db [None req-87a3bea3-52f5-4eda-b025-a261ecbcdfb1 51ea5ecb61a14f5eb81b127bd9a66a8f 7b190c9b5cdb46048cab0a0b14c399ef - - default default] Successfully bumped revision number for resource dd92c438-5c8f-4a7d-9d31-2a84ef944c81 (type: security_groups) to 1
2026-05-18 17:09:10.852 8 INFO neutron.db.ovn_revision_numbers_db [None req-87a3bea3-52f5-4eda-b025-a261ecbcdfb1 51ea5ecb61a14f5eb81b127bd9a66a8f 7b190c9b5cdb46048cab0a0b14c399ef - - default default] Successfully bumped revision number for resource 6999e416-ee8d-400c-b368-d652712a2386 (type: security_group_rules) to 0
2026-05-18 17:09:10.875 8 INFO neutron.db.ovn_revision_numbers_db [None req-87a3bea3-52f5-4eda-b025-a261ecbcdfb1 51ea5ecb61a14f5eb81b127bd9a66a8f 7b190c9b5cdb46048cab0a0b14c399ef - - default default] Successfully bumped revision number for resource e1eaab1d-05a9-494a-b5d6-4653a5233406 (type: security_group_rules) to 0
2026-05-18 17:09:10.893 8 INFO neutron.db.ovn_revision_numbers_db [None req-87a3bea3-52f5-4eda-b025-a261ecbcdfb1 51ea5ecb61a14f5eb81b127bd9a66a8f 7b190c9b5cdb46048cab0a0b14c399ef - - default default] Successfully bumped revision number for resource f77db6a6-da01-4997-b6f6-02d0fc7c8f51 (type: security_group_rules) to 0
2026-05-18 17:09:10.906 8 INFO neutron.db.ovn_revision_numbers_db [None req-87a3bea3-52f5-4eda-b025-a261ecbcdfb1 51ea5ecb61a14f5eb81b127bd9a66a8f 7b190c9b5cdb46048cab0a0b14c399ef - - default default] Successfully bumped revision number for resource ffa35fb2-cec8-41a0-9aec-ac5677564149 (type: security_group_rules) to 0
2026-05-18 17:09:10.935 7 INFO neutron.db.ovn_revision_numbers_db [None req-b549b457-5ae4-4f62-8160-a9efc1659483 - - - - - -] Successfully bumped revision number for resource 481f9917-cf94-4655-9ad4-e890d69bff8d (type: router_ports) to 2
2026-05-18 17:09:11.013 8 INFO neutron.db.segments_db [None req-87a3bea3-52f5-4eda-b025-a261ecbcdfb1 51ea5ecb61a14f5eb81b127bd9a66a8f 7b190c9b5cdb46048cab0a0b14c399ef - - default default] Added segment e6a4cb9a-0f59-4a53-8d5d-89d47582bc91 of type geneve for network 95514afe-6c31-4e54-9b49-1be7e792a755
2026-05-18 17:09:11.023 7 WARNING neutron.scheduler.dhcp_agent_scheduler [None req-e92f5610-6fca-449e-8cbc-7447452a6d67 035bfe455e174cd3bb850d08fbcf207f 32956793c63f44ef835efe30fd63cca3 - - default default] No more DHCP agents
2026-05-18 17:09:11.030 7 WARNING neutron.api.rpc.agentnotifiers.dhcp_rpc_agent_api [None req-e92f5610-6fca-449e-8cbc-7447452a6d67 035bfe455e174cd3bb850d08fbcf207f 32956793c63f44ef835efe30fd63cca3 - - default default] Unable to schedule network 1d55e382-a4ff-4034-b31c-284f4b851632: no agents available; will retry on subsequent port and subnet creation events.
2026-05-18 17:09:11.118 7 INFO neutron.plugins.ml2.drivers.ovn.mech_driver.mech_driver [None req-b549b457-5ae4-4f62-8160-a9efc1659483 - - - - - -] OVN reports status down for port: bcadda2c-9d0c-46de-9173-547bfdef1e19
2026-05-18 17:09:11.209 8 INFO neutron.db.ovn_revision_numbers_db [None req-87a3bea3-52f5-4eda-b025-a261ecbcdfb1 51ea5ecb61a14f5eb81b127bd9a66a8f 7b190c9b5cdb46048cab0a0b14c399ef - - default default] Successfully bumped revision number for resource 95514afe-6c31-4e54-9b49-1be7e792a755 (type: networks) to 1
2026-05-18 17:09:11.223 7 INFO neutron.db.ovn_revision_numbers_db [None req-e92f5610-6fca-449e-8cbc-7447452a6d67 035bfe455e174cd3bb850d08fbcf207f 32956793c63f44ef835efe30fd63cca3 - - default default] Successfully bumped revision number for resource bcadda2c-9d0c-46de-9173-547bfdef1e19 (type: ports) to 1 [pid: 7|app: 0|req: 782/1648] 10.0.0.149 () {34 vars in 670 bytes} [Mon May 18 17:09:09 2026] POST /v2.0/networks => generated 681 bytes in 1330 msecs (HTTP/1.1 201) 4 headers in 162 bytes (1 switches on core 0)
2026-05-18 17:09:11.412 8 WARNING neutron.scheduler.dhcp_agent_scheduler [None req-87a3bea3-52f5-4eda-b025-a261ecbcdfb1 51ea5ecb61a14f5eb81b127bd9a66a8f 7b190c9b5cdb46048cab0a0b14c399ef - - default default] No more DHCP agents
2026-05-18 17:09:11.413 8 WARNING neutron.api.rpc.agentnotifiers.dhcp_rpc_agent_api [None req-87a3bea3-52f5-4eda-b025-a261ecbcdfb1 51ea5ecb61a14f5eb81b127bd9a66a8f 7b190c9b5cdb46048cab0a0b14c399ef - - default default] Unable to schedule network 95514afe-6c31-4e54-9b49-1be7e792a755: no agents available; will retry on subsequent port and subnet creation events.
2026-05-18 17:09:11.492 7 INFO neutron.plugins.ml2.drivers.ovn.mech_driver.mech_driver [None req-b549b457-5ae4-4f62-8160-a9efc1659483 - - - - - -] OVN reports status down for port: 6f0c70e1-f059-413c-8885-53113b77750c
2026-05-18 17:09:11.505 8 INFO neutron.db.ovn_revision_numbers_db [None req-87a3bea3-52f5-4eda-b025-a261ecbcdfb1 51ea5ecb61a14f5eb81b127bd9a66a8f 7b190c9b5cdb46048cab0a0b14c399ef - - default default] Successfully bumped revision number for resource 6f0c70e1-f059-413c-8885-53113b77750c (type: ports) to 1 [pid: 8|app: 0|req: 867/1649] 10.0.0.149 () {34 vars in 671 bytes} [Mon May 18 17:09:10 2026] POST /v2.0/networks => generated 782 bytes in 964 msecs (HTTP/1.1 201) 4 headers in 162 bytes (1 switches on core 0) [pid: 8|app: 0|req: 868/1650] 10.0.0.89 () {34 vars in 989 bytes} [Mon May 18 17:09:11 2026] GET /v2.0/ports?device_id=67595b0f-d0ef-45cd-a93d-03cd3dd8be8d => generated 961 bytes in 40 msecs (HTTP/1.1 200) 4 headers in 157 bytes (1 switches on core 0)
2026-05-18 17:09:11.782 8 WARNING neutron.scheduler.dhcp_agent_scheduler [None req-c0a6e3ad-6282-4440-a47d-de913351935b 035bfe455e174cd3bb850d08fbcf207f 32956793c63f44ef835efe30fd63cca3 - - default default] No more DHCP agents
2026-05-18 17:09:11.784 8 WARNING neutron.api.rpc.agentnotifiers.dhcp_rpc_agent_api [None req-c0a6e3ad-6282-4440-a47d-de913351935b 035bfe455e174cd3bb850d08fbcf207f 32956793c63f44ef835efe30fd63cca3 - - default default] Unable to schedule network 1d55e382-a4ff-4034-b31c-284f4b851632: no agents available; will retry on subsequent port and subnet creation events.
2026-05-18 17:09:11.835 7 INFO neutron.db.ovn_revision_numbers_db [req-2cebe8b3-8c0e-4b2e-a1ca-a52f0c442eaf req-47fdb92a-c13d-45ba-9e5f-15a401383b43 dc5a2c214d394bf3b79c9bdba73cd22b 1f1c1edd47914eb9a90e0bc405072003 - - 647cf3bd078d4af2a515428564aac303 647cf3bd078d4af2a515428564aac303] Successfully bumped revision number for resource 319910bd-5c5d-4b21-81fa-e2ccfe6c678d (type: ports) to 2
2026-05-18 17:09:12.087 7 INFO neutron.db.ovn_revision_numbers_db [req-2cebe8b3-8c0e-4b2e-a1ca-a52f0c442eaf req-47fdb92a-c13d-45ba-9e5f-15a401383b43 dc5a2c214d394bf3b79c9bdba73cd22b 1f1c1edd47914eb9a90e0bc405072003 - - 647cf3bd078d4af2a515428564aac303 647cf3bd078d4af2a515428564aac303] Successfully bumped revision number for resource 319910bd-5c5d-4b21-81fa-e2ccfe6c678d (type: ports) to 4 [pid: 7|app: 0|req: 783/1651] 199.204.45.115 () {38 vars in 1028 bytes} [Mon May 18 17:09:11 2026] PUT /v2.0/ports/319910bd-5c5d-4b21-81fa-e2ccfe6c678d => generated 1231 bytes in 820 msecs (HTTP/1.1 200) 4 headers in 158 bytes (1 switches on core 0) /var/lib/openstack/lib/python3.12/site-packages/pycadf/identifier.py:70: UserWarning: Invalid uuid: neutron. To ensure interoperability, identifiers should be a valid uuid. warnings.warn(('Invalid uuid: %s. To ensure interoperability, '
2026-05-18 17:09:12.148 7 INFO neutron.notifiers.nova [-] Nova event matching ['req-da7b960e-c834-43c0-b176-b4fccc8ee148'] response: {'name': 'network-changed', 'server_uuid': '67595b0f-d0ef-45cd-a93d-03cd3dd8be8d', 'tag': '319910bd-5c5d-4b21-81fa-e2ccfe6c678d', 'status': 'completed', 'code': 200}
2026-05-18 17:09:12.236 7 WARNING neutron.scheduler.dhcp_agent_scheduler [None req-1da53e18-cf3a-4c44-9de6-d4e4a260f52b 51ea5ecb61a14f5eb81b127bd9a66a8f 7b190c9b5cdb46048cab0a0b14c399ef - - default default] No more DHCP agents
2026-05-18 17:09:12.237 7 WARNING neutron.api.rpc.agentnotifiers.dhcp_rpc_agent_api [None req-1da53e18-cf3a-4c44-9de6-d4e4a260f52b 51ea5ecb61a14f5eb81b127bd9a66a8f 7b190c9b5cdb46048cab0a0b14c399ef - - default default] Unable to schedule network 95514afe-6c31-4e54-9b49-1be7e792a755: no agents available; will retry on subsequent port and subnet creation events.
2026-05-18 17:09:12.296 8 INFO neutron.db.ovn_revision_numbers_db [None req-c0a6e3ad-6282-4440-a47d-de913351935b 035bfe455e174cd3bb850d08fbcf207f 32956793c63f44ef835efe30fd63cca3 - - default default] Successfully bumped revision number for resource bcadda2c-9d0c-46de-9173-547bfdef1e19 (type: ports) to 2
2026-05-18 17:09:12.337 8 INFO neutron.db.ovn_revision_numbers_db [None req-c0a6e3ad-6282-4440-a47d-de913351935b 035bfe455e174cd3bb850d08fbcf207f 32956793c63f44ef835efe30fd63cca3 - - default default] Successfully bumped revision number for resource 90794366-994a-4e23-9633-10eb90e07172 (type: subnets) to 0 [pid: 8|app: 0|req: 869/1652] 10.0.0.149 () {34 vars in 669 bytes} [Mon May 18 17:09:11 2026] POST /v2.0/subnets => generated 641 bytes in 793 msecs (HTTP/1.1 201) 4 headers in 162 bytes (1 switches on core 0) [pid: 8|app: 0|req: 870/1653] 10.0.0.89 () {34 vars in 1039 bytes} [Mon May 18 17:09:12 2026] GET /v2.0/security-groups?id=94002578-d00b-4e80-b984-19be10f20cf3&fields=id&fields=name => generated 88 bytes in 35 msecs (HTTP/1.1 200) 4 headers in 156 bytes (1 switches on core 0)
2026-05-18 17:09:12.577 8 WARNING neutron.db.securitygroups_db [None req-ba3ef7b1-6325-4d32-841c-93114f0cb0ad 51ea5ecb61a14f5eb81b127bd9a66a8f 7b190c9b5cdb46048cab0a0b14c399ef - - default default] project_id key not found in filters, using tenant_id instead. This support has been deprecated and will be removed in a future release.
2026-05-18 17:09:12.712 8 INFO neutron.db.ovn_revision_numbers_db [None req-ba3ef7b1-6325-4d32-841c-93114f0cb0ad 51ea5ecb61a14f5eb81b127bd9a66a8f 7b190c9b5cdb46048cab0a0b14c399ef - - default default] Successfully bumped revision number for resource e1062739-e680-48d8-b4b0-6df0acf2726c (type: security_groups) to 1
2026-05-18 17:09:12.726 8 INFO neutron.db.ovn_revision_numbers_db [None req-ba3ef7b1-6325-4d32-841c-93114f0cb0ad 51ea5ecb61a14f5eb81b127bd9a66a8f 7b190c9b5cdb46048cab0a0b14c399ef - - default default] Successfully bumped revision number for resource 3e2d8f43-4c92-4d5a-b954-36e22a07d4df (type: security_group_rules) to 0
2026-05-18 17:09:12.739 8 INFO neutron.db.ovn_revision_numbers_db [None req-ba3ef7b1-6325-4d32-841c-93114f0cb0ad 51ea5ecb61a14f5eb81b127bd9a66a8f 7b190c9b5cdb46048cab0a0b14c399ef - - default default] Successfully bumped revision number for resource 5203c7dc-ef67-4b03-beaf-7021e12c6832 (type: security_group_rules) to 0
2026-05-18 17:09:12.765 8 INFO neutron.db.ovn_revision_numbers_db [None req-ba3ef7b1-6325-4d32-841c-93114f0cb0ad 51ea5ecb61a14f5eb81b127bd9a66a8f 7b190c9b5cdb46048cab0a0b14c399ef - - default default] Successfully bumped revision number for resource 95219c0d-e689-4cb4-969d-73f1d012c5db (type: security_group_rules) to 0
2026-05-18 17:09:12.779 8 INFO neutron.db.ovn_revision_numbers_db [None req-ba3ef7b1-6325-4d32-841c-93114f0cb0ad 51ea5ecb61a14f5eb81b127bd9a66a8f 7b190c9b5cdb46048cab0a0b14c399ef - - default default] Successfully bumped revision number for resource f0599aae-a2c1-4ad9-9b4e-117ec56f4d52 (type: security_group_rules) to 0
2026-05-18 17:09:12.789 7 INFO neutron.db.ovn_revision_numbers_db [None req-1da53e18-cf3a-4c44-9de6-d4e4a260f52b 51ea5ecb61a14f5eb81b127bd9a66a8f 7b190c9b5cdb46048cab0a0b14c399ef - - default default] Successfully bumped revision number for resource 6f0c70e1-f059-413c-8885-53113b77750c (type: ports) to 2 [pid: 8|app: 0|req: 871/1654] 10.0.0.149 () {32 vars in 774 bytes} [Mon May 18 17:09:12 2026] GET /v2.0/security-groups?tenant_id=693688ac6ef54b2a9555a0d671b75d07&name=default => generated 2925 bytes in 423 msecs (HTTP/1.1 200) 4 headers in 158 bytes (1 switches on core 0)
2026-05-18 17:09:12.825 7 INFO neutron.db.ovn_revision_numbers_db [None req-1da53e18-cf3a-4c44-9de6-d4e4a260f52b 51ea5ecb61a14f5eb81b127bd9a66a8f 7b190c9b5cdb46048cab0a0b14c399ef - - default default] Successfully bumped revision number for resource 968b9e01-15b7-4e3e-8de3-d824f73a66d7 (type: subnets) to 0 [pid: 7|app: 0|req: 784/1655] 10.0.0.149 () {34 vars in 669 bytes} [Mon May 18 17:09:12 2026] POST /v2.0/subnets => generated 688 bytes in 731 msecs (HTTP/1.1 201) 4 headers in 162 bytes (1 switches on core 0) [pid: 7|app: 0|req: 785/1656] 199.204.45.115 () {34 vars in 1080 bytes} [Mon May 18 17:09:12 2026] GET /v2.0/ports?tenant_id=9263ff20e1664f2abddfd2664924eda3&device_id=67595b0f-d0ef-45cd-a93d-03cd3dd8be8d => generated 1234 bytes in 42 msecs (HTTP/1.1 200) 4 headers in 158 bytes (1 switches on core 0)
2026-05-18 17:09:12.928 8 INFO neutron.db.segments_db [None req-dc8a7d61-8cfa-4a46-b790-35680d0aa94d 035bfe455e174cd3bb850d08fbcf207f 32956793c63f44ef835efe30fd63cca3 - - default default] Added segment 099c74e9-1ffd-4c84-9b95-3d6c84a3ce8a of type geneve for network f7661d8d-75d8-41f0-8041-eea0cc5fe5ba
2026-05-18 17:09:13.063 8 INFO neutron.db.ovn_revision_numbers_db [None req-dc8a7d61-8cfa-4a46-b790-35680d0aa94d 035bfe455e174cd3bb850d08fbcf207f 32956793c63f44ef835efe30fd63cca3 - - default default] Successfully bumped revision number for resource f7661d8d-75d8-41f0-8041-eea0cc5fe5ba (type: networks) to 1 [pid: 7|app: 0|req: 786/1657] 10.0.0.149 () {32 vars in 740 bytes} [Mon May 18 17:09:12 2026] DELETE /v2.0/security-groups/e1062739-e680-48d8-b4b0-6df0acf2726c => generated 0 bytes in 260 msecs (HTTP/1.1 204) 2 headers in 112 bytes (1 switches on core 0)
2026-05-18 17:09:13.269 8 WARNING neutron.scheduler.dhcp_agent_scheduler [None req-dc8a7d61-8cfa-4a46-b790-35680d0aa94d 035bfe455e174cd3bb850d08fbcf207f 32956793c63f44ef835efe30fd63cca3 - - default default] No more DHCP agents
2026-05-18 17:09:13.270 8 WARNING neutron.api.rpc.agentnotifiers.dhcp_rpc_agent_api [None req-dc8a7d61-8cfa-4a46-b790-35680d0aa94d 035bfe455e174cd3bb850d08fbcf207f 32956793c63f44ef835efe30fd63cca3 - - default default] Unable to schedule network f7661d8d-75d8-41f0-8041-eea0cc5fe5ba: no agents available; will retry on subsequent port and subnet creation events.
2026-05-18 17:09:13.351 7 INFO neutron.plugins.ml2.drivers.ovn.mech_driver.mech_driver [None req-b549b457-5ae4-4f62-8160-a9efc1659483 - - - - - -] OVN reports status down for port: 360e33d8-78fc-4e25-a079-6822669e24b1
2026-05-18 17:09:13.367 8 INFO neutron.db.ovn_revision_numbers_db [None req-dc8a7d61-8cfa-4a46-b790-35680d0aa94d 035bfe455e174cd3bb850d08fbcf207f 32956793c63f44ef835efe30fd63cca3 - - default default] Successfully bumped revision number for resource 360e33d8-78fc-4e25-a079-6822669e24b1 (type: ports) to 1 [pid: 8|app: 0|req: 872/1658] 10.0.0.149 () {34 vars in 670 bytes} [Mon May 18 17:09:12 2026] POST /v2.0/networks => generated 682 bytes in 573 msecs (HTTP/1.1 201) 4 headers in 162 bytes (1 switches on core 0) [pid: 8|app: 0|req: 873/1659] 199.204.45.115 () {34 vars in 1018 bytes} [Mon May 18 17:09:13 2026] GET /v2.0/networks?tenant_id=9263ff20e1664f2abddfd2664924eda3&shared=False => generated 813 bytes in 49 msecs (HTTP/1.1 200) 4 headers in 157 bytes (1 switches on core 0)
2026-05-18 17:09:13.449 8 WARNING neutron.db.securitygroups_db [None req-0b2eccf0-51e7-4cc5-9672-b0933b2f2658 51ea5ecb61a14f5eb81b127bd9a66a8f 7b190c9b5cdb46048cab0a0b14c399ef - - default default] project_id key not found in filters, using tenant_id instead. This support has been deprecated and will be removed in a future release.
2026-05-18 17:09:13.600 8 INFO neutron.db.ovn_revision_numbers_db [None req-0b2eccf0-51e7-4cc5-9672-b0933b2f2658 51ea5ecb61a14f5eb81b127bd9a66a8f 7b190c9b5cdb46048cab0a0b14c399ef - - default default] Successfully bumped revision number for resource 7aac6088-375e-480f-b767-f674658bd1f4 (type: security_groups) to 1
2026-05-18 17:09:13.614 8 INFO neutron.db.ovn_revision_numbers_db [None req-0b2eccf0-51e7-4cc5-9672-b0933b2f2658 51ea5ecb61a14f5eb81b127bd9a66a8f 7b190c9b5cdb46048cab0a0b14c399ef - - default default] Successfully bumped revision number for resource 742338a5-f29e-424e-9a38-b8ff66d01020 (type: security_group_rules) to 0
2026-05-18 17:09:13.627 8 INFO neutron.db.ovn_revision_numbers_db [None req-0b2eccf0-51e7-4cc5-9672-b0933b2f2658 51ea5ecb61a14f5eb81b127bd9a66a8f 7b190c9b5cdb46048cab0a0b14c399ef - - default default] Successfully bumped revision number for resource 9638b71a-e4e4-4839-963e-0fd0fbfeb451 (type: security_group_rules) to 0
2026-05-18 17:09:13.640 8 INFO neutron.db.ovn_revision_numbers_db [None req-0b2eccf0-51e7-4cc5-9672-b0933b2f2658 51ea5ecb61a14f5eb81b127bd9a66a8f 7b190c9b5cdb46048cab0a0b14c399ef - - default default] Successfully bumped revision number for resource ec911786-0a06-41f8-845b-d4c5549adb60 (type: security_group_rules) to 0
2026-05-18 17:09:13.657 8 INFO neutron.db.ovn_revision_numbers_db [None req-0b2eccf0-51e7-4cc5-9672-b0933b2f2658 51ea5ecb61a14f5eb81b127bd9a66a8f 7b190c9b5cdb46048cab0a0b14c399ef - - default default] Successfully bumped revision number for resource ef028062-b528-4ec3-8d8f-5f49aa8d994e (type: security_group_rules) to 0
2026-05-18 17:09:13.683 7 WARNING neutron.scheduler.dhcp_agent_scheduler [None req-3c2f07bd-b79c-4397-b036-8b8aee7fc24c 51ea5ecb61a14f5eb81b127bd9a66a8f 7b190c9b5cdb46048cab0a0b14c399ef - - default default] No more DHCP agents
2026-05-18 17:09:13.685 7 WARNING neutron.api.rpc.agentnotifiers.dhcp_rpc_agent_api [None req-3c2f07bd-b79c-4397-b036-8b8aee7fc24c 51ea5ecb61a14f5eb81b127bd9a66a8f 7b190c9b5cdb46048cab0a0b14c399ef - - default default] Unable to schedule network 7fb5eb63-abd3-4195-ace1-cbbaef90de80: no agents available; will retry on subsequent port and subnet creation events. [pid: 8|app: 0|req: 874/1660] 10.0.0.149 () {32 vars in 774 bytes} [Mon May 18 17:09:13 2026] GET /v2.0/security-groups?tenant_id=8f4cad6df06846a4b53052b45cc9f018&name=default => generated 2925 bytes in 257 msecs (HTTP/1.1 200) 4 headers in 158 bytes (1 switches on core 0)
2026-05-18 17:09:13.813 7 INFO neutron.plugins.ml2.drivers.ovn.mech_driver.mech_driver [None req-b549b457-5ae4-4f62-8160-a9efc1659483 - - - - - -] OVN reports status down for port: 615ee770-df78-43a9-aa1e-1f2b0088e72f
2026-05-18 17:09:13.854 8 INFO neutron.db.ovn_revision_numbers_db [None req-11798940-647d-44af-9bd7-d443b3a32d1b 035bfe455e174cd3bb850d08fbcf207f 32956793c63f44ef835efe30fd63cca3 - - default default] Successfully bumped revision number for resource f7661d8d-75d8-41f0-8041-eea0cc5fe5ba (type: networks) to 2 [pid: 8|app: 0|req: 875/1661] 10.0.0.149 () {34 vars in 743 bytes} [Mon May 18 17:09:13 2026] PUT /v2.0/networks/f7661d8d-75d8-41f0-8041-eea0cc5fe5ba => generated 636 bytes in 157 msecs (HTTP/1.1 200) 4 headers in 157 bytes (1 switches on core 0)
2026-05-18 17:09:13.893 7 INFO neutron.db.ovn_revision_numbers_db [None req-3c2f07bd-b79c-4397-b036-8b8aee7fc24c 51ea5ecb61a14f5eb81b127bd9a66a8f 7b190c9b5cdb46048cab0a0b14c399ef - - default default] Successfully bumped revision number for resource 615ee770-df78-43a9-aa1e-1f2b0088e72f (type: ports) to 1 [pid: 8|app: 0|req: 876/1662] 199.204.45.115 () {34 vars in 930 bytes} [Mon May 18 17:09:13 2026] GET /v2.0/networks?shared=True => generated 791 bytes in 35 msecs (HTTP/1.1 200) 4 headers in 157 bytes (1 switches on core 0) [pid: 8|app: 0|req: 877/1663] 10.0.0.89 () {34 vars in 989 bytes} [Mon May 18 17:09:13 2026] GET /v2.0/ports?device_id=67595b0f-d0ef-45cd-a93d-03cd3dd8be8d => generated 973 bytes in 45 msecs (HTTP/1.1 200) 4 headers in 157 bytes (1 switches on core 0) [pid: 8|app: 0|req: 878/1664] 10.0.0.149 () {32 vars in 740 bytes} [Mon May 18 17:09:13 2026] DELETE /v2.0/security-groups/7aac6088-375e-480f-b767-f674658bd1f4 => generated 0 bytes in 185 msecs (HTTP/1.1 204) 2 headers in 112 bytes (1 switches on core 0)
2026-05-18 17:09:14.326 8 WARNING neutron.scheduler.dhcp_agent_scheduler [None req-9e44371b-69f5-4d57-9cc8-5a57eded0d87 035bfe455e174cd3bb850d08fbcf207f 32956793c63f44ef835efe30fd63cca3 - - default default] No more DHCP agents
2026-05-18 17:09:14.327 8 WARNING neutron.api.rpc.agentnotifiers.dhcp_rpc_agent_api [None req-9e44371b-69f5-4d57-9cc8-5a57eded0d87 035bfe455e174cd3bb850d08fbcf207f 32956793c63f44ef835efe30fd63cca3 - - default default] Unable to schedule network f7661d8d-75d8-41f0-8041-eea0cc5fe5ba: no agents available; will retry on subsequent port and subnet creation events.
2026-05-18 17:09:14.639 7 INFO neutron.plugins.ml2.drivers.ovn.mech_driver.mech_driver [None req-b549b457-5ae4-4f62-8160-a9efc1659483 - - - - - -] OVN reports status up for port: 615ee770-df78-43a9-aa1e-1f2b0088e72f
2026-05-18 17:09:14.665 8 INFO neutron.plugins.ml2.drivers.ovn.mech_driver.ovsdb.ovsdb_monitor [None req-27cf17ee-6ea0-44d9-887c-1712e4a16748 - - - - - -] Router f4eb6fa0-a313-4e8e-813f-44afa15beed8 is bound to host instance
2026-05-18 17:09:14.671 7 INFO neutron.plugins.ml2.plugin [None req-b549b457-5ae4-4f62-8160-a9efc1659483 - - - - - -] Attempt 1 to provision port 615ee770-df78-43a9-aa1e-1f2b0088e72f
2026-05-18 17:09:14.697 7 INFO neutron.db.ovn_revision_numbers_db [None req-3c2f07bd-b79c-4397-b036-8b8aee7fc24c 51ea5ecb61a14f5eb81b127bd9a66a8f 7b190c9b5cdb46048cab0a0b14c399ef - - default default] Successfully bumped revision number for resource 615ee770-df78-43a9-aa1e-1f2b0088e72f (type: router_ports) to 1
2026-05-18 17:09:14.828 7 INFO neutron.db.ovn_revision_numbers_db [None req-3c2f07bd-b79c-4397-b036-8b8aee7fc24c 51ea5ecb61a14f5eb81b127bd9a66a8f 7b190c9b5cdb46048cab0a0b14c399ef - - default default] Successfully bumped revision number for resource f4eb6fa0-a313-4e8e-813f-44afa15beed8 (type: routers) to 2 [pid: 7|app: 0|req: 787/1665] 10.0.0.149 () {34 vars in 669 bytes} [Mon May 18 17:09:13 2026] POST /v2.0/routers => generated 987 bytes in 1700 msecs (HTTP/1.1 201) 4 headers in 162 bytes (1 switches on core 0) [pid: 7|app: 0|req: 788/1666] 10.0.0.89 () {34 vars in 1039 bytes} [Mon May 18 17:09:14 2026] GET /v2.0/security-groups?id=94002578-d00b-4e80-b984-19be10f20cf3&fields=id&fields=name => generated 88 bytes in 36 msecs (HTTP/1.1 200) 4 headers in 156 bytes (1 switches on core 0)
2026-05-18 17:09:14.891 7 WARNING neutron.db.securitygroups_db [None req-dc293441-3552-4ef5-9e46-398c30d96c3e 51ea5ecb61a14f5eb81b127bd9a66a8f 7b190c9b5cdb46048cab0a0b14c399ef - - default default] project_id key not found in filters, using tenant_id instead. This support has been deprecated and will be removed in a future release.
2026-05-18 17:09:15.023 7 INFO neutron.db.ovn_revision_numbers_db [None req-dc293441-3552-4ef5-9e46-398c30d96c3e 51ea5ecb61a14f5eb81b127bd9a66a8f 7b190c9b5cdb46048cab0a0b14c399ef - - default default] Successfully bumped revision number for resource 4413eaec-7682-41c2-b816-56566ab59740 (type: security_groups) to 1
2026-05-18 17:09:15.035 7 INFO neutron.db.ovn_revision_numbers_db [None req-dc293441-3552-4ef5-9e46-398c30d96c3e 51ea5ecb61a14f5eb81b127bd9a66a8f 7b190c9b5cdb46048cab0a0b14c399ef - - default default] Successfully bumped revision number for resource 7a352051-54a8-4ce4-aa84-7c32cfafc798 (type: security_group_rules) to 0
2026-05-18 17:09:15.051 7 INFO neutron.db.ovn_revision_numbers_db [None req-dc293441-3552-4ef5-9e46-398c30d96c3e 51ea5ecb61a14f5eb81b127bd9a66a8f 7b190c9b5cdb46048cab0a0b14c399ef - - default default] Successfully bumped revision number for resource aaa99c1c-4adc-4fef-bd26-a4057fe17f51 (type: security_group_rules) to 0
2026-05-18 17:09:15.073 7 INFO neutron.db.ovn_revision_numbers_db [None req-dc293441-3552-4ef5-9e46-398c30d96c3e 51ea5ecb61a14f5eb81b127bd9a66a8f 7b190c9b5cdb46048cab0a0b14c399ef - - default default] Successfully bumped revision number for resource c4b82278-c54a-46c3-a069-7fc3077058c9 (type: security_group_rules) to 0
2026-05-18 17:09:15.087 7 INFO neutron.db.ovn_revision_numbers_db [None req-dc293441-3552-4ef5-9e46-398c30d96c3e 51ea5ecb61a14f5eb81b127bd9a66a8f 7b190c9b5cdb46048cab0a0b14c399ef - - default default] Successfully bumped revision number for resource c6cae1cc-4a2a-423e-8314-cc4b0f964877 (type: security_group_rules) to 0 [pid: 7|app: 0|req: 789/1667] 10.0.0.149 () {32 vars in 774 bytes} [Mon May 18 17:09:14 2026] GET /v2.0/security-groups?tenant_id=111efb20da8641beb1bdf64fe2518baf&name=default => generated 2925 bytes in 245 msecs (HTTP/1.1 200) 4 headers in 158 bytes (1 switches on core 0)
2026-05-18 17:09:15.155 8 INFO neutron.db.ovn_revision_numbers_db [None req-9e44371b-69f5-4d57-9cc8-5a57eded0d87 035bfe455e174cd3bb850d08fbcf207f 32956793c63f44ef835efe30fd63cca3 - - default default] Successfully bumped revision number for resource 360e33d8-78fc-4e25-a079-6822669e24b1 (type: ports) to 2
2026-05-18 17:09:15.223 8 INFO neutron.db.ovn_revision_numbers_db [None req-9e44371b-69f5-4d57-9cc8-5a57eded0d87 035bfe455e174cd3bb850d08fbcf207f 32956793c63f44ef835efe30fd63cca3 - - default default] Successfully bumped revision number for resource 78c3ebe1-c853-4910-a2f9-180a35805610 (type: subnets) to 0 [pid: 8|app: 0|req: 879/1668] 10.0.0.149 () {34 vars in 669 bytes} [Mon May 18 17:09:14 2026] POST /v2.0/subnets => generated 626 bytes in 1136 msecs (HTTP/1.1 201) 4 headers in 162 bytes (1 switches on core 0) [pid: 8|app: 0|req: 880/1669] 199.204.45.115 () {34 vars in 1080 bytes} [Mon May 18 17:09:15 2026] GET /v2.0/ports?tenant_id=9263ff20e1664f2abddfd2664924eda3&device_id=67595b0f-d0ef-45cd-a93d-03cd3dd8be8d => generated 1234 bytes in 88 msecs (HTTP/1.1 200) 4 headers in 158 bytes (1 switches on core 0)
2026-05-18 17:09:15.639 7 WARNING neutron.scheduler.dhcp_agent_scheduler [None req-3b2409d5-631b-476a-8850-648eb0d004e1 51ea5ecb61a14f5eb81b127bd9a66a8f 7b190c9b5cdb46048cab0a0b14c399ef - - default default] No more DHCP agents
2026-05-18 17:09:15.645 7 WARNING neutron.api.rpc.agentnotifiers.dhcp_rpc_agent_api [None req-3b2409d5-631b-476a-8850-648eb0d004e1 51ea5ecb61a14f5eb81b127bd9a66a8f 7b190c9b5cdb46048cab0a0b14c399ef - - default default] Unable to schedule network 95514afe-6c31-4e54-9b49-1be7e792a755: no agents available; will retry on subsequent port and subnet creation events. [pid: 8|app: 0|req: 881/1670] 10.0.0.149 () {32 vars in 740 bytes} [Mon May 18 17:09:15 2026] DELETE /v2.0/security-groups/4413eaec-7682-41c2-b816-56566ab59740 => generated 0 bytes in 348 msecs (HTTP/1.1 204) 2 headers in 112 bytes (1 switches on core 0)
2026-05-18 17:09:15.855 7 INFO neutron.db.ovn_revision_numbers_db [None req-3b2409d5-631b-476a-8850-648eb0d004e1 51ea5ecb61a14f5eb81b127bd9a66a8f 7b190c9b5cdb46048cab0a0b14c399ef - - default default] Successfully bumped revision number for resource ba543c9b-09b4-4daf-a7d4-bdd3150b6832 (type: ports) to 1
2026-05-18 17:09:15.872 8 INFO neutron.plugins.ml2.drivers.ovn.mech_driver.mech_driver [None req-01187245-117f-4b8d-aa47-2ac6bfd127d2 - - - - - -] OVN reports status down for port: ba543c9b-09b4-4daf-a7d4-bdd3150b6832
2026-05-18 17:09:16.476 8 INFO neutron.db.ovn_revision_numbers_db [None req-4916a393-7f2d-4cda-904d-8e6106cdd3bd 035bfe455e174cd3bb850d08fbcf207f 32956793c63f44ef835efe30fd63cca3 - - default default] Successfully bumped revision number for resource 78c3ebe1-c853-4910-a2f9-180a35805610 (type: subnets) to 1 [pid: 8|app: 0|req: 882/1671] 10.0.0.149 () {34 vars in 741 bytes} [Mon May 18 17:09:15 2026] PUT /v2.0/subnets/78c3ebe1-c853-4910-a2f9-180a35805610 => generated 636 bytes in 784 msecs (HTTP/1.1 200) 4 headers in 157 bytes (1 switches on core 0) [pid: 8|app: 0|req: 883/1672] 199.204.45.115 () {34 vars in 1060 bytes} [Mon May 18 17:09:16 2026] GET /v2.0/floatingips?fixed_ip_address=10.100.0.10&port_id=319910bd-5c5d-4b21-81fa-e2ccfe6c678d => generated 19 bytes in 37 msecs (HTTP/1.1 200) 4 headers in 156 bytes (1 switches on core 0)
2026-05-18 17:09:16.612 8 INFO neutron.db.ovn_revision_numbers_db [None req-8b24a898-1ebe-4f72-abe3-06f4026275e0 - - - - - -] Successfully bumped revision number for resource 615ee770-df78-43a9-aa1e-1f2b0088e72f (type: ports) to 4
2026-05-18 17:09:16.640 8 INFO neutron.plugins.ml2.drivers.ovn.mech_driver.mech_driver [None req-01187245-117f-4b8d-aa47-2ac6bfd127d2 - - - - - -] OVN reports status up for port: ba543c9b-09b4-4daf-a7d4-bdd3150b6832
2026-05-18 17:09:16.678 7 WARNING neutron.scheduler.dhcp_agent_scheduler [None req-3b2409d5-631b-476a-8850-648eb0d004e1 51ea5ecb61a14f5eb81b127bd9a66a8f 7b190c9b5cdb46048cab0a0b14c399ef - - default default] No more DHCP agents
2026-05-18 17:09:16.681 7 WARNING neutron.api.rpc.agentnotifiers.dhcp_rpc_agent_api [None req-3b2409d5-631b-476a-8850-648eb0d004e1 51ea5ecb61a14f5eb81b127bd9a66a8f 7b190c9b5cdb46048cab0a0b14c399ef - - default default] Unable to schedule network 95514afe-6c31-4e54-9b49-1be7e792a755: no agents available; will retry on subsequent port and subnet creation events.
2026-05-18 17:09:16.707 8 INFO neutron.plugins.ml2.plugin [None req-01187245-117f-4b8d-aa47-2ac6bfd127d2 - - - - - -] Attempt 1 to provision port ba543c9b-09b4-4daf-a7d4-bdd3150b6832 [pid: 8|app: 0|req: 884/1673] 10.0.0.89 () {34 vars in 989 bytes} [Mon May 18 17:09:16 2026] GET /v2.0/ports?device_id=67595b0f-d0ef-45cd-a93d-03cd3dd8be8d => generated 973 bytes in 202 msecs (HTTP/1.1 200) 4 headers in 157 bytes (1 switches on core 0)
2026-05-18 17:09:17.187 7 INFO neutron.db.ovn_revision_numbers_db [None req-3b2409d5-631b-476a-8850-648eb0d004e1 51ea5ecb61a14f5eb81b127bd9a66a8f 7b190c9b5cdb46048cab0a0b14c399ef - - default default] Successfully bumped revision number for resource ba543c9b-09b4-4daf-a7d4-bdd3150b6832 (type: router_ports) to 1 [pid: 7|app: 0|req: 790/1674] 10.0.0.149 () {34 vars in 783 bytes} [Mon May 18 17:09:15 2026] PUT /v2.0/routers/f4eb6fa0-a313-4e8e-813f-44afa15beed8/add_router_interface => generated 310 bytes in 2062 msecs (HTTP/1.1 200) 4 headers in 157 bytes (1 switches on core 0)
2026-05-18 17:09:17.209 7 INFO neutron.common.ovn.utils [None req-b549b457-5ae4-4f62-8160-a9efc1659483 - - - - - -] HA Chassis Group neutron-95514afe-6c31-4e54-9b49-1be7e792a755 synchronized; highest priority chassis 743bcfc7-90d4-42a6-b11a-22afc31104a7 [pid: 7|app: 0|req: 791/1675] 199.204.45.115 () {34 vars in 984 bytes} [Mon May 18 17:09:17 2026] GET /v2.0/subnets?id=b983318c-caa9-4bd6-8002-2c92e062b21f => generated 695 bytes in 53 msecs (HTTP/1.1 200) 4 headers in 157 bytes (1 switches on core 0) [pid: 7|app: 0|req: 792/1676] 10.0.0.89 () {34 vars in 1039 bytes} [Mon May 18 17:09:17 2026] GET /v2.0/security-groups?id=94002578-d00b-4e80-b984-19be10f20cf3&fields=id&fields=name => generated 88 bytes in 30 msecs (HTTP/1.1 200) 4 headers in 156 bytes (1 switches on core 0) [pid: 7|app: 0|req: 793/1677] 199.204.45.115 () {34 vars in 1052 bytes} [Mon May 18 17:09:17 2026] GET /v2.0/ports?network_id=2436b8fb-d74d-4c36-80f2-f0f16c1568d2&device_owner=network%3Adhcp => generated 12 bytes in 22 msecs (HTTP/1.1 200) 4 headers in 156 bytes (1 switches on core 0) [pid: 7|app: 0|req: 794/1678] 199.204.45.115 () {34 vars in 1012 bytes} [Mon May 18 17:09:17 2026] GET /v2.0/networks/2436b8fb-d74d-4c36-80f2-f0f16c1568d2?fields=segments => generated 14 bytes in 66 msecs (HTTP/1.1 200) 4 headers in 156 bytes (1 switches on core 0) [pid: 7|app: 0|req: 795/1679] 199.204.45.115 () {34 vars in 1112 bytes} [Mon May 18 17:09:17 2026] GET /v2.0/networks/2436b8fb-d74d-4c36-80f2-f0f16c1568d2?fields=provider%3Aphysical_network&fields=provider%3Anetwork_type => generated 79 bytes in 48 msecs (HTTP/1.1 200) 4 headers in 156 bytes (1 switches on core 0)
2026-05-18 17:09:17.481 8 INFO neutron_taas.services.taas.taas_plugin [None req-5fb6e7d4-dcad-4b91-9ba8-934688cf8f7b 035bfe455e174cd3bb850d08fbcf207f 32956793c63f44ef835efe30fd63cca3 - - default default] TaaS: Handle Delete Port: 360e33d8-78fc-4e25-a079-6822669e24b1
2026-05-18 17:09:17.491 8 INFO neutron_taas.services.taas.tap_mirror_plugin [None req-5fb6e7d4-dcad-4b91-9ba8-934688cf8f7b 035bfe455e174cd3bb850d08fbcf207f 32956793c63f44ef835efe30fd63cca3 - - default default] Tap Mirror: Handle Delete Port: 360e33d8-78fc-4e25-a079-6822669e24b1
2026-05-18 17:09:17.908 8 INFO neutron.db.ovn_revision_numbers_db [None req-8b24a898-1ebe-4f72-abe3-06f4026275e0 - - - - - -] Successfully bumped revision number for resource 615ee770-df78-43a9-aa1e-1f2b0088e72f (type: ports) to 5
2026-05-18 17:09:18.246 8 INFO neutron.db.ovn_revision_numbers_db [None req-01187245-117f-4b8d-aa47-2ac6bfd127d2 - - - - - -] Successfully bumped revision number for resource ba543c9b-09b4-4daf-a7d4-bdd3150b6832 (type: ports) to 2
2026-05-18 17:09:18.461 8 INFO neutron.services.segments.plugin [-] Segment 099c74e9-1ffd-4c84-9b95-3d6c84a3ce8a resource provider aggregate not found [pid: 7|app: 0|req: 796/1680] 10.0.0.89 () {34 vars in 989 bytes} [Mon May 18 17:09:18 2026] GET /v2.0/ports?device_id=67595b0f-d0ef-45cd-a93d-03cd3dd8be8d => generated 973 bytes in 110 msecs (HTTP/1.1 200) 4 headers in 157 bytes (1 switches on core 0)
2026-05-18 17:09:18.470 8 INFO neutron.services.segments.plugin [-] Segment 099c74e9-1ffd-4c84-9b95-3d6c84a3ce8a resource provider aggregate not found
2026-05-18 17:09:18.502 8 INFO neutron.services.segments.plugin [-] Segment 099c74e9-1ffd-4c84-9b95-3d6c84a3ce8a resource provider not found; error: Placement Client Error (4xx): {"errors": [{"status": 404, "title": "Not Found", "detail": "The resource could not be found.\n\n No resource provider with uuid 099c74e9-1ffd-4c84-9b95-3d6c84a3ce8a found for delete ", "request_id": "req-7823cae3-36f7-489c-abf9-682bc55103ea"}]}
2026-05-18 17:09:18.506 8 INFO neutron.services.segments.plugin [-] Segment 099c74e9-1ffd-4c84-9b95-3d6c84a3ce8a resource provider not found; error: Placement Client Error (4xx): {"errors": [{"status": 404, "title": "Not Found", "detail": "The resource could not be found.\n\n No resource provider with uuid 099c74e9-1ffd-4c84-9b95-3d6c84a3ce8a found for delete ", "request_id": "req-1b6bf5e4-aeb0-4abe-b078-bf064b807e4b"}]} [pid: 7|app: 0|req: 797/1681] 10.0.0.89 () {34 vars in 1039 bytes} [Mon May 18 17:09:18 2026] GET /v2.0/security-groups?id=94002578-d00b-4e80-b984-19be10f20cf3&fields=id&fields=name => generated 88 bytes in 48 msecs (HTTP/1.1 200) 4 headers in 156 bytes (1 switches on core 0) [pid: 8|app: 0|req: 885/1682] 10.0.0.149 () {32 vars in 726 bytes} [Mon May 18 17:09:16 2026] DELETE /v2.0/networks/f7661d8d-75d8-41f0-8041-eea0cc5fe5ba => generated 0 bytes in 1802 msecs (HTTP/1.1 204) 3 headers in 131 bytes (1 switches on core 0)
2026-05-18 17:09:18.549 7 INFO neutron.pecan_wsgi.hooks.translation [None req-179cb9ed-179c-4eb8-ab70-f4a2531b3b02 035bfe455e174cd3bb850d08fbcf207f 32956793c63f44ef835efe30fd63cca3 - - default default] DELETE failed (client error): The resource could not be found. [pid: 7|app: 0|req: 798/1683] 10.0.0.149 () {32 vars in 726 bytes} [Mon May 18 17:09:18 2026] DELETE /v2.0/networks/f7661d8d-75d8-41f0-8041-eea0cc5fe5ba => generated 138 bytes in 17 msecs (HTTP/1.1 404) 4 headers in 164 bytes (1 switches on core 0) [pid: 8|app: 0|req: 886/1684] 10.0.0.149 () {32 vars in 694 bytes} [Mon May 18 17:09:18 2026] GET /v2.0/networks?router%3Aexternal=True => generated 689 bytes in 62 msecs (HTTP/1.1 200) 4 headers in 157 bytes (1 switches on core 0) [pid: 7|app: 0|req: 799/1685] 10.0.0.149 () {32 vars in 742 bytes} [Mon May 18 17:09:18 2026] GET /v2.0/subnets?network_id=7fb5eb63-abd3-4195-ace1-cbbaef90de80 => generated 649 bytes in 32 msecs (HTTP/1.1 200) 4 headers in 157 bytes (1 switches on core 0) [pid: 8|app: 0|req: 887/1686] 10.0.0.149 () {32 vars in 653 bytes} [Mon May 18 17:09:18 2026] GET /v2.0/extensions => generated 21706 bytes in 7 msecs (HTTP/1.1 200) 4 headers in 159 bytes (1 switches on core 0) [pid: 7|app: 0|req: 800/1687] 10.0.0.149 () {32 vars in 649 bytes} [Mon May 18 17:09:18 2026] GET /v2.0/networks => generated 1384 bytes in 63 msecs (HTTP/1.1 200) 4 headers in 158 bytes (1 switches on core 0) [pid: 8|app: 0|req: 888/1688] 10.0.0.149 () {32 vars in 647 bytes} [Mon May 18 17:09:18 2026] GET /v2.0/subnets => generated 1280 bytes in 37 msecs (HTTP/1.1 200) 4 headers in 158 bytes (1 switches on core 0) [pid: 7|app: 0|req: 801/1689] 10.0.0.149 () {32 vars in 723 bytes} [Mon May 18 17:09:18 2026] GET /v2.0/networks/1d55e382-a4ff-4034-b31c-284f4b851632 => generated 706 bytes in 51 msecs (HTTP/1.1 200) 4 headers in 157 bytes (1 switches on core 0) [pid: 8|app: 0|req: 889/1690] 10.0.0.149 () {32 vars in 721 bytes} [Mon May 18 17:09:18 2026] GET /v2.0/subnets/90794366-994a-4e23-9633-10eb90e07172 => generated 641 bytes in 34 msecs (HTTP/1.1 200) 4 headers in 157 bytes (1 switches on core 0)
2026-05-18 17:09:18.911 7 INFO neutron.pecan_wsgi.hooks.translation [None req-49806215-f041-46ee-bb21-ad3ebe379da7 035bfe455e174cd3bb850d08fbcf207f 32956793c63f44ef835efe30fd63cca3 - - default default] DELETE failed (client error): The resource could not be found. [pid: 7|app: 0|req: 802/1691] 10.0.0.149 () {32 vars in 724 bytes} [Mon May 18 17:09:18 2026] DELETE /v2.0/subnets/78c3ebe1-c853-4910-a2f9-180a35805610 => generated 136 bytes in 28 msecs (HTTP/1.1 404) 4 headers in 164 bytes (1 switches on core 0)
2026-05-18 17:09:18.935 8 INFO neutron.pecan_wsgi.hooks.translation [None req-e3605c95-8539-46b7-92b6-ef81633e193a 035bfe455e174cd3bb850d08fbcf207f 32956793c63f44ef835efe30fd63cca3 - - default default] DELETE failed (client error): The resource could not be found. [pid: 8|app: 0|req: 890/1692] 10.0.0.149 () {32 vars in 726 bytes} [Mon May 18 17:09:18 2026] DELETE /v2.0/networks/f7661d8d-75d8-41f0-8041-eea0cc5fe5ba => generated 138 bytes in 16 msecs (HTTP/1.1 404) 4 headers in 164 bytes (1 switches on core 0) [pid: 7|app: 0|req: 803/1695] 10.0.0.149 () {32 vars in 724 bytes} [Mon May 18 17:09:18 2026] DELETE /v2.0/subnets/90794366-994a-4e23-9633-10eb90e07172 => generated 0 bytes in 194 msecs (HTTP/1.1 204) 3 headers in 131 bytes (1 switches on core 0)
2026-05-18 17:09:19.265 8 INFO neutron_taas.services.taas.taas_plugin [None req-5697648b-0d95-4fc0-ba24-81d9b9e54bb2 035bfe455e174cd3bb850d08fbcf207f 32956793c63f44ef835efe30fd63cca3 - - default default] TaaS: Handle Delete Port: bcadda2c-9d0c-46de-9173-547bfdef1e19
2026-05-18 17:09:19.267 8 INFO neutron_taas.services.taas.tap_mirror_plugin [None req-5697648b-0d95-4fc0-ba24-81d9b9e54bb2 035bfe455e174cd3bb850d08fbcf207f 32956793c63f44ef835efe30fd63cca3 - - default default] Tap Mirror: Handle Delete Port: bcadda2c-9d0c-46de-9173-547bfdef1e19 [pid: 8|app: 0|req: 893/1696] 10.0.0.149 () {32 vars in 726 bytes} [Mon May 18 17:09:19 2026] DELETE /v2.0/networks/1d55e382-a4ff-4034-b31c-284f4b851632 => generated 0 bytes in 354 msecs (HTTP/1.1 204) 3 headers in 131 bytes (1 switches on core 0) [pid: 7|app: 0|req: 804/1697] 10.0.0.89 () {34 vars in 989 bytes} [Mon May 18 17:09:19 2026] GET /v2.0/ports?device_id=67595b0f-d0ef-45cd-a93d-03cd3dd8be8d => generated 973 bytes in 47 msecs (HTTP/1.1 200) 4 headers in 157 bytes (1 switches on core 0) [pid: 8|app: 0|req: 894/1698] 10.0.0.89 () {34 vars in 981 bytes} [Mon May 18 17:09:19 2026] GET /v2.0/networks?id=95514afe-6c31-4e54-9b49-1be7e792a755 => generated 711 bytes in 50 msecs (HTTP/1.1 200) 4 headers in 157 bytes (1 switches on core 0) [pid: 8|app: 0|req: 895/1699] 10.0.0.89 () {34 vars in 964 bytes} [Mon May 18 17:09:19 2026] GET /v2.0/quotas/919c43014a164046acaf833dbbe5c0f7 => generated 292 bytes in 11 msecs (HTTP/1.1 200) 4 headers in 157 bytes (1 switches on core 0) [pid: 7|app: 0|req: 805/1700] 10.0.0.89 () {34 vars in 1039 bytes} [Mon May 18 17:09:19 2026] GET /v2.0/security-groups?id=94002578-d00b-4e80-b984-19be10f20cf3&fields=id&fields=name => generated 88 bytes in 41 msecs (HTTP/1.1 200) 4 headers in 156 bytes (1 switches on core 0) [pid: 8|app: 0|req: 896/1701] 10.0.0.89 () {34 vars in 1001 bytes} [Mon May 18 17:09:19 2026] GET /v2.0/ports?tenant_id=919c43014a164046acaf833dbbe5c0f7&fields=id => generated 103 bytes in 94 msecs (HTTP/1.1 200) 4 headers in 157 bytes (1 switches on core 0) [pid: 7|app: 0|req: 806/1702] 10.0.0.89 () {34 vars in 1007 bytes} [Mon May 18 17:09:19 2026] GET /v2.0/networks/95514afe-6c31-4e54-9b49-1be7e792a755?fields=segments => generated 14 bytes in 58 msecs (HTTP/1.1 200) 4 headers in 156 bytes (1 switches on core 0) [pid: 8|app: 0|req: 897/1703] 10.0.0.89 () {34 vars in 1107 bytes} [Mon May 18 17:09:19 2026] GET /v2.0/networks/95514afe-6c31-4e54-9b49-1be7e792a755?fields=provider%3Aphysical_network&fields=provider%3Anetwork_type => generated 79 bytes in 55 msecs (HTTP/1.1 200) 4 headers in 156 bytes (1 switches on core 0) [pid: 7|app: 0|req: 807/1704] 10.0.0.89 () {34 vars in 989 bytes} [Mon May 18 17:09:20 2026] GET /v2.0/ports?device_id=fa2590b6-40cd-4cfd-82dc-d98d781ed0bb => generated 12 bytes in 39 msecs (HTTP/1.1 200) 4 headers in 156 bytes (1 switches on core 0)
2026-05-18 17:09:20.253 8 WARNING neutron.db.securitygroups_db [None req-e8a7dc8a-6388-42bc-9605-b49094dacc72 51ea5ecb61a14f5eb81b127bd9a66a8f 7b190c9b5cdb46048cab0a0b14c399ef - - default default] project_id key not found in filters, using tenant_id instead. This support has been deprecated and will be removed in a future release. [pid: 8|app: 0|req: 898/1705] 10.0.0.149 () {32 vars in 774 bytes} [Mon May 18 17:09:20 2026] GET /v2.0/security-groups?tenant_id=32956793c63f44ef835efe30fd63cca3&name=default => generated 2925 bytes in 166 msecs (HTTP/1.1 200) 4 headers in 158 bytes (1 switches on core 0)
2026-05-18 17:09:20.491 7 INFO neutron.db.ovn_revision_numbers_db [None req-bcce00bf-3473-4d21-9224-d6d878afab62 f282106eb5cd46c7ad2c23434ca85142 6cf2c99827a34b81a82863a4909e83c6 - - default default] Successfully bumped revision number for resource 5a5ba2a5-7285-4005-944e-04e17992f0bf (type: security_groups) to 1 [pid: 8|app: 0|req: 899/1706] 10.0.0.149 () {32 vars in 740 bytes} [Mon May 18 17:09:20 2026] DELETE /v2.0/security-groups/a84abb0e-0853-43d1-8df0-9ca1b34af4f3 => generated 0 bytes in 214 msecs (HTTP/1.1 204) 2 headers in 112 bytes (1 switches on core 0)
2026-05-18 17:09:20.503 7 INFO neutron.db.ovn_revision_numbers_db [None req-bcce00bf-3473-4d21-9224-d6d878afab62 f282106eb5cd46c7ad2c23434ca85142 6cf2c99827a34b81a82863a4909e83c6 - - default default] Successfully bumped revision number for resource 12bc2a05-4ac9-4f37-8432-fada25bf6fdd (type: security_group_rules) to 0
2026-05-18 17:09:20.521 7 INFO neutron.db.ovn_revision_numbers_db [None req-bcce00bf-3473-4d21-9224-d6d878afab62 f282106eb5cd46c7ad2c23434ca85142 6cf2c99827a34b81a82863a4909e83c6 - - default default] Successfully bumped revision number for resource 24e73cc0-d81b-405b-9893-ebfcaffda3ca (type: security_group_rules) to 0
2026-05-18 17:09:20.529 8 INFO neutron.services.segments.plugin [-] Segment 12790566-30b6-4063-8c90-1f90b7422fc0 resource provider aggregate not found
2026-05-18 17:09:20.532 8 INFO neutron.services.segments.plugin [-] Segment 12790566-30b6-4063-8c90-1f90b7422fc0 resource provider aggregate not found
2026-05-18 17:09:20.540 7 INFO neutron.db.ovn_revision_numbers_db [None req-bcce00bf-3473-4d21-9224-d6d878afab62 f282106eb5cd46c7ad2c23434ca85142 6cf2c99827a34b81a82863a4909e83c6 - - default default] Successfully bumped revision number for resource b669c8c6-d5f3-4109-adef-ae72241e0a38 (type: security_group_rules) to 0
2026-05-18 17:09:20.553 8 INFO neutron.services.segments.plugin [-] Segment 12790566-30b6-4063-8c90-1f90b7422fc0 resource provider not found; error: Placement Client Error (4xx): {"errors": [{"status": 404, "title": "Not Found", "detail": "The resource could not be found.\n\n No resource provider with uuid 12790566-30b6-4063-8c90-1f90b7422fc0 found for delete ", "request_id": "req-5d48f6ba-801b-4bbf-aa2b-ea39bb080fde"}]}
2026-05-18 17:09:20.556 8 INFO neutron.services.segments.plugin [-] Segment 12790566-30b6-4063-8c90-1f90b7422fc0 resource provider not found; error: Placement Client Error (4xx): {"errors": [{"status": 404, "title": "Not Found", "detail": "The resource could not be found.\n\n No resource provider with uuid 12790566-30b6-4063-8c90-1f90b7422fc0 found for delete ", "request_id": "req-c185e6d7-7fd7-4d63-895e-fe9df04b7182"}]}
2026-05-18 17:09:20.558 7 INFO neutron.db.ovn_revision_numbers_db [None req-bcce00bf-3473-4d21-9224-d6d878afab62 f282106eb5cd46c7ad2c23434ca85142 6cf2c99827a34b81a82863a4909e83c6 - - default default] Successfully bumped revision number for resource cadbd355-0c3f-4ecd-b322-483039f9728b (type: security_group_rules) to 0
2026-05-18 17:09:20.649 7 INFO neutron.db.segments_db [None req-bcce00bf-3473-4d21-9224-d6d878afab62 f282106eb5cd46c7ad2c23434ca85142 6cf2c99827a34b81a82863a4909e83c6 - - default default] Added segment c206f558-1da9-4c8b-b2cd-3a36020645f8 of type geneve for network 387dffb8-0bf7-488b-9f7c-bf07010e5eda
2026-05-18 17:09:20.764 7 INFO neutron.db.ovn_revision_numbers_db [None req-bcce00bf-3473-4d21-9224-d6d878afab62 f282106eb5cd46c7ad2c23434ca85142 6cf2c99827a34b81a82863a4909e83c6 - - default default] Successfully bumped revision number for resource 387dffb8-0bf7-488b-9f7c-bf07010e5eda (type: networks) to 1 [pid: 8|app: 0|req: 900/1707] 10.0.0.89 () {34 vars in 989 bytes} [Mon May 18 17:09:20 2026] GET /v2.0/ports?device_id=67595b0f-d0ef-45cd-a93d-03cd3dd8be8d => generated 973 bytes in 44 msecs (HTTP/1.1 200) 4 headers in 157 bytes (1 switches on core 0) [pid: 8|app: 0|req: 901/1708] 10.0.0.89 () {34 vars in 1039 bytes} [Mon May 18 17:09:20 2026] GET /v2.0/security-groups?id=94002578-d00b-4e80-b984-19be10f20cf3&fields=id&fields=name => generated 88 bytes in 59 msecs (HTTP/1.1 200) 4 headers in 156 bytes (1 switches on core 0)
2026-05-18 17:09:20.991 7 WARNING neutron.scheduler.dhcp_agent_scheduler [None req-bcce00bf-3473-4d21-9224-d6d878afab62 f282106eb5cd46c7ad2c23434ca85142 6cf2c99827a34b81a82863a4909e83c6 - - default default] No more DHCP agents
2026-05-18 17:09:20.992 7 WARNING neutron.api.rpc.agentnotifiers.dhcp_rpc_agent_api [None req-bcce00bf-3473-4d21-9224-d6d878afab62 f282106eb5cd46c7ad2c23434ca85142 6cf2c99827a34b81a82863a4909e83c6 - - default default] Unable to schedule network 387dffb8-0bf7-488b-9f7c-bf07010e5eda: no agents available; will retry on subsequent port and subnet creation events.
2026-05-18 17:09:21.090 7 INFO neutron.db.ovn_revision_numbers_db [None req-bcce00bf-3473-4d21-9224-d6d878afab62 f282106eb5cd46c7ad2c23434ca85142 6cf2c99827a34b81a82863a4909e83c6 - - default default] Successfully bumped revision number for resource 696ca69f-fcca-4980-b26a-9f977366003e (type: ports) to 1 [pid: 7|app: 0|req: 808/1709] 10.0.0.149 () {34 vars in 670 bytes} [Mon May 18 17:09:20 2026] POST /v2.0/networks => generated 669 bytes in 958 msecs (HTTP/1.1 201) 4 headers in 162 bytes (1 switches on core 0) [pid: 7|app: 0|req: 809/1710] 10.0.0.89 () {34 vars in 989 bytes} [Mon May 18 17:09:21 2026] GET /v2.0/ports?device_id=fa2590b6-40cd-4cfd-82dc-d98d781ed0bb => generated 12 bytes in 27 msecs (HTTP/1.1 200) 4 headers in 156 bytes (1 switches on core 0)
2026-05-18 17:09:21.330 8 WARNING neutron.scheduler.dhcp_agent_scheduler [None req-8f4a8165-ca32-4ae1-bb7e-1a4fe8d78eaa f282106eb5cd46c7ad2c23434ca85142 6cf2c99827a34b81a82863a4909e83c6 - - default default] No more DHCP agents
2026-05-18 17:09:21.331 8 WARNING neutron.api.rpc.agentnotifiers.dhcp_rpc_agent_api [None req-8f4a8165-ca32-4ae1-bb7e-1a4fe8d78eaa f282106eb5cd46c7ad2c23434ca85142 6cf2c99827a34b81a82863a4909e83c6 - - default default] Unable to schedule network 387dffb8-0bf7-488b-9f7c-bf07010e5eda: no agents available; will retry on subsequent port and subnet creation events.
2026-05-18 17:09:21.829 8 INFO neutron.db.ovn_revision_numbers_db [None req-8f4a8165-ca32-4ae1-bb7e-1a4fe8d78eaa f282106eb5cd46c7ad2c23434ca85142 6cf2c99827a34b81a82863a4909e83c6 - - default default] Successfully bumped revision number for resource 696ca69f-fcca-4980-b26a-9f977366003e (type: ports) to 2
2026-05-18 17:09:21.870 8 INFO neutron.db.ovn_revision_numbers_db [None req-8f4a8165-ca32-4ae1-bb7e-1a4fe8d78eaa f282106eb5cd46c7ad2c23434ca85142 6cf2c99827a34b81a82863a4909e83c6 - - default default] Successfully bumped revision number for resource 1e942714-93e8-4550-94e1-ee3345e3c40a (type: subnets) to 0 [pid: 8|app: 0|req: 902/1711] 10.0.0.149 () {34 vars in 669 bytes} [Mon May 18 17:09:21 2026] POST /v2.0/subnets => generated 626 bytes in 764 msecs (HTTP/1.1 201) 4 headers in 162 bytes (1 switches on core 0)
