Apr 27 12:03:59.364765 np0000170476 neutron-periodic-workers[106420]: DEBUG cotyledon.oslo_config_glue [-] database.connection = **** {{(pid=106420) log_opt_values /opt/stack/data/venv/lib/python3.12/site-packages/oslo_config/cfg.py:3006}}
Apr 27 12:03:59.365021 np0000170476 neutron-periodic-workers[106420]: DEBUG cotyledon.oslo_config_glue [-] database.connection_debug = 0 {{(pid=106420) log_opt_values /opt/stack/data/venv/lib/python3.12/site-packages/oslo_config/cfg.py:3006}}
Apr 27 12:03:59.365021 np0000170476 neutron-periodic-workers[106420]: DEBUG cotyledon.oslo_config_glue [-] database.connection_parameters = {{(pid=106420) log_opt_values /opt/stack/data/venv/lib/python3.12/site-packages/oslo_config/cfg.py:3006}}
Apr 27 12:03:59.365021 np0000170476 neutron-periodic-workers[106420]: DEBUG cotyledon.oslo_config_glue [-] database.connection_recycle_time = 3600 {{(pid=106420) log_opt_values /opt/stack/data/venv/lib/python3.12/site-packages/oslo_config/cfg.py:3006}}
Apr 27 12:03:59.365021 np0000170476 neutron-periodic-workers[106420]: DEBUG cotyledon.oslo_config_glue [-] database.connection_trace = False {{(pid=106420) log_opt_values /opt/stack/data/venv/lib/python3.12/site-packages/oslo_config/cfg.py:3006}}
Apr 27 12:03:59.365021 np0000170476 neutron-periodic-workers[106420]: DEBUG cotyledon.oslo_config_glue [-] database.db_inc_retry_interval = True {{(pid=106420) log_opt_values /opt/stack/data/venv/lib/python3.12/site-packages/oslo_config/cfg.py:3006}}
Apr 27 12:03:59.365021 np0000170476 neutron-periodic-workers[106420]: DEBUG cotyledon.oslo_config_glue [-] database.db_max_retries = 20 {{(pid=106420) log_opt_values /opt/stack/data/venv/lib/python3.12/site-packages/oslo_config/cfg.py:3006}}
Apr 27 12:03:59.365021 np0000170476 neutron-periodic-workers[106420]: DEBUG cotyledon.oslo_config_glue [-] database.db_max_retry_interval = 10 {{(pid=106420) log_opt_values /opt/stack/data/venv/lib/python3.12/site-packages/oslo_config/cfg.py:3006}}
Apr 27 12:03:59.365021 np0000170476 neutron-periodic-workers[106420]: DEBUG cotyledon.oslo_config_glue [-] database.db_retry_interval = 1 {{(pid=106420) log_opt_values /opt/stack/data/venv/lib/python3.12/site-packages/oslo_config/cfg.py:3006}}
Apr 27 12:03:59.365021 np0000170476 neutron-periodic-workers[106420]: DEBUG cotyledon.oslo_config_glue [-] database.max_overflow = 50 {{(pid=106420) log_opt_values /opt/stack/data/venv/lib/python3.12/site-packages/oslo_config/cfg.py:3006}}
Apr 27 12:03:59.365249 np0000170476 neutron-periodic-workers[106420]: DEBUG cotyledon.oslo_config_glue [-] database.max_pool_size = 5 {{(pid=106420) log_opt_values /opt/stack/data/venv/lib/python3.12/site-packages/oslo_config/cfg.py:3006}}
Apr 27 12:03:59.365249 np0000170476 neutron-periodic-workers[106420]: DEBUG cotyledon.oslo_config_glue [-] database.max_retries = 10 {{(pid=106420) log_opt_values /opt/stack/data/venv/lib/python3.12/site-packages/oslo_config/cfg.py:3006}}
Apr 27 12:03:59.365249 np0000170476 neutron-periodic-workers[106420]: DEBUG cotyledon.oslo_config_glue [-] database.mysql_sql_mode = TRADITIONAL {{(pid=106420) log_opt_values /opt/stack/data/venv/lib/python3.12/site-packages/oslo_config/cfg.py:3006}}
Apr 27 12:03:59.365249 np0000170476 neutron-periodic-workers[106420]: DEBUG cotyledon.oslo_config_glue [-] database.mysql_wsrep_sync_wait = None {{(pid=106420) log_opt_values /opt/stack/data/venv/lib/python3.12/site-packages/oslo_config/cfg.py:3006}}
Apr 27 12:03:59.365249 np0000170476 neutron-periodic-workers[106420]: DEBUG cotyledon.oslo_config_glue [-] database.pool_timeout = None {{(pid=106420) log_opt_values /opt/stack/data/venv/lib/python3.12/site-packages/oslo_config/cfg.py:3006}}
Apr 27 12:03:59.365249 np0000170476 neutron-periodic-workers[106420]: DEBUG cotyledon.oslo_config_glue [-] database.retry_interval = 10 {{(pid=106420) log_opt_values /opt/stack/data/venv/lib/python3.12/site-packages/oslo_config/cfg.py:3006}}
Apr 27 12:03:59.365249 np0000170476 neutron-periodic-workers[106420]: DEBUG cotyledon.oslo_config_glue [-] database.slave_connection = **** {{(pid=106420) log_opt_values /opt/stack/data/venv/lib/python3.12/site-packages/oslo_config/cfg.py:3006}}
Apr 27 12:03:59.365249 np0000170476 neutron-periodic-workers[106420]: DEBUG cotyledon.oslo_config_glue [-] database.sqlite_synchronous = True {{(pid=106420) log_opt_values /opt/stack/data/venv/lib/python3.12/site-packages/oslo_config/cfg.py:3006}}
Apr 27 12:03:59.365249 np0000170476 neutron-periodic-workers[106420]: DEBUG cotyledon.oslo_config_glue [-] database.synchronous_reader = True {{(pid=106420) log_opt_values /opt/stack/data/venv/lib/python3.12/site-packages/oslo_config/cfg.py:3006}}
Apr 27 12:03:59.365919 np0000170476 neutron-periodic-workers[106420]: DEBUG cotyledon.oslo_config_glue [-] database.use_db_reconnect = False {{(pid=106420) log_opt_values /opt/stack/data/venv/lib/python3.12/site-packages/oslo_config/cfg.py:3006}}
Apr 27 12:03:59.365919 np0000170476 neutron-periodic-workers[106420]: DEBUG cotyledon.oslo_config_glue [-] ovn.bfd_min_rx = 1000 {{(pid=106420) log_opt_values /opt/stack/data/venv/lib/python3.12/site-packages/oslo_config/cfg.py:3006}}
Apr 27 12:03:59.365919 np0000170476 neutron-periodic-workers[106420]: DEBUG cotyledon.oslo_config_glue [-] ovn.bfd_min_tx = 100 {{(pid=106420) log_opt_values /opt/stack/data/venv/lib/python3.12/site-packages/oslo_config/cfg.py:3006}}
Apr 27 12:03:59.365919 np0000170476 neutron-periodic-workers[106420]: DEBUG cotyledon.oslo_config_glue [-] ovn.bfd_mult = 3 {{(pid=106420) log_opt_values /opt/stack/data/venv/lib/python3.12/site-packages/oslo_config/cfg.py:3006}}
Apr 27 12:03:59.365919 np0000170476 neutron-periodic-workers[106420]: DEBUG cotyledon.oslo_config_glue [-] ovn.broadcast_arps_to_all_routers = True {{(pid=106420) log_opt_values /opt/stack/data/venv/lib/python3.12/site-packages/oslo_config/cfg.py:3006}}
Apr 27 12:03:59.365919 np0000170476 neutron-periodic-workers[106420]: DEBUG cotyledon.oslo_config_glue [-] ovn.dhcp_default_lease_time = 43200 {{(pid=106420) log_opt_values /opt/stack/data/venv/lib/python3.12/site-packages/oslo_config/cfg.py:3006}}
Apr 27 12:03:59.365919 np0000170476 neutron-periodic-workers[106420]: DEBUG cotyledon.oslo_config_glue [-] ovn.disable_ovn_dhcp_for_baremetal_ports = False {{(pid=106420) log_opt_values /opt/stack/data/venv/lib/python3.12/site-packages/oslo_config/cfg.py:3006}}
Apr 27 12:03:59.365919 np0000170476 neutron-periodic-workers[106420]: DEBUG cotyledon.oslo_config_glue [-] ovn.dns_records_ovn_owned = False {{(pid=106420) log_opt_values /opt/stack/data/venv/lib/python3.12/site-packages/oslo_config/cfg.py:3006}}
Apr 27 12:03:59.365919 np0000170476 neutron-periodic-workers[106420]: DEBUG cotyledon.oslo_config_glue [-] ovn.dns_servers = [] {{(pid=106420) log_opt_values /opt/stack/data/venv/lib/python3.12/site-packages/oslo_config/cfg.py:3006}}
Apr 27 12:03:59.366707 np0000170476 neutron-periodic-workers[106420]: DEBUG cotyledon.oslo_config_glue [-] ovn.enable_distributed_floating_ip = False {{(pid=106420) log_opt_values /opt/stack/data/venv/lib/python3.12/site-packages/oslo_config/cfg.py:3006}}
Apr 27 12:03:59.366707 np0000170476 neutron-periodic-workers[106420]: DEBUG cotyledon.oslo_config_glue [-] ovn.fdb_age_threshold = 300 {{(pid=106420) log_opt_values /opt/stack/data/venv/lib/python3.12/site-packages/oslo_config/cfg.py:3006}}
Apr 27 12:03:59.366707 np0000170476 neutron-periodic-workers[106420]: DEBUG cotyledon.oslo_config_glue [-] ovn.ha_failover_strategy = normal {{(pid=106420) log_opt_values /opt/stack/data/venv/lib/python3.12/site-packages/oslo_config/cfg.py:3006}}
Apr 27 12:03:59.366707 np0000170476 neutron-periodic-workers[106420]: DEBUG cotyledon.oslo_config_glue [-] ovn.live_migration_activation_strategy = rarp {{(pid=106420) log_opt_values /opt/stack/data/venv/lib/python3.12/site-packages/oslo_config/cfg.py:3006}}
Apr 27 12:03:59.366707 np0000170476 neutron-periodic-workers[106420]: DEBUG cotyledon.oslo_config_glue [-] ovn.localnet_learn_fdb = False {{(pid=106420) log_opt_values /opt/stack/data/venv/lib/python3.12/site-packages/oslo_config/cfg.py:3006}}
Apr 27 12:03:59.366707 np0000170476 neutron-periodic-workers[106420]: DEBUG cotyledon.oslo_config_glue [-] ovn.mac_binding_age_threshold = 300 {{(pid=106420) log_opt_values /opt/stack/data/venv/lib/python3.12/site-packages/oslo_config/cfg.py:3006}}
Apr 27 12:03:59.366707 np0000170476 neutron-periodic-workers[106420]: DEBUG cotyledon.oslo_config_glue [-] ovn.neutron_sync_mode = log {{(pid=106420) log_opt_values /opt/stack/data/venv/lib/python3.12/site-packages/oslo_config/cfg.py:3006}}
Apr 27 12:03:59.366707 np0000170476 neutron-periodic-workers[106420]: DEBUG cotyledon.oslo_config_glue [-] ovn.ovn_dhcp4_global_options = {} {{(pid=106420) log_opt_values /opt/stack/data/venv/lib/python3.12/site-packages/oslo_config/cfg.py:3006}}
Apr 27 12:03:59.366707 np0000170476 neutron-periodic-workers[106420]: DEBUG cotyledon.oslo_config_glue [-] ovn.ovn_dhcp6_global_options = {} {{(pid=106420) log_opt_values /opt/stack/data/venv/lib/python3.12/site-packages/oslo_config/cfg.py:3006}}
Apr 27 12:03:59.366978 np0000170476 neutron-periodic-workers[106420]: DEBUG cotyledon.oslo_config_glue [-] ovn.ovn_l3_scheduler = leastloaded {{(pid=106420) log_opt_values /opt/stack/data/venv/lib/python3.12/site-packages/oslo_config/cfg.py:3006}}
Apr 27 12:03:59.366978 np0000170476 neutron-periodic-workers[106420]: DEBUG cotyledon.oslo_config_glue [-] ovn.ovn_metadata_enabled = True {{(pid=106420) log_opt_values /opt/stack/data/venv/lib/python3.12/site-packages/oslo_config/cfg.py:3006}}
Apr 27 12:03:59.366978 np0000170476 neutron-periodic-workers[106420]: DEBUG cotyledon.oslo_config_glue [-] ovn.ovn_nb_ca_cert = /opt/stack/data/CA/int-ca/ca-chain.pem {{(pid=106420) log_opt_values /opt/stack/data/venv/lib/python3.12/site-packages/oslo_config/cfg.py:3006}}
Apr 27 12:03:59.366978 np0000170476 neutron-periodic-workers[106420]: DEBUG cotyledon.oslo_config_glue [-] ovn.ovn_nb_certificate = /opt/stack/data/CA/int-ca/devstack-cert.crt {{(pid=106420) log_opt_values /opt/stack/data/venv/lib/python3.12/site-packages/oslo_config/cfg.py:3006}}
Apr 27 12:03:59.366978 np0000170476 neutron-periodic-workers[106420]: DEBUG cotyledon.oslo_config_glue [-] ovn.ovn_nb_connection = ['ssl:199.204.45.53:6641'] {{(pid=106420) log_opt_values /opt/stack/data/venv/lib/python3.12/site-packages/oslo_config/cfg.py:3006}}
Apr 27 12:03:59.366978 np0000170476 neutron-periodic-workers[106420]: DEBUG cotyledon.oslo_config_glue [-] ovn.ovn_nb_private_key = /opt/stack/data/CA/int-ca/private/devstack-cert.key {{(pid=106420) log_opt_values /opt/stack/data/venv/lib/python3.12/site-packages/oslo_config/cfg.py:3006}}
Apr 27 12:03:59.366978 np0000170476 neutron-periodic-workers[106420]: DEBUG cotyledon.oslo_config_glue [-] ovn.ovn_router_indirect_snat = False {{(pid=106420) log_opt_values /opt/stack/data/venv/lib/python3.12/site-packages/oslo_config/cfg.py:3006}}
Apr 27 12:03:59.366978 np0000170476 neutron-periodic-workers[106420]: DEBUG cotyledon.oslo_config_glue [-] ovn.ovn_sb_ca_cert = /opt/stack/data/CA/int-ca/ca-chain.pem {{(pid=106420) log_opt_values /opt/stack/data/venv/lib/python3.12/site-packages/oslo_config/cfg.py:3006}}
Apr 27 12:03:59.367179 np0000170476 neutron-periodic-workers[106420]: DEBUG cotyledon.oslo_config_glue [-] ovn.ovn_sb_certificate = /opt/stack/data/CA/int-ca/devstack-cert.crt {{(pid=106420) log_opt_values /opt/stack/data/venv/lib/python3.12/site-packages/oslo_config/cfg.py:3006}}
Apr 27 12:03:59.367179 np0000170476 neutron-periodic-workers[106420]: DEBUG cotyledon.oslo_config_glue [-] ovn.ovn_sb_connection = ['ssl:199.204.45.53:6642'] {{(pid=106420) log_opt_values /opt/stack/data/venv/lib/python3.12/site-packages/oslo_config/cfg.py:3006}}
Apr 27 12:03:59.367179 np0000170476 neutron-periodic-workers[106420]: DEBUG cotyledon.oslo_config_glue [-] ovn.ovn_sb_private_key = /opt/stack/data/CA/int-ca/private/devstack-cert.key {{(pid=106420) log_opt_values /opt/stack/data/venv/lib/python3.12/site-packages/oslo_config/cfg.py:3006}}
Apr 27 12:03:59.367179 np0000170476 neutron-periodic-workers[106420]: DEBUG cotyledon.oslo_config_glue [-] ovn.ovs_create_tap = False {{(pid=106420) log_opt_values /opt/stack/data/venv/lib/python3.12/site-packages/oslo_config/cfg.py:3006}}
Apr 27 12:03:59.367179 np0000170476 neutron-periodic-workers[106420]: DEBUG cotyledon.oslo_config_glue [-] ovn.ovsdb_connection_timeout = 180 {{(pid=106420) log_opt_values /opt/stack/data/venv/lib/python3.12/site-packages/oslo_config/cfg.py:3006}}
Apr 27 12:03:59.367179 np0000170476 neutron-periodic-workers[106420]: DEBUG cotyledon.oslo_config_glue [-] ovn.ovsdb_log_level = INFO {{(pid=106420) log_opt_values /opt/stack/data/venv/lib/python3.12/site-packages/oslo_config/cfg.py:3006}}
Apr 27 12:03:59.367179 np0000170476 neutron-periodic-workers[106420]: DEBUG cotyledon.oslo_config_glue [-] ovn.ovsdb_probe_interval = 60000 {{(pid=106420) log_opt_values /opt/stack/data/venv/lib/python3.12/site-packages/oslo_config/cfg.py:3006}}
Apr 27 12:03:59.367179 np0000170476 neutron-periodic-workers[106420]: DEBUG cotyledon.oslo_config_glue [-] ovn.ovsdb_retry_max_interval = 180 {{(pid=106420) log_opt_values /opt/stack/data/venv/lib/python3.12/site-packages/oslo_config/cfg.py:3006}}
Apr 27 12:03:59.367179 np0000170476 neutron-periodic-workers[106420]: DEBUG cotyledon.oslo_config_glue [-] ovn.stateless_nat_enabled = False {{(pid=106420) log_opt_values /opt/stack/data/venv/lib/python3.12/site-packages/oslo_config/cfg.py:3006}}
Apr 27 12:03:59.367400 np0000170476 neutron-periodic-workers[106420]: DEBUG cotyledon.oslo_config_glue [-] ovn.vhost_sock_dir = /var/run/openvswitch {{(pid=106420) log_opt_values /opt/stack/data/venv/lib/python3.12/site-packages/oslo_config/cfg.py:3006}}
Apr 27 12:03:59.367400 np0000170476 neutron-periodic-workers[106420]: DEBUG cotyledon.oslo_config_glue [-] OVS.bridge_mac_table_size = 50000 {{(pid=106420) log_opt_values /opt/stack/data/venv/lib/python3.12/site-packages/oslo_config/cfg.py:3006}}
Apr 27 12:03:59.367400 np0000170476 neutron-periodic-workers[106420]: DEBUG cotyledon.oslo_config_glue [-] OVS.igmp_flood = False {{(pid=106420) log_opt_values /opt/stack/data/venv/lib/python3.12/site-packages/oslo_config/cfg.py:3006}}
Apr 27 12:03:59.367400 np0000170476 neutron-periodic-workers[106420]: DEBUG cotyledon.oslo_config_glue [-] OVS.igmp_flood_reports = True {{(pid=106420) log_opt_values /opt/stack/data/venv/lib/python3.12/site-packages/oslo_config/cfg.py:3006}}
Apr 27 12:03:59.367400 np0000170476 neutron-periodic-workers[106420]: DEBUG cotyledon.oslo_config_glue [-] OVS.igmp_flood_unregistered = False {{(pid=106420) log_opt_values /opt/stack/data/venv/lib/python3.12/site-packages/oslo_config/cfg.py:3006}}
Apr 27 12:03:59.367400 np0000170476 neutron-periodic-workers[106420]: DEBUG cotyledon.oslo_config_glue [-] OVS.igmp_snooping_enable = False {{(pid=106420) log_opt_values /opt/stack/data/venv/lib/python3.12/site-packages/oslo_config/cfg.py:3006}}
Apr 27 12:03:59.367400 np0000170476 neutron-periodic-workers[106420]: DEBUG cotyledon.oslo_config_glue [-] OVS.ovsdb_timeout = 10 {{(pid=106420) log_opt_values /opt/stack/data/venv/lib/python3.12/site-packages/oslo_config/cfg.py:3006}}
Apr 27 12:03:59.367400 np0000170476 neutron-periodic-workers[106420]: DEBUG cotyledon.oslo_config_glue [-] ovn_nb_global.fdb_removal_limit = 0 {{(pid=106420) log_opt_values /opt/stack/data/venv/lib/python3.12/site-packages/oslo_config/cfg.py:3006}}
Apr 27 12:03:59.367400 np0000170476 neutron-periodic-workers[106420]: DEBUG cotyledon.oslo_config_glue [-] ovn_nb_global.ignore_lsp_down = False {{(pid=106420) log_opt_values /opt/stack/data/venv/lib/python3.12/site-packages/oslo_config/cfg.py:3006}}
Apr 27 12:03:59.367645 np0000170476 neutron-periodic-workers[106420]: DEBUG cotyledon.oslo_config_glue [-] ovn_nb_global.mac_binding_removal_limit = 0 {{(pid=106420) log_opt_values /opt/stack/data/venv/lib/python3.12/site-packages/oslo_config/cfg.py:3006}}
Apr 27 12:03:59.367645 np0000170476 neutron-periodic-workers[106420]: DEBUG cotyledon.oslo_config_glue [-] ******************************************************************************** {{(pid=106420) log_opt_values /opt/stack/data/venv/lib/python3.12/site-packages/oslo_config/cfg.py:3013}}
Apr 27 12:03:59.367645 np0000170476 neutron-periodic-workers[106420]: DEBUG cotyledon._service_worker [-] Run service ServiceWrapper(0) [106420] {{(pid=106420) wait_forever /opt/stack/data/venv/lib/python3.12/site-packages/cotyledon/_service_worker.py:218}}
Apr 27 12:04:08.987091 np0000170476 neutron-periodic-workers[105608]: DEBUG dbcounter [-] [105608] Writing DB stats neutron:SELECT=4 {{(pid=105608) stat_writer /opt/stack/data/venv/lib/python3.12/site-packages/dbcounter.py:115}}
Apr 27 12:04:46.359858 np0000170476 neutron-periodic-workers[106404]: DEBUG oslo_db.sqlalchemy.engines [None req-0492986d-f859-43f4-8a73-9ed0f452d7c6 None None] Parent process 105608 forked (106404) with an open database connection, which is being discarded and recreated. {{(pid=106404) checkout /opt/stack/data/venv/lib/python3.12/site-packages/oslo_db/sqlalchemy/engines.py:402}}
Apr 27 12:04:46.368651 np0000170476 neutron-periodic-workers[106404]: DEBUG dbcounter [-] [106404] Writer thread running {{(pid=106404) stat_writer /opt/stack/data/venv/lib/python3.12/site-packages/dbcounter.py:102}}
Apr 27 12:04:46.371918 np0000170476 neutron-periodic-workers[106404]: DEBUG neutron.db.agents_db [None req-0492986d-f859-43f4-8a73-9ed0f452d7c6 None None] Agent healthcheck: found 0 active agents {{(pid=106404) agent_health_check /opt/stack/neutron/neutron/db/agents_db.py:317}}
Apr 27 12:04:46.372132 np0000170476 neutron-periodic-workers[106404]: DEBUG oslo.service.backend._threading.loopingcall [None req-0492986d-f859-43f4-8a73-9ed0f452d7c6 None None] Fixed interval looping call 'neutron.plugins.ml2.plugin.AgentDbMixin.agent_health_check' sleeping for 36.98 seconds {{(pid=106404) _run_loop /opt/stack/data/venv/lib/python3.12/site-packages/oslo_service/backend/_threading/loopingcall.py:125}}
Apr 27 12:04:47.348642 np0000170476 neutron-periodic-workers[106400]: DEBUG dbcounter [-] [106400] Writer thread running {{(pid=106400) stat_writer /opt/stack/data/venv/lib/python3.12/site-packages/dbcounter.py:102}}
Apr 27 12:04:47.357151 np0000170476 neutron-periodic-workers[106400]: DEBUG oslo.service.backend._threading.loopingcall [None req-442f0b70-bc8e-4e14-8998-25f0e5f0b668 None None] Fixed interval looping call 'neutron.plugins.ml2.plugin.DhcpAgentSchedulerDbMixin.remove_networks_from_down_agents' sleeping for 36.98 seconds {{(pid=106400) _run_loop /opt/stack/data/venv/lib/python3.12/site-packages/oslo_service/backend/_threading/loopingcall.py:125}}
Apr 27 12:04:56.369788 np0000170476 neutron-periodic-workers[106404]: DEBUG dbcounter [-] [106404] Writing DB stats neutron:SELECT=1 {{(pid=106404) stat_writer /opt/stack/data/venv/lib/python3.12/site-packages/dbcounter.py:115}}
Apr 27 12:04:57.355964 np0000170476 neutron-periodic-workers[106400]: DEBUG dbcounter [-] [106400] Writing DB stats neutron:SELECT=3 {{(pid=106400) stat_writer /opt/stack/data/venv/lib/python3.12/site-packages/dbcounter.py:115}}
Apr 27 12:05:17.391888 np0000170476 neutron-periodic-workers[106420]: DEBUG dbcounter [-] [106420] Writer thread running {{(pid=106420) stat_writer /opt/stack/data/venv/lib/python3.12/site-packages/dbcounter.py:102}}
Apr 27 12:05:17.405077 np0000170476 neutron-periodic-workers[106420]: DEBUG oslo.service.backend._threading.loopingcall [None req-daae01dd-1271-4b4b-ad09-d825dae46b16 None None] Fixed interval looping call 'neutron.services.ovn_l3.plugin.L3_NAT_dbonly_mixin._clean_garbage' sleeping for 299.95 seconds {{(pid=106420) _run_loop /opt/stack/data/venv/lib/python3.12/site-packages/oslo_service/backend/_threading/loopingcall.py:125}}
Apr 27 12:05:23.358320 np0000170476 neutron-periodic-workers[106404]: DEBUG neutron.db.agents_db [None req-0492986d-f859-43f4-8a73-9ed0f452d7c6 None None] Agent healthcheck: found 0 active agents {{(pid=106404) agent_health_check /opt/stack/neutron/neutron/db/agents_db.py:317}}
Apr 27 12:05:23.359052 np0000170476 neutron-periodic-workers[106404]: DEBUG oslo.service.backend._threading.loopingcall [None req-0492986d-f859-43f4-8a73-9ed0f452d7c6 None None] Fixed interval looping call 'neutron.plugins.ml2.plugin.AgentDbMixin.agent_health_check' sleeping for 37.00 seconds {{(pid=106404) _run_loop /opt/stack/data/venv/lib/python3.12/site-packages/oslo_service/backend/_threading/loopingcall.py:125}}
Apr 27 12:05:24.345898 np0000170476 neutron-periodic-workers[106400]: DEBUG oslo.service.backend._threading.loopingcall [None req-442f0b70-bc8e-4e14-8998-25f0e5f0b668 None None] Fixed interval looping call 'neutron.plugins.ml2.plugin.DhcpAgentSchedulerDbMixin.remove_networks_from_down_agents' sleeping for 36.99 seconds {{(pid=106400) _run_loop /opt/stack/data/venv/lib/python3.12/site-packages/oslo_service/backend/_threading/loopingcall.py:125}}
Apr 27 12:05:27.392629 np0000170476 neutron-periodic-workers[106420]: DEBUG dbcounter [-] [106420] Writing DB stats neutron:SELECT=1 {{(pid=106420) stat_writer /opt/stack/data/venv/lib/python3.12/site-packages/dbcounter.py:115}}
Apr 27 12:05:33.356805 np0000170476 neutron-periodic-workers[106404]: DEBUG dbcounter [-] [106404] Writing DB stats neutron:SELECT=1 {{(pid=106404) stat_writer /opt/stack/data/venv/lib/python3.12/site-packages/dbcounter.py:115}}
Apr 27 12:05:34.345505 np0000170476 neutron-periodic-workers[106400]: DEBUG dbcounter [-] [106400] Writing DB stats neutron:SELECT=3 {{(pid=106400) stat_writer /opt/stack/data/venv/lib/python3.12/site-packages/dbcounter.py:115}}
Apr 27 12:05:59.367707 np0000170476 neutron-periodic-workers[106411]: DEBUG dbcounter [-] [106411] Writer thread running {{(pid=106411) stat_writer /opt/stack/data/venv/lib/python3.12/site-packages/dbcounter.py:102}}
Apr 27 12:05:59.369019 np0000170476 neutron-periodic-workers[106411]: DEBUG oslo.service.backend._threading.loopingcall [None req-a6b3857b-238a-4e81-bc49-9b9d0f3f3d4b None None] Fixed interval looping call 'neutron.db.quota.driver_nolock.DbQuotaNoLockDriver._remove_expired_reservations' sleeping for 119.98 seconds {{(pid=106411) _run_loop /opt/stack/data/venv/lib/python3.12/site-packages/oslo_service/backend/_threading/loopingcall.py:125}}
Apr 27 12:06:00.362461 np0000170476 neutron-periodic-workers[106404]: DEBUG neutron.db.agents_db [None req-0492986d-f859-43f4-8a73-9ed0f452d7c6 None None] Agent healthcheck: found 0 active agents {{(pid=106404) agent_health_check /opt/stack/neutron/neutron/db/agents_db.py:317}}
Apr 27 12:06:00.363001 np0000170476 neutron-periodic-workers[106404]: DEBUG oslo.service.backend._threading.loopingcall [None req-0492986d-f859-43f4-8a73-9ed0f452d7c6 None None] Fixed interval looping call 'neutron.plugins.ml2.plugin.AgentDbMixin.agent_health_check' sleeping for 37.00 seconds {{(pid=106404) _run_loop /opt/stack/data/venv/lib/python3.12/site-packages/oslo_service/backend/_threading/loopingcall.py:125}}
Apr 27 12:06:01.344461 np0000170476 neutron-periodic-workers[106400]: DEBUG oslo.service.backend._threading.loopingcall [None req-442f0b70-bc8e-4e14-8998-25f0e5f0b668 None None] Fixed interval looping call 'neutron.plugins.ml2.plugin.DhcpAgentSchedulerDbMixin.remove_networks_from_down_agents' sleeping for 36.99 seconds {{(pid=106400) _run_loop /opt/stack/data/venv/lib/python3.12/site-packages/oslo_service/backend/_threading/loopingcall.py:125}}
Apr 27 12:06:09.367874 np0000170476 neutron-periodic-workers[106411]: DEBUG dbcounter [-] [106411] Writing DB stats neutron:DELETE=1 {{(pid=106411) stat_writer /opt/stack/data/venv/lib/python3.12/site-packages/dbcounter.py:115}}
Apr 27 12:06:10.361352 np0000170476 neutron-periodic-workers[106404]: DEBUG dbcounter [-] [106404] Writing DB stats neutron:SELECT=1 {{(pid=106404) stat_writer /opt/stack/data/venv/lib/python3.12/site-packages/dbcounter.py:115}}
Apr 27 12:06:11.343638 np0000170476 neutron-periodic-workers[106400]: DEBUG dbcounter [-] [106400] Writing DB stats neutron:SELECT=3 {{(pid=106400) stat_writer /opt/stack/data/venv/lib/python3.12/site-packages/dbcounter.py:115}}
Apr 27 12:06:37.368521 np0000170476 neutron-periodic-workers[106404]: DEBUG neutron.db.agents_db [None req-0492986d-f859-43f4-8a73-9ed0f452d7c6 None None] Agent healthcheck: found 0 active agents {{(pid=106404) agent_health_check /opt/stack/neutron/neutron/db/agents_db.py:317}}
Apr 27 12:06:37.369295 np0000170476 neutron-periodic-workers[106404]: DEBUG oslo.service.backend._threading.loopingcall [None req-0492986d-f859-43f4-8a73-9ed0f452d7c6 None None] Fixed interval looping call 'neutron.plugins.ml2.plugin.AgentDbMixin.agent_health_check' sleeping for 36.99 seconds {{(pid=106404) _run_loop /opt/stack/data/venv/lib/python3.12/site-packages/oslo_service/backend/_threading/loopingcall.py:125}}
Apr 27 12:06:38.345526 np0000170476 neutron-periodic-workers[106400]: DEBUG oslo.service.backend._threading.loopingcall [None req-442f0b70-bc8e-4e14-8998-25f0e5f0b668 None None] Fixed interval looping call 'neutron.plugins.ml2.plugin.DhcpAgentSchedulerDbMixin.remove_networks_from_down_agents' sleeping for 36.99 seconds {{(pid=106400) _run_loop /opt/stack/data/venv/lib/python3.12/site-packages/oslo_service/backend/_threading/loopingcall.py:125}}
Apr 27 12:06:47.366685 np0000170476 neutron-periodic-workers[106404]: DEBUG dbcounter [-] [106404] Writing DB stats neutron:SELECT=1 {{(pid=106404) stat_writer /opt/stack/data/venv/lib/python3.12/site-packages/dbcounter.py:115}}
Apr 27 12:06:48.343873 np0000170476 neutron-periodic-workers[106400]: DEBUG dbcounter [-] [106400] Writing DB stats neutron:SELECT=3 {{(pid=106400) stat_writer /opt/stack/data/venv/lib/python3.12/site-packages/dbcounter.py:115}}
Apr 27 12:07:14.364945 np0000170476 neutron-periodic-workers[106404]: DEBUG neutron.db.agents_db [None req-0492986d-f859-43f4-8a73-9ed0f452d7c6 None None] Agent healthcheck: found 0 active agents {{(pid=106404) agent_health_check /opt/stack/neutron/neutron/db/agents_db.py:317}}
Apr 27 12:07:14.365779 np0000170476 neutron-periodic-workers[106404]: DEBUG oslo.service.backend._threading.loopingcall [None req-0492986d-f859-43f4-8a73-9ed0f452d7c6 None None] Fixed interval looping call 'neutron.plugins.ml2.plugin.AgentDbMixin.agent_health_check' sleeping for 36.99 seconds {{(pid=106404) _run_loop /opt/stack/data/venv/lib/python3.12/site-packages/oslo_service/backend/_threading/loopingcall.py:125}}
Apr 27 12:07:15.347761 np0000170476 neutron-periodic-workers[106400]: DEBUG oslo.service.backend._threading.loopingcall [None req-442f0b70-bc8e-4e14-8998-25f0e5f0b668 None None] Fixed interval looping call 'neutron.plugins.ml2.plugin.DhcpAgentSchedulerDbMixin.remove_networks_from_down_agents' sleeping for 36.99 seconds {{(pid=106400) _run_loop /opt/stack/data/venv/lib/python3.12/site-packages/oslo_service/backend/_threading/loopingcall.py:125}}
Apr 27 12:07:24.363325 np0000170476 neutron-periodic-workers[106404]: DEBUG dbcounter [-] [106404] Writing DB stats neutron:SELECT=1 {{(pid=106404) stat_writer /opt/stack/data/venv/lib/python3.12/site-packages/dbcounter.py:115}}
Apr 27 12:07:25.346357 np0000170476 neutron-periodic-workers[106400]: DEBUG dbcounter [-] [106400] Writing DB stats neutron:SELECT=3 {{(pid=106400) stat_writer /opt/stack/data/venv/lib/python3.12/site-packages/dbcounter.py:115}}
Apr 27 12:07:51.361483 np0000170476 neutron-periodic-workers[106404]: DEBUG neutron.db.agents_db [None req-0492986d-f859-43f4-8a73-9ed0f452d7c6 None None] Agent healthcheck: found 0 active agents {{(pid=106404) agent_health_check /opt/stack/neutron/neutron/db/agents_db.py:317}}
Apr 27 12:07:51.362285 np0000170476 neutron-periodic-workers[106404]: DEBUG oslo.service.backend._threading.loopingcall [None req-0492986d-f859-43f4-8a73-9ed0f452d7c6 None None] Fixed interval looping call 'neutron.plugins.ml2.plugin.AgentDbMixin.agent_health_check' sleeping for 36.99 seconds {{(pid=106404) _run_loop /opt/stack/data/venv/lib/python3.12/site-packages/oslo_service/backend/_threading/loopingcall.py:125}}
Apr 27 12:07:52.347464 np0000170476 neutron-periodic-workers[106400]: DEBUG oslo.service.backend._threading.loopingcall [None req-442f0b70-bc8e-4e14-8998-25f0e5f0b668 None None] Fixed interval looping call 'neutron.plugins.ml2.plugin.DhcpAgentSchedulerDbMixin.remove_networks_from_down_agents' sleeping for 36.99 seconds {{(pid=106400) _run_loop /opt/stack/data/venv/lib/python3.12/site-packages/oslo_service/backend/_threading/loopingcall.py:125}}
Apr 27 12:07:59.356486 np0000170476 neutron-periodic-workers[106411]: DEBUG oslo.service.backend._threading.loopingcall [None req-a6b3857b-238a-4e81-bc49-9b9d0f3f3d4b None None] Fixed interval looping call 'neutron.db.quota.driver_nolock.DbQuotaNoLockDriver._remove_expired_reservations' sleeping for 119.99 seconds {{(pid=106411) _run_loop /opt/stack/data/venv/lib/python3.12/site-packages/oslo_service/backend/_threading/loopingcall.py:125}}
Apr 27 12:08:01.359487 np0000170476 neutron-periodic-workers[106404]: DEBUG dbcounter [-] [106404] Writing DB stats neutron:SELECT=1 {{(pid=106404) stat_writer /opt/stack/data/venv/lib/python3.12/site-packages/dbcounter.py:115}}
Apr 27 12:08:02.346272 np0000170476 neutron-periodic-workers[106400]: DEBUG dbcounter [-] [106400] Writing DB stats neutron:SELECT=3 {{(pid=106400) stat_writer /opt/stack/data/venv/lib/python3.12/site-packages/dbcounter.py:115}}
Apr 27 12:08:09.354825 np0000170476 neutron-periodic-workers[106411]: DEBUG dbcounter [-] [106411] Writing DB stats neutron:DELETE=1 {{(pid=106411) stat_writer /opt/stack/data/venv/lib/python3.12/site-packages/dbcounter.py:115}}
Apr 27 12:08:28.357273 np0000170476 neutron-periodic-workers[106404]: DEBUG neutron.db.agents_db [None req-0492986d-f859-43f4-8a73-9ed0f452d7c6 None None] Agent healthcheck: found 0 active agents {{(pid=106404) agent_health_check /opt/stack/neutron/neutron/db/agents_db.py:317}}
Apr 27 12:08:28.358177 np0000170476 neutron-periodic-workers[106404]: DEBUG oslo.service.backend._threading.loopingcall [None req-0492986d-f859-43f4-8a73-9ed0f452d7c6 None None] Fixed interval looping call 'neutron.plugins.ml2.plugin.AgentDbMixin.agent_health_check' sleeping for 36.99 seconds {{(pid=106404) _run_loop /opt/stack/data/venv/lib/python3.12/site-packages/oslo_service/backend/_threading/loopingcall.py:125}}
Apr 27 12:08:29.343402 np0000170476 neutron-periodic-workers[106400]: DEBUG oslo.service.backend._threading.loopingcall [None req-442f0b70-bc8e-4e14-8998-25f0e5f0b668 None None] Fixed interval looping call 'neutron.plugins.ml2.plugin.DhcpAgentSchedulerDbMixin.remove_networks_from_down_agents' sleeping for 36.99 seconds {{(pid=106400) _run_loop /opt/stack/data/venv/lib/python3.12/site-packages/oslo_service/backend/_threading/loopingcall.py:125}}
Apr 27 12:08:38.355229 np0000170476 neutron-periodic-workers[106404]: DEBUG dbcounter [-] [106404] Writing DB stats neutron:SELECT=1 {{(pid=106404) stat_writer /opt/stack/data/venv/lib/python3.12/site-packages/dbcounter.py:115}}
Apr 27 12:08:39.342723 np0000170476 neutron-periodic-workers[106400]: DEBUG dbcounter [-] [106400] Writing DB stats neutron:SELECT=3 {{(pid=106400) stat_writer /opt/stack/data/venv/lib/python3.12/site-packages/dbcounter.py:115}}
Apr 27 12:09:05.352722 np0000170476 neutron-periodic-workers[106404]: DEBUG neutron.db.agents_db [None req-0492986d-f859-43f4-8a73-9ed0f452d7c6 None None] Agent healthcheck: found 0 active agents {{(pid=106404) agent_health_check /opt/stack/neutron/neutron/db/agents_db.py:317}}
Apr 27 12:09:05.353289 np0000170476 neutron-periodic-workers[106404]: DEBUG oslo.service.backend._threading.loopingcall [None req-0492986d-f859-43f4-8a73-9ed0f452d7c6 None None] Fixed interval looping call 'neutron.plugins.ml2.plugin.AgentDbMixin.agent_health_check' sleeping for 36.99 seconds {{(pid=106404) _run_loop /opt/stack/data/venv/lib/python3.12/site-packages/oslo_service/backend/_threading/loopingcall.py:125}}
Apr 27 12:09:06.343047 np0000170476 neutron-periodic-workers[106400]: DEBUG oslo.service.backend._threading.loopingcall [None req-442f0b70-bc8e-4e14-8998-25f0e5f0b668 None None] Fixed interval looping call 'neutron.plugins.ml2.plugin.DhcpAgentSchedulerDbMixin.remove_networks_from_down_agents' sleeping for 36.99 seconds {{(pid=106400) _run_loop /opt/stack/data/venv/lib/python3.12/site-packages/oslo_service/backend/_threading/loopingcall.py:125}}
Apr 27 12:09:15.351661 np0000170476 neutron-periodic-workers[106404]: DEBUG dbcounter [-] [106404] Writing DB stats neutron:SELECT=1 {{(pid=106404) stat_writer /opt/stack/data/venv/lib/python3.12/site-packages/dbcounter.py:115}}
Apr 27 12:09:16.341396 np0000170476 neutron-periodic-workers[106400]: DEBUG dbcounter [-] [106400] Writing DB stats neutron:SELECT=3 {{(pid=106400) stat_writer /opt/stack/data/venv/lib/python3.12/site-packages/dbcounter.py:115}}
Apr 27 12:09:42.348913 np0000170476 neutron-periodic-workers[106404]: DEBUG neutron.db.agents_db [None req-0492986d-f859-43f4-8a73-9ed0f452d7c6 None None] Agent healthcheck: found 0 active agents {{(pid=106404) agent_health_check /opt/stack/neutron/neutron/db/agents_db.py:317}}
Apr 27 12:09:42.349898 np0000170476 neutron-periodic-workers[106404]: DEBUG oslo.service.backend._threading.loopingcall [None req-0492986d-f859-43f4-8a73-9ed0f452d7c6 None None] Fixed interval looping call 'neutron.plugins.ml2.plugin.AgentDbMixin.agent_health_check' sleeping for 36.99 seconds {{(pid=106404) _run_loop /opt/stack/data/venv/lib/python3.12/site-packages/oslo_service/backend/_threading/loopingcall.py:125}}
Apr 27 12:09:43.340264 np0000170476 neutron-periodic-workers[106400]: DEBUG oslo.service.backend._threading.loopingcall [None req-442f0b70-bc8e-4e14-8998-25f0e5f0b668 None None] Fixed interval looping call 'neutron.plugins.ml2.plugin.DhcpAgentSchedulerDbMixin.remove_networks_from_down_agents' sleeping for 36.99 seconds {{(pid=106400) _run_loop /opt/stack/data/venv/lib/python3.12/site-packages/oslo_service/backend/_threading/loopingcall.py:125}}
Apr 27 12:09:52.347422 np0000170476 neutron-periodic-workers[106404]: DEBUG dbcounter [-] [106404] Writing DB stats neutron:SELECT=1 {{(pid=106404) stat_writer /opt/stack/data/venv/lib/python3.12/site-packages/dbcounter.py:115}}
Apr 27 12:09:53.339356 np0000170476 neutron-periodic-workers[106400]: DEBUG dbcounter [-] [106400] Writing DB stats neutron:SELECT=3 {{(pid=106400) stat_writer /opt/stack/data/venv/lib/python3.12/site-packages/dbcounter.py:115}}
Apr 27 12:09:59.354383 np0000170476 neutron-periodic-workers[106411]: DEBUG oslo.service.backend._threading.loopingcall [None req-a6b3857b-238a-4e81-bc49-9b9d0f3f3d4b None None] Fixed interval looping call 'neutron.db.quota.driver_nolock.DbQuotaNoLockDriver._remove_expired_reservations' sleeping for 119.99 seconds {{(pid=106411) _run_loop /opt/stack/data/venv/lib/python3.12/site-packages/oslo_service/backend/_threading/loopingcall.py:125}}
Apr 27 12:10:09.349449 np0000170476 neutron-periodic-workers[106411]: DEBUG dbcounter [-] [106411] Writing DB stats neutron:DELETE=1 {{(pid=106411) stat_writer /opt/stack/data/venv/lib/python3.12/site-packages/dbcounter.py:115}}
Apr 27 12:10:17.394468 np0000170476 neutron-periodic-workers[106420]: DEBUG oslo.service.backend._threading.loopingcall [None req-daae01dd-1271-4b4b-ad09-d825dae46b16 None None] Fixed interval looping call 'neutron.services.ovn_l3.plugin.L3_NAT_dbonly_mixin._clean_garbage' sleeping for 299.96 seconds {{(pid=106420) _run_loop /opt/stack/data/venv/lib/python3.12/site-packages/oslo_service/backend/_threading/loopingcall.py:125}}
Apr 27 12:10:19.344519 np0000170476 neutron-periodic-workers[106404]: DEBUG neutron.db.agents_db [None req-0492986d-f859-43f4-8a73-9ed0f452d7c6 None None] Agent healthcheck: found 0 active agents {{(pid=106404) agent_health_check /opt/stack/neutron/neutron/db/agents_db.py:317}}
Apr 27 12:10:19.344914 np0000170476 neutron-periodic-workers[106404]: DEBUG oslo.service.backend._threading.loopingcall [None req-0492986d-f859-43f4-8a73-9ed0f452d7c6 None None] Fixed interval looping call 'neutron.plugins.ml2.plugin.AgentDbMixin.agent_health_check' sleeping for 36.99 seconds {{(pid=106404) _run_loop /opt/stack/data/venv/lib/python3.12/site-packages/oslo_service/backend/_threading/loopingcall.py:125}}
Apr 27 12:10:20.339171 np0000170476 neutron-periodic-workers[106400]: DEBUG oslo.service.backend._threading.loopingcall [None req-442f0b70-bc8e-4e14-8998-25f0e5f0b668 None None] Fixed interval looping call 'neutron.plugins.ml2.plugin.DhcpAgentSchedulerDbMixin.remove_networks_from_down_agents' sleeping for 36.99 seconds {{(pid=106400) _run_loop /opt/stack/data/venv/lib/python3.12/site-packages/oslo_service/backend/_threading/loopingcall.py:125}}
Apr 27 12:10:27.393325 np0000170476 neutron-periodic-workers[106420]: DEBUG dbcounter [-] [106420] Writing DB stats neutron:SELECT=10 {{(pid=106420) stat_writer /opt/stack/data/venv/lib/python3.12/site-packages/dbcounter.py:115}}
Apr 27 12:10:29.342831 np0000170476 neutron-periodic-workers[106404]: DEBUG dbcounter [-] [106404] Writing DB stats neutron:SELECT=1 {{(pid=106404) stat_writer /opt/stack/data/venv/lib/python3.12/site-packages/dbcounter.py:115}}
Apr 27 12:10:30.338406 np0000170476 neutron-periodic-workers[106400]: DEBUG dbcounter [-] [106400] Writing DB stats neutron:SELECT=3 {{(pid=106400) stat_writer /opt/stack/data/venv/lib/python3.12/site-packages/dbcounter.py:115}}
Apr 27 12:10:56.340441 np0000170476 neutron-periodic-workers[106404]: DEBUG neutron.db.agents_db [None req-0492986d-f859-43f4-8a73-9ed0f452d7c6 None None] Agent healthcheck: found 0 active agents {{(pid=106404) agent_health_check /opt/stack/neutron/neutron/db/agents_db.py:317}}
Apr 27 12:10:56.340786 np0000170476 neutron-periodic-workers[106404]: DEBUG oslo.service.backend._threading.loopingcall [None req-0492986d-f859-43f4-8a73-9ed0f452d7c6 None None] Fixed interval looping call 'neutron.plugins.ml2.plugin.AgentDbMixin.agent_health_check' sleeping for 36.99 seconds {{(pid=106404) _run_loop /opt/stack/data/venv/lib/python3.12/site-packages/oslo_service/backend/_threading/loopingcall.py:125}}
Apr 27 12:10:57.339562 np0000170476 neutron-periodic-workers[106400]: DEBUG oslo.service.backend._threading.loopingcall [None req-442f0b70-bc8e-4e14-8998-25f0e5f0b668 None None] Fixed interval looping call 'neutron.plugins.ml2.plugin.DhcpAgentSchedulerDbMixin.remove_networks_from_down_agents' sleeping for 36.99 seconds {{(pid=106400) _run_loop /opt/stack/data/venv/lib/python3.12/site-packages/oslo_service/backend/_threading/loopingcall.py:125}}
Apr 27 12:11:06.340134 np0000170476 neutron-periodic-workers[106404]: DEBUG dbcounter [-] [106404] Writing DB stats neutron:SELECT=1 {{(pid=106404) stat_writer /opt/stack/data/venv/lib/python3.12/site-packages/dbcounter.py:115}}
Apr 27 12:11:07.338448 np0000170476 neutron-periodic-workers[106400]: DEBUG dbcounter [-] [106400] Writing DB stats neutron:SELECT=3 {{(pid=106400) stat_writer /opt/stack/data/venv/lib/python3.12/site-packages/dbcounter.py:115}}
Apr 27 12:11:33.336002 np0000170476 neutron-periodic-workers[106404]: DEBUG neutron.db.agents_db [None req-0492986d-f859-43f4-8a73-9ed0f452d7c6 None None] Agent healthcheck: found 0 active agents {{(pid=106404) agent_health_check /opt/stack/neutron/neutron/db/agents_db.py:317}}
Apr 27 12:11:33.336773 np0000170476 neutron-periodic-workers[106404]: DEBUG oslo.service.backend._threading.loopingcall [None req-0492986d-f859-43f4-8a73-9ed0f452d7c6 None None] Fixed interval looping call 'neutron.plugins.ml2.plugin.AgentDbMixin.agent_health_check' sleeping for 36.99 seconds {{(pid=106404) _run_loop /opt/stack/data/venv/lib/python3.12/site-packages/oslo_service/backend/_threading/loopingcall.py:125}}
Apr 27 12:11:34.340343 np0000170476 neutron-periodic-workers[106400]: DEBUG oslo.service.backend._threading.loopingcall [None req-442f0b70-bc8e-4e14-8998-25f0e5f0b668 None None] Fixed interval looping call 'neutron.plugins.ml2.plugin.DhcpAgentSchedulerDbMixin.remove_networks_from_down_agents' sleeping for 36.99 seconds {{(pid=106400) _run_loop /opt/stack/data/venv/lib/python3.12/site-packages/oslo_service/backend/_threading/loopingcall.py:125}}
Apr 27 12:11:43.335003 np0000170476 neutron-periodic-workers[106404]: DEBUG dbcounter [-] [106404] Writing DB stats neutron:SELECT=1 {{(pid=106404) stat_writer /opt/stack/data/venv/lib/python3.12/site-packages/dbcounter.py:115}}
Apr 27 12:11:44.339364 np0000170476 neutron-periodic-workers[106400]: DEBUG dbcounter [-] [106400] Writing DB stats neutron:SELECT=3 {{(pid=106400) stat_writer /opt/stack/data/venv/lib/python3.12/site-packages/dbcounter.py:115}}
Apr 27 12:11:59.349015 np0000170476 neutron-periodic-workers[106411]: DEBUG oslo.service.backend._threading.loopingcall [None req-a6b3857b-238a-4e81-bc49-9b9d0f3f3d4b None None] Fixed interval looping call 'neutron.db.quota.driver_nolock.DbQuotaNoLockDriver._remove_expired_reservations' sleeping for 120.00 seconds {{(pid=106411) _run_loop /opt/stack/data/venv/lib/python3.12/site-packages/oslo_service/backend/_threading/loopingcall.py:125}}
Apr 27 12:12:09.348074 np0000170476 neutron-periodic-workers[106411]: DEBUG dbcounter [-] [106411] Writing DB stats neutron:DELETE=1 {{(pid=106411) stat_writer /opt/stack/data/venv/lib/python3.12/site-packages/dbcounter.py:115}}
Apr 27 12:12:10.331637 np0000170476 neutron-periodic-workers[106404]: DEBUG neutron.db.agents_db [None req-0492986d-f859-43f4-8a73-9ed0f452d7c6 None None] Agent healthcheck: found 0 active agents {{(pid=106404) agent_health_check /opt/stack/neutron/neutron/db/agents_db.py:317}}
Apr 27 12:12:10.332280 np0000170476 neutron-periodic-workers[106404]: DEBUG oslo.service.backend._threading.loopingcall [None req-0492986d-f859-43f4-8a73-9ed0f452d7c6 None None] Fixed interval looping call 'neutron.plugins.ml2.plugin.AgentDbMixin.agent_health_check' sleeping for 36.99 seconds {{(pid=106404) _run_loop /opt/stack/data/venv/lib/python3.12/site-packages/oslo_service/backend/_threading/loopingcall.py:125}}
Apr 27 12:12:11.340787 np0000170476 neutron-periodic-workers[106400]: DEBUG oslo.service.backend._threading.loopingcall [None req-442f0b70-bc8e-4e14-8998-25f0e5f0b668 None None] Fixed interval looping call 'neutron.plugins.ml2.plugin.DhcpAgentSchedulerDbMixin.remove_networks_from_down_agents' sleeping for 36.99 seconds {{(pid=106400) _run_loop /opt/stack/data/venv/lib/python3.12/site-packages/oslo_service/backend/_threading/loopingcall.py:125}}
Apr 27 12:12:20.330330 np0000170476 neutron-periodic-workers[106404]: DEBUG dbcounter [-] [106404] Writing DB stats neutron:SELECT=1 {{(pid=106404) stat_writer /opt/stack/data/venv/lib/python3.12/site-packages/dbcounter.py:115}}
Apr 27 12:12:21.339475 np0000170476 neutron-periodic-workers[106400]: DEBUG dbcounter [-] [106400] Writing DB stats neutron:SELECT=3 {{(pid=106400) stat_writer /opt/stack/data/venv/lib/python3.12/site-packages/dbcounter.py:115}}
Apr 27 12:12:47.326408 np0000170476 neutron-periodic-workers[106404]: DEBUG neutron.db.agents_db [None req-0492986d-f859-43f4-8a73-9ed0f452d7c6 None None] Agent healthcheck: found 0 active agents {{(pid=106404) agent_health_check /opt/stack/neutron/neutron/db/agents_db.py:317}}
Apr 27 12:12:47.327244 np0000170476 neutron-periodic-workers[106404]: DEBUG oslo.service.backend._threading.loopingcall [None req-0492986d-f859-43f4-8a73-9ed0f452d7c6 None None] Fixed interval looping call 'neutron.plugins.ml2.plugin.AgentDbMixin.agent_health_check' sleeping for 37.00 seconds {{(pid=106404) _run_loop /opt/stack/data/venv/lib/python3.12/site-packages/oslo_service/backend/_threading/loopingcall.py:125}}
Apr 27 12:12:48.340879 np0000170476 neutron-periodic-workers[106400]: DEBUG oslo.service.backend._threading.loopingcall [None req-442f0b70-bc8e-4e14-8998-25f0e5f0b668 None None] Fixed interval looping call 'neutron.plugins.ml2.plugin.DhcpAgentSchedulerDbMixin.remove_networks_from_down_agents' sleeping for 36.99 seconds {{(pid=106400) _run_loop /opt/stack/data/venv/lib/python3.12/site-packages/oslo_service/backend/_threading/loopingcall.py:125}}
Apr 27 12:12:57.326477 np0000170476 neutron-periodic-workers[106404]: DEBUG dbcounter [-] [106404] Writing DB stats neutron:SELECT=1 {{(pid=106404) stat_writer /opt/stack/data/venv/lib/python3.12/site-packages/dbcounter.py:115}}
Apr 27 12:12:58.339430 np0000170476 neutron-periodic-workers[106400]: DEBUG dbcounter [-] [106400] Writing DB stats neutron:SELECT=3 {{(pid=106400) stat_writer /opt/stack/data/venv/lib/python3.12/site-packages/dbcounter.py:115}}
Apr 27 12:13:24.333097 np0000170476 neutron-periodic-workers[106404]: DEBUG neutron.db.agents_db [None req-0492986d-f859-43f4-8a73-9ed0f452d7c6 None None] Agent healthcheck: found 0 active agents {{(pid=106404) agent_health_check /opt/stack/neutron/neutron/db/agents_db.py:317}}
Apr 27 12:13:24.333860 np0000170476 neutron-periodic-workers[106404]: DEBUG oslo.service.backend._threading.loopingcall [None req-0492986d-f859-43f4-8a73-9ed0f452d7c6 None None] Fixed interval looping call 'neutron.plugins.ml2.plugin.AgentDbMixin.agent_health_check' sleeping for 36.99 seconds {{(pid=106404) _run_loop /opt/stack/data/venv/lib/python3.12/site-packages/oslo_service/backend/_threading/loopingcall.py:125}}
Apr 27 12:13:25.339500 np0000170476 neutron-periodic-workers[106400]: DEBUG oslo.service.backend._threading.loopingcall [None req-442f0b70-bc8e-4e14-8998-25f0e5f0b668 None None] Fixed interval looping call 'neutron.plugins.ml2.plugin.DhcpAgentSchedulerDbMixin.remove_networks_from_down_agents' sleeping for 36.99 seconds {{(pid=106400) _run_loop /opt/stack/data/venv/lib/python3.12/site-packages/oslo_service/backend/_threading/loopingcall.py:125}}
Apr 27 12:13:34.331021 np0000170476 neutron-periodic-workers[106404]: DEBUG dbcounter [-] [106404] Writing DB stats neutron:SELECT=1 {{(pid=106404) stat_writer /opt/stack/data/venv/lib/python3.12/site-packages/dbcounter.py:115}}
Apr 27 12:13:35.338356 np0000170476 neutron-periodic-workers[106400]: DEBUG dbcounter [-] [106400] Writing DB stats neutron:SELECT=3 {{(pid=106400) stat_writer /opt/stack/data/venv/lib/python3.12/site-packages/dbcounter.py:115}}
Apr 27 12:13:59.354722 np0000170476 neutron-periodic-workers[106411]: DEBUG oslo.service.backend._threading.loopingcall [None req-a6b3857b-238a-4e81-bc49-9b9d0f3f3d4b None None] Fixed interval looping call 'neutron.db.quota.driver_nolock.DbQuotaNoLockDriver._remove_expired_reservations' sleeping for 119.99 seconds {{(pid=106411) _run_loop /opt/stack/data/venv/lib/python3.12/site-packages/oslo_service/backend/_threading/loopingcall.py:125}}
Apr 27 12:14:01.330993 np0000170476 neutron-periodic-workers[106404]: DEBUG neutron.db.agents_db [None req-0492986d-f859-43f4-8a73-9ed0f452d7c6 None None] Agent healthcheck: found 0 active agents {{(pid=106404) agent_health_check /opt/stack/neutron/neutron/db/agents_db.py:317}}
Apr 27 12:14:01.331699 np0000170476 neutron-periodic-workers[106404]: DEBUG oslo.service.backend._threading.loopingcall [None req-0492986d-f859-43f4-8a73-9ed0f452d7c6 None None] Fixed interval looping call 'neutron.plugins.ml2.plugin.AgentDbMixin.agent_health_check' sleeping for 36.99 seconds {{(pid=106404) _run_loop /opt/stack/data/venv/lib/python3.12/site-packages/oslo_service/backend/_threading/loopingcall.py:125}}
Apr 27 12:14:02.336368 np0000170476 neutron-periodic-workers[106400]: DEBUG oslo.service.backend._threading.loopingcall [None req-442f0b70-bc8e-4e14-8998-25f0e5f0b668 None None] Fixed interval looping call 'neutron.plugins.ml2.plugin.DhcpAgentSchedulerDbMixin.remove_networks_from_down_agents' sleeping for 36.99 seconds {{(pid=106400) _run_loop /opt/stack/data/venv/lib/python3.12/site-packages/oslo_service/backend/_threading/loopingcall.py:125}}
Apr 27 12:14:09.354213 np0000170476 neutron-periodic-workers[106411]: DEBUG dbcounter [-] [106411] Writing DB stats neutron:DELETE=1 {{(pid=106411) stat_writer /opt/stack/data/venv/lib/python3.12/site-packages/dbcounter.py:115}}
Apr 27 12:14:11.328293 np0000170476 neutron-periodic-workers[106404]: DEBUG dbcounter [-] [106404] Writing DB stats neutron:SELECT=1 {{(pid=106404) stat_writer /opt/stack/data/venv/lib/python3.12/site-packages/dbcounter.py:115}}
Apr 27 12:14:12.335609 np0000170476 neutron-periodic-workers[106400]: DEBUG dbcounter [-] [106400] Writing DB stats neutron:SELECT=3 {{(pid=106400) stat_writer /opt/stack/data/venv/lib/python3.12/site-packages/dbcounter.py:115}}
Apr 27 12:14:38.330551 np0000170476 neutron-periodic-workers[106404]: DEBUG neutron.db.agents_db [None req-0492986d-f859-43f4-8a73-9ed0f452d7c6 None None] Agent healthcheck: found 0 active agents {{(pid=106404) agent_health_check /opt/stack/neutron/neutron/db/agents_db.py:317}}
Apr 27 12:14:38.331686 np0000170476 neutron-periodic-workers[106404]: DEBUG oslo.service.backend._threading.loopingcall [None req-0492986d-f859-43f4-8a73-9ed0f452d7c6 None None] Fixed interval looping call 'neutron.plugins.ml2.plugin.AgentDbMixin.agent_health_check' sleeping for 36.99 seconds {{(pid=106404) _run_loop /opt/stack/data/venv/lib/python3.12/site-packages/oslo_service/backend/_threading/loopingcall.py:125}}
Apr 27 12:14:39.337123 np0000170476 neutron-periodic-workers[106400]: DEBUG oslo.service.backend._threading.loopingcall [None req-442f0b70-bc8e-4e14-8998-25f0e5f0b668 None None] Fixed interval looping call 'neutron.plugins.ml2.plugin.DhcpAgentSchedulerDbMixin.remove_networks_from_down_agents' sleeping for 36.99 seconds {{(pid=106400) _run_loop /opt/stack/data/venv/lib/python3.12/site-packages/oslo_service/backend/_threading/loopingcall.py:125}}
Apr 27 12:14:48.328845 np0000170476 neutron-periodic-workers[106404]: DEBUG dbcounter [-] [106404] Writing DB stats neutron:SELECT=1 {{(pid=106404) stat_writer /opt/stack/data/venv/lib/python3.12/site-packages/dbcounter.py:115}}
