2026-05-10 05:15:41.571 8 INFO placement.requestlog [None req-aa4898d8-a91b-4bae-a9c2-0929d6cc1c88 2b5767b8347547e58cad9331bdf89285 5b00e39be5f34eb2b81e80ab13579ce1 - - 46ea796dcf0447e993f30d7f74b6c033 46ea796dcf0447e993f30d7f74b6c033] 10.0.0.237 "GET /resource_providers/84e26e75-2342-4862-bc37-8775b42f25e8/aggregates" status: 404 len: 235 microversion: 1.1 [pid: 8|app: 0|req: 548/1100] 10.0.0.237 () {32 vars in 816 bytes} [Sun May 10 05:15:41 2026] GET /resource_providers/84e26e75-2342-4862-bc37-8775b42f25e8/aggregates => generated 235 bytes in 17 msecs (HTTP/1.1 404) 5 headers in 202 bytes (1 switches on core 0)
2026-05-10 05:15:41.585 7 INFO placement.requestlog [None req-52901652-8bfb-4698-ba32-588a15ed89c4 2b5767b8347547e58cad9331bdf89285 5b00e39be5f34eb2b81e80ab13579ce1 - - 46ea796dcf0447e993f30d7f74b6c033 46ea796dcf0447e993f30d7f74b6c033] 10.0.0.237 "DELETE /resource_providers/84e26e75-2342-4862-bc37-8775b42f25e8" status: 404 len: 246 microversion: 1.1 [pid: 7|app: 0|req: 553/1101] 10.0.0.237 () {34 vars in 816 bytes} [Sun May 10 05:15:41 2026] DELETE /resource_providers/84e26e75-2342-4862-bc37-8775b42f25e8 => generated 246 bytes in 6 msecs (HTTP/1.1 404) 6 headers in 231 bytes (1 switches on core 0)
2026-05-10 05:15:41.617 8 INFO placement.requestlog [None req-3606f752-f96f-40f0-86ab-573a657a352e 2b5767b8347547e58cad9331bdf89285 5b00e39be5f34eb2b81e80ab13579ce1 - - 46ea796dcf0447e993f30d7f74b6c033 46ea796dcf0447e993f30d7f74b6c033] 10.0.0.237 "DELETE /resource_providers/84e26e75-2342-4862-bc37-8775b42f25e8" status: 404 len: 246 microversion: 1.1 [pid: 8|app: 0|req: 549/1102] 10.0.0.237 () {34 vars in 816 bytes} [Sun May 10 05:15:41 2026] DELETE /resource_providers/84e26e75-2342-4862-bc37-8775b42f25e8 => generated 246 bytes in 17 msecs (HTTP/1.1 404) 6 headers in 231 bytes (1 switches on core 0)
2026-05-10 05:15:46.891 7 INFO placement.requestlog [None req-881282d3-fc66-4675-8a13-379274f57507 2b5767b8347547e58cad9331bdf89285 5b00e39be5f34eb2b81e80ab13579ce1 - - 46ea796dcf0447e993f30d7f74b6c033 46ea796dcf0447e993f30d7f74b6c033] 10.0.0.237 "GET /resource_providers/c10355bc-55d4-464f-9614-c9cb77a486c3/aggregates" status: 404 len: 235 microversion: 1.1 [pid: 7|app: 0|req: 554/1103] 10.0.0.237 () {32 vars in 816 bytes} [Sun May 10 05:15:46 2026] GET /resource_providers/c10355bc-55d4-464f-9614-c9cb77a486c3/aggregates => generated 235 bytes in 17 msecs (HTTP/1.1 404) 5 headers in 202 bytes (1 switches on core 0)
2026-05-10 05:15:46.894 8 INFO placement.requestlog [None req-199accf2-9c90-4df2-8a27-c574f7b925cc 2b5767b8347547e58cad9331bdf89285 5b00e39be5f34eb2b81e80ab13579ce1 - - 46ea796dcf0447e993f30d7f74b6c033 46ea796dcf0447e993f30d7f74b6c033] 10.0.0.237 "GET /resource_providers/c10355bc-55d4-464f-9614-c9cb77a486c3/aggregates" status: 404 len: 235 microversion: 1.1 [pid: 8|app: 0|req: 550/1104] 10.0.0.237 () {32 vars in 816 bytes} [Sun May 10 05:15:46 2026] GET /resource_providers/c10355bc-55d4-464f-9614-c9cb77a486c3/aggregates => generated 235 bytes in 12 msecs (HTTP/1.1 404) 5 headers in 202 bytes (1 switches on core 0)
2026-05-10 05:15:46.912 7 INFO placement.requestlog [None req-8c7855a6-7b4f-4110-9893-1f98ed608b45 2b5767b8347547e58cad9331bdf89285 5b00e39be5f34eb2b81e80ab13579ce1 - - 46ea796dcf0447e993f30d7f74b6c033 46ea796dcf0447e993f30d7f74b6c033] 10.0.0.237 "DELETE /resource_providers/c10355bc-55d4-464f-9614-c9cb77a486c3" status: 404 len: 246 microversion: 1.1 [pid: 7|app: 0|req: 555/1105] 10.0.0.237 () {34 vars in 816 bytes} [Sun May 10 05:15:46 2026] DELETE /resource_providers/c10355bc-55d4-464f-9614-c9cb77a486c3 => generated 246 bytes in 11 msecs (HTTP/1.1 404) 6 headers in 231 bytes (1 switches on core 0)
2026-05-10 05:15:46.916 8 INFO placement.requestlog [None req-c770fdf9-fd2d-4432-9c2f-de8c31fa73e8 2b5767b8347547e58cad9331bdf89285 5b00e39be5f34eb2b81e80ab13579ce1 - - 46ea796dcf0447e993f30d7f74b6c033 46ea796dcf0447e993f30d7f74b6c033] 10.0.0.237 "DELETE /resource_providers/c10355bc-55d4-464f-9614-c9cb77a486c3" status: 404 len: 246 microversion: 1.1 [pid: 8|app: 0|req: 551/1106] 10.0.0.237 () {34 vars in 816 bytes} [Sun May 10 05:15:46 2026] DELETE /resource_providers/c10355bc-55d4-464f-9614-c9cb77a486c3 => generated 246 bytes in 10 msecs (HTTP/1.1 404) 6 headers in 231 bytes (1 switches on core 0)
2026-05-10 05:15:48.149 7 INFO placement.requestlog [req-d4bf9d17-3b1d-40cf-a2ef-f2f393664e4a req-e9028d7d-63ea-4cf0-9d3c-998fa19b7ed3 13a44a2db3fb411ebca1d0e8826673e3 5b00e39be5f34eb2b81e80ab13579ce1 - - 46ea796dcf0447e993f30d7f74b6c033 46ea796dcf0447e993f30d7f74b6c033] 10.0.0.168 "GET /allocation_candidates?limit=1000&resources=DISK_GB%3A1%2CMEMORY_MB%3A512%2CVCPU%3A1&root_required=%21COMPUTE_STATUS_DISABLED" status: 200 len: 2444 microversion: 1.36 [pid: 7|app: 0|req: 556/1107] 10.0.0.168 () {34 vars in 1012 bytes} [Sun May 10 05:15:48 2026] GET /allocation_candidates?limit=1000&resources=DISK_GB%3A1%2CMEMORY_MB%3A512%2CVCPU%3A1&root_required=%21COMPUTE_STATUS_DISABLED => generated 2444 bytes in 53 msecs (HTTP/1.1 200) 8 headers in 297 bytes (1 switches on core 0)
2026-05-10 05:15:48.176 8 INFO placement.requestlog [req-d4bf9d17-3b1d-40cf-a2ef-f2f393664e4a req-fb834b70-4edc-444e-9496-4d8f39166157 13a44a2db3fb411ebca1d0e8826673e3 5b00e39be5f34eb2b81e80ab13579ce1 - - 46ea796dcf0447e993f30d7f74b6c033 46ea796dcf0447e993f30d7f74b6c033] 10.0.0.168 "GET /allocations/949a8acb-6f2f-4b86-abaa-78fc9acaed3e" status: 200 len: 19 microversion: 1.28 [pid: 8|app: 0|req: 552/1108] 10.0.0.168 () {34 vars in 861 bytes} [Sun May 10 05:15:48 2026] GET /allocations/949a8acb-6f2f-4b86-abaa-78fc9acaed3e => generated 19 bytes in 11 msecs (HTTP/1.1 200) 8 headers in 295 bytes (1 switches on core 0)
2026-05-10 05:15:48.262 7 INFO placement.requestlog [req-d4bf9d17-3b1d-40cf-a2ef-f2f393664e4a req-bf76f3da-bf14-4140-a11c-f6ce40acbe9d 13a44a2db3fb411ebca1d0e8826673e3 5b00e39be5f34eb2b81e80ab13579ce1 - - 46ea796dcf0447e993f30d7f74b6c033 46ea796dcf0447e993f30d7f74b6c033] 10.0.0.168 "PUT /allocations/949a8acb-6f2f-4b86-abaa-78fc9acaed3e" status: 204 len: 0 microversion: 1.36 [pid: 7|app: 0|req: 557/1109] 10.0.0.168 () {38 vars in 914 bytes} [Sun May 10 05:15:48 2026] PUT /allocations/949a8acb-6f2f-4b86-abaa-78fc9acaed3e => generated 0 bytes in 81 msecs (HTTP/1.1 204) 5 headers in 199 bytes (1 switches on core 0)
2026-05-10 05:15:48.936 8 INFO placement.requestlog [None req-061dbe52-5bab-47dc-8b0e-f26ca4bee137 2b5767b8347547e58cad9331bdf89285 5b00e39be5f34eb2b81e80ab13579ce1 - - 46ea796dcf0447e993f30d7f74b6c033 46ea796dcf0447e993f30d7f74b6c033] 10.0.0.237 "GET /resource_providers/73ec7cb1-e6c4-4520-a410-fe8a690cc992/aggregates" status: 404 len: 235 microversion: 1.1 [pid: 8|app: 0|req: 553/1110] 10.0.0.237 () {32 vars in 816 bytes} [Sun May 10 05:15:48 2026] GET /resource_providers/73ec7cb1-e6c4-4520-a410-fe8a690cc992/aggregates => generated 235 bytes in 13 msecs (HTTP/1.1 404) 5 headers in 202 bytes (1 switches on core 0)
2026-05-10 05:15:48.942 7 INFO placement.requestlog [None req-a4bf6dfb-f540-4a51-97cd-c9f6a2631feb 2b5767b8347547e58cad9331bdf89285 5b00e39be5f34eb2b81e80ab13579ce1 - - 46ea796dcf0447e993f30d7f74b6c033 46ea796dcf0447e993f30d7f74b6c033] 10.0.0.237 "GET /resource_providers/73ec7cb1-e6c4-4520-a410-fe8a690cc992/aggregates" status: 404 len: 235 microversion: 1.1 [pid: 7|app: 0|req: 558/1111] 10.0.0.237 () {32 vars in 816 bytes} [Sun May 10 05:15:48 2026] GET /resource_providers/73ec7cb1-e6c4-4520-a410-fe8a690cc992/aggregates => generated 235 bytes in 13 msecs (HTTP/1.1 404) 5 headers in 202 bytes (1 switches on core 0)
2026-05-10 05:15:48.947 8 INFO placement.requestlog [None req-7fb92e62-c259-4786-b954-2552f72a1757 2b5767b8347547e58cad9331bdf89285 5b00e39be5f34eb2b81e80ab13579ce1 - - 46ea796dcf0447e993f30d7f74b6c033 46ea796dcf0447e993f30d7f74b6c033] 10.0.0.237 "DELETE /resource_providers/73ec7cb1-e6c4-4520-a410-fe8a690cc992" status: 404 len: 246 microversion: 1.1 [pid: 8|app: 0|req: 554/1112] 10.0.0.237 () {34 vars in 816 bytes} [Sun May 10 05:15:48 2026] DELETE /resource_providers/73ec7cb1-e6c4-4520-a410-fe8a690cc992 => generated 246 bytes in 6 msecs (HTTP/1.1 404) 6 headers in 231 bytes (1 switches on core 0)
2026-05-10 05:15:48.962 7 INFO placement.requestlog [None req-c9966442-3c84-4f3c-9976-1948eb8dc00f 2b5767b8347547e58cad9331bdf89285 5b00e39be5f34eb2b81e80ab13579ce1 - - 46ea796dcf0447e993f30d7f74b6c033 46ea796dcf0447e993f30d7f74b6c033] 10.0.0.237 "DELETE /resource_providers/73ec7cb1-e6c4-4520-a410-fe8a690cc992" status: 404 len: 246 microversion: 1.1 [pid: 7|app: 0|req: 559/1113] 10.0.0.237 () {34 vars in 816 bytes} [Sun May 10 05:15:48 2026] DELETE /resource_providers/73ec7cb1-e6c4-4520-a410-fe8a690cc992 => generated 246 bytes in 12 msecs (HTTP/1.1 404) 6 headers in 231 bytes (1 switches on core 0)
2026-05-10 05:15:49.723 8 INFO placement.requestlog [req-d4bf9d17-3b1d-40cf-a2ef-f2f393664e4a req-5982eaab-bb51-40bc-8442-449cc8a6ffe0 13a44a2db3fb411ebca1d0e8826673e3 5b00e39be5f34eb2b81e80ab13579ce1 - - 46ea796dcf0447e993f30d7f74b6c033 46ea796dcf0447e993f30d7f74b6c033] 199.204.45.115 "GET /allocations/949a8acb-6f2f-4b86-abaa-78fc9acaed3e" status: 200 len: 258 microversion: 1.28 [pid: 8|app: 0|req: 555/1114] 199.204.45.115 () {34 vars in 863 bytes} [Sun May 10 05:15:49 2026] GET /allocations/949a8acb-6f2f-4b86-abaa-78fc9acaed3e => generated 258 bytes in 10 msecs (HTTP/1.1 200) 8 headers in 296 bytes (1 switches on core 0)
2026-05-10 05:15:50.248 8 INFO placement.requestlog [None req-b5b11955-9d01-4ac7-8443-e6cd28ac137e - - - - - -] 10.0.0.186 "GET /" status: 200 len: 136 microversion: 1.0
2026-05-10 05:15:50.248 7 INFO placement.requestlog [None req-fd125bd5-d36b-4305-bc93-3158389c4abd - - - - - -] 10.0.0.186 "GET /" status: 200 len: 136 microversion: 1.0
2026-05-10 05:15:50.763 8 INFO placement.requestlog [req-d4bf9d17-3b1d-40cf-a2ef-f2f393664e4a req-d536be1a-9a48-407b-99ab-b30a12a2676a 13a44a2db3fb411ebca1d0e8826673e3 5b00e39be5f34eb2b81e80ab13579ce1 - - 46ea796dcf0447e993f30d7f74b6c033 46ea796dcf0447e993f30d7f74b6c033] 199.204.45.115 "GET /resource_providers/a7986535-ba43-4d46-90a3-c5427617e781/allocations" status: 200 len: 253 microversion: 1.0 [pid: 8|app: 0|req: 557/1117] 199.204.45.115 () {32 vars in 857 bytes} [Sun May 10 05:15:50 2026] GET /resource_providers/a7986535-ba43-4d46-90a3-c5427617e781/allocations => generated 253 bytes in 17 msecs (HTTP/1.1 200) 6 headers in 224 bytes (1 switches on core 0)
2026-05-10 05:15:50.787 7 INFO placement.requestlog [req-d4bf9d17-3b1d-40cf-a2ef-f2f393664e4a req-3f36be22-0513-45bf-b579-2ca2c326549a 13a44a2db3fb411ebca1d0e8826673e3 5b00e39be5f34eb2b81e80ab13579ce1 - - 46ea796dcf0447e993f30d7f74b6c033 46ea796dcf0447e993f30d7f74b6c033] 199.204.45.115 "GET /allocations/949a8acb-6f2f-4b86-abaa-78fc9acaed3e" status: 200 len: 258 microversion: 1.28 [pid: 7|app: 0|req: 561/1118] 199.204.45.115 () {34 vars in 863 bytes} [Sun May 10 05:15:50 2026] GET /allocations/949a8acb-6f2f-4b86-abaa-78fc9acaed3e => generated 258 bytes in 19 msecs (HTTP/1.1 200) 8 headers in 296 bytes (1 switches on core 0)
2026-05-10 05:15:50.815 8 INFO placement.requestlog [req-d4bf9d17-3b1d-40cf-a2ef-f2f393664e4a req-31039851-d14f-48c0-94d1-f5d07fd68a17 13a44a2db3fb411ebca1d0e8826673e3 5b00e39be5f34eb2b81e80ab13579ce1 - - 46ea796dcf0447e993f30d7f74b6c033 46ea796dcf0447e993f30d7f74b6c033] 199.204.45.115 "GET /allocations/47b3e353-a79e-4421-bdd7-3146435d5a0c" status: 200 len: 258 microversion: 1.28 [pid: 8|app: 0|req: 558/1119] 199.204.45.115 () {34 vars in 863 bytes} [Sun May 10 05:15:50 2026] GET /allocations/47b3e353-a79e-4421-bdd7-3146435d5a0c => generated 258 bytes in 21 msecs (HTTP/1.1 200) 8 headers in 296 bytes (1 switches on core 0)
2026-05-10 05:15:50.910 8 INFO placement.requestlog [None req-d5eda628-3ad8-4f81-a2d5-52ea8a1e2f72 2b5767b8347547e58cad9331bdf89285 5b00e39be5f34eb2b81e80ab13579ce1 - - 46ea796dcf0447e993f30d7f74b6c033 46ea796dcf0447e993f30d7f74b6c033] 10.0.0.237 "GET /resource_providers/e289872b-680d-464f-be68-eadecb9e4ab1/aggregates" status: 404 len: 235 microversion: 1.1 [pid: 8|app: 0|req: 559/1120] 10.0.0.237 () {32 vars in 816 bytes} [Sun May 10 05:15:50 2026] GET /resource_providers/e289872b-680d-464f-be68-eadecb9e4ab1/aggregates => generated 235 bytes in 17 msecs (HTTP/1.1 404) 5 headers in 202 bytes (1 switches on core 0)
2026-05-10 05:15:50.914 7 INFO placement.requestlog [None req-ad9bdf68-dfa5-488c-9291-02bc8c911d8f 2b5767b8347547e58cad9331bdf89285 5b00e39be5f34eb2b81e80ab13579ce1 - - 46ea796dcf0447e993f30d7f74b6c033 46ea796dcf0447e993f30d7f74b6c033] 10.0.0.237 "GET /resource_providers/e289872b-680d-464f-be68-eadecb9e4ab1/aggregates" status: 404 len: 235 microversion: 1.1 [pid: 7|app: 0|req: 562/1121] 10.0.0.237 () {32 vars in 816 bytes} [Sun May 10 05:15:50 2026] GET /resource_providers/e289872b-680d-464f-be68-eadecb9e4ab1/aggregates => generated 235 bytes in 20 msecs (HTTP/1.1 404) 5 headers in 202 bytes (1 switches on core 0)
2026-05-10 05:15:50.932 8 INFO placement.requestlog [None req-1b9b2d8e-d6c1-412f-9ba9-2e080b15c6df 2b5767b8347547e58cad9331bdf89285 5b00e39be5f34eb2b81e80ab13579ce1 - - 46ea796dcf0447e993f30d7f74b6c033 46ea796dcf0447e993f30d7f74b6c033] 10.0.0.237 "DELETE /resource_providers/e289872b-680d-464f-be68-eadecb9e4ab1" status: 404 len: 246 microversion: 1.1 [pid: 8|app: 0|req: 560/1122] 10.0.0.237 () {34 vars in 816 bytes} [Sun May 10 05:15:50 2026] DELETE /resource_providers/e289872b-680d-464f-be68-eadecb9e4ab1 => generated 246 bytes in 6 msecs (HTTP/1.1 404) 6 headers in 231 bytes (1 switches on core 0)
2026-05-10 05:15:50.939 7 INFO placement.requestlog [None req-f3f02ad4-5c3b-44c5-9495-135a4c30e046 2b5767b8347547e58cad9331bdf89285 5b00e39be5f34eb2b81e80ab13579ce1 - - 46ea796dcf0447e993f30d7f74b6c033 46ea796dcf0447e993f30d7f74b6c033] 10.0.0.237 "DELETE /resource_providers/e289872b-680d-464f-be68-eadecb9e4ab1" status: 404 len: 246 microversion: 1.1 [pid: 7|app: 0|req: 563/1123] 10.0.0.237 () {34 vars in 816 bytes} [Sun May 10 05:15:50 2026] DELETE /resource_providers/e289872b-680d-464f-be68-eadecb9e4ab1 => generated 246 bytes in 13 msecs (HTTP/1.1 404) 6 headers in 231 bytes (1 switches on core 0)
2026-05-10 05:15:57.421 7 INFO placement.requestlog [None req-e5e91d50-da4f-4bc3-968f-7556998f918c 2b5767b8347547e58cad9331bdf89285 5b00e39be5f34eb2b81e80ab13579ce1 - - 46ea796dcf0447e993f30d7f74b6c033 46ea796dcf0447e993f30d7f74b6c033] 10.0.0.237 "GET /resource_providers/f552f698-0ef9-4f1f-82c3-b00e4fc22b0d/aggregates" status: 404 len: 235 microversion: 1.1 [pid: 7|app: 0|req: 564/1124] 10.0.0.237 () {32 vars in 816 bytes} [Sun May 10 05:15:57 2026] GET /resource_providers/f552f698-0ef9-4f1f-82c3-b00e4fc22b0d/aggregates => generated 235 bytes in 10 msecs (HTTP/1.1 404) 5 headers in 202 bytes (1 switches on core 0)
2026-05-10 05:15:57.422 8 INFO placement.requestlog [None req-b3c4fd96-3345-4e39-b224-91e6590352d0 2b5767b8347547e58cad9331bdf89285 5b00e39be5f34eb2b81e80ab13579ce1 - - 46ea796dcf0447e993f30d7f74b6c033 46ea796dcf0447e993f30d7f74b6c033] 10.0.0.237 "GET /resource_providers/f552f698-0ef9-4f1f-82c3-b00e4fc22b0d/aggregates" status: 404 len: 235 microversion: 1.1 [pid: 8|app: 0|req: 561/1125] 10.0.0.237 () {32 vars in 816 bytes} [Sun May 10 05:15:57 2026] GET /resource_providers/f552f698-0ef9-4f1f-82c3-b00e4fc22b0d/aggregates => generated 235 bytes in 12 msecs (HTTP/1.1 404) 5 headers in 202 bytes (1 switches on core 0)
2026-05-10 05:15:57.447 7 INFO placement.requestlog [None req-5f6a0f6b-e4e6-423a-8189-043fc5220ecb 2b5767b8347547e58cad9331bdf89285 5b00e39be5f34eb2b81e80ab13579ce1 - - 46ea796dcf0447e993f30d7f74b6c033 46ea796dcf0447e993f30d7f74b6c033] 10.0.0.237 "DELETE /resource_providers/f552f698-0ef9-4f1f-82c3-b00e4fc22b0d" status: 404 len: 246 microversion: 1.1 [pid: 7|app: 0|req: 565/1126] 10.0.0.237 () {34 vars in 816 bytes} [Sun May 10 05:15:57 2026] DELETE /resource_providers/f552f698-0ef9-4f1f-82c3-b00e4fc22b0d => generated 246 bytes in 7 msecs (HTTP/1.1 404) 6 headers in 231 bytes (1 switches on core 0)
2026-05-10 05:15:57.452 8 INFO placement.requestlog [None req-0cc2b95d-96c4-47e5-af40-bbf23177bee7 2b5767b8347547e58cad9331bdf89285 5b00e39be5f34eb2b81e80ab13579ce1 - - 46ea796dcf0447e993f30d7f74b6c033 46ea796dcf0447e993f30d7f74b6c033] 10.0.0.237 "DELETE /resource_providers/f552f698-0ef9-4f1f-82c3-b00e4fc22b0d" status: 404 len: 246 microversion: 1.1 [pid: 8|app: 0|req: 562/1127] 10.0.0.237 () {34 vars in 816 bytes} [Sun May 10 05:15:57 2026] DELETE /resource_providers/f552f698-0ef9-4f1f-82c3-b00e4fc22b0d => generated 246 bytes in 11 msecs (HTTP/1.1 404) 6 headers in 231 bytes (1 switches on core 0)
2026-05-10 05:15:58.910 7 INFO placement.requestlog [req-202b5681-48a2-4c8a-8b39-d1886be5e045 req-418ffaff-c778-4e83-b767-b257b5fda3eb 13a44a2db3fb411ebca1d0e8826673e3 5b00e39be5f34eb2b81e80ab13579ce1 - - 46ea796dcf0447e993f30d7f74b6c033 46ea796dcf0447e993f30d7f74b6c033] 199.204.45.115 "GET /resource_providers/a7986535-ba43-4d46-90a3-c5427617e781/allocations" status: 200 len: 253 microversion: 1.0 [pid: 7|app: 0|req: 566/1128] 199.204.45.115 () {32 vars in 857 bytes} [Sun May 10 05:15:58 2026] GET /resource_providers/a7986535-ba43-4d46-90a3-c5427617e781/allocations => generated 253 bytes in 182 msecs (HTTP/1.1 200) 6 headers in 224 bytes (1 switches on core 0)
2026-05-10 05:15:58.932 8 INFO placement.requestlog [req-202b5681-48a2-4c8a-8b39-d1886be5e045 req-77b15cf9-9f82-4fdc-b548-00a1dcd7b9ff 13a44a2db3fb411ebca1d0e8826673e3 5b00e39be5f34eb2b81e80ab13579ce1 - - 46ea796dcf0447e993f30d7f74b6c033 46ea796dcf0447e993f30d7f74b6c033] 199.204.45.115 "GET /resource_providers?in_tree=a7986535-ba43-4d46-90a3-c5427617e781" status: 200 len: 798 microversion: 1.14 [pid: 8|app: 0|req: 563/1129] 199.204.45.115 () {34 vars in 892 bytes} [Sun May 10 05:15:58 2026] GET /resource_providers?in_tree=a7986535-ba43-4d46-90a3-c5427617e781 => generated 798 bytes in 17 msecs (HTTP/1.1 200) 6 headers in 225 bytes (1 switches on core 0)
2026-05-10 05:15:58.956 7 INFO placement.requestlog [req-202b5681-48a2-4c8a-8b39-d1886be5e045 req-6c8339eb-2722-494c-aa06-a7022f8ad4a3 13a44a2db3fb411ebca1d0e8826673e3 5b00e39be5f34eb2b81e80ab13579ce1 - - 46ea796dcf0447e993f30d7f74b6c033 46ea796dcf0447e993f30d7f74b6c033] 199.204.45.115 "GET /resource_providers/a7986535-ba43-4d46-90a3-c5427617e781/inventories" status: 200 len: 401 microversion: 1.0 [pid: 7|app: 0|req: 567/1130] 199.204.45.115 () {32 vars in 857 bytes} [Sun May 10 05:15:58 2026] GET /resource_providers/a7986535-ba43-4d46-90a3-c5427617e781/inventories => generated 401 bytes in 17 msecs (HTTP/1.1 200) 6 headers in 224 bytes (1 switches on core 0)
2026-05-10 05:15:58.972 8 INFO placement.requestlog [req-202b5681-48a2-4c8a-8b39-d1886be5e045 req-7339a59d-f306-42fc-b072-4b2344dfd1b0 13a44a2db3fb411ebca1d0e8826673e3 5b00e39be5f34eb2b81e80ab13579ce1 - - 46ea796dcf0447e993f30d7f74b6c033 46ea796dcf0447e993f30d7f74b6c033] 199.204.45.115 "GET /resource_providers/a7986535-ba43-4d46-90a3-c5427617e781/aggregates" status: 200 len: 54 microversion: 1.19 [pid: 8|app: 0|req: 564/1131] 199.204.45.115 () {34 vars in 899 bytes} [Sun May 10 05:15:58 2026] GET /resource_providers/a7986535-ba43-4d46-90a3-c5427617e781/aggregates => generated 54 bytes in 10 msecs (HTTP/1.1 200) 8 headers in 295 bytes (1 switches on core 0)
2026-05-10 05:15:58.994 7 INFO placement.requestlog [req-202b5681-48a2-4c8a-8b39-d1886be5e045 req-9a2b5d84-7dae-4337-97c0-ba36d9210038 13a44a2db3fb411ebca1d0e8826673e3 5b00e39be5f34eb2b81e80ab13579ce1 - - 46ea796dcf0447e993f30d7f74b6c033 46ea796dcf0447e993f30d7f74b6c033] 199.204.45.115 "GET /resource_providers/a7986535-ba43-4d46-90a3-c5427617e781/traits" status: 200 len: 1978 microversion: 1.6 [pid: 7|app: 0|req: 568/1132] 199.204.45.115 () {34 vars in 890 bytes} [Sun May 10 05:15:58 2026] GET /resource_providers/a7986535-ba43-4d46-90a3-c5427617e781/traits => generated 1978 bytes in 18 msecs (HTTP/1.1 200) 6 headers in 225 bytes (1 switches on core 0)
2026-05-10 05:15:59.013 8 INFO placement.requestlog [req-202b5681-48a2-4c8a-8b39-d1886be5e045 req-c41b2307-797e-423f-ae01-70adacee9d11 13a44a2db3fb411ebca1d0e8826673e3 5b00e39be5f34eb2b81e80ab13579ce1 - - 46ea796dcf0447e993f30d7f74b6c033 46ea796dcf0447e993f30d7f74b6c033] 199.204.45.115 "GET /resource_providers/a7986535-ba43-4d46-90a3-c5427617e781/allocations" status: 200 len: 253 microversion: 1.0 [pid: 8|app: 0|req: 565/1133] 199.204.45.115 () {32 vars in 857 bytes} [Sun May 10 05:15:58 2026] GET /resource_providers/a7986535-ba43-4d46-90a3-c5427617e781/allocations => generated 253 bytes in 14 msecs (HTTP/1.1 200) 6 headers in 224 bytes (1 switches on core 0)
2026-05-10 05:15:59.030 7 INFO placement.requestlog [req-202b5681-48a2-4c8a-8b39-d1886be5e045 req-c7d6ad83-b4bd-4cb1-b4e0-181b92b9a34d 13a44a2db3fb411ebca1d0e8826673e3 5b00e39be5f34eb2b81e80ab13579ce1 - - 46ea796dcf0447e993f30d7f74b6c033 46ea796dcf0447e993f30d7f74b6c033] 199.204.45.115 "GET /allocations/949a8acb-6f2f-4b86-abaa-78fc9acaed3e" status: 200 len: 258 microversion: 1.28 [pid: 7|app: 0|req: 569/1134] 199.204.45.115 () {34 vars in 863 bytes} [Sun May 10 05:15:59 2026] GET /allocations/949a8acb-6f2f-4b86-abaa-78fc9acaed3e => generated 258 bytes in 11 msecs (HTTP/1.1 200) 8 headers in 296 bytes (1 switches on core 0)
2026-05-10 05:15:59.047 8 INFO placement.requestlog [req-202b5681-48a2-4c8a-8b39-d1886be5e045 req-214c4ae5-d809-40ef-ac16-d78c315441aa 13a44a2db3fb411ebca1d0e8826673e3 5b00e39be5f34eb2b81e80ab13579ce1 - - 46ea796dcf0447e993f30d7f74b6c033 46ea796dcf0447e993f30d7f74b6c033] 199.204.45.115 "GET /allocations/47b3e353-a79e-4421-bdd7-3146435d5a0c" status: 200 len: 258 microversion: 1.28 [pid: 8|app: 0|req: 566/1135] 199.204.45.115 () {34 vars in 863 bytes} [Sun May 10 05:15:59 2026] GET /allocations/47b3e353-a79e-4421-bdd7-3146435d5a0c => generated 258 bytes in 15 msecs (HTTP/1.1 200) 8 headers in 296 bytes (1 switches on core 0)
2026-05-10 05:16:00.248 7 INFO placement.requestlog [None req-297a38f1-a0b4-4321-87c2-34af545673c9 - - - - - -] 10.0.0.186 "GET /" status: 200 len: 136 microversion: 1.0
2026-05-10 05:16:00.248 8 INFO placement.requestlog [None req-2bbc7b35-cdec-41bb-9224-bbe4260985a3 - - - - - -] 10.0.0.186 "GET /" status: 200 len: 136 microversion: 1.0
2026-05-10 05:16:10.248 7 INFO placement.requestlog [None req-4f544685-4e6f-47f1-b209-af955b03aa09 - - - - - -] 10.0.0.186 "GET /" status: 200 len: 136 microversion: 1.0
2026-05-10 05:16:10.248 8 INFO placement.requestlog [None req-5dbc110b-dc1c-4d0b-9052-95958ffde4fa - - - - - -] 10.0.0.186 "GET /" status: 200 len: 136 microversion: 1.0
2026-05-10 05:16:20.248 8 INFO placement.requestlog [None req-068ee741-2d9c-442d-a11d-f7bad1a10997 - - - - - -] 10.0.0.186 "GET /" status: 200 len: 136 microversion: 1.0
2026-05-10 05:16:20.249 7 INFO placement.requestlog [None req-e7df062b-4de9-4780-9e78-660ab1284fe4 - - - - - -] 10.0.0.186 "GET /" status: 200 len: 136 microversion: 1.0
2026-05-10 05:16:23.208 8 INFO placement.requestlog [req-f4647c03-b300-4096-9920-9666c933cc8b req-798572a8-a769-4815-8e27-bddd374b77c2 13a44a2db3fb411ebca1d0e8826673e3 5b00e39be5f34eb2b81e80ab13579ce1 - - 46ea796dcf0447e993f30d7f74b6c033 46ea796dcf0447e993f30d7f74b6c033] 10.0.0.168 "GET /allocation_candidates?limit=1000&resources=DISK_GB%3A1%2CMEMORY_MB%3A512%2CVCPU%3A1&root_required=%21COMPUTE_STATUS_DISABLED" status: 200 len: 2445 microversion: 1.36 [pid: 8|app: 0|req: 570/1142] 10.0.0.168 () {34 vars in 1012 bytes} [Sun May 10 05:16:23 2026] GET /allocation_candidates?limit=1000&resources=DISK_GB%3A1%2CMEMORY_MB%3A512%2CVCPU%3A1&root_required=%21COMPUTE_STATUS_DISABLED => generated 2445 bytes in 43 msecs (HTTP/1.1 200) 8 headers in 297 bytes (1 switches on core 0)
2026-05-10 05:16:23.242 7 INFO placement.requestlog [req-f4647c03-b300-4096-9920-9666c933cc8b req-7efb16f7-1009-402e-80a7-2a0574d51b44 13a44a2db3fb411ebca1d0e8826673e3 5b00e39be5f34eb2b81e80ab13579ce1 - - 46ea796dcf0447e993f30d7f74b6c033 46ea796dcf0447e993f30d7f74b6c033] 10.0.0.168 "GET /allocations/53c333b7-db15-4b1d-b78a-7f14d57ce781" status: 200 len: 19 microversion: 1.28 [pid: 7|app: 0|req: 573/1143] 10.0.0.168 () {34 vars in 861 bytes} [Sun May 10 05:16:23 2026] GET /allocations/53c333b7-db15-4b1d-b78a-7f14d57ce781 => generated 19 bytes in 11 msecs (HTTP/1.1 200) 8 headers in 295 bytes (1 switches on core 0)
2026-05-10 05:16:23.312 8 INFO placement.requestlog [req-f4647c03-b300-4096-9920-9666c933cc8b req-52746e69-a558-4f85-9846-85e1b62b09c9 13a44a2db3fb411ebca1d0e8826673e3 5b00e39be5f34eb2b81e80ab13579ce1 - - 46ea796dcf0447e993f30d7f74b6c033 46ea796dcf0447e993f30d7f74b6c033] 10.0.0.168 "PUT /allocations/53c333b7-db15-4b1d-b78a-7f14d57ce781" status: 204 len: 0 microversion: 1.36 [pid: 8|app: 0|req: 571/1144] 10.0.0.168 () {38 vars in 914 bytes} [Sun May 10 05:16:23 2026] PUT /allocations/53c333b7-db15-4b1d-b78a-7f14d57ce781 => generated 0 bytes in 64 msecs (HTTP/1.1 204) 5 headers in 199 bytes (1 switches on core 0)
2026-05-10 05:16:24.531 7 INFO placement.requestlog [req-bf0ef676-3f7e-4efa-9a93-c47881790785 req-14d94061-e77b-459d-bfdd-d3909e2525ed 13a44a2db3fb411ebca1d0e8826673e3 5b00e39be5f34eb2b81e80ab13579ce1 - - 46ea796dcf0447e993f30d7f74b6c033 46ea796dcf0447e993f30d7f74b6c033] 199.204.45.115 "GET /resource_providers/a7986535-ba43-4d46-90a3-c5427617e781/allocations" status: 200 len: 353 microversion: 1.0 [pid: 7|app: 0|req: 574/1145] 199.204.45.115 () {32 vars in 857 bytes} [Sun May 10 05:16:24 2026] GET /resource_providers/a7986535-ba43-4d46-90a3-c5427617e781/allocations => generated 353 bytes in 16 msecs (HTTP/1.1 200) 6 headers in 224 bytes (1 switches on core 0)
2026-05-10 05:16:24.550 8 INFO placement.requestlog [req-bf0ef676-3f7e-4efa-9a93-c47881790785 req-af1bc96a-4cea-4092-a0d6-079106b96b7d 13a44a2db3fb411ebca1d0e8826673e3 5b00e39be5f34eb2b81e80ab13579ce1 - - 46ea796dcf0447e993f30d7f74b6c033 46ea796dcf0447e993f30d7f74b6c033] 199.204.45.115 "GET /allocations/53c333b7-db15-4b1d-b78a-7f14d57ce781" status: 200 len: 258 microversion: 1.28 [pid: 8|app: 0|req: 572/1146] 199.204.45.115 () {34 vars in 863 bytes} [Sun May 10 05:16:24 2026] GET /allocations/53c333b7-db15-4b1d-b78a-7f14d57ce781 => generated 258 bytes in 13 msecs (HTTP/1.1 200) 8 headers in 296 bytes (1 switches on core 0)
2026-05-10 05:16:24.565 7 INFO placement.requestlog [req-bf0ef676-3f7e-4efa-9a93-c47881790785 req-cb8065ac-1e15-42f2-b95b-1d14e9877afe 13a44a2db3fb411ebca1d0e8826673e3 5b00e39be5f34eb2b81e80ab13579ce1 - - 46ea796dcf0447e993f30d7f74b6c033 46ea796dcf0447e993f30d7f74b6c033] 199.204.45.115 "GET /allocations/949a8acb-6f2f-4b86-abaa-78fc9acaed3e" status: 200 len: 258 microversion: 1.28 [pid: 7|app: 0|req: 575/1147] 199.204.45.115 () {34 vars in 863 bytes} [Sun May 10 05:16:24 2026] GET /allocations/949a8acb-6f2f-4b86-abaa-78fc9acaed3e => generated 258 bytes in 10 msecs (HTTP/1.1 200) 8 headers in 296 bytes (1 switches on core 0)
2026-05-10 05:16:24.579 8 INFO placement.requestlog [req-bf0ef676-3f7e-4efa-9a93-c47881790785 req-dea1b9b8-84b0-4457-afec-a950c85b2cd9 13a44a2db3fb411ebca1d0e8826673e3 5b00e39be5f34eb2b81e80ab13579ce1 - - 46ea796dcf0447e993f30d7f74b6c033 46ea796dcf0447e993f30d7f74b6c033] 199.204.45.115 "GET /allocations/47b3e353-a79e-4421-bdd7-3146435d5a0c" status: 200 len: 258 microversion: 1.28 [pid: 8|app: 0|req: 573/1148] 199.204.45.115 () {34 vars in 863 bytes} [Sun May 10 05:16:24 2026] GET /allocations/47b3e353-a79e-4421-bdd7-3146435d5a0c => generated 258 bytes in 11 msecs (HTTP/1.1 200) 8 headers in 296 bytes (1 switches on core 0)
2026-05-10 05:16:24.793 7 INFO placement.requestlog [req-f4647c03-b300-4096-9920-9666c933cc8b req-ad8996b5-d86a-427c-aa01-29a6ac12f498 13a44a2db3fb411ebca1d0e8826673e3 5b00e39be5f34eb2b81e80ab13579ce1 - - 46ea796dcf0447e993f30d7f74b6c033 46ea796dcf0447e993f30d7f74b6c033] 199.204.45.115 "GET /allocations/53c333b7-db15-4b1d-b78a-7f14d57ce781" status: 200 len: 258 microversion: 1.28 [pid: 7|app: 0|req: 576/1149] 199.204.45.115 () {34 vars in 863 bytes} [Sun May 10 05:16:24 2026] GET /allocations/53c333b7-db15-4b1d-b78a-7f14d57ce781 => generated 258 bytes in 12 msecs (HTTP/1.1 200) 8 headers in 296 bytes (1 switches on core 0)
2026-05-10 05:16:25.620 8 INFO placement.requestlog [req-bf0ef676-3f7e-4efa-9a93-c47881790785 req-ad7f496c-7b33-4b91-86d9-834ed54edcfd 13a44a2db3fb411ebca1d0e8826673e3 5b00e39be5f34eb2b81e80ab13579ce1 - - 46ea796dcf0447e993f30d7f74b6c033 46ea796dcf0447e993f30d7f74b6c033] 199.204.45.115 "DELETE /allocations/949a8acb-6f2f-4b86-abaa-78fc9acaed3e" status: 204 len: 0 microversion: 1.0 [pid: 8|app: 0|req: 574/1150] 199.204.45.115 () {34 vars in 841 bytes} [Sun May 10 05:16:25 2026] DELETE /allocations/949a8acb-6f2f-4b86-abaa-78fc9acaed3e => generated 0 bytes in 21 msecs (HTTP/1.1 204) 5 headers in 198 bytes (1 switches on core 0)
2026-05-10 05:16:26.626 7 INFO placement.requestlog [req-f4647c03-b300-4096-9920-9666c933cc8b req-ec59a94a-c271-4284-88f7-5317f89b86b9 13a44a2db3fb411ebca1d0e8826673e3 5b00e39be5f34eb2b81e80ab13579ce1 - - 46ea796dcf0447e993f30d7f74b6c033 46ea796dcf0447e993f30d7f74b6c033] 199.204.45.115 "GET /resource_providers/a7986535-ba43-4d46-90a3-c5427617e781/allocations" status: 200 len: 253 microversion: 1.0 [pid: 7|app: 0|req: 577/1151] 199.204.45.115 () {32 vars in 857 bytes} [Sun May 10 05:16:26 2026] GET /resource_providers/a7986535-ba43-4d46-90a3-c5427617e781/allocations => generated 253 bytes in 12 msecs (HTTP/1.1 200) 6 headers in 224 bytes (1 switches on core 0)
2026-05-10 05:16:26.641 8 INFO placement.requestlog [req-f4647c03-b300-4096-9920-9666c933cc8b req-bfff8e79-e6d1-4a1a-aded-0742dfe54a88 13a44a2db3fb411ebca1d0e8826673e3 5b00e39be5f34eb2b81e80ab13579ce1 - - 46ea796dcf0447e993f30d7f74b6c033 46ea796dcf0447e993f30d7f74b6c033] 199.204.45.115 "GET /allocations/53c333b7-db15-4b1d-b78a-7f14d57ce781" status: 200 len: 258 microversion: 1.28 [pid: 8|app: 0|req: 575/1152] 199.204.45.115 () {34 vars in 863 bytes} [Sun May 10 05:16:26 2026] GET /allocations/53c333b7-db15-4b1d-b78a-7f14d57ce781 => generated 258 bytes in 13 msecs (HTTP/1.1 200) 8 headers in 296 bytes (1 switches on core 0)
2026-05-10 05:16:26.656 7 INFO placement.requestlog [req-f4647c03-b300-4096-9920-9666c933cc8b req-19a9d0d6-7079-4da5-a008-36cacdbd6d58 13a44a2db3fb411ebca1d0e8826673e3 5b00e39be5f34eb2b81e80ab13579ce1 - - 46ea796dcf0447e993f30d7f74b6c033 46ea796dcf0447e993f30d7f74b6c033] 199.204.45.115 "GET /allocations/47b3e353-a79e-4421-bdd7-3146435d5a0c" status: 200 len: 258 microversion: 1.28 [pid: 7|app: 0|req: 578/1153] 199.204.45.115 () {34 vars in 863 bytes} [Sun May 10 05:16:26 2026] GET /allocations/47b3e353-a79e-4421-bdd7-3146435d5a0c => generated 258 bytes in 12 msecs (HTTP/1.1 200) 8 headers in 296 bytes (1 switches on core 0)
2026-05-10 05:16:30.247 8 INFO placement.requestlog [None req-a2b09617-3fcf-403d-92c0-5770eb9446f8 - - - - - -] 10.0.0.186 "GET /" status: 200 len: 136 microversion: 1.0
2026-05-10 05:16:30.248 7 INFO placement.requestlog [None req-fdf88933-0a7d-4a95-8ff9-10b244c89eab - - - - - -] 10.0.0.186 "GET /" status: 200 len: 136 microversion: 1.0
2026-05-10 05:16:31.288 8 INFO placement.requestlog [req-4a817401-3c33-48a1-9973-c584f8746b09 req-f8c6b05e-b941-486d-b6b1-2d27b80adaf9 13a44a2db3fb411ebca1d0e8826673e3 5b00e39be5f34eb2b81e80ab13579ce1 - - 46ea796dcf0447e993f30d7f74b6c033 46ea796dcf0447e993f30d7f74b6c033] 199.204.45.115 "GET /resource_providers/a7986535-ba43-4d46-90a3-c5427617e781/allocations" status: 200 len: 253 microversion: 1.0 [pid: 8|app: 0|req: 577/1156] 199.204.45.115 () {32 vars in 857 bytes} [Sun May 10 05:16:31 2026] GET /resource_providers/a7986535-ba43-4d46-90a3-c5427617e781/allocations => generated 253 bytes in 16 msecs (HTTP/1.1 200) 6 headers in 224 bytes (1 switches on core 0)
2026-05-10 05:16:31.307 7 INFO placement.requestlog [req-4a817401-3c33-48a1-9973-c584f8746b09 req-7a732867-1233-4395-b5ef-6f7879287f5a 13a44a2db3fb411ebca1d0e8826673e3 5b00e39be5f34eb2b81e80ab13579ce1 - - 46ea796dcf0447e993f30d7f74b6c033 46ea796dcf0447e993f30d7f74b6c033] 199.204.45.115 "GET /allocations/53c333b7-db15-4b1d-b78a-7f14d57ce781" status: 200 len: 258 microversion: 1.28 [pid: 7|app: 0|req: 580/1157] 199.204.45.115 () {34 vars in 863 bytes} [Sun May 10 05:16:31 2026] GET /allocations/53c333b7-db15-4b1d-b78a-7f14d57ce781 => generated 258 bytes in 12 msecs (HTTP/1.1 200) 8 headers in 296 bytes (1 switches on core 0)
2026-05-10 05:16:31.323 8 INFO placement.requestlog [req-4a817401-3c33-48a1-9973-c584f8746b09 req-ab3b29b9-d0cc-40fc-ada3-c73c79bd0d41 13a44a2db3fb411ebca1d0e8826673e3 5b00e39be5f34eb2b81e80ab13579ce1 - - 46ea796dcf0447e993f30d7f74b6c033 46ea796dcf0447e993f30d7f74b6c033] 199.204.45.115 "GET /allocations/47b3e353-a79e-4421-bdd7-3146435d5a0c" status: 200 len: 258 microversion: 1.28 [pid: 8|app: 0|req: 578/1158] 199.204.45.115 () {34 vars in 863 bytes} [Sun May 10 05:16:31 2026] GET /allocations/47b3e353-a79e-4421-bdd7-3146435d5a0c => generated 258 bytes in 12 msecs (HTTP/1.1 200) 8 headers in 296 bytes (1 switches on core 0)
2026-05-10 05:16:32.374 7 INFO placement.requestlog [req-4a817401-3c33-48a1-9973-c584f8746b09 req-f34bb568-99c3-45d9-aebe-b13fc811a9c1 13a44a2db3fb411ebca1d0e8826673e3 5b00e39be5f34eb2b81e80ab13579ce1 - - 46ea796dcf0447e993f30d7f74b6c033 46ea796dcf0447e993f30d7f74b6c033] 199.204.45.115 "DELETE /allocations/47b3e353-a79e-4421-bdd7-3146435d5a0c" status: 204 len: 0 microversion: 1.0 [pid: 7|app: 0|req: 581/1159] 199.204.45.115 () {34 vars in 841 bytes} [Sun May 10 05:16:32 2026] DELETE /allocations/47b3e353-a79e-4421-bdd7-3146435d5a0c => generated 0 bytes in 28 msecs (HTTP/1.1 204) 5 headers in 198 bytes (1 switches on core 0)
2026-05-10 05:16:35.839 8 INFO placement.requestlog [None req-67b0bd42-befd-43e2-b5f5-081da289181a 2b5767b8347547e58cad9331bdf89285 5b00e39be5f34eb2b81e80ab13579ce1 - - 46ea796dcf0447e993f30d7f74b6c033 46ea796dcf0447e993f30d7f74b6c033] 10.0.0.237 "GET /resource_providers/ac05ab47-bb9e-4d35-b627-af363d02fd45/aggregates" status: 404 len: 235 microversion: 1.1 [pid: 8|app: 0|req: 579/1160] 10.0.0.237 () {32 vars in 816 bytes} [Sun May 10 05:16:35 2026] GET /resource_providers/ac05ab47-bb9e-4d35-b627-af363d02fd45/aggregates => generated 235 bytes in 10 msecs (HTTP/1.1 404) 5 headers in 202 bytes (1 switches on core 0)
2026-05-10 05:16:35.840 7 INFO placement.requestlog [None req-8ebe40de-095a-467c-b8b2-7fccfdad1cef 2b5767b8347547e58cad9331bdf89285 5b00e39be5f34eb2b81e80ab13579ce1 - - 46ea796dcf0447e993f30d7f74b6c033 46ea796dcf0447e993f30d7f74b6c033] 10.0.0.237 "GET /resource_providers/ac05ab47-bb9e-4d35-b627-af363d02fd45/aggregates" status: 404 len: 235 microversion: 1.1 [pid: 7|app: 0|req: 582/1161] 10.0.0.237 () {32 vars in 816 bytes} [Sun May 10 05:16:35 2026] GET /resource_providers/ac05ab47-bb9e-4d35-b627-af363d02fd45/aggregates => generated 235 bytes in 11 msecs (HTTP/1.1 404) 5 headers in 202 bytes (1 switches on core 0)
2026-05-10 05:16:35.863 7 INFO placement.requestlog [None req-9c073297-1587-454b-8d1e-175b5f96e775 2b5767b8347547e58cad9331bdf89285 5b00e39be5f34eb2b81e80ab13579ce1 - - 46ea796dcf0447e993f30d7f74b6c033 46ea796dcf0447e993f30d7f74b6c033] 10.0.0.237 "DELETE /resource_providers/ac05ab47-bb9e-4d35-b627-af363d02fd45" status: 404 len: 246 microversion: 1.1 [pid: 7|app: 0|req: 583/1162] 10.0.0.237 () {34 vars in 816 bytes} [Sun May 10 05:16:35 2026] DELETE /resource_providers/ac05ab47-bb9e-4d35-b627-af363d02fd45 => generated 246 bytes in 6 msecs (HTTP/1.1 404) 6 headers in 231 bytes (1 switches on core 0)
2026-05-10 05:16:35.864 8 INFO placement.requestlog [None req-84584cd0-f174-41db-8c6d-40b9f1ed0ca3 2b5767b8347547e58cad9331bdf89285 5b00e39be5f34eb2b81e80ab13579ce1 - - 46ea796dcf0447e993f30d7f74b6c033 46ea796dcf0447e993f30d7f74b6c033] 10.0.0.237 "DELETE /resource_providers/ac05ab47-bb9e-4d35-b627-af363d02fd45" status: 404 len: 246 microversion: 1.1 [pid: 8|app: 0|req: 580/1163] 10.0.0.237 () {34 vars in 816 bytes} [Sun May 10 05:16:35 2026] DELETE /resource_providers/ac05ab47-bb9e-4d35-b627-af363d02fd45 => generated 246 bytes in 7 msecs (HTTP/1.1 404) 6 headers in 231 bytes (1 switches on core 0)
2026-05-10 05:16:36.203 7 INFO placement.requestlog [None req-db7b107c-d5dd-4657-8d67-144508654390 2b5767b8347547e58cad9331bdf89285 5b00e39be5f34eb2b81e80ab13579ce1 - - 46ea796dcf0447e993f30d7f74b6c033 46ea796dcf0447e993f30d7f74b6c033] 10.0.0.237 "GET /resource_providers/9a858e87-778f-4154-8251-c85ce6015a1d/aggregates" status: 404 len: 235 microversion: 1.1 [pid: 7|app: 0|req: 584/1164] 10.0.0.237 () {32 vars in 816 bytes} [Sun May 10 05:16:36 2026] GET /resource_providers/9a858e87-778f-4154-8251-c85ce6015a1d/aggregates => generated 235 bytes in 16 msecs (HTTP/1.1 404) 5 headers in 202 bytes (1 switches on core 0)
2026-05-10 05:16:36.213 8 INFO placement.requestlog [None req-613e16f0-d1ee-4e34-931c-13c182b2c83a 2b5767b8347547e58cad9331bdf89285 5b00e39be5f34eb2b81e80ab13579ce1 - - 46ea796dcf0447e993f30d7f74b6c033 46ea796dcf0447e993f30d7f74b6c033] 10.0.0.237 "GET /resource_providers/9a858e87-778f-4154-8251-c85ce6015a1d/aggregates" status: 404 len: 235 microversion: 1.1 [pid: 8|app: 0|req: 581/1165] 10.0.0.237 () {32 vars in 816 bytes} [Sun May 10 05:16:36 2026] GET /resource_providers/9a858e87-778f-4154-8251-c85ce6015a1d/aggregates => generated 235 bytes in 17 msecs (HTTP/1.1 404) 5 headers in 202 bytes (1 switches on core 0)
2026-05-10 05:16:36.235 8 INFO placement.requestlog [None req-07a34828-4d2e-4802-94fc-d9beea2bad79 2b5767b8347547e58cad9331bdf89285 5b00e39be5f34eb2b81e80ab13579ce1 - - 46ea796dcf0447e993f30d7f74b6c033 46ea796dcf0447e993f30d7f74b6c033] 10.0.0.237 "DELETE /resource_providers/9a858e87-778f-4154-8251-c85ce6015a1d" status: 404 len: 246 microversion: 1.1 [pid: 8|app: 0|req: 582/1166] 10.0.0.237 () {34 vars in 816 bytes} [Sun May 10 05:16:36 2026] DELETE /resource_providers/9a858e87-778f-4154-8251-c85ce6015a1d => generated 246 bytes in 9 msecs (HTTP/1.1 404) 6 headers in 231 bytes (1 switches on core 0)
2026-05-10 05:16:36.244 7 INFO placement.requestlog [None req-def6bb43-4075-4311-9876-16168b65fee0 2b5767b8347547e58cad9331bdf89285 5b00e39be5f34eb2b81e80ab13579ce1 - - 46ea796dcf0447e993f30d7f74b6c033 46ea796dcf0447e993f30d7f74b6c033] 10.0.0.237 "DELETE /resource_providers/9a858e87-778f-4154-8251-c85ce6015a1d" status: 404 len: 246 microversion: 1.1 [pid: 7|app: 0|req: 585/1167] 10.0.0.237 () {34 vars in 816 bytes} [Sun May 10 05:16:36 2026] DELETE /resource_providers/9a858e87-778f-4154-8251-c85ce6015a1d => generated 246 bytes in 19 msecs (HTTP/1.1 404) 6 headers in 231 bytes (1 switches on core 0)
2026-05-10 05:16:40.187 8 INFO placement.requestlog [req-4b013f7f-7344-43ab-8b37-b4a826d43f7c req-e567012b-dcf0-48c1-b1ac-74f2498cceeb 13a44a2db3fb411ebca1d0e8826673e3 5b00e39be5f34eb2b81e80ab13579ce1 - - 46ea796dcf0447e993f30d7f74b6c033 46ea796dcf0447e993f30d7f74b6c033] 10.0.0.168 "GET /allocation_candidates?limit=1000&resources=DISK_GB%3A1%2CMEMORY_MB%3A512%2CVCPU%3A1&root_required=%21COMPUTE_STATUS_DISABLED" status: 200 len: 2444 microversion: 1.36 [pid: 8|app: 0|req: 583/1168] 10.0.0.168 () {34 vars in 1012 bytes} [Sun May 10 05:16:40 2026] GET /allocation_candidates?limit=1000&resources=DISK_GB%3A1%2CMEMORY_MB%3A512%2CVCPU%3A1&root_required=%21COMPUTE_STATUS_DISABLED => generated 2444 bytes in 47 msecs (HTTP/1.1 200) 8 headers in 297 bytes (1 switches on core 0)
2026-05-10 05:16:40.220 7 INFO placement.requestlog [req-4b013f7f-7344-43ab-8b37-b4a826d43f7c req-e08b8636-8aba-4168-8908-ae49680c0c71 13a44a2db3fb411ebca1d0e8826673e3 5b00e39be5f34eb2b81e80ab13579ce1 - - 46ea796dcf0447e993f30d7f74b6c033 46ea796dcf0447e993f30d7f74b6c033] 10.0.0.168 "GET /allocations/bceea3a1-66f3-4e35-bb72-707392865203" status: 200 len: 19 microversion: 1.28 [pid: 7|app: 0|req: 586/1169] 10.0.0.168 () {34 vars in 861 bytes} [Sun May 10 05:16:40 2026] GET /allocations/bceea3a1-66f3-4e35-bb72-707392865203 => generated 19 bytes in 15 msecs (HTTP/1.1 200) 8 headers in 295 bytes (1 switches on core 0)
2026-05-10 05:16:40.247 7 INFO placement.requestlog [None req-b75d8209-13c5-494f-b8dc-6ea00a13bafe - - - - - -] 10.0.0.186 "GET /" status: 200 len: 136 microversion: 1.0
2026-05-10 05:16:40.248 7 INFO placement.requestlog [None req-a170384a-452a-4f30-9d56-c9df3041ef35 - - - - - -] 10.0.0.186 "GET /" status: 200 len: 136 microversion: 1.0
2026-05-10 05:16:40.274 8 INFO placement.requestlog [req-4b013f7f-7344-43ab-8b37-b4a826d43f7c req-5c86d65a-df4a-4d9a-94d1-006176664693 13a44a2db3fb411ebca1d0e8826673e3 5b00e39be5f34eb2b81e80ab13579ce1 - - 46ea796dcf0447e993f30d7f74b6c033 46ea796dcf0447e993f30d7f74b6c033] 10.0.0.168 "PUT /allocations/bceea3a1-66f3-4e35-bb72-707392865203" status: 204 len: 0 microversion: 1.36 [pid: 8|app: 0|req: 584/1172] 10.0.0.168 () {38 vars in 914 bytes} [Sun May 10 05:16:40 2026] PUT /allocations/bceea3a1-66f3-4e35-bb72-707392865203 => generated 0 bytes in 47 msecs (HTTP/1.1 204) 5 headers in 199 bytes (1 switches on core 0)
2026-05-10 05:16:41.786 7 INFO placement.requestlog [req-4b013f7f-7344-43ab-8b37-b4a826d43f7c req-303669a2-c685-4677-bcb6-c19c159fe071 13a44a2db3fb411ebca1d0e8826673e3 5b00e39be5f34eb2b81e80ab13579ce1 - - 46ea796dcf0447e993f30d7f74b6c033 46ea796dcf0447e993f30d7f74b6c033] 199.204.45.115 "GET /allocations/bceea3a1-66f3-4e35-bb72-707392865203" status: 200 len: 258 microversion: 1.28 [pid: 7|app: 0|req: 589/1173] 199.204.45.115 () {34 vars in 863 bytes} [Sun May 10 05:16:41 2026] GET /allocations/bceea3a1-66f3-4e35-bb72-707392865203 => generated 258 bytes in 22 msecs (HTTP/1.1 200) 8 headers in 296 bytes (1 switches on core 0)
2026-05-10 05:16:42.756 7 INFO placement.requestlog [None req-c754b348-334a-4c28-9495-a276f7b4e7a4 2b5767b8347547e58cad9331bdf89285 5b00e39be5f34eb2b81e80ab13579ce1 - - 46ea796dcf0447e993f30d7f74b6c033 46ea796dcf0447e993f30d7f74b6c033] 10.0.0.237 "GET /resource_providers/8e260c6d-aae2-4cf6-8772-35753b665467/aggregates" status: 404 len: 235 microversion: 1.1 [pid: 7|app: 0|req: 590/1174] 10.0.0.237 () {32 vars in 816 bytes} [Sun May 10 05:16:42 2026] GET /resource_providers/8e260c6d-aae2-4cf6-8772-35753b665467/aggregates => generated 235 bytes in 9 msecs (HTTP/1.1 404) 5 headers in 202 bytes (1 switches on core 0)
2026-05-10 05:16:42.759 8 INFO placement.requestlog [None req-735be96a-24e4-40a6-aa50-fd0d3a5cba72 2b5767b8347547e58cad9331bdf89285 5b00e39be5f34eb2b81e80ab13579ce1 - - 46ea796dcf0447e993f30d7f74b6c033 46ea796dcf0447e993f30d7f74b6c033] 10.0.0.237 "GET /resource_providers/8e260c6d-aae2-4cf6-8772-35753b665467/aggregates" status: 404 len: 235 microversion: 1.1 [pid: 8|app: 0|req: 585/1175] 10.0.0.237 () {32 vars in 816 bytes} [Sun May 10 05:16:42 2026] GET /resource_providers/8e260c6d-aae2-4cf6-8772-35753b665467/aggregates => generated 235 bytes in 12 msecs (HTTP/1.1 404) 5 headers in 202 bytes (1 switches on core 0)
2026-05-10 05:16:42.780 7 INFO placement.requestlog [None req-5dbf4885-23da-4219-8464-87caddc214a1 2b5767b8347547e58cad9331bdf89285 5b00e39be5f34eb2b81e80ab13579ce1 - - 46ea796dcf0447e993f30d7f74b6c033 46ea796dcf0447e993f30d7f74b6c033] 10.0.0.237 "DELETE /resource_providers/8e260c6d-aae2-4cf6-8772-35753b665467" status: 404 len: 246 microversion: 1.1 [pid: 7|app: 0|req: 591/1176] 10.0.0.237 () {34 vars in 816 bytes} [Sun May 10 05:16:42 2026] DELETE /resource_providers/8e260c6d-aae2-4cf6-8772-35753b665467 => generated 246 bytes in 7 msecs (HTTP/1.1 404) 6 headers in 231 bytes (1 switches on core 0)
2026-05-10 05:16:42.792 8 INFO placement.requestlog [None req-2d57d1e9-e402-4434-8ba8-c28b2c4b9ada 2b5767b8347547e58cad9331bdf89285 5b00e39be5f34eb2b81e80ab13579ce1 - - 46ea796dcf0447e993f30d7f74b6c033 46ea796dcf0447e993f30d7f74b6c033] 10.0.0.237 "DELETE /resource_providers/8e260c6d-aae2-4cf6-8772-35753b665467" status: 404 len: 246 microversion: 1.1 [pid: 8|app: 0|req: 586/1177] 10.0.0.237 () {34 vars in 816 bytes} [Sun May 10 05:16:42 2026] DELETE /resource_providers/8e260c6d-aae2-4cf6-8772-35753b665467 => generated 246 bytes in 17 msecs (HTTP/1.1 404) 6 headers in 231 bytes (1 switches on core 0)
2026-05-10 05:16:42.831 7 INFO placement.requestlog [req-4b013f7f-7344-43ab-8b37-b4a826d43f7c req-9e842e36-5fc6-45d6-a5e0-53f3958cce82 13a44a2db3fb411ebca1d0e8826673e3 5b00e39be5f34eb2b81e80ab13579ce1 - - 46ea796dcf0447e993f30d7f74b6c033 46ea796dcf0447e993f30d7f74b6c033] 199.204.45.115 "GET /resource_providers/a7986535-ba43-4d46-90a3-c5427617e781/allocations" status: 200 len: 253 microversion: 1.0 [pid: 7|app: 0|req: 592/1178] 199.204.45.115 () {32 vars in 857 bytes} [Sun May 10 05:16:42 2026] GET /resource_providers/a7986535-ba43-4d46-90a3-c5427617e781/allocations => generated 253 bytes in 18 msecs (HTTP/1.1 200) 6 headers in 224 bytes (1 switches on core 0)
2026-05-10 05:16:42.853 8 INFO placement.requestlog [req-4b013f7f-7344-43ab-8b37-b4a826d43f7c req-b3fb83ee-7678-425f-a0fd-4200ddf9af5d 13a44a2db3fb411ebca1d0e8826673e3 5b00e39be5f34eb2b81e80ab13579ce1 - - 46ea796dcf0447e993f30d7f74b6c033 46ea796dcf0447e993f30d7f74b6c033] 199.204.45.115 "GET /allocations/53c333b7-db15-4b1d-b78a-7f14d57ce781" status: 200 len: 258 microversion: 1.28 [pid: 8|app: 0|req: 587/1179] 199.204.45.115 () {34 vars in 863 bytes} [Sun May 10 05:16:42 2026] GET /allocations/53c333b7-db15-4b1d-b78a-7f14d57ce781 => generated 258 bytes in 17 msecs (HTTP/1.1 200) 8 headers in 296 bytes (1 switches on core 0)
2026-05-10 05:16:42.872 7 INFO placement.requestlog [req-4b013f7f-7344-43ab-8b37-b4a826d43f7c req-27d2da8a-c2ee-4e35-b473-1822312870fb 13a44a2db3fb411ebca1d0e8826673e3 5b00e39be5f34eb2b81e80ab13579ce1 - - 46ea796dcf0447e993f30d7f74b6c033 46ea796dcf0447e993f30d7f74b6c033] 199.204.45.115 "GET /allocations/bceea3a1-66f3-4e35-bb72-707392865203" status: 200 len: 258 microversion: 1.28 [pid: 7|app: 0|req: 593/1180] 199.204.45.115 () {34 vars in 863 bytes} [Sun May 10 05:16:42 2026] GET /allocations/bceea3a1-66f3-4e35-bb72-707392865203 => generated 258 bytes in 12 msecs (HTTP/1.1 200) 8 headers in 296 bytes (1 switches on core 0)
2026-05-10 05:16:50.248 8 INFO placement.requestlog [None req-88386159-f591-4f5f-a041-b4b230145dbf - - - - - -] 10.0.0.186 "GET /" status: 200 len: 136 microversion: 1.0
2026-05-10 05:16:50.248 7 INFO placement.requestlog [None req-b24cef00-0783-41de-8c5c-aeab21a3e54a - - - - - -] 10.0.0.186 "GET /" status: 200 len: 136 microversion: 1.0
2026-05-10 05:16:58.869 8 INFO placement.requestlog [req-19bcc0d0-ad42-484b-95c0-2ffb989d2507 req-e851467a-f4f4-4ace-baae-e59ce7db31ef 13a44a2db3fb411ebca1d0e8826673e3 5b00e39be5f34eb2b81e80ab13579ce1 - - 46ea796dcf0447e993f30d7f74b6c033 46ea796dcf0447e993f30d7f74b6c033] 199.204.45.115 "GET /resource_providers/a7986535-ba43-4d46-90a3-c5427617e781/allocations" status: 200 len: 253 microversion: 1.0 [pid: 8|app: 0|req: 589/1183] 199.204.45.115 () {32 vars in 857 bytes} [Sun May 10 05:16:58 2026] GET /resource_providers/a7986535-ba43-4d46-90a3-c5427617e781/allocations => generated 253 bytes in 17 msecs (HTTP/1.1 200) 6 headers in 224 bytes (1 switches on core 0)
2026-05-10 05:16:58.894 7 INFO placement.requestlog [req-19bcc0d0-ad42-484b-95c0-2ffb989d2507 req-53823f4c-6940-46f5-8378-bedbf3f8976f 13a44a2db3fb411ebca1d0e8826673e3 5b00e39be5f34eb2b81e80ab13579ce1 - - 46ea796dcf0447e993f30d7f74b6c033 46ea796dcf0447e993f30d7f74b6c033] 199.204.45.115 "GET /resource_providers/a7986535-ba43-4d46-90a3-c5427617e781/allocations" status: 200 len: 253 microversion: 1.0 [pid: 7|app: 0|req: 595/1184] 199.204.45.115 () {32 vars in 857 bytes} [Sun May 10 05:16:58 2026] GET /resource_providers/a7986535-ba43-4d46-90a3-c5427617e781/allocations => generated 253 bytes in 18 msecs (HTTP/1.1 200) 6 headers in 224 bytes (1 switches on core 0)
2026-05-10 05:16:58.913 8 INFO placement.requestlog [req-19bcc0d0-ad42-484b-95c0-2ffb989d2507 req-3ad2501a-eea9-4e59-9c3c-10efdfe01163 13a44a2db3fb411ebca1d0e8826673e3 5b00e39be5f34eb2b81e80ab13579ce1 - - 46ea796dcf0447e993f30d7f74b6c033 46ea796dcf0447e993f30d7f74b6c033] 199.204.45.115 "GET /allocations/53c333b7-db15-4b1d-b78a-7f14d57ce781" status: 200 len: 258 microversion: 1.28 [pid: 8|app: 0|req: 590/1185] 199.204.45.115 () {34 vars in 863 bytes} [Sun May 10 05:16:58 2026] GET /allocations/53c333b7-db15-4b1d-b78a-7f14d57ce781 => generated 258 bytes in 13 msecs (HTTP/1.1 200) 8 headers in 296 bytes (1 switches on core 0)
2026-05-10 05:16:58.930 7 INFO placement.requestlog [req-19bcc0d0-ad42-484b-95c0-2ffb989d2507 req-08b41176-a0bd-43fb-85fb-e99d12064d58 13a44a2db3fb411ebca1d0e8826673e3 5b00e39be5f34eb2b81e80ab13579ce1 - - 46ea796dcf0447e993f30d7f74b6c033 46ea796dcf0447e993f30d7f74b6c033] 199.204.45.115 "GET /allocations/bceea3a1-66f3-4e35-bb72-707392865203" status: 200 len: 258 microversion: 1.28 [pid: 7|app: 0|req: 596/1186] 199.204.45.115 () {34 vars in 863 bytes} [Sun May 10 05:16:58 2026] GET /allocations/bceea3a1-66f3-4e35-bb72-707392865203 => generated 258 bytes in 13 msecs (HTTP/1.1 200) 8 headers in 296 bytes (1 switches on core 0)
2026-05-10 05:17:00.248 8 INFO placement.requestlog [None req-5862ae04-5390-4dac-b3b3-a85f57b54be1 - - - - - -] 10.0.0.186 "GET /" status: 200 len: 136 microversion: 1.0
2026-05-10 05:17:00.249 7 INFO placement.requestlog [None req-892e8efb-cbe8-46f5-af1f-0f9b3249ab5d - - - - - -] 10.0.0.186 "GET /" status: 200 len: 136 microversion: 1.0
2026-05-10 05:17:10.248 8 INFO placement.requestlog [None req-2597fa1d-4515-432e-a28b-45e543802c2c - - - - - -] 10.0.0.186 "GET /" status: 200 len: 136 microversion: 1.0
2026-05-10 05:17:10.249 7 INFO placement.requestlog [None req-27bd3f91-b8e3-48d1-8d2f-024edc4721d5 - - - - - -] 10.0.0.186 "GET /" status: 200 len: 136 microversion: 1.0
2026-05-10 05:17:20.248 8 INFO placement.requestlog [None req-8368fab0-bc4b-4ecf-b441-639ec3642241 - - - - - -] 10.0.0.186 "GET /" status: 200 len: 136 microversion: 1.0
2026-05-10 05:17:20.249 7 INFO placement.requestlog [None req-43dedbd7-b396-4a76-8b82-13bc30e22873 - - - - - -] 10.0.0.186 "GET /" status: 200 len: 136 microversion: 1.0
2026-05-10 05:17:30.248 8 INFO placement.requestlog [None req-f225f069-7394-4deb-9248-827c2931e439 - - - - - -] 10.0.0.186 "GET /" status: 200 len: 136 microversion: 1.0
