May 28 01:25:42.173714 np0000177118 devstack@neutron-api.service[103026]: INFO neutron.api.extensions [None req-f23267f5-5fc0-42d5-a45b-6d0578178f93 None None] Loaded extension: subnet-service-types
May 28 01:25:42.173822 np0000177118 devstack@neutron-api.service[103026]: DEBUG neutron.api.extensions [None req-f23267f5-5fc0-42d5-a45b-6d0578178f93 None None] Loading extension file: subnetallocation.py {{(pid=103026) _load_all_extensions_from_path /opt/stack/neutron/neutron/api/extensions.py:449}}
May 28 01:25:42.174222 np0000177118 devstack@neutron-api.service[103026]: DEBUG neutron.api.extensions [None req-f23267f5-5fc0-42d5-a45b-6d0578178f93 None None] Ext name="Subnet Allocation" alias="subnet_allocation" description="Enables allocation of subnets from a subnet pool" updated="2015-03-30T10:00:00-00:00" {{(pid=103026) _check_extension /opt/stack/neutron/neutron/api/extensions.py:415}}
May 28 01:25:42.174222 np0000177118 devstack@neutron-api.service[103026]: INFO neutron.api.extensions [None req-f23267f5-5fc0-42d5-a45b-6d0578178f93 None None] Loaded extension: subnet_allocation
May 28 01:25:42.174404 np0000177118 devstack@neutron-api.service[103026]: DEBUG neutron.api.extensions [None req-f23267f5-5fc0-42d5-a45b-6d0578178f93 None None] Loading extension file: subnetpool_prefix_ops.py {{(pid=103026) _load_all_extensions_from_path /opt/stack/neutron/neutron/api/extensions.py:449}}
May 28 01:25:42.174665 np0000177118 devstack@neutron-api.service[103026]: DEBUG neutron.api.extensions [None req-f23267f5-5fc0-42d5-a45b-6d0578178f93 None None] Ext name="Subnet Pool Prefix Operations" alias="subnetpool-prefix-ops" description="Provides support for adjusting the prefix list of subnet pools" updated="2019-02-08T10:00:00-00:00" {{(pid=103026) _check_extension /opt/stack/neutron/neutron/api/extensions.py:415}}
May 28 01:25:42.174860 np0000177118 devstack@neutron-api.service[103026]: INFO neutron.api.extensions [None req-f23267f5-5fc0-42d5-a45b-6d0578178f93 None None] Loaded extension: subnetpool-prefix-ops
May 28 01:25:42.174860 np0000177118 devstack@neutron-api.service[103026]: DEBUG neutron.api.extensions [None req-f23267f5-5fc0-42d5-a45b-6d0578178f93 None None] Loading extension file: tag_creation.py {{(pid=103026) _load_all_extensions_from_path /opt/stack/neutron/neutron/api/extensions.py:449}}
May 28 01:25:42.175157 np0000177118 devstack@neutron-api.service[103026]: DEBUG neutron.api.extensions [None req-f23267f5-5fc0-42d5-a45b-6d0578178f93 None None] Ext name="Tag creation extension" alias="tag-creation" description="Allow to create multiple tags for a resource" updated="2024-23-07T10:00:00-00:00" {{(pid=103026) _check_extension /opt/stack/neutron/neutron/api/extensions.py:415}}
May 28 01:25:42.175257 np0000177118 devstack@neutron-api.service[103026]: INFO neutron.api.extensions [None req-f23267f5-5fc0-42d5-a45b-6d0578178f93 None None] Loaded extension: tag-creation
May 28 01:25:42.175393 np0000177118 devstack@neutron-api.service[103026]: DEBUG neutron.api.extensions [None req-f23267f5-5fc0-42d5-a45b-6d0578178f93 None None] Loading extension file: tag_ports_during_bulk_creation.py {{(pid=103026) _load_all_extensions_from_path /opt/stack/neutron/neutron/api/extensions.py:449}}
May 28 01:25:42.175632 np0000177118 devstack@neutron-api.service[103026]: DEBUG neutron.api.extensions [None req-f23267f5-5fc0-42d5-a45b-6d0578178f93 None None] Ext name="Tag Ports During Bulk Creation" alias="tag-ports-during-bulk-creation" description="Allow to tag ports during bulk creation" updated="2019-12-29T19:00:00-00:00" {{(pid=103026) _check_extension /opt/stack/neutron/neutron/api/extensions.py:415}}
May 28 01:25:42.175726 np0000177118 devstack@neutron-api.service[103026]: INFO neutron.api.extensions [None req-f23267f5-5fc0-42d5-a45b-6d0578178f93 None None] Extension tag-ports-during-bulk-creation not supported by any of loaded plugins
May 28 01:25:42.175835 np0000177118 devstack@neutron-api.service[103026]: DEBUG neutron.api.extensions [None req-f23267f5-5fc0-42d5-a45b-6d0578178f93 None None] Loading extension file: tagging.py {{(pid=103026) _load_all_extensions_from_path /opt/stack/neutron/neutron/api/extensions.py:449}}
May 28 01:25:42.176669 np0000177118 devstack@neutron-api.service[103026]: DEBUG neutron.api.extensions [None req-f23267f5-5fc0-42d5-a45b-6d0578178f93 None None] Ext name="Tag support for resources with standard attribute: port, subnet, subnetpool, network, security_group, router, floatingip, policy, trunk, network_segment_range" alias="standard-attr-tag" description="Enables to set tag on resources with standard attribute." updated="2017-01-01T00:00:00-00:00" {{(pid=103026) _check_extension /opt/stack/neutron/neutron/api/extensions.py:415}}
May 28 01:25:42.176868 np0000177118 devstack@neutron-api.service[103026]: INFO neutron.api.extensions [None req-f23267f5-5fc0-42d5-a45b-6d0578178f93 None None] Loaded extension: standard-attr-tag
May 28 01:25:42.176955 np0000177118 devstack@neutron-api.service[103026]: DEBUG neutron.api.extensions [None req-f23267f5-5fc0-42d5-a45b-6d0578178f93 None None] Loading extension file: timestamp.py {{(pid=103026) _load_all_extensions_from_path /opt/stack/neutron/neutron/api/extensions.py:449}}
May 28 01:25:42.177216 np0000177118 devstack@neutron-api.service[103026]: DEBUG neutron.api.extensions [None req-f23267f5-5fc0-42d5-a45b-6d0578178f93 None None] Ext name="Resource timestamps" alias="standard-attr-timestamp" description="Adds created_at and updated_at fields to all Neutron resources that have Neutron standard attributes." updated="2016-09-12T10:00:00-00:00" {{(pid=103026) _check_extension /opt/stack/neutron/neutron/api/extensions.py:415}}
May 28 01:25:42.177387 np0000177118 devstack@neutron-api.service[103026]: INFO neutron.api.extensions [None req-f23267f5-5fc0-42d5-a45b-6d0578178f93 None None] Loaded extension: standard-attr-timestamp
May 28 01:25:42.177479 np0000177118 devstack@neutron-api.service[103026]: DEBUG neutron.api.extensions [None req-f23267f5-5fc0-42d5-a45b-6d0578178f93 None None] Loading extension file: trunk.py {{(pid=103026) _load_all_extensions_from_path /opt/stack/neutron/neutron/api/extensions.py:449}}
May 28 01:25:42.177828 np0000177118 devstack@neutron-api.service[103026]: DEBUG neutron.api.extensions [None req-f23267f5-5fc0-42d5-a45b-6d0578178f93 None None] Ext name="Trunk Extension" alias="trunk" description="Provides support for trunk ports" updated="2016-01-01T10:00:00-00:00" {{(pid=103026) _check_extension /opt/stack/neutron/neutron/api/extensions.py:415}}
May 28 01:25:42.178025 np0000177118 devstack@neutron-api.service[103026]: INFO neutron.api.extensions [None req-f23267f5-5fc0-42d5-a45b-6d0578178f93 None None] Extension trunk not supported by any of loaded plugins
May 28 01:25:42.178118 np0000177118 devstack@neutron-api.service[103026]: DEBUG neutron.api.extensions [None req-f23267f5-5fc0-42d5-a45b-6d0578178f93 None None] Loading extension file: trunk_details.py {{(pid=103026) _load_all_extensions_from_path /opt/stack/neutron/neutron/api/extensions.py:449}}
May 28 01:25:42.178393 np0000177118 devstack@neutron-api.service[103026]: DEBUG neutron.api.extensions [None req-f23267f5-5fc0-42d5-a45b-6d0578178f93 None None] Ext name="Trunk port details" alias="trunk-details" description="Expose trunk port details" updated="2016-01-01T10:00:00-00:00" {{(pid=103026) _check_extension /opt/stack/neutron/neutron/api/extensions.py:415}}
May 28 01:25:42.178594 np0000177118 devstack@neutron-api.service[103026]: INFO neutron.api.extensions [None req-f23267f5-5fc0-42d5-a45b-6d0578178f93 None None] Extension trunk-details not supported by any of loaded plugins
May 28 01:25:42.178723 np0000177118 devstack@neutron-api.service[103026]: DEBUG neutron.api.extensions [None req-f23267f5-5fc0-42d5-a45b-6d0578178f93 None None] Loading extension file: uplink_status_propagation.py {{(pid=103026) _load_all_extensions_from_path /opt/stack/neutron/neutron/api/extensions.py:449}}
May 28 01:25:42.178956 np0000177118 devstack@neutron-api.service[103026]: DEBUG neutron.api.extensions [None req-f23267f5-5fc0-42d5-a45b-6d0578178f93 None None] Ext name="Uplink status propagation extension" alias="uplink-status-propagation" description="Provides ability to propagate port uplink status." updated="2018-05-31T18:00:00-00:00" {{(pid=103026) _check_extension /opt/stack/neutron/neutron/api/extensions.py:415}}
May 28 01:25:42.179128 np0000177118 devstack@neutron-api.service[103026]: INFO neutron.api.extensions [None req-f23267f5-5fc0-42d5-a45b-6d0578178f93 None None] Extension uplink-status-propagation not supported by any of loaded plugins
May 28 01:25:42.179276 np0000177118 devstack@neutron-api.service[103026]: DEBUG neutron.api.extensions [None req-f23267f5-5fc0-42d5-a45b-6d0578178f93 None None] Loading extension file: uplink_status_propagation_updatable.py {{(pid=103026) _load_all_extensions_from_path /opt/stack/neutron/neutron/api/extensions.py:449}}
May 28 01:25:42.179442 np0000177118 devstack@neutron-api.service[103026]: DEBUG neutron.api.extensions [None req-f23267f5-5fc0-42d5-a45b-6d0578178f93 None None] Ext name="Uplink status propagation updatable extension" alias="uplink-status-propagation-updatable" description="Provides ability to update the port uplink status." updated="2024-09-03T18:00:00-00:00" {{(pid=103026) _check_extension /opt/stack/neutron/neutron/api/extensions.py:415}}
May 28 01:25:42.179610 np0000177118 devstack@neutron-api.service[103026]: INFO neutron.api.extensions [None req-f23267f5-5fc0-42d5-a45b-6d0578178f93 None None] Extension uplink-status-propagation-updatable not supported by any of loaded plugins
May 28 01:25:42.179700 np0000177118 devstack@neutron-api.service[103026]: DEBUG neutron.api.extensions [None req-f23267f5-5fc0-42d5-a45b-6d0578178f93 None None] Loading extension file: vlantransparent.py {{(pid=103026) _load_all_extensions_from_path /opt/stack/neutron/neutron/api/extensions.py:449}}
May 28 01:25:42.179973 np0000177118 devstack@neutron-api.service[103026]: DEBUG neutron.api.extensions [None req-f23267f5-5fc0-42d5-a45b-6d0578178f93 None None] Ext name="Vlantransparent" alias="vlan-transparent" description="Provides Vlan Transparent Networks" updated="2015-03-23T09:00:00-00:00" {{(pid=103026) _check_extension /opt/stack/neutron/neutron/api/extensions.py:415}}
May 28 01:25:42.180143 np0000177118 devstack@neutron-api.service[103026]: INFO neutron.api.extensions [None req-f23267f5-5fc0-42d5-a45b-6d0578178f93 None None] Loaded extension: vlan-transparent
May 28 01:25:42.182045 np0000177118 devstack@neutron-api.service[103026]: INFO neutron.quota.resource_registry [None req-f23267f5-5fc0-42d5-a45b-6d0578178f93 None None] Creating instance of TrackedResource for resource:network
May 28 01:25:42.182174 np0000177118 devstack@neutron-api.service[103026]: INFO neutron.quota.resource_registry [None req-f23267f5-5fc0-42d5-a45b-6d0578178f93 None None] Creating instance of TrackedResource for resource:subnet
May 28 01:25:42.182378 np0000177118 devstack@neutron-api.service[103026]: INFO neutron.quota.resource_registry [None req-f23267f5-5fc0-42d5-a45b-6d0578178f93 None None] Creating instance of TrackedResource for resource:subnetpool
May 28 01:25:42.182514 np0000177118 devstack@neutron-api.service[103026]: INFO neutron.quota.resource_registry [None req-f23267f5-5fc0-42d5-a45b-6d0578178f93 None None] Creating instance of TrackedResource for resource:port
May 28 01:25:42.183851 np0000177118 devstack@neutron-api.service[103026]: DEBUG neutron.api.v2.resource_helper [None req-f23267f5-5fc0-42d5-a45b-6d0578178f93 None None] Service L3_ROUTER_NAT assigned prefix: {{(pid=103026) build_resource_info /opt/stack/neutron/neutron/api/v2/resource_helper.py:77}}
May 28 01:25:42.184234 np0000177118 devstack@neutron-api.service[103026]: DEBUG neutron.api.v2.resource_helper [None req-f23267f5-5fc0-42d5-a45b-6d0578178f93 None None] Service FLAVORS assigned prefix: {{(pid=103026) build_resource_info /opt/stack/neutron/neutron/api/v2/resource_helper.py:77}}
May 28 01:25:42.185374 np0000177118 devstack@neutron-api.service[103026]: DEBUG neutron.api.v2.resource_helper [None req-f23267f5-5fc0-42d5-a45b-6d0578178f93 None None] Service L3_ROUTER_NAT assigned prefix: {{(pid=103026) build_resource_info /opt/stack/neutron/neutron/api/v2/resource_helper.py:77}}
May 28 01:25:42.185716 np0000177118 devstack@neutron-api.service[103026]: DEBUG neutron.api.v2.resource_helper [None req-f23267f5-5fc0-42d5-a45b-6d0578178f93 None None] Service L3_ROUTER_NAT assigned prefix: {{(pid=103026) build_resource_info /opt/stack/neutron/neutron/api/v2/resource_helper.py:77}}
May 28 01:25:42.185860 np0000177118 devstack@neutron-api.service[103026]: INFO neutron.quota.resource_registry [None req-f23267f5-5fc0-42d5-a45b-6d0578178f93 None None] Creating instance of TrackedResource for resource:router
May 28 01:25:42.186321 np0000177118 devstack@neutron-api.service[103026]: INFO neutron.quota.resource_registry [None req-f23267f5-5fc0-42d5-a45b-6d0578178f93 None None] Creating instance of TrackedResource for resource:floatingip
May 28 01:25:42.187373 np0000177118 devstack@neutron-api.service[103026]: INFO neutron.quota.resource_registry [None req-f23267f5-5fc0-42d5-a45b-6d0578178f93 None None] Creating instance of CountableResource for resource:rbac_policy
May 28 01:25:42.187979 np0000177118 devstack@neutron-api.service[103026]: INFO neutron.quota.resource_registry [None req-f23267f5-5fc0-42d5-a45b-6d0578178f93 None None] Creating instance of TrackedResource for resource:security_group
May 28 01:25:42.191042 np0000177118 devstack@neutron-api.service[103026]: INFO neutron.quota.resource_registry [None req-f23267f5-5fc0-42d5-a45b-6d0578178f93 None None] Creating instance of TrackedResource for resource:security_group_rule
May 28 01:25:42.191042 np0000177118 devstack@neutron-api.service[103026]: DEBUG neutron.api.v2.resource_helper [None req-f23267f5-5fc0-42d5-a45b-6d0578178f93 None None] Service CORE assigned prefix: {{(pid=103026) build_resource_info /opt/stack/neutron/neutron/api/v2/resource_helper.py:77}}
May 28 01:25:42.191042 np0000177118 devstack@neutron-api.service[103026]: INFO neutron.quota.resource_registry [None req-f23267f5-5fc0-42d5-a45b-6d0578178f93 None None] Creating instance of TrackedResource for resource:subnetpool
May 28 01:25:42.191042 np0000177118 devstack@neutron-api.service[103026]: WARNING neutron.quota.resource_registry [None req-f23267f5-5fc0-42d5-a45b-6d0578178f93 None None] subnetpool is already registered
May 28 01:25:42.191494 np0000177118 devstack@neutron-api.service[103026]: DEBUG neutron.api.v2.resource_helper [None req-f23267f5-5fc0-42d5-a45b-6d0578178f93 None None] Service L3_ROUTER_NAT assigned prefix: {{(pid=103026) build_resource_info /opt/stack/neutron/neutron/api/v2/resource_helper.py:77}}
May 28 01:25:42.191908 np0000177118 devstack@neutron-api.service[103026]: DEBUG neutron.api.v2.resource_helper [None req-f23267f5-5fc0-42d5-a45b-6d0578178f93 None None] Service FLAVORS assigned prefix: {{(pid=103026) build_resource_info /opt/stack/neutron/neutron/api/v2/resource_helper.py:77}}
May 28 01:25:42.192522 np0000177118 devstack@neutron-api.service[103025]: DEBUG ovsdbapp.backend.ovs_idl [None req-05aff9fd-58dd-440c-b89f-dbdebd7ef90a None None] Created lookup_table index Logical_Switch.name {{(pid=103025) autocreate_indices /opt/stack/data/venv/lib/python3.12/site-packages/ovsdbapp/backend/ovs_idl/__init__.py:87}}
May 28 01:25:42.192638 np0000177118 devstack@neutron-api.service[103025]: DEBUG ovsdbapp.backend.ovs_idl [None req-05aff9fd-58dd-440c-b89f-dbdebd7ef90a None None] Created lookup_table index Logical_Router.name {{(pid=103025) autocreate_indices /opt/stack/data/venv/lib/python3.12/site-packages/ovsdbapp/backend/ovs_idl/__init__.py:87}}
May 28 01:25:42.192734 np0000177118 devstack@neutron-api.service[103025]: DEBUG ovsdbapp.backend.ovs_idl [None req-05aff9fd-58dd-440c-b89f-dbdebd7ef90a None None] Created lookup_table index Load_Balancer.name {{(pid=103025) autocreate_indices /opt/stack/data/venv/lib/python3.12/site-packages/ovsdbapp/backend/ovs_idl/__init__.py:87}}
May 28 01:25:42.192780 np0000177118 devstack@neutron-api.service[103026]: DEBUG neutron.api.v2.resource_helper [None req-f23267f5-5fc0-42d5-a45b-6d0578178f93 None None] Service L3_ROUTER_NAT assigned prefix: {{(pid=103026) build_resource_info /opt/stack/neutron/neutron/api/v2/resource_helper.py:77}}
May 28 01:25:42.192845 np0000177118 devstack@neutron-api.service[103025]: DEBUG ovsdbapp.backend.ovs_idl [None req-05aff9fd-58dd-440c-b89f-dbdebd7ef90a None None] Created schema index Copp.name {{(pid=103025) autocreate_indices /opt/stack/data/venv/lib/python3.12/site-packages/ovsdbapp/backend/ovs_idl/__init__.py:106}}
May 28 01:25:42.192963 np0000177118 devstack@neutron-api.service[103025]: DEBUG ovsdbapp.backend.ovs_idl [None req-05aff9fd-58dd-440c-b89f-dbdebd7ef90a None None] Created schema index Meter.name {{(pid=103025) autocreate_indices /opt/stack/data/venv/lib/python3.12/site-packages/ovsdbapp/backend/ovs_idl/__init__.py:106}}
May 28 01:25:42.193074 np0000177118 devstack@neutron-api.service[103025]: DEBUG ovsdbapp.backend.ovs_idl [None req-05aff9fd-58dd-440c-b89f-dbdebd7ef90a None None] Created schema index Load_Balancer_Group.name {{(pid=103025) autocreate_indices /opt/stack/data/venv/lib/python3.12/site-packages/ovsdbapp/backend/ovs_idl/__init__.py:106}}
May 28 01:25:42.193139 np0000177118 devstack@neutron-api.service[103025]: DEBUG ovsdbapp.backend.ovs_idl [None req-05aff9fd-58dd-440c-b89f-dbdebd7ef90a None None] Created schema index HA_Chassis_Group.name {{(pid=103025) autocreate_indices /opt/stack/data/venv/lib/python3.12/site-packages/ovsdbapp/backend/ovs_idl/__init__.py:106}}
May 28 01:25:42.193182 np0000177118 devstack@neutron-api.service[103026]: DEBUG neutron.api.v2.resource_helper [None req-f23267f5-5fc0-42d5-a45b-6d0578178f93 None None] Service L3_ROUTER_NAT assigned prefix: {{(pid=103026) build_resource_info /opt/stack/neutron/neutron/api/v2/resource_helper.py:77}}
May 28 01:25:42.193275 np0000177118 devstack@neutron-api.service[103025]: DEBUG ovsdbapp.backend.ovs_idl [None req-05aff9fd-58dd-440c-b89f-dbdebd7ef90a None None] Created schema index Address_Set.name {{(pid=103025) autocreate_indices /opt/stack/data/venv/lib/python3.12/site-packages/ovsdbapp/backend/ovs_idl/__init__.py:106}}
May 28 01:25:42.193316 np0000177118 devstack@neutron-api.service[103026]: INFO neutron.quota.resource_registry [None req-f23267f5-5fc0-42d5-a45b-6d0578178f93 None None] Creating instance of TrackedResource for resource:router
May 28 01:25:42.193357 np0000177118 devstack@neutron-api.service[103025]: DEBUG ovsdbapp.backend.ovs_idl [None req-05aff9fd-58dd-440c-b89f-dbdebd7ef90a None None] Created schema index Connection.target {{(pid=103025) autocreate_indices /opt/stack/data/venv/lib/python3.12/site-packages/ovsdbapp/backend/ovs_idl/__init__.py:106}}
May 28 01:25:42.193397 np0000177118 devstack@neutron-api.service[103025]: DEBUG ovsdbapp.backend.ovs_idl [None req-05aff9fd-58dd-440c-b89f-dbdebd7ef90a None None] Created schema index Gateway_Chassis.name {{(pid=103025) autocreate_indices /opt/stack/data/venv/lib/python3.12/site-packages/ovsdbapp/backend/ovs_idl/__init__.py:106}}
May 28 01:25:42.193443 np0000177118 devstack@neutron-api.service[103026]: WARNING neutron.quota.resource_registry [None req-f23267f5-5fc0-42d5-a45b-6d0578178f93 None None] router is already registered
May 28 01:25:42.193525 np0000177118 devstack@neutron-api.service[103025]: DEBUG ovsdbapp.backend.ovs_idl [None req-05aff9fd-58dd-440c-b89f-dbdebd7ef90a None None] Created schema index Mirror.name {{(pid=103025) autocreate_indices /opt/stack/data/venv/lib/python3.12/site-packages/ovsdbapp/backend/ovs_idl/__init__.py:106}}
May 28 01:25:42.193567 np0000177118 devstack@neutron-api.service[103025]: DEBUG ovsdbapp.backend.ovs_idl [None req-05aff9fd-58dd-440c-b89f-dbdebd7ef90a None None] Created schema index Chassis_Template_Var.chassis {{(pid=103025) autocreate_indices /opt/stack/data/venv/lib/python3.12/site-packages/ovsdbapp/backend/ovs_idl/__init__.py:106}}
May 28 01:25:42.193640 np0000177118 devstack@neutron-api.service[103025]: DEBUG ovsdbapp.backend.ovs_idl [None req-05aff9fd-58dd-440c-b89f-dbdebd7ef90a None None] Created schema index Logical_Router_Port.name {{(pid=103025) autocreate_indices /opt/stack/data/venv/lib/python3.12/site-packages/ovsdbapp/backend/ovs_idl/__init__.py:106}}
May 28 01:25:42.193727 np0000177118 devstack@neutron-api.service[103025]: DEBUG ovsdbapp.backend.ovs_idl [None req-05aff9fd-58dd-440c-b89f-dbdebd7ef90a None None] Created schema index Port_Group.name {{(pid=103025) autocreate_indices /opt/stack/data/venv/lib/python3.12/site-packages/ovsdbapp/backend/ovs_idl/__init__.py:106}}
May 28 01:25:42.193772 np0000177118 devstack@neutron-api.service[103026]: INFO neutron.quota.resource_registry [None req-f23267f5-5fc0-42d5-a45b-6d0578178f93 None None] Creating instance of TrackedResource for resource:floatingip
May 28 01:25:42.193827 np0000177118 devstack@neutron-api.service[103025]: DEBUG ovsdbapp.backend.ovs_idl [None req-05aff9fd-58dd-440c-b89f-dbdebd7ef90a None None] Created schema index Logical_Switch_Port.name {{(pid=103025) autocreate_indices /opt/stack/data/venv/lib/python3.12/site-packages/ovsdbapp/backend/ovs_idl/__init__.py:106}}
May 28 01:25:42.193899 np0000177118 devstack@neutron-api.service[103026]: WARNING neutron.quota.resource_registry [None req-f23267f5-5fc0-42d5-a45b-6d0578178f93 None None] floatingip is already registered
May 28 01:25:42.195047 np0000177118 devstack@neutron-api.service[103026]: INFO neutron.quota.resource_registry [None req-f23267f5-5fc0-42d5-a45b-6d0578178f93 None None] Creating instance of CountableResource for resource:rbac_policy
May 28 01:25:42.195047 np0000177118 devstack@neutron-api.service[103026]: WARNING neutron.quota.resource_registry [None req-f23267f5-5fc0-42d5-a45b-6d0578178f93 None None] rbac_policy is already registered
May 28 01:25:42.197341 np0000177118 devstack@neutron-api.service[103026]: INFO neutron.quota.resource_registry [None req-f23267f5-5fc0-42d5-a45b-6d0578178f93 None None] Creating instance of TrackedResource for resource:security_group
May 28 01:25:42.197341 np0000177118 devstack@neutron-api.service[103026]: WARNING neutron.quota.resource_registry [None req-f23267f5-5fc0-42d5-a45b-6d0578178f93 None None] security_group is already registered
May 28 01:25:42.197671 np0000177118 devstack@neutron-api.service[103025]: INFO ovsdbapp.backend.ovs_idl.vlog [None req-05aff9fd-58dd-440c-b89f-dbdebd7ef90a None None] ssl:199.204.45.25:6641: connecting...
May 28 01:25:42.197876 np0000177118 devstack@neutron-api.service[103026]: INFO neutron.quota.resource_registry [None req-f23267f5-5fc0-42d5-a45b-6d0578178f93 None None] Creating instance of TrackedResource for resource:security_group_rule
May 28 01:25:42.197876 np0000177118 devstack@neutron-api.service[103026]: WARNING neutron.quota.resource_registry [None req-f23267f5-5fc0-42d5-a45b-6d0578178f93 None None] security_group_rule is already registered
May 28 01:25:42.197876 np0000177118 devstack@neutron-api.service[103026]: DEBUG neutron.api.v2.resource_helper [None req-f23267f5-5fc0-42d5-a45b-6d0578178f93 None None] Service CORE assigned prefix: {{(pid=103026) build_resource_info /opt/stack/neutron/neutron/api/v2/resource_helper.py:77}}
May 28 01:25:42.197876 np0000177118 devstack@neutron-api.service[103026]: INFO neutron.quota.resource_registry [None req-f23267f5-5fc0-42d5-a45b-6d0578178f93 None None] Creating instance of TrackedResource for resource:subnetpool
May 28 01:25:42.197876 np0000177118 devstack@neutron-api.service[103026]: WARNING neutron.quota.resource_registry [None req-f23267f5-5fc0-42d5-a45b-6d0578178f93 None None] subnetpool is already registered
May 28 01:25:42.197876 np0000177118 devstack@neutron-api.service[103026]: DEBUG neutron.api.extensions [None req-f23267f5-5fc0-42d5-a45b-6d0578178f93 None None] Extended resource: extensions {{(pid=103026) __init__ /opt/stack/neutron/neutron/api/extensions.py:156}}
May 28 01:25:42.198320 np0000177118 devstack@neutron-api.service[103026]: DEBUG neutron.api.extensions [None req-f23267f5-5fc0-42d5-a45b-6d0578178f93 None None] Extended resource: address-groups {{(pid=103026) __init__ /opt/stack/neutron/neutron/api/extensions.py:156}}
May 28 01:25:42.199011 np0000177118 devstack@neutron-api.service[103026]: DEBUG neutron.api.extensions [None req-f23267f5-5fc0-42d5-a45b-6d0578178f93 None None] Extended resource: address-scopes {{(pid=103026) __init__ /opt/stack/neutron/neutron/api/extensions.py:156}}
May 28 01:25:42.199596 np0000177118 devstack@neutron-api.service[103026]: DEBUG neutron.api.extensions [None req-f23267f5-5fc0-42d5-a45b-6d0578178f93 None None] Extended resource: agents {{(pid=103026) __init__ /opt/stack/neutron/neutron/api/extensions.py:156}}
May 28 01:25:42.200132 np0000177118 devstack@neutron-api.service[103026]: DEBUG neutron.api.extensions [None req-f23267f5-5fc0-42d5-a45b-6d0578178f93 None None] Extended resource: auto-allocated-topology {{(pid=103026) __init__ /opt/stack/neutron/neutron/api/extensions.py:156}}
May 28 01:25:42.200722 np0000177118 devstack@neutron-api.service[103026]: DEBUG neutron.api.extensions [None req-f23267f5-5fc0-42d5-a45b-6d0578178f93 None None] Extended resource: availability_zones {{(pid=103026) __init__ /opt/stack/neutron/neutron/api/extensions.py:156}}
May 28 01:25:42.201314 np0000177118 devstack@neutron-api.service[103026]: DEBUG neutron.api.extensions [None req-f23267f5-5fc0-42d5-a45b-6d0578178f93 None None] Extended resource: dhcp-networks {{(pid=103026) __init__ /opt/stack/neutron/neutron/api/extensions.py:156}}
May 28 01:25:42.202000 np0000177118 devstack@neutron-api.service[103026]: DEBUG neutron.api.extensions [None req-f23267f5-5fc0-42d5-a45b-6d0578178f93 None None] Extended resource: dhcp-agents {{(pid=103026) __init__ /opt/stack/neutron/neutron/api/extensions.py:156}}
May 28 01:25:42.202415 np0000177118 devstack@neutron-api.service[103025]: INFO ovsdbapp.backend.ovs_idl.vlog [None req-05aff9fd-58dd-440c-b89f-dbdebd7ef90a None None] ssl:199.204.45.25:6641: connected
May 28 01:25:42.202683 np0000177118 devstack@neutron-api.service[103026]: DEBUG neutron.api.extensions [None req-f23267f5-5fc0-42d5-a45b-6d0578178f93 None None] Extended resource: routers {{(pid=103026) __init__ /opt/stack/neutron/neutron/api/extensions.py:156}}
May 28 01:25:42.203636 np0000177118 devstack@neutron-api.service[103026]: DEBUG neutron.api.extensions [None req-f23267f5-5fc0-42d5-a45b-6d0578178f93 None None] Extended resource: flavors {{(pid=103026) __init__ /opt/stack/neutron/neutron/api/extensions.py:156}}
May 28 01:25:42.204464 np0000177118 devstack@neutron-api.service[103026]: DEBUG neutron.api.extensions [None req-f23267f5-5fc0-42d5-a45b-6d0578178f93 None None] Extended resource: service_profiles {{(pid=103026) __init__ /opt/stack/neutron/neutron/api/extensions.py:156}}
May 28 01:25:42.204929 np0000177118 devstack@neutron-api.service[103026]: DEBUG neutron.api.extensions [None req-f23267f5-5fc0-42d5-a45b-6d0578178f93 None None] Extended resource: next_providers {{(pid=103026) __init__ /opt/stack/neutron/neutron/api/extensions.py:156}}
May 28 01:25:42.206238 np0000177118 devstack@neutron-api.service[103026]: DEBUG neutron.api.extensions [None req-f23267f5-5fc0-42d5-a45b-6d0578178f93 None None] Extended resource: service_profiles {{(pid=103026) __init__ /opt/stack/neutron/neutron/api/extensions.py:156}}
May 28 01:25:42.206358 np0000177118 devstack@neutron-api.service[103026]: DEBUG neutron.api.extensions [None req-f23267f5-5fc0-42d5-a45b-6d0578178f93 None None] Extended resource: floatingip-pools {{(pid=103026) __init__ /opt/stack/neutron/neutron/api/extensions.py:156}}
May 28 01:25:42.206962 np0000177118 devstack@neutron-api.service[103026]: DEBUG neutron.api.extensions [None req-f23267f5-5fc0-42d5-a45b-6d0578178f93 None None] Extended resource: routers {{(pid=103026) __init__ /opt/stack/neutron/neutron/api/extensions.py:156}}
May 28 01:25:42.207970 np0000177118 devstack@neutron-api.service[103026]: DEBUG neutron.api.extensions [None req-f23267f5-5fc0-42d5-a45b-6d0578178f93 None None] Extended resource: floatingips {{(pid=103026) __init__ /opt/stack/neutron/neutron/api/extensions.py:156}}
May 28 01:25:42.208378 np0000177118 devstack@neutron-api.service[103026]: DEBUG neutron.api.extensions [None req-f23267f5-5fc0-42d5-a45b-6d0578178f93 None None] Extended resource: network-ip-availabilities {{(pid=103026) __init__ /opt/stack/neutron/neutron/api/extensions.py:156}}
May 28 01:25:42.209187 np0000177118 devstack@neutron-api.service[103026]: DEBUG neutron.api.extensions [None req-f23267f5-5fc0-42d5-a45b-6d0578178f93 None None] Extended resource: network-ip-availabilities {{(pid=103026) __init__ /opt/stack/neutron/neutron/api/extensions.py:156}}
May 28 01:25:42.209438 np0000177118 devstack@neutron-api.service[103027]: DEBUG ovsdbapp.backend.ovs_idl [None req-79123be0-0a1b-4fc0-ba86-6a3612c5572f None None] Created lookup_table index Logical_Switch.name {{(pid=103027) autocreate_indices /opt/stack/data/venv/lib/python3.12/site-packages/ovsdbapp/backend/ovs_idl/__init__.py:87}}
May 28 01:25:42.209557 np0000177118 devstack@neutron-api.service[103027]: DEBUG ovsdbapp.backend.ovs_idl [None req-79123be0-0a1b-4fc0-ba86-6a3612c5572f None None] Created lookup_table index Logical_Router.name {{(pid=103027) autocreate_indices /opt/stack/data/venv/lib/python3.12/site-packages/ovsdbapp/backend/ovs_idl/__init__.py:87}}
May 28 01:25:42.209557 np0000177118 devstack@neutron-api.service[103027]: DEBUG ovsdbapp.backend.ovs_idl [None req-79123be0-0a1b-4fc0-ba86-6a3612c5572f None None] Created lookup_table index Load_Balancer.name {{(pid=103027) autocreate_indices /opt/stack/data/venv/lib/python3.12/site-packages/ovsdbapp/backend/ovs_idl/__init__.py:87}}
May 28 01:25:42.209697 np0000177118 devstack@neutron-api.service[103027]: DEBUG ovsdbapp.backend.ovs_idl [None req-79123be0-0a1b-4fc0-ba86-6a3612c5572f None None] Created schema index Copp.name {{(pid=103027) autocreate_indices /opt/stack/data/venv/lib/python3.12/site-packages/ovsdbapp/backend/ovs_idl/__init__.py:106}}
May 28 01:25:42.209766 np0000177118 devstack@neutron-api.service[103027]: DEBUG ovsdbapp.backend.ovs_idl [None req-79123be0-0a1b-4fc0-ba86-6a3612c5572f None None] Created schema index Meter.name {{(pid=103027) autocreate_indices /opt/stack/data/venv/lib/python3.12/site-packages/ovsdbapp/backend/ovs_idl/__init__.py:106}}
May 28 01:25:42.209892 np0000177118 devstack@neutron-api.service[103027]: DEBUG ovsdbapp.backend.ovs_idl [None req-79123be0-0a1b-4fc0-ba86-6a3612c5572f None None] Created schema index Load_Balancer_Group.name {{(pid=103027) autocreate_indices /opt/stack/data/venv/lib/python3.12/site-packages/ovsdbapp/backend/ovs_idl/__init__.py:106}}
May 28 01:25:42.209969 np0000177118 devstack@neutron-api.service[103027]: DEBUG ovsdbapp.backend.ovs_idl [None req-79123be0-0a1b-4fc0-ba86-6a3612c5572f None None] Created schema index HA_Chassis_Group.name {{(pid=103027) autocreate_indices /opt/stack/data/venv/lib/python3.12/site-packages/ovsdbapp/backend/ovs_idl/__init__.py:106}}
May 28 01:25:42.210061 np0000177118 devstack@neutron-api.service[103027]: DEBUG ovsdbapp.backend.ovs_idl [None req-79123be0-0a1b-4fc0-ba86-6a3612c5572f None None] Created schema index Address_Set.name {{(pid=103027) autocreate_indices /opt/stack/data/venv/lib/python3.12/site-packages/ovsdbapp/backend/ovs_idl/__init__.py:106}}
May 28 01:25:42.210116 np0000177118 devstack@neutron-api.service[103026]: DEBUG neutron.api.extensions [None req-f23267f5-5fc0-42d5-a45b-6d0578178f93 None None] Extended resource: bindings {{(pid=103026) __init__ /opt/stack/neutron/neutron/api/extensions.py:156}}
May 28 01:25:42.210158 np0000177118 devstack@neutron-api.service[103027]: DEBUG ovsdbapp.backend.ovs_idl [None req-79123be0-0a1b-4fc0-ba86-6a3612c5572f None None] Created schema index Connection.target {{(pid=103027) autocreate_indices /opt/stack/data/venv/lib/python3.12/site-packages/ovsdbapp/backend/ovs_idl/__init__.py:106}}
May 28 01:25:42.210280 np0000177118 devstack@neutron-api.service[103027]: DEBUG ovsdbapp.backend.ovs_idl [None req-79123be0-0a1b-4fc0-ba86-6a3612c5572f None None] Created schema index Gateway_Chassis.name {{(pid=103027) autocreate_indices /opt/stack/data/venv/lib/python3.12/site-packages/ovsdbapp/backend/ovs_idl/__init__.py:106}}
May 28 01:25:42.210604 np0000177118 devstack@neutron-api.service[103027]: DEBUG ovsdbapp.backend.ovs_idl [None req-79123be0-0a1b-4fc0-ba86-6a3612c5572f None None] Created schema index Mirror.name {{(pid=103027) autocreate_indices /opt/stack/data/venv/lib/python3.12/site-packages/ovsdbapp/backend/ovs_idl/__init__.py:106}}
May 28 01:25:42.210604 np0000177118 devstack@neutron-api.service[103027]: DEBUG ovsdbapp.backend.ovs_idl [None req-79123be0-0a1b-4fc0-ba86-6a3612c5572f None None] Created schema index Chassis_Template_Var.chassis {{(pid=103027) autocreate_indices /opt/stack/data/venv/lib/python3.12/site-packages/ovsdbapp/backend/ovs_idl/__init__.py:106}}
May 28 01:25:42.210604 np0000177118 devstack@neutron-api.service[103027]: DEBUG ovsdbapp.backend.ovs_idl [None req-79123be0-0a1b-4fc0-ba86-6a3612c5572f None None] Created schema index Logical_Router_Port.name {{(pid=103027) autocreate_indices /opt/stack/data/venv/lib/python3.12/site-packages/ovsdbapp/backend/ovs_idl/__init__.py:106}}
May 28 01:25:42.210604 np0000177118 devstack@neutron-api.service[103027]: DEBUG ovsdbapp.backend.ovs_idl [None req-79123be0-0a1b-4fc0-ba86-6a3612c5572f None None] Created schema index Port_Group.name {{(pid=103027) autocreate_indices /opt/stack/data/venv/lib/python3.12/site-packages/ovsdbapp/backend/ovs_idl/__init__.py:106}}
May 28 01:25:42.210854 np0000177118 devstack@neutron-api.service[103027]: DEBUG ovsdbapp.backend.ovs_idl [None req-79123be0-0a1b-4fc0-ba86-6a3612c5572f None None] Created schema index Logical_Switch_Port.name {{(pid=103027) autocreate_indices /opt/stack/data/venv/lib/python3.12/site-packages/ovsdbapp/backend/ovs_idl/__init__.py:106}}
May 28 01:25:42.211072 np0000177118 devstack@neutron-api.service[103026]: DEBUG neutron.api.extensions [None req-f23267f5-5fc0-42d5-a45b-6d0578178f93 None None] Extended resource: quotas {{(pid=103026) __init__ /opt/stack/neutron/neutron/api/extensions.py:156}}
May 28 01:25:42.211759 np0000177118 devstack@neutron-api.service[103026]: DEBUG neutron.api.extensions [None req-f23267f5-5fc0-42d5-a45b-6d0578178f93 None None] Extended resource: quotas {{(pid=103026) __init__ /opt/stack/neutron/neutron/api/extensions.py:156}}
May 28 01:25:42.212461 np0000177118 devstack@neutron-api.service[103026]: DEBUG neutron.api.extensions [None req-f23267f5-5fc0-42d5-a45b-6d0578178f93 None None] Extended resource: rbac-policies {{(pid=103026) __init__ /opt/stack/neutron/neutron/api/extensions.py:156}}
May 28 01:25:42.212779 np0000177118 devstack@neutron-api.service[103027]: INFO ovsdbapp.backend.ovs_idl.vlog [None req-79123be0-0a1b-4fc0-ba86-6a3612c5572f None None] ssl:199.204.45.25:6641: connecting...
May 28 01:25:42.213075 np0000177118 devstack@neutron-api.service[103026]: DEBUG neutron.api.extensions [None req-f23267f5-5fc0-42d5-a45b-6d0578178f93 None None] Extended resource: default-security-group-rules {{(pid=103026) __init__ /opt/stack/neutron/neutron/api/extensions.py:156}}
May 28 01:25:42.213610 np0000177118 devstack@neutron-api.service[103026]: DEBUG neutron.api.extensions [None req-f23267f5-5fc0-42d5-a45b-6d0578178f93 None None] Extended resource: security-groups {{(pid=103026) __init__ /opt/stack/neutron/neutron/api/extensions.py:156}}
May 28 01:25:42.214182 np0000177118 devstack@neutron-api.service[103026]: DEBUG neutron.api.extensions [None req-f23267f5-5fc0-42d5-a45b-6d0578178f93 None None] Extended resource: security-group-rules {{(pid=103026) __init__ /opt/stack/neutron/neutron/api/extensions.py:156}}
May 28 01:25:42.214703 np0000177118 devstack@neutron-api.service[103026]: DEBUG neutron.api.extensions [None req-f23267f5-5fc0-42d5-a45b-6d0578178f93 None None] Extended resource: service-providers {{(pid=103026) __init__ /opt/stack/neutron/neutron/api/extensions.py:156}}
May 28 01:25:42.215272 np0000177118 devstack@neutron-api.service[103026]: DEBUG neutron.api.extensions [None req-f23267f5-5fc0-42d5-a45b-6d0578178f93 None None] Extended resource: subnetpools {{(pid=103026) __init__ /opt/stack/neutron/neutron/api/extensions.py:156}}
May 28 01:25:42.215924 np0000177118 devstack@neutron-api.service[103026]: DEBUG neutron.api.extensions [None req-f23267f5-5fc0-42d5-a45b-6d0578178f93 None None] Extended resource: tags {{(pid=103026) __init__ /opt/stack/neutron/neutron/api/extensions.py:156}}
May 28 01:25:42.216843 np0000177118 devstack@neutron-api.service[103026]: DEBUG neutron.api.extensions [None req-f23267f5-5fc0-42d5-a45b-6d0578178f93 None None] Extended resource: tags {{(pid=103026) __init__ /opt/stack/neutron/neutron/api/extensions.py:156}}
May 28 01:25:42.217594 np0000177118 devstack@neutron-api.service[103027]: INFO ovsdbapp.backend.ovs_idl.vlog [None req-79123be0-0a1b-4fc0-ba86-6a3612c5572f None None] ssl:199.204.45.25:6641: connected
May 28 01:25:42.217851 np0000177118 devstack@neutron-api.service[103026]: DEBUG neutron.api.extensions [None req-f23267f5-5fc0-42d5-a45b-6d0578178f93 None None] Extended resource: tags {{(pid=103026) __init__ /opt/stack/neutron/neutron/api/extensions.py:156}}
May 28 01:25:42.218787 np0000177118 devstack@neutron-api.service[103026]: DEBUG neutron.api.extensions [None req-f23267f5-5fc0-42d5-a45b-6d0578178f93 None None] Extended resource: tags {{(pid=103026) __init__ /opt/stack/neutron/neutron/api/extensions.py:156}}
May 28 01:25:42.219459 np0000177118 devstack@neutron-api.service[103026]: DEBUG neutron.api.extensions [None req-f23267f5-5fc0-42d5-a45b-6d0578178f93 None None] Extended resource: tags {{(pid=103026) __init__ /opt/stack/neutron/neutron/api/extensions.py:156}}
May 28 01:25:42.220304 np0000177118 devstack@neutron-api.service[103026]: DEBUG neutron.api.extensions [None req-f23267f5-5fc0-42d5-a45b-6d0578178f93 None None] Extended resource: tags {{(pid=103026) __init__ /opt/stack/neutron/neutron/api/extensions.py:156}}
May 28 01:25:42.221138 np0000177118 devstack@neutron-api.service[103026]: DEBUG neutron.api.extensions [None req-f23267f5-5fc0-42d5-a45b-6d0578178f93 None None] Extended resource: tags {{(pid=103026) __init__ /opt/stack/neutron/neutron/api/extensions.py:156}}
May 28 01:25:42.221970 np0000177118 devstack@neutron-api.service[103026]: DEBUG neutron.api.extensions [None req-f23267f5-5fc0-42d5-a45b-6d0578178f93 None None] Extended resource: tags {{(pid=103026) __init__ /opt/stack/neutron/neutron/api/extensions.py:156}}
May 28 01:25:42.222944 np0000177118 devstack@neutron-api.service[103026]: DEBUG neutron.api.extensions [None req-f23267f5-5fc0-42d5-a45b-6d0578178f93 None None] Extended resource: tags {{(pid=103026) __init__ /opt/stack/neutron/neutron/api/extensions.py:156}}
May 28 01:25:42.223658 np0000177118 devstack@neutron-api.service[103026]: DEBUG neutron.api.extensions [None req-f23267f5-5fc0-42d5-a45b-6d0578178f93 None None] Extended resource: tags {{(pid=103026) __init__ /opt/stack/neutron/neutron/api/extensions.py:156}}
May 28 01:25:42.233885 np0000177118 devstack@neutron-api.service[103026]: DEBUG neutron_lib.callbacks.manager [None req-f23267f5-5fc0-42d5-a45b-6d0578178f93 None None] Publish callbacks ['neutron.plugins.ml2.drivers.ovn.mech_driver.mech_driver.OVNMechanismDriver.pre_fork_initialize-2047547'] for process (None), before_spawn {{(pid=103026) _notify_loop /opt/stack/data/venv/lib/python3.12/site-packages/neutron_lib/callbacks/manager.py:184}}
May 28 01:25:42.234389 np0000177118 devstack@neutron-api.service[103026]: DEBUG oslo_concurrency.processutils [None req-f23267f5-5fc0-42d5-a45b-6d0578178f93 None None] Running cmd (subprocess): ovsdb-client transact ssl:199.204.45.25:6641 --timeout 180 -p /opt/stack/data/CA/int-ca/private/devstack-cert.key -c /opt/stack/data/CA/int-ca/devstack-cert.crt -C /opt/stack/data/CA/int-ca/ca-chain.pem ["OVN_Northbound", {"op": "wait", "timeout": 0, "table": "Port_Group", "where": [["name", "==", "neutron_pg_drop"]], "until": "==", "rows": []}, {"op": "insert", "table": "ACL", "row": {"action": "drop", "direction": "to-lport", "match": "outport == @neutron_pg_drop && ip", "priority": 1001}, "uuid-name": "droptoport"}, {"op": "insert", "table": "ACL", "row": {"action": "drop", "direction": "from-lport", "match": "inport == @neutron_pg_drop && ip", "priority": 1001}, "uuid-name": "dropfromport"}, {"op": "insert", "table": "Port_Group", "row": {"name": "neutron_pg_drop", "acls": ["set", [["named-uuid", "droptoport"], ["named-uuid", "dropfromport"]]]}}] {{(pid=103026) execute /opt/stack/data/venv/lib/python3.12/site-packages/oslo_concurrency/processutils.py:440}}
May 28 01:25:42.236784 np0000177118 devstack@neutron-api.service[103025]: DEBUG neutron.common.ovn.hash_ring_manager [None req-05aff9fd-58dd-440c-b89f-dbdebd7ef90a None None] Disallow caching, nodes 3<4 {{(pid=103025) _wait_startup_before_caching /opt/stack/neutron/neutron/common/ovn/hash_ring_manager.py:72}}
May 28 01:25:42.244276 np0000177118 devstack@neutron-api.service[103025]: DEBUG neutron.common.ovn.hash_ring_manager [None req-05aff9fd-58dd-440c-b89f-dbdebd7ef90a None None] Hash Ring loaded. 3 active nodes. 0 offline nodes {{(pid=103025) _load_hash_ring /opt/stack/neutron/neutron/common/ovn/hash_ring_manager.py:102}}
May 28 01:25:42.251574 np0000177118 devstack@neutron-api.service[103027]: DEBUG neutron.common.ovn.hash_ring_manager [None req-79123be0-0a1b-4fc0-ba86-6a3612c5572f None None] Disallow caching, nodes 3<4 {{(pid=103027) _wait_startup_before_caching /opt/stack/neutron/neutron/common/ovn/hash_ring_manager.py:72}}
May 28 01:25:42.251673 np0000177118 devstack@neutron-api.service[103025]: DEBUG neutron.common.ovn.hash_ring_manager [None req-05aff9fd-58dd-440c-b89f-dbdebd7ef90a None None] Hash Ring loaded. 3 active nodes. 0 offline nodes {{(pid=103025) _load_hash_ring /opt/stack/neutron/neutron/common/ovn/hash_ring_manager.py:102}}
May 28 01:25:42.256307 np0000177118 devstack@neutron-api.service[103027]: DEBUG neutron.common.ovn.hash_ring_manager [None req-79123be0-0a1b-4fc0-ba86-6a3612c5572f None None] Hash Ring loaded. 3 active nodes. 0 offline nodes {{(pid=103027) _load_hash_ring /opt/stack/neutron/neutron/common/ovn/hash_ring_manager.py:102}}
May 28 01:25:42.256483 np0000177118 devstack@neutron-api.service[103027]: DEBUG neutron.plugins.ml2.drivers.ovn.mech_driver.ovsdb.ovsdb_monitor [None req-79123be0-0a1b-4fc0-ba86-6a3612c5572f None None] Hash Ring: Node 35f5e1539b0351cf97e82e0d64d40708 (host: np0000177118) handling event "create" for row 80c7bc4d-e4b6-4902-a426-a4c27d2e948a (table: ACL) {{(pid=103027) notify /opt/stack/neutron/neutron/plugins/ml2/drivers/ovn/mech_driver/ovsdb/ovsdb_monitor.py:986}}
May 28 01:25:42.257736 np0000177118 devstack@neutron-api.service[103025]: DEBUG neutron.common.ovn.hash_ring_manager [None req-05aff9fd-58dd-440c-b89f-dbdebd7ef90a None None] Hash Ring loaded. 3 active nodes. 0 offline nodes {{(pid=103025) _load_hash_ring /opt/stack/neutron/neutron/common/ovn/hash_ring_manager.py:102}}
May 28 01:25:42.261383 np0000177118 devstack@neutron-api.service[103027]: DEBUG neutron.common.ovn.hash_ring_manager [None req-79123be0-0a1b-4fc0-ba86-6a3612c5572f None None] Hash Ring loaded. 3 active nodes. 0 offline nodes {{(pid=103027) _load_hash_ring /opt/stack/neutron/neutron/common/ovn/hash_ring_manager.py:102}}
May 28 01:25:42.262691 np0000177118 devstack@neutron-api.service[103025]: DEBUG neutron.common.ovn.hash_ring_manager [None req-05aff9fd-58dd-440c-b89f-dbdebd7ef90a None None] Hash Ring loaded. 3 active nodes. 0 offline nodes {{(pid=103025) _load_hash_ring /opt/stack/neutron/neutron/common/ovn/hash_ring_manager.py:102}}
May 28 01:25:42.262865 np0000177118 devstack@neutron-api.service[103025]: DEBUG neutron.plugins.ml2.drivers.ovn.mech_driver.ovsdb.ovsdb_monitor [None req-05aff9fd-58dd-440c-b89f-dbdebd7ef90a None None] Hash Ring: Node 1f2c1ca933255bcbab262167660d19e8 (host: np0000177118) handling event "create" for row 3593afdc-4cb9-47f0-b4eb-461170a70e9e (table: NB_Global) {{(pid=103025) notify /opt/stack/neutron/neutron/plugins/ml2/drivers/ovn/mech_driver/ovsdb/ovsdb_monitor.py:986}}
May 28 01:25:42.267828 np0000177118 devstack@neutron-api.service[103027]: DEBUG neutron.common.ovn.hash_ring_manager [None req-79123be0-0a1b-4fc0-ba86-6a3612c5572f None None] Hash Ring loaded. 3 active nodes. 0 offline nodes {{(pid=103027) _load_hash_ring /opt/stack/neutron/neutron/common/ovn/hash_ring_manager.py:102}}
May 28 01:25:42.268180 np0000177118 devstack@neutron-api.service[103025]: DEBUG neutron.common.ovn.hash_ring_manager [None req-05aff9fd-58dd-440c-b89f-dbdebd7ef90a None None] Hash Ring loaded. 3 active nodes. 0 offline nodes {{(pid=103025) _load_hash_ring /opt/stack/neutron/neutron/common/ovn/hash_ring_manager.py:102}}
May 28 01:25:42.273382 np0000177118 devstack@neutron-api.service[103025]: DEBUG neutron.common.ovn.hash_ring_manager [None req-05aff9fd-58dd-440c-b89f-dbdebd7ef90a None None] Hash Ring loaded. 3 active nodes. 0 offline nodes {{(pid=103025) _load_hash_ring /opt/stack/neutron/neutron/common/ovn/hash_ring_manager.py:102}}
May 28 01:25:42.274248 np0000177118 devstack@neutron-api.service[103025]: INFO neutron.plugins.ml2.drivers.ovn.mech_driver.ovsdb.impl_idl_ovn [None req-05aff9fd-58dd-440c-b89f-dbdebd7ef90a None None] Getting OvsdbSbOvnIdl for WorkerService with retry
May 28 01:25:42.275386 np0000177118 devstack@neutron-api.service[103027]: DEBUG neutron.common.ovn.hash_ring_manager [None req-79123be0-0a1b-4fc0-ba86-6a3612c5572f None None] Hash Ring loaded. 3 active nodes. 0 offline nodes {{(pid=103027) _load_hash_ring /opt/stack/neutron/neutron/common/ovn/hash_ring_manager.py:102}}
May 28 01:25:42.282197 np0000177118 devstack@neutron-api.service[103027]: DEBUG neutron.common.ovn.hash_ring_manager [None req-79123be0-0a1b-4fc0-ba86-6a3612c5572f None None] Hash Ring loaded. 3 active nodes. 0 offline nodes {{(pid=103027) _load_hash_ring /opt/stack/neutron/neutron/common/ovn/hash_ring_manager.py:102}}
May 28 01:25:42.282473 np0000177118 devstack@neutron-api.service[103027]: DEBUG neutron.plugins.ml2.drivers.ovn.mech_driver.ovsdb.ovsdb_monitor [None req-79123be0-0a1b-4fc0-ba86-6a3612c5572f None None] Hash Ring: Node 35f5e1539b0351cf97e82e0d64d40708 (host: np0000177118) handling event "create" for row a0307ac6-4feb-4380-b879-2810b9bc6b08 (table: Port_Group) {{(pid=103027) notify /opt/stack/neutron/neutron/plugins/ml2/drivers/ovn/mech_driver/ovsdb/ovsdb_monitor.py:986}}
May 28 01:25:42.288528 np0000177118 devstack@neutron-api.service[103027]: DEBUG neutron.common.ovn.hash_ring_manager [None req-79123be0-0a1b-4fc0-ba86-6a3612c5572f None None] Hash Ring loaded. 3 active nodes. 0 offline nodes {{(pid=103027) _load_hash_ring /opt/stack/neutron/neutron/common/ovn/hash_ring_manager.py:102}}
May 28 01:25:42.288664 np0000177118 devstack@neutron-api.service[103027]: DEBUG neutron.plugins.ml2.drivers.ovn.mech_driver.ovsdb.ovsdb_monitor [None req-79123be0-0a1b-4fc0-ba86-6a3612c5572f None None] Hash Ring: Node 35f5e1539b0351cf97e82e0d64d40708 (host: np0000177118) handling event "create" for row 8cfa1265-be4b-40ae-9f4f-8af7065b8dac (table: SSL) {{(pid=103027) notify /opt/stack/neutron/neutron/plugins/ml2/drivers/ovn/mech_driver/ovsdb/ovsdb_monitor.py:986}}
May 28 01:25:42.289531 np0000177118 devstack@neutron-api.service[103027]: INFO neutron.plugins.ml2.drivers.ovn.mech_driver.ovsdb.impl_idl_ovn [None req-79123be0-0a1b-4fc0-ba86-6a3612c5572f None None] Getting OvsdbSbOvnIdl for WorkerService with retry
May 28 01:25:42.307730 np0000177118 devstack@neutron-api.service[103026]: DEBUG oslo_concurrency.processutils [None req-f23267f5-5fc0-42d5-a45b-6d0578178f93 None None] CMD "ovsdb-client transact ssl:199.204.45.25:6641 --timeout 180 -p /opt/stack/data/CA/int-ca/private/devstack-cert.key -c /opt/stack/data/CA/int-ca/devstack-cert.crt -C /opt/stack/data/CA/int-ca/ca-chain.pem ["OVN_Northbound", {"op": "wait", "timeout": 0, "table": "Port_Group", "where": [["name", "==", "neutron_pg_drop"]], "until": "==", "rows": []}, {"op": "insert", "table": "ACL", "row": {"action": "drop", "direction": "to-lport", "match": "outport == @neutron_pg_drop && ip", "priority": 1001}, "uuid-name": "droptoport"}, {"op": "insert", "table": "ACL", "row": {"action": "drop", "direction": "from-lport", "match": "inport == @neutron_pg_drop && ip", "priority": 1001}, "uuid-name": "dropfromport"}, {"op": "insert", "table": "Port_Group", "row": {"name": "neutron_pg_drop", "acls": ["set", [["named-uuid", "droptoport"], ["named-uuid", "dropfromport"]]]}}]" returned: 0 in 0.073s {{(pid=103026) execute /opt/stack/data/venv/lib/python3.12/site-packages/oslo_concurrency/processutils.py:468}}
May 28 01:25:42.308506 np0000177118 devstack@neutron-api.service[103026]: DEBUG neutron_lib.callbacks.manager [None req-f23267f5-5fc0-42d5-a45b-6d0578178f93 None None] Publish callbacks ['neutron.plugins.ml2.drivers.ovn.mech_driver.mech_driver.OVNMechanismDriver.post_fork_initialize-2047699', 'neutron.services.ovn_l3.plugin.OVNL3RouterPlugin._post_fork_initialize-61145'] for process (None), after_init {{(pid=103026) _notify_loop /opt/stack/data/venv/lib/python3.12/site-packages/neutron_lib/callbacks/manager.py:184}}
May 28 01:25:42.309196 np0000177118 devstack@neutron-api.service[103026]: DEBUG oslo_concurrency.lockutils [None req-f23267f5-5fc0-42d5-a45b-6d0578178f93 None None] Acquiring lock "singleton_lock" {{(pid=103026) lock /opt/stack/data/venv/lib/python3.12/site-packages/oslo_concurrency/lockutils.py:395}}
