May 09 09:00:39.562698 np0000173054 devstack@neutron-api.service[103329]: DEBUG ovsdbapp.backend.ovs_idl [None req-9754b80a-19a4-40b1-bebd-88644217ad36 None None] Created lookup_table index Logical_Switch.name {{(pid=103329) autocreate_indices /opt/stack/data/venv/lib/python3.12/site-packages/ovsdbapp/backend/ovs_idl/__init__.py:87}}
May 09 09:00:39.562698 np0000173054 devstack@neutron-api.service[103329]: DEBUG ovsdbapp.backend.ovs_idl [None req-9754b80a-19a4-40b1-bebd-88644217ad36 None None] Created lookup_table index Logical_Router.name {{(pid=103329) autocreate_indices /opt/stack/data/venv/lib/python3.12/site-packages/ovsdbapp/backend/ovs_idl/__init__.py:87}}
May 09 09:00:39.562840 np0000173054 devstack@neutron-api.service[103329]: DEBUG ovsdbapp.backend.ovs_idl [None req-9754b80a-19a4-40b1-bebd-88644217ad36 None None] Created lookup_table index Load_Balancer.name {{(pid=103329) autocreate_indices /opt/stack/data/venv/lib/python3.12/site-packages/ovsdbapp/backend/ovs_idl/__init__.py:87}}
May 09 09:00:39.563010 np0000173054 devstack@neutron-api.service[103329]: DEBUG ovsdbapp.backend.ovs_idl [None req-9754b80a-19a4-40b1-bebd-88644217ad36 None None] Created schema index Copp.name {{(pid=103329) autocreate_indices /opt/stack/data/venv/lib/python3.12/site-packages/ovsdbapp/backend/ovs_idl/__init__.py:106}}
May 09 09:00:39.563102 np0000173054 devstack@neutron-api.service[103329]: DEBUG ovsdbapp.backend.ovs_idl [None req-9754b80a-19a4-40b1-bebd-88644217ad36 None None] Created schema index Meter.name {{(pid=103329) autocreate_indices /opt/stack/data/venv/lib/python3.12/site-packages/ovsdbapp/backend/ovs_idl/__init__.py:106}}
May 09 09:00:39.563368 np0000173054 devstack@neutron-api.service[103329]: DEBUG ovsdbapp.backend.ovs_idl [None req-9754b80a-19a4-40b1-bebd-88644217ad36 None None] Created schema index Load_Balancer_Group.name {{(pid=103329) autocreate_indices /opt/stack/data/venv/lib/python3.12/site-packages/ovsdbapp/backend/ovs_idl/__init__.py:106}}
May 09 09:00:39.563595 np0000173054 devstack@neutron-api.service[103329]: DEBUG ovsdbapp.backend.ovs_idl [None req-9754b80a-19a4-40b1-bebd-88644217ad36 None None] Created schema index HA_Chassis_Group.name {{(pid=103329) autocreate_indices /opt/stack/data/venv/lib/python3.12/site-packages/ovsdbapp/backend/ovs_idl/__init__.py:106}}
May 09 09:00:39.563715 np0000173054 devstack@neutron-api.service[103329]: DEBUG ovsdbapp.backend.ovs_idl [None req-9754b80a-19a4-40b1-bebd-88644217ad36 None None] Created schema index Address_Set.name {{(pid=103329) autocreate_indices /opt/stack/data/venv/lib/python3.12/site-packages/ovsdbapp/backend/ovs_idl/__init__.py:106}}
May 09 09:00:39.563848 np0000173054 devstack@neutron-api.service[103329]: DEBUG ovsdbapp.backend.ovs_idl [None req-9754b80a-19a4-40b1-bebd-88644217ad36 None None] Created schema index Connection.target {{(pid=103329) autocreate_indices /opt/stack/data/venv/lib/python3.12/site-packages/ovsdbapp/backend/ovs_idl/__init__.py:106}}
May 09 09:00:39.563973 np0000173054 devstack@neutron-api.service[103329]: DEBUG ovsdbapp.backend.ovs_idl [None req-9754b80a-19a4-40b1-bebd-88644217ad36 None None] Created schema index Gateway_Chassis.name {{(pid=103329) autocreate_indices /opt/stack/data/venv/lib/python3.12/site-packages/ovsdbapp/backend/ovs_idl/__init__.py:106}}
May 09 09:00:39.564089 np0000173054 devstack@neutron-api.service[103329]: DEBUG ovsdbapp.backend.ovs_idl [None req-9754b80a-19a4-40b1-bebd-88644217ad36 None None] Created schema index Mirror.name {{(pid=103329) autocreate_indices /opt/stack/data/venv/lib/python3.12/site-packages/ovsdbapp/backend/ovs_idl/__init__.py:106}}
May 09 09:00:39.564209 np0000173054 devstack@neutron-api.service[103329]: DEBUG ovsdbapp.backend.ovs_idl [None req-9754b80a-19a4-40b1-bebd-88644217ad36 None None] Created schema index Chassis_Template_Var.chassis {{(pid=103329) autocreate_indices /opt/stack/data/venv/lib/python3.12/site-packages/ovsdbapp/backend/ovs_idl/__init__.py:106}}
May 09 09:00:39.564333 np0000173054 devstack@neutron-api.service[103329]: DEBUG ovsdbapp.backend.ovs_idl [None req-9754b80a-19a4-40b1-bebd-88644217ad36 None None] Created schema index Logical_Router_Port.name {{(pid=103329) autocreate_indices /opt/stack/data/venv/lib/python3.12/site-packages/ovsdbapp/backend/ovs_idl/__init__.py:106}}
May 09 09:00:39.564470 np0000173054 devstack@neutron-api.service[103329]: DEBUG ovsdbapp.backend.ovs_idl [None req-9754b80a-19a4-40b1-bebd-88644217ad36 None None] Created schema index Port_Group.name {{(pid=103329) autocreate_indices /opt/stack/data/venv/lib/python3.12/site-packages/ovsdbapp/backend/ovs_idl/__init__.py:106}}
May 09 09:00:39.564595 np0000173054 devstack@neutron-api.service[103329]: DEBUG ovsdbapp.backend.ovs_idl [None req-9754b80a-19a4-40b1-bebd-88644217ad36 None None] Created schema index Logical_Switch_Port.name {{(pid=103329) autocreate_indices /opt/stack/data/venv/lib/python3.12/site-packages/ovsdbapp/backend/ovs_idl/__init__.py:106}}
May 09 09:00:39.567581 np0000173054 devstack@neutron-api.service[103329]: INFO ovsdbapp.backend.ovs_idl.vlog [None req-9754b80a-19a4-40b1-bebd-88644217ad36 None None] ssl:199.19.213.195:6641: connecting...
May 09 09:00:39.574141 np0000173054 devstack@neutron-api.service[103329]: INFO ovsdbapp.backend.ovs_idl.vlog [None req-9754b80a-19a4-40b1-bebd-88644217ad36 None None] ssl:199.19.213.195:6641: connected
May 09 09:00:39.584574 np0000173054 devstack@neutron-api.service[103331]: DEBUG neutron.common.ovn.hash_ring_manager [None req-7881b61c-51f4-479f-af47-f26d8168641d None None] Allow caching, nodes 4>=4 {{(pid=103331) _wait_startup_before_caching /opt/stack/neutron/neutron/common/ovn/hash_ring_manager.py:65}}
May 09 09:00:39.587803 np0000173054 devstack@neutron-api.service[103331]: DEBUG neutron.common.ovn.hash_ring_manager [None req-7881b61c-51f4-479f-af47-f26d8168641d None None] Hash Ring loaded. 4 active nodes. 0 offline nodes {{(pid=103331) _load_hash_ring /opt/stack/neutron/neutron/common/ovn/hash_ring_manager.py:102}}
May 09 09:00:39.587970 np0000173054 devstack@neutron-api.service[103331]: DEBUG neutron.plugins.ml2.drivers.ovn.mech_driver.ovsdb.ovsdb_monitor [None req-7881b61c-51f4-479f-af47-f26d8168641d None None] ChassisAgentWriteEvent : Matched Chassis_Private, create, None None {{(pid=103331) matches /opt/stack/neutron/neutron/plugins/ml2/drivers/ovn/mech_driver/ovsdb/ovsdb_monitor.py:64}}
May 09 09:00:39.588119 np0000173054 devstack@neutron-api.service[103331]: DEBUG neutron.plugins.ml2.drivers.ovn.mech_driver.ovsdb.ovsdb_monitor [None req-7881b61c-51f4-479f-af47-f26d8168641d None None] ChassisOVNAgentWriteEvent : Matched Chassis_Private, create, None None {{(pid=103331) matches /opt/stack/neutron/neutron/plugins/ml2/drivers/ovn/mech_driver/ovsdb/ovsdb_monitor.py:64}}
May 09 09:00:39.588267 np0000173054 devstack@neutron-api.service[103332]: DEBUG neutron.common.ovn.hash_ring_manager [None req-a27247c4-836d-40b0-86c3-0c176f424ff5 None None] Allow caching, nodes 4>=4 {{(pid=103332) _wait_startup_before_caching /opt/stack/neutron/neutron/common/ovn/hash_ring_manager.py:65}}
May 09 09:00:39.590737 np0000173054 devstack@neutron-api.service[103331]: INFO neutron.plugins.ml2.drivers.ovn.mech_driver.mech_driver [None req-7881b61c-51f4-479f-af47-f26d8168641d None None] WorkerService process has finished the post initialization
May 09 09:00:39.591682 np0000173054 devstack@neutron-api.service[103332]: DEBUG neutron.common.ovn.hash_ring_manager [None req-a27247c4-836d-40b0-86c3-0c176f424ff5 None None] Hash Ring loaded. 4 active nodes. 0 offline nodes {{(pid=103332) _load_hash_ring /opt/stack/neutron/neutron/common/ovn/hash_ring_manager.py:102}}
May 09 09:00:39.591746 np0000173054 devstack@neutron-api.service[103331]: WSGI app 0 (mountpoint='') ready in 7 seconds on interpreter 0x71960caa3668 pid: 103331 (default app)
May 09 09:00:39.591785 np0000173054 devstack@neutron-api.service[103332]: DEBUG neutron.plugins.ml2.drivers.ovn.mech_driver.ovsdb.ovsdb_monitor [None req-a27247c4-836d-40b0-86c3-0c176f424ff5 None None] ChassisAgentWriteEvent : Matched Chassis_Private, create, None None {{(pid=103332) matches /opt/stack/neutron/neutron/plugins/ml2/drivers/ovn/mech_driver/ovsdb/ovsdb_monitor.py:64}}
May 09 09:00:39.591942 np0000173054 devstack@neutron-api.service[103332]: DEBUG neutron.plugins.ml2.drivers.ovn.mech_driver.ovsdb.ovsdb_monitor [None req-a27247c4-836d-40b0-86c3-0c176f424ff5 None None] ChassisOVNAgentWriteEvent : Matched Chassis_Private, create, None None {{(pid=103332) matches /opt/stack/neutron/neutron/plugins/ml2/drivers/ovn/mech_driver/ovsdb/ovsdb_monitor.py:64}}
May 09 09:00:39.592269 np0000173054 devstack@neutron-api.service[103332]: DEBUG neutron.plugins.ml2.drivers.ovn.mech_driver.ovsdb.ovsdb_monitor [None req-a27247c4-836d-40b0-86c3-0c176f424ff5 None None] Hash Ring: Node cc2329eb0fc85ed5b3fcc29ade754b61 (host: np0000173054) handling event "create" for row 730a7ca0-e0f1-47e6-baa3-b7d30a330718 (table: Encap) {{(pid=103332) notify /opt/stack/neutron/neutron/plugins/ml2/drivers/ovn/mech_driver/ovsdb/ovsdb_monitor.py:942}}
May 09 09:00:39.594619 np0000173054 devstack@neutron-api.service[103332]: INFO neutron.plugins.ml2.drivers.ovn.mech_driver.mech_driver [None req-a27247c4-836d-40b0-86c3-0c176f424ff5 None None] WorkerService process has finished the post initialization
May 09 09:00:39.595857 np0000173054 devstack@neutron-api.service[103332]: WSGI app 0 (mountpoint='') ready in 7 seconds on interpreter 0x71960caa3668 pid: 103332 (default app)
May 09 09:00:39.613314 np0000173054 devstack@neutron-api.service[103329]: DEBUG neutron.common.ovn.hash_ring_manager [None req-9754b80a-19a4-40b1-bebd-88644217ad36 None None] Allow caching, nodes 4>=4 {{(pid=103329) _wait_startup_before_caching /opt/stack/neutron/neutron/common/ovn/hash_ring_manager.py:65}}
May 09 09:00:39.618462 np0000173054 devstack@neutron-api.service[103329]: DEBUG neutron.common.ovn.hash_ring_manager [None req-9754b80a-19a4-40b1-bebd-88644217ad36 None None] Hash Ring loaded. 4 active nodes. 0 offline nodes {{(pid=103329) _load_hash_ring /opt/stack/neutron/neutron/common/ovn/hash_ring_manager.py:102}}
May 09 09:00:39.618739 np0000173054 devstack@neutron-api.service[103329]: DEBUG neutron.plugins.ml2.drivers.ovn.mech_driver.ovsdb.ovsdb_monitor [None req-9754b80a-19a4-40b1-bebd-88644217ad36 None None] Hash Ring: Node 7839a740bfc95918aaca4b2cf8737220 (host: np0000173054) handling event "create" for row 95e3922c-c5f7-4c2b-82c5-050b26c4d41a (table: Connection) {{(pid=103329) notify /opt/stack/neutron/neutron/plugins/ml2/drivers/ovn/mech_driver/ovsdb/ovsdb_monitor.py:942}}
May 09 09:00:39.618985 np0000173054 devstack@neutron-api.service[103329]: DEBUG neutron.plugins.ml2.drivers.ovn.mech_driver.ovsdb.ovsdb_monitor [None req-9754b80a-19a4-40b1-bebd-88644217ad36 None None] Hash Ring: Node 7839a740bfc95918aaca4b2cf8737220 (host: np0000173054) handling event "create" for row e36fe058-2062-458e-a1ea-e8179c6de0dd (table: Port_Group) {{(pid=103329) notify /opt/stack/neutron/neutron/plugins/ml2/drivers/ovn/mech_driver/ovsdb/ovsdb_monitor.py:942}}
May 09 09:00:39.620133 np0000173054 devstack@neutron-api.service[103329]: INFO neutron.plugins.ml2.drivers.ovn.mech_driver.ovsdb.impl_idl_ovn [None req-9754b80a-19a4-40b1-bebd-88644217ad36 None None] Getting OvsdbSbOvnIdl for WorkerService with retry
May 09 09:00:39.653038 np0000173054 devstack@neutron-api.service[103329]: DEBUG ovsdbapp.backend.ovs_idl [None req-9754b80a-19a4-40b1-bebd-88644217ad36 None None] Created lookup_table index Chassis.name {{(pid=103329) autocreate_indices /opt/stack/data/venv/lib/python3.12/site-packages/ovsdbapp/backend/ovs_idl/__init__.py:87}}
May 09 09:00:39.653136 np0000173054 devstack@neutron-api.service[103329]: DEBUG ovsdbapp.backend.ovs_idl [None req-9754b80a-19a4-40b1-bebd-88644217ad36 None None] Created lookup_table index Port_Binding.logical_port {{(pid=103329) autocreate_indices /opt/stack/data/venv/lib/python3.12/site-packages/ovsdbapp/backend/ovs_idl/__init__.py:87}}
May 09 09:00:39.653258 np0000173054 devstack@neutron-api.service[103329]: DEBUG ovsdbapp.backend.ovs_idl [None req-9754b80a-19a4-40b1-bebd-88644217ad36 None None] Created schema index Chassis_Private.name {{(pid=103329) autocreate_indices /opt/stack/data/venv/lib/python3.12/site-packages/ovsdbapp/backend/ovs_idl/__init__.py:106}}
May 09 09:00:39.653342 np0000173054 devstack@neutron-api.service[103329]: DEBUG ovsdbapp.backend.ovs_idl [None req-9754b80a-19a4-40b1-bebd-88644217ad36 None None] Created schema index Datapath_Binding.tunnel_key {{(pid=103329) autocreate_indices /opt/stack/data/venv/lib/python3.12/site-packages/ovsdbapp/backend/ovs_idl/__init__.py:106}}
May 09 09:00:39.655654 np0000173054 devstack@neutron-api.service[103329]: INFO ovsdbapp.backend.ovs_idl.vlog [None req-9754b80a-19a4-40b1-bebd-88644217ad36 None None] ssl:199.19.213.195:6642: connecting...
May 09 09:00:39.660420 np0000173054 devstack@neutron-api.service[103329]: INFO ovsdbapp.backend.ovs_idl.vlog [None req-9754b80a-19a4-40b1-bebd-88644217ad36 None None] ssl:199.19.213.195:6642: connected
May 09 09:00:39.693223 np0000173054 devstack@neutron-api.service[103329]: DEBUG neutron.common.ovn.hash_ring_manager [None req-9754b80a-19a4-40b1-bebd-88644217ad36 None None] Allow caching, nodes 4>=4 {{(pid=103329) _wait_startup_before_caching /opt/stack/neutron/neutron/common/ovn/hash_ring_manager.py:65}}
May 09 09:00:39.697218 np0000173054 devstack@neutron-api.service[103329]: DEBUG neutron.common.ovn.hash_ring_manager [None req-9754b80a-19a4-40b1-bebd-88644217ad36 None None] Hash Ring loaded. 4 active nodes. 0 offline nodes {{(pid=103329) _load_hash_ring /opt/stack/neutron/neutron/common/ovn/hash_ring_manager.py:102}}
May 09 09:00:39.697426 np0000173054 devstack@neutron-api.service[103329]: DEBUG neutron.plugins.ml2.drivers.ovn.mech_driver.ovsdb.ovsdb_monitor [None req-9754b80a-19a4-40b1-bebd-88644217ad36 None None] Hash Ring: Node 7839a740bfc95918aaca4b2cf8737220 (host: np0000173054) handling event "create" for row cb49320f-b1e5-4adf-9281-1ba51e24413f (table: Chassis) {{(pid=103329) notify /opt/stack/neutron/neutron/plugins/ml2/drivers/ovn/mech_driver/ovsdb/ovsdb_monitor.py:942}}
May 09 09:00:39.698575 np0000173054 devstack@neutron-api.service[103329]: DEBUG ovsdbapp.backend.ovs_idl.event [None req-9754b80a-19a4-40b1-bebd-88644217ad36 None None] Matched CREATE: ChassisBandwidthConfigEvent(events=('create', 'update'), table='Chassis', conditions=None, old_conditions=None), priority=20 to row=Chassis(uuid=cb49320f-b1e5-4adf-9281-1ba51e24413f, encaps=[730a7ca0-e0f1-47e6-baa3-b7d30a330718], external_ids={}, hostname='np0000173054', name='3a3c3b02-f579-47cd-a34c-ee8e8f21150f', nb_cfg=0, other_config={'ct-commit-nat-v2': 'true', 'ct-commit-to-zone': 'true', 'ct-next-zone': 'true', 'ct-no-masked-label': 'true', 'ct-state-save': 'true', 'datapath-type': 'system', 'fdb-timestamp': 'true', 'iface-types': 'afxdp,afxdp-nonpmd,bareudp,erspan,geneve,gre,gtpu,internal,ip6erspan,ip6gre,lisp,patch,srv6,stt,system,tap,vxlan', 'is-interconn': 'false', 'ls-dpg-column': 'true', 'mac-binding-timestamp': 'true', 'ovn-bridge-mappings': 'public:br-ex', 'ovn-chassis-mac-mappings': '', 'ovn-cms-options': 'enable-chassis-as-gw', 'ovn-ct-lb-related': 'true', 'ovn-enable-lflow-cache': 'true', 'ovn-limit-lflow-cache': '', 'ovn-memlimit-lflow-cache-kb': '', 'ovn-monitor-all': 'false', 'ovn-trim-limit-lflow-cache': '', 'ovn-trim-timeout-ms': '', 'ovn-trim-wmark-perc-lflow-cache': '', 'port-up-notif': 'true'}, transport_zones=[], vtep_logical_switches=[]) old= {{(pid=103329) matches /opt/stack/data/venv/lib/python3.12/site-packages/ovsdbapp/backend/ovs_idl/event.py:55}}
May 09 09:00:39.699484 np0000173054 devstack@neutron-api.service[103329]: DEBUG neutron.plugins.ml2.drivers.ovn.mech_driver.ovsdb.ovsdb_monitor [None req-9754b80a-19a4-40b1-bebd-88644217ad36 None None] ChassisAgentWriteEvent : Matched Chassis_Private, create, None None {{(pid=103329) matches /opt/stack/neutron/neutron/plugins/ml2/drivers/ovn/mech_driver/ovsdb/ovsdb_monitor.py:64}}
May 09 09:00:39.699727 np0000173054 devstack@neutron-api.service[103329]: DEBUG neutron.plugins.ml2.drivers.ovn.mech_driver.ovsdb.ovsdb_monitor [None req-9754b80a-19a4-40b1-bebd-88644217ad36 None None] ChassisOVNAgentWriteEvent : Matched Chassis_Private, create, None None {{(pid=103329) matches /opt/stack/neutron/neutron/plugins/ml2/drivers/ovn/mech_driver/ovsdb/ovsdb_monitor.py:64}}
May 09 09:00:39.701765 np0000173054 devstack@neutron-api.service[103329]: INFO neutron.plugins.ml2.drivers.ovn.mech_driver.mech_driver [None req-9754b80a-19a4-40b1-bebd-88644217ad36 None None] WorkerService process has finished the post initialization
May 09 09:00:39.702923 np0000173054 devstack@neutron-api.service[103329]: INFO neutron.plugins.ml2.drivers.ovn.mech_driver.ovsdb.extensions.qos [-] Starting OVNClientQosExtension
May 09 09:00:39.703239 np0000173054 devstack@neutron-api.service[103329]: INFO neutron.plugins.ml2.drivers.ovn.mech_driver.ovsdb.extensions.placement [-] Starting OVNClientPlacementExtension
May 09 09:00:39.705975 np0000173054 devstack@neutron-api.service[103329]: WSGI app 0 (mountpoint='') ready in 7 seconds on interpreter 0x71960caa3668 pid: 103329 (default app)
May 09 09:00:41.731540 np0000173054 devstack@neutron-api.service[103329]: DEBUG neutron.plugins.ml2.drivers.ovn.mech_driver.ovsdb.ovsdb_monitor [-] Hash Ring: Node 7839a740bfc95918aaca4b2cf8737220 (host: np0000173054) handling event "update" for row 95e3922c-c5f7-4c2b-82c5-050b26c4d41a (table: Connection) {{(pid=103329) notify /opt/stack/neutron/neutron/plugins/ml2/drivers/ovn/mech_driver/ovsdb/ovsdb_monitor.py:942}}
May 09 09:00:41.736400 np0000173054 devstack@neutron-api.service[103330]: DEBUG neutron.common.ovn.hash_ring_manager [-] Allow caching, nodes 4>=4 {{(pid=103330) _wait_startup_before_caching /opt/stack/neutron/neutron/common/ovn/hash_ring_manager.py:65}}
May 09 09:00:41.736400 np0000173054 devstack@neutron-api.service[103330]: DEBUG neutron.plugins.ml2.drivers.ovn.mech_driver.ovsdb.ovsdb_monitor [-] Hash Ring: Node 0b13e4859ad25d78a930e1f176ab3157 (host: np0000173054) handling event "update" for row 95e3922c-c5f7-4c2b-82c5-050b26c4d41a (table: Connection) {{(pid=103330) notify /opt/stack/neutron/neutron/plugins/ml2/drivers/ovn/mech_driver/ovsdb/ovsdb_monitor.py:942}}
May 09 09:00:44.231549 np0000173054 devstack@neutron-api.service[103330]: DEBUG neutron.plugins.ml2.drivers.ovn.mech_driver.ovsdb.ovsdb_monitor [-] Hash Ring: Node 0b13e4859ad25d78a930e1f176ab3157 (host: np0000173054) handling event "update" for row 95e3922c-c5f7-4c2b-82c5-050b26c4d41a (table: Connection) {{(pid=103330) notify /opt/stack/neutron/neutron/plugins/ml2/drivers/ovn/mech_driver/ovsdb/ovsdb_monitor.py:942}}
May 09 09:00:44.232833 np0000173054 devstack@neutron-api.service[103329]: DEBUG neutron.plugins.ml2.drivers.ovn.mech_driver.ovsdb.ovsdb_monitor [-] Hash Ring: Node 7839a740bfc95918aaca4b2cf8737220 (host: np0000173054) handling event "update" for row 95e3922c-c5f7-4c2b-82c5-050b26c4d41a (table: Connection) {{(pid=103329) notify /opt/stack/neutron/neutron/plugins/ml2/drivers/ovn/mech_driver/ovsdb/ovsdb_monitor.py:942}}
May 09 09:00:45.739780 np0000173054 devstack@neutron-api.service[103330]: DEBUG neutron.api.wsgi [None req-78eaf293-3a43-4f11-974c-6ec4dd7c022c admin admin] Missing Content-Type {{(pid=103330) get_content_type /opt/stack/neutron/neutron/api/wsgi.py:80}}
May 09 09:00:45.740514 np0000173054 devstack@neutron-api.service[103330]: DEBUG neutron.api.wsgi [None req-78eaf293-3a43-4f11-974c-6ec4dd7c022c admin admin] https://199.19.213.195/networking/v2.0/extensions returned with HTTP 200 {{(pid=103330) __call__ /opt/stack/neutron/neutron/api/wsgi.py:540}}
May 09 09:00:45.740676 np0000173054 devstack@neutron-api.service[103330]: [pid: 103330|app: 0|req: 2/2] 199.19.213.195 () {64 vars in 1323 bytes} [Sat May 9 09:00:45 2026] GET /networking/v2.0/extensions => generated 15209 bytes in 269 msecs (HTTP/1.1 200) 4 headers in 159 bytes (1 switches on core 0)
May 09 09:00:46.195610 np0000173054 devstack@neutron-api.service[103331]: DEBUG neutron.api.v2.base [None req-445c3016-4d31-456a-b252-cb8238d660b0 admin admin] Request body: {'subnetpool': {'prefixes': ['10.1.0.0/20'], 'default_prefixlen': 26, 'shared': True, 'name': 'shared-default-subnetpool-v4', 'is_default': True}} {{(pid=103331) prepare_request_body /opt/stack/neutron/neutron/api/v2/base.py:727}}
May 09 09:00:46.403289 np0000173054 devstack@neutron-api.service[103331]: DEBUG neutron.policy [None req-445c3016-4d31-456a-b252-cb8238d660b0 admin admin] Loaded default policies from ['neutron'] under neutron.policies entry points {{(pid=103331) register_rules /opt/stack/neutron/neutron/policy.py:65}}
May 09 09:00:46.556297 np0000173054 devstack@neutron-api.service[103331]: DEBUG neutron_lib.callbacks.manager [None req-445c3016-4d31-456a-b252-cb8238d660b0 admin admin] Publish callbacks ['neutron.objects.securitygroup.RbacNeutronDbObjectMixin.validate_rbac_policy_change-2881184289303', 'neutron.objects.address_group.RbacNeutronDbObjectMixin.validate_rbac_policy_change-2881184152409', 'neutron.objects.network.RbacNeutronDbObjectMixin.validate_rbac_policy_change-2881184320119', 'neutron.objects.qos.policy.RbacNeutronDbObjectMixin.validate_rbac_policy_change-2881184323913', 'neutron.objects.subnetpool.RbacNeutronDbObjectMixin.validate_rbac_policy_change-2881184302021', 'neutron.objects.address_scope.RbacNeutronDbObjectMixin.validate_rbac_policy_change-2881184301722', 'neutron.plugins.ml2.plugin.External_net_db_mixin._process_ext_policy_create-153588', 'neutron.plugins.ml2.plugin.NeutronDbPluginV2.validate_network_rbac_policy_change-173776'] for rbac-policy (None), before_create {{(pid=103331) _notify_loop /opt/stack/data/venv/lib/python3.12/site-packages/neutron_lib/callbacks/manager.py:184}}
May 09 09:00:46.605284 np0000173054 devstack@neutron-api.service[103331]: DEBUG neutron_lib.callbacks.manager [None req-445c3016-4d31-456a-b252-cb8238d660b0 admin admin] Publish callbacks [] for subnetpool (None), before_response {{(pid=103331) _notify_loop /opt/stack/data/venv/lib/python3.12/site-packages/neutron_lib/callbacks/manager.py:184}}
May 09 09:00:46.605767 np0000173054 devstack@neutron-api.service[103331]: [pid: 103331|app: 0|req: 1/3] 199.19.213.195 () {68 vars in 1367 bytes} [Sat May 9 09:00:46 2026] POST /networking/v2.0/subnetpools => generated 533 bytes in 539 msecs (HTTP/1.1 201) 4 headers in 162 bytes (1 switches on core 0)
May 09 09:00:46.937692 np0000173054 devstack@neutron-api.service[103332]: DEBUG neutron.api.v2.base [None req-f341b4a2-a3b7-43ab-8b1c-ec5e67553448 admin admin] Request body: {'subnetpool': {'prefixes': ['fd1a:e24f:f30e::/56'], 'default_prefixlen': 64, 'shared': True, 'name': 'shared-default-subnetpool-v6', 'is_default': True}} {{(pid=103332) prepare_request_body /opt/stack/neutron/neutron/api/v2/base.py:727}}
May 09 09:00:47.118642 np0000173054 devstack@neutron-api.service[103332]: DEBUG neutron.policy [None req-f341b4a2-a3b7-43ab-8b1c-ec5e67553448 admin admin] Loaded default policies from ['neutron'] under neutron.policies entry points {{(pid=103332) register_rules /opt/stack/neutron/neutron/policy.py:65}}
May 09 09:00:47.274380 np0000173054 devstack@neutron-api.service[103332]: DEBUG neutron_lib.callbacks.manager [None req-f341b4a2-a3b7-43ab-8b1c-ec5e67553448 admin admin] Publish callbacks ['neutron.objects.securitygroup.RbacNeutronDbObjectMixin.validate_rbac_policy_change-2881183906660', 'neutron.objects.address_group.RbacNeutronDbObjectMixin.validate_rbac_policy_change-2881183864025', 'neutron.objects.network.RbacNeutronDbObjectMixin.validate_rbac_policy_change-2881183870014', 'neutron.objects.qos.policy.RbacNeutronDbObjectMixin.validate_rbac_policy_change-2881183815988', 'neutron.objects.subnetpool.RbacNeutronDbObjectMixin.validate_rbac_policy_change-2881183818920', 'neutron.objects.address_scope.RbacNeutronDbObjectMixin.validate_rbac_policy_change-2881183819237', 'neutron.plugins.ml2.plugin.External_net_db_mixin._process_ext_policy_create-134853', 'neutron.plugins.ml2.plugin.NeutronDbPluginV2.validate_network_rbac_policy_change-71009'] for rbac-policy (None), before_create {{(pid=103332) _notify_loop /opt/stack/data/venv/lib/python3.12/site-packages/neutron_lib/callbacks/manager.py:184}}
May 09 09:00:47.325149 np0000173054 devstack@neutron-api.service[103332]: DEBUG neutron_lib.callbacks.manager [None req-f341b4a2-a3b7-43ab-8b1c-ec5e67553448 admin admin] Publish callbacks [] for subnetpool (None), before_response {{(pid=103332) _notify_loop /opt/stack/data/venv/lib/python3.12/site-packages/neutron_lib/callbacks/manager.py:184}}
May 09 09:00:47.325859 np0000173054 devstack@neutron-api.service[103332]: [pid: 103332|app: 0|req: 1/4] 199.19.213.195 () {68 vars in 1367 bytes} [Sat May 9 09:00:46 2026] POST /networking/v2.0/subnetpools => generated 543 bytes in 497 msecs (HTTP/1.1 201) 4 headers in 162 bytes (1 switches on core 0)
May 09 09:00:47.770539 np0000173054 devstack@neutron-api.service[103329]: DEBUG neutron.api.v2.base [None req-c0f20590-af40-4bc4-8ddd-be2352ccccce admin admin] Request body: {'network': {'admin_state_up': True, 'name': 'private'}} {{(pid=103329) prepare_request_body /opt/stack/neutron/neutron/api/v2/base.py:727}}
May 09 09:00:47.795139 np0000173054 devstack@neutron-api.service[103329]: DEBUG neutron.pecan_wsgi.hooks.quota_enforcement [None req-c0f20590-af40-4bc4-8ddd-be2352ccccce admin admin] Made reservation on behalf of 56cdea2c46254a97a28d4c5262cc78b8 for: {'network': 1} {{(pid=103329) before /opt/stack/neutron/neutron/pecan_wsgi/hooks/quota_enforcement.py:66}}
May 09 09:00:47.978596 np0000173054 devstack@neutron-api.service[103329]: DEBUG neutron.policy [None req-c0f20590-af40-4bc4-8ddd-be2352ccccce admin admin] Loaded default policies from ['neutron'] under neutron.policies entry points {{(pid=103329) register_rules /opt/stack/neutron/neutron/policy.py:65}}
May 09 09:00:48.093420 np0000173054 devstack@neutron-api.service[103329]: DEBUG neutron_lib.callbacks.manager [None req-c0f20590-af40-4bc4-8ddd-be2352ccccce admin admin] Publish callbacks ['neutron.plugins.ml2.plugin.SecurityGroupDbMixin._ensure_default_security_group_handler-220792'] for network (None), before_create {{(pid=103329) _notify_loop /opt/stack/data/venv/lib/python3.12/site-packages/neutron_lib/callbacks/manager.py:184}}
May 09 09:00:48.114516 np0000173054 devstack@neutron-api.service[103329]: DEBUG neutron_lib.callbacks.manager [None req-c0f20590-af40-4bc4-8ddd-be2352ccccce admin admin] Publish callbacks [] for security_group (None), before_create {{(pid=103329) _notify_loop /opt/stack/data/venv/lib/python3.12/site-packages/neutron_lib/callbacks/manager.py:184}}
May 09 09:00:48.204356 np0000173054 devstack@neutron-api.service[103329]: DEBUG neutron_lib.callbacks.manager [None req-c0f20590-af40-4bc4-8ddd-be2352ccccce admin admin] Publish callbacks ['neutron.plugins.ml2.drivers.ovn.mech_driver.mech_driver.OVNMechanismDriver._create_security_group_precommit-170785'] for security_group (910bf918-2367-4d8d-a8bb-e067cb71b199), precommit_create {{(pid=103329) _notify_loop /opt/stack/data/venv/lib/python3.12/site-packages/neutron_lib/callbacks/manager.py:184}}
May 09 09:00:48.204825 np0000173054 devstack@neutron-api.service[103329]: DEBUG neutron.db.ovn_revision_numbers_db [None req-c0f20590-af40-4bc4-8ddd-be2352ccccce admin admin] create_initial_revision uuid=910bf918-2367-4d8d-a8bb-e067cb71b199, type=security_groups, rev=-1 {{(pid=103329) create_initial_revision /opt/stack/neutron/neutron/db/ovn_revision_numbers_db.py:98}}
May 09 09:00:48.207312 np0000173054 devstack@neutron-api.service[103329]: DEBUG neutron.db.ovn_revision_numbers_db [None req-c0f20590-af40-4bc4-8ddd-be2352ccccce admin admin] create_initial_revision uuid=13493aa0-3eb0-43b7-a7dd-e525e2098e2f, type=security_group_rules, rev=-1 {{(pid=103329) create_initial_revision /opt/stack/neutron/neutron/db/ovn_revision_numbers_db.py:98}}
May 09 09:00:48.208404 np0000173054 devstack@neutron-api.service[103329]: DEBUG neutron.db.ovn_revision_numbers_db [None req-c0f20590-af40-4bc4-8ddd-be2352ccccce admin admin] create_initial_revision uuid=19102cac-b4fa-4892-bc6f-6229b507dc04, type=security_group_rules, rev=-1 {{(pid=103329) create_initial_revision /opt/stack/neutron/neutron/db/ovn_revision_numbers_db.py:98}}
May 09 09:00:48.209460 np0000173054 devstack@neutron-api.service[103329]: DEBUG neutron.db.ovn_revision_numbers_db [None req-c0f20590-af40-4bc4-8ddd-be2352ccccce admin admin] create_initial_revision uuid=64349c95-445a-4531-bd75-9d5b7563ef97, type=security_group_rules, rev=-1 {{(pid=103329) create_initial_revision /opt/stack/neutron/neutron/db/ovn_revision_numbers_db.py:98}}
May 09 09:00:48.210410 np0000173054 devstack@neutron-api.service[103329]: DEBUG neutron.db.ovn_revision_numbers_db [None req-c0f20590-af40-4bc4-8ddd-be2352ccccce admin admin] create_initial_revision uuid=fbf6de56-d478-4fb5-a2c7-e0149bdd13af, type=security_group_rules, rev=-1 {{(pid=103329) create_initial_revision /opt/stack/neutron/neutron/db/ovn_revision_numbers_db.py:98}}
May 09 09:00:48.216609 np0000173054 devstack@neutron-api.service[103329]: DEBUG neutron_lib.callbacks.manager [None req-c0f20590-af40-4bc4-8ddd-be2352ccccce admin admin] Publish callbacks ['neutron.plugins.ml2.drivers.ovn.mech_driver.mech_driver.OVNMechanismDriver._create_security_group-170815', 'neutron.plugins.ml2.ovo_rpc._ObjectChangeHandler.handle_event-1904787'] for security_group (910bf918-2367-4d8d-a8bb-e067cb71b199), after_create {{(pid=103329) _notify_loop /opt/stack/data/venv/lib/python3.12/site-packages/neutron_lib/callbacks/manager.py:184}}
May 09 09:00:48.217850 np0000173054 devstack@neutron-api.service[103329]: DEBUG ovsdbapp.backend.ovs_idl.transaction [-] Running txn n=1 command(idx=0): PgAddCommand(_result=None, name=pg_910bf918_2367_4d8d_a8bb_e067cb71b199, may_exist=False, columns={'acls': [], 'external_ids': {'neutron:security_group_id': '910bf918-2367-4d8d-a8bb-e067cb71b199'}}) {{(pid=103329) do_commit /opt/stack/data/venv/lib/python3.12/site-packages/ovsdbapp/backend/ovs_idl/transaction.py:89}}
May 09 09:00:48.219576 np0000173054 devstack@neutron-api.service[103329]: DEBUG ovsdbapp.backend.ovs_idl.transaction [-] Running txn n=1 command(idx=1): PgAclAddCommand(_result=None, entity=pg_910bf918_2367_4d8d_a8bb_e067cb71b199, direction=from-lport, priority=1002, match=inport == @pg_910bf918_2367_4d8d_a8bb_e067cb71b199 && ip6, action=allow-related, log=False, may_exist=True, severity=[], name=[], meter=[], external_ids={'neutron:security_group_rule_id': '13493aa0-3eb0-43b7-a7dd-e525e2098e2f'}) {{(pid=103329) do_commit /opt/stack/data/venv/lib/python3.12/site-packages/ovsdbapp/backend/ovs_idl/transaction.py:89}}
May 09 09:00:48.220094 np0000173054 devstack@neutron-api.service[103329]: DEBUG ovsdbapp.backend.ovs_idl.transaction [-] Running txn n=1 command(idx=2): PgAclAddCommand(_result=None, entity=pg_910bf918_2367_4d8d_a8bb_e067cb71b199, direction=to-lport, priority=1002, match=outport == @pg_910bf918_2367_4d8d_a8bb_e067cb71b199 && ip4 && ip4.src == $pg_910bf918_2367_4d8d_a8bb_e067cb71b199_ip4, action=allow-related, log=False, may_exist=True, severity=[], name=[], meter=[], external_ids={'neutron:security_group_rule_id': '19102cac-b4fa-4892-bc6f-6229b507dc04'}) {{(pid=103329) do_commit /opt/stack/data/venv/lib/python3.12/site-packages/ovsdbapp/backend/ovs_idl/transaction.py:89}}
May 09 09:00:48.220458 np0000173054 devstack@neutron-api.service[103329]: DEBUG ovsdbapp.backend.ovs_idl.transaction [-] Running txn n=1 command(idx=3): PgAclAddCommand(_result=None, entity=pg_910bf918_2367_4d8d_a8bb_e067cb71b199, direction=to-lport, priority=1002, match=outport == @pg_910bf918_2367_4d8d_a8bb_e067cb71b199 && ip6 && ip6.src == $pg_910bf918_2367_4d8d_a8bb_e067cb71b199_ip6, action=allow-related, log=False, may_exist=True, severity=[], name=[], meter=[], external_ids={'neutron:security_group_rule_id': '64349c95-445a-4531-bd75-9d5b7563ef97'}) {{(pid=103329) do_commit /opt/stack/data/venv/lib/python3.12/site-packages/ovsdbapp/backend/ovs_idl/transaction.py:89}}
May 09 09:00:48.220941 np0000173054 devstack@neutron-api.service[103329]: DEBUG ovsdbapp.backend.ovs_idl.transaction [-] Running txn n=1 command(idx=4): PgAclAddCommand(_result=None, entity=pg_910bf918_2367_4d8d_a8bb_e067cb71b199, direction=from-lport, priority=1002, match=inport == @pg_910bf918_2367_4d8d_a8bb_e067cb71b199 && ip4, action=allow-related, log=False, may_exist=True, severity=[], name=[], meter=[], external_ids={'neutron:security_group_rule_id': 'fbf6de56-d478-4fb5-a2c7-e0149bdd13af'}) {{(pid=103329) do_commit /opt/stack/data/venv/lib/python3.12/site-packages/ovsdbapp/backend/ovs_idl/transaction.py:89}}
May 09 09:00:48.263915 np0000173054 devstack@neutron-api.service[103330]: DEBUG neutron.plugins.ml2.drivers.ovn.mech_driver.ovsdb.ovsdb_monitor [-] Hash Ring: Node 0b13e4859ad25d78a930e1f176ab3157 (host: np0000173054) handling event "create" for row 221111c8-4f63-4c2e-be6d-bf0669091307 (table: ACL) {{(pid=103330) notify /opt/stack/neutron/neutron/plugins/ml2/drivers/ovn/mech_driver/ovsdb/ovsdb_monitor.py:942}}
May 09 09:00:48.264552 np0000173054 devstack@neutron-api.service[103330]: DEBUG neutron.plugins.ml2.drivers.ovn.mech_driver.ovsdb.ovsdb_monitor [-] Hash Ring: Node 0b13e4859ad25d78a930e1f176ab3157 (host: np0000173054) handling event "create" for row 2a74f5ed-ac1e-4b22-bd1c-1a01f80884b9 (table: ACL) {{(pid=103330) notify /opt/stack/neutron/neutron/plugins/ml2/drivers/ovn/mech_driver/ovsdb/ovsdb_monitor.py:942}}
May 09 09:00:48.264552 np0000173054 devstack@neutron-api.service[103330]: DEBUG neutron.plugins.ml2.drivers.ovn.mech_driver.ovsdb.ovsdb_monitor [-] Hash Ring: Node 0b13e4859ad25d78a930e1f176ab3157 (host: np0000173054) handling event "create" for row a9c1c932-ccbe-4c34-b35f-de2864433ea3 (table: ACL) {{(pid=103330) notify /opt/stack/neutron/neutron/plugins/ml2/drivers/ovn/mech_driver/ovsdb/ovsdb_monitor.py:942}}
May 09 09:00:48.264552 np0000173054 devstack@neutron-api.service[103330]: DEBUG neutron.plugins.ml2.drivers.ovn.mech_driver.ovsdb.ovsdb_monitor [-] Hash Ring: Node 0b13e4859ad25d78a930e1f176ab3157 (host: np0000173054) handling event "create" for row cdef832d-4c20-4750-bd64-1964d8eee505 (table: ACL) {{(pid=103330) notify /opt/stack/neutron/neutron/plugins/ml2/drivers/ovn/mech_driver/ovsdb/ovsdb_monitor.py:942}}
May 09 09:00:48.264850 np0000173054 devstack@neutron-api.service[103330]: DEBUG neutron.plugins.ml2.drivers.ovn.mech_driver.ovsdb.ovsdb_monitor [-] Hash Ring: Node 0b13e4859ad25d78a930e1f176ab3157 (host: np0000173054) handling event "create" for row 00cbb690-c400-4b56-866f-b8eed9dfd742 (table: Port_Group) {{(pid=103330) notify /opt/stack/neutron/neutron/plugins/ml2/drivers/ovn/mech_driver/ovsdb/ovsdb_monitor.py:942}}
May 09 09:00:48.264946 np0000173054 devstack@neutron-api.service[103329]: DEBUG neutron.plugins.ml2.drivers.ovn.mech_driver.ovsdb.ovsdb_monitor [-] Hash Ring: Node 7839a740bfc95918aaca4b2cf8737220 (host: np0000173054) handling event "create" for row a9c1c932-ccbe-4c34-b35f-de2864433ea3 (table: ACL) {{(pid=103329) notify /opt/stack/neutron/neutron/plugins/ml2/drivers/ovn/mech_driver/ovsdb/ovsdb_monitor.py:942}}
May 09 09:00:48.265304 np0000173054 devstack@neutron-api.service[103332]: DEBUG neutron.plugins.ml2.drivers.ovn.mech_driver.ovsdb.ovsdb_monitor [-] Hash Ring: Node cc2329eb0fc85ed5b3fcc29ade754b61 (host: np0000173054) handling event "create" for row 00cbb690-c400-4b56-866f-b8eed9dfd742 (table: Port_Group) {{(pid=103332) notify /opt/stack/neutron/neutron/plugins/ml2/drivers/ovn/mech_driver/ovsdb/ovsdb_monitor.py:942}}
May 09 09:00:48.266547 np0000173054 devstack@neutron-api.service[103331]: DEBUG neutron.plugins.ml2.drivers.ovn.mech_driver.ovsdb.ovsdb_monitor [-] Hash Ring: Node 8e634b2b475559b0a4a2e6f0cb4825e6 (host: np0000173054) handling event "create" for row 221111c8-4f63-4c2e-be6d-bf0669091307 (table: ACL) {{(pid=103331) notify /opt/stack/neutron/neutron/plugins/ml2/drivers/ovn/mech_driver/ovsdb/ovsdb_monitor.py:942}}
May 09 09:00:48.267041 np0000173054 devstack@neutron-api.service[103331]: DEBUG neutron.plugins.ml2.drivers.ovn.mech_driver.ovsdb.ovsdb_monitor [-] Hash Ring: Node 8e634b2b475559b0a4a2e6f0cb4825e6 (host: np0000173054) handling event "create" for row cdef832d-4c20-4750-bd64-1964d8eee505 (table: ACL) {{(pid=103331) notify /opt/stack/neutron/neutron/plugins/ml2/drivers/ovn/mech_driver/ovsdb/ovsdb_monitor.py:942}}
May 09 09:00:48.299735 np0000173054 devstack@neutron-api.service[103329]: INFO neutron.db.ovn_revision_numbers_db [None req-c0f20590-af40-4bc4-8ddd-be2352ccccce admin admin] Successfully bumped revision number for resource 910bf918-2367-4d8d-a8bb-e067cb71b199 (type: security_groups) to 1
May 09 09:00:48.319141 np0000173054 devstack@neutron-api.service[103329]: INFO neutron.db.ovn_revision_numbers_db [None req-c0f20590-af40-4bc4-8ddd-be2352ccccce admin admin] Successfully bumped revision number for resource 13493aa0-3eb0-43b7-a7dd-e525e2098e2f (type: security_group_rules) to 0
May 09 09:00:48.332998 np0000173054 devstack@neutron-api.service[103329]: INFO neutron.db.ovn_revision_numbers_db [None req-c0f20590-af40-4bc4-8ddd-be2352ccccce admin admin] Successfully bumped revision number for resource 19102cac-b4fa-4892-bc6f-6229b507dc04 (type: security_group_rules) to 0
May 09 09:00:48.349699 np0000173054 devstack@neutron-api.service[103329]: INFO neutron.db.ovn_revision_numbers_db [None req-c0f20590-af40-4bc4-8ddd-be2352ccccce admin admin] Successfully bumped revision number for resource 64349c95-445a-4531-bd75-9d5b7563ef97 (type: security_group_rules) to 0
May 09 09:00:48.362996 np0000173054 devstack@neutron-api.service[103329]: INFO neutron.db.ovn_revision_numbers_db [None req-c0f20590-af40-4bc4-8ddd-be2352ccccce admin admin] Successfully bumped revision number for resource fbf6de56-d478-4fb5-a2c7-e0149bdd13af (type: security_group_rules) to 0
May 09 09:00:48.386242 np0000173054 devstack@neutron-api.service[103329]: DEBUG neutron.api.rpc.handlers.resources_rpc [None req-c0f20590-af40-4bc4-8ddd-be2352ccccce admin admin] Pushing event updated for resources: {'SecurityGroup': ['ID=910bf918-2367-4d8d-a8bb-e067cb71b199,revision_number=1']} {{(pid=103329) push /opt/stack/neutron/neutron/api/rpc/handlers/resources_rpc.py:237}}
May 09 09:00:48.393200 np0000173054 devstack@neutron-api.service[103329]: DEBUG ovsdbapp.backend.ovs_idl.transaction [-] Running txn n=1 command(idx=0): CheckLivenessCommand(_result=None) {{(pid=103329) do_commit /opt/stack/data/venv/lib/python3.12/site-packages/ovsdbapp/backend/ovs_idl/transaction.py:89}}
May 09 09:00:48.397226 np0000173054 devstack@neutron-api.service[103330]: DEBUG neutron.plugins.ml2.drivers.ovn.mech_driver.ovsdb.ovsdb_monitor [-] Hash Ring: Node 0b13e4859ad25d78a930e1f176ab3157 (host: np0000173054) handling event "update" for row 2ef4460b-82e7-44e2-ba2e-7fd6b18339b9 (table: NB_Global) {{(pid=103330) notify /opt/stack/neutron/neutron/plugins/ml2/drivers/ovn/mech_driver/ovsdb/ovsdb_monitor.py:942}}
May 09 09:00:48.397728 np0000173054 devstack@neutron-api.service[103330]: DEBUG neutron.plugins.ml2.drivers.ovn.mech_driver.ovsdb.ovsdb_monitor [-] Hash Ring: Node 0b13e4859ad25d78a930e1f176ab3157 (host: np0000173054) handling event "update" for row 2ef4460b-82e7-44e2-ba2e-7fd6b18339b9 (table: NB_Global) {{(pid=103330) notify /opt/stack/neutron/neutron/plugins/ml2/drivers/ovn/mech_driver/ovsdb/ovsdb_monitor.py:942}}
May 09 09:00:48.398331 np0000173054 devstack@neutron-api.service[103331]: DEBUG neutron.plugins.ml2.drivers.ovn.mech_driver.ovsdb.ovsdb_monitor [-] Hash Ring: Node 8e634b2b475559b0a4a2e6f0cb4825e6 (host: np0000173054) handling event "update" for row 2ef4460b-82e7-44e2-ba2e-7fd6b18339b9 (table: NB_Global) {{(pid=103331) notify /opt/stack/neutron/neutron/plugins/ml2/drivers/ovn/mech_driver/ovsdb/ovsdb_monitor.py:942}}
May 09 09:00:48.400741 np0000173054 devstack@neutron-api.service[103331]: DEBUG neutron.plugins.ml2.drivers.ovn.mech_driver.ovsdb.ovsdb_monitor [-] Hash Ring: Node 8e634b2b475559b0a4a2e6f0cb4825e6 (host: np0000173054) handling event "update" for row 2ef4460b-82e7-44e2-ba2e-7fd6b18339b9 (table: NB_Global) {{(pid=103331) notify /opt/stack/neutron/neutron/plugins/ml2/drivers/ovn/mech_driver/ovsdb/ovsdb_monitor.py:942}}
May 09 09:00:48.401768 np0000173054 devstack@neutron-api.service[103329]: DEBUG neutron.api.rpc.callbacks.version_manager [None req-c0f20590-af40-4bc4-8ddd-be2352ccccce admin admin] Tracked resource versions report:
May 09 09:00:48.401768 np0000173054 devstack@neutron-api.service[103329]: pushed versions:
May 09 09:00:48.401768 np0000173054 devstack@neutron-api.service[103329]: { 'AddressGroup': {'1.2'},
May 09 09:00:48.401768 np0000173054 devstack@neutron-api.service[103329]: 'Agent': {'1.1'},
May 09 09:00:48.401768 np0000173054 devstack@neutron-api.service[103329]: 'ConntrackHelper': {'1.0'},
May 09 09:00:48.401768 np0000173054 devstack@neutron-api.service[103329]: 'LocalIPAssociation': {'1.0'},
May 09 09:00:48.401768 np0000173054 devstack@neutron-api.service[103329]: 'Log': {'1.0'},
May 09 09:00:48.401768 np0000173054 devstack@neutron-api.service[103329]: 'NDPProxy': {'1.0'},
May 09 09:00:48.401768 np0000173054 devstack@neutron-api.service[103329]: 'Network': {'1.2'},
May 09 09:00:48.401768 np0000173054 devstack@neutron-api.service[103329]: 'Port': {'1.10'},
May 09 09:00:48.401768 np0000173054 devstack@neutron-api.service[103329]: 'PortForwarding': {'1.3'},
May 09 09:00:48.401768 np0000173054 devstack@neutron-api.service[103329]: 'QosPolicy': {'1.10'},
May 09 09:00:48.401768 np0000173054 devstack@neutron-api.service[103329]: 'SecurityGroup': {'1.6'},
May 09 09:00:48.401768 np0000173054 devstack@neutron-api.service[103329]: 'SecurityGroupRule': {'1.3'},
May 09 09:00:48.401768 np0000173054 devstack@neutron-api.service[103329]: 'SubPort': {'1.0'},
May 09 09:00:48.401768 np0000173054 devstack@neutron-api.service[103329]: 'Subnet': {'1.2'},
May 09 09:00:48.401768 np0000173054 devstack@neutron-api.service[103329]: 'Trunk': {'1.1'}}
May 09 09:00:48.401768 np0000173054 devstack@neutron-api.service[103329]: consumer versions:
May 09 09:00:48.401768 np0000173054 devstack@neutron-api.service[103329]: {}
May 09 09:00:48.401768 np0000173054 devstack@neutron-api.service[103329]: {{(pid=103329) report /opt/stack/neutron/neutron/api/rpc/callbacks/version_manager.py:183}}
May 09 09:00:48.403249 np0000173054 devstack@neutron-api.service[103331]: DEBUG neutron.plugins.ml2.drivers.ovn.mech_driver.ovsdb.ovsdb_monitor [-] ChassisAgentWriteEvent : Matched Chassis_Private, update, None None {{(pid=103331) matches /opt/stack/neutron/neutron/plugins/ml2/drivers/ovn/mech_driver/ovsdb/ovsdb_monitor.py:64}}
May 09 09:00:48.403628 np0000173054 devstack@neutron-api.service[103330]: DEBUG neutron.plugins.ml2.drivers.ovn.mech_driver.ovsdb.ovsdb_monitor [-] ChassisAgentWriteEvent : Matched Chassis_Private, update, None None {{(pid=103330) matches /opt/stack/neutron/neutron/plugins/ml2/drivers/ovn/mech_driver/ovsdb/ovsdb_monitor.py:64}}
May 09 09:00:48.403898 np0000173054 devstack@neutron-api.service[103331]: DEBUG neutron.plugins.ml2.drivers.ovn.mech_driver.ovsdb.ovsdb_monitor [-] Hash Ring: Node 8e634b2b475559b0a4a2e6f0cb4825e6 (host: np0000173054) handling event "update" for row 2ef4460b-82e7-44e2-ba2e-7fd6b18339b9 (table: NB_Global) {{(pid=103331) notify /opt/stack/neutron/neutron/plugins/ml2/drivers/ovn/mech_driver/ovsdb/ovsdb_monitor.py:942}}
May 09 09:00:48.403966 np0000173054 devstack@neutron-api.service[103332]: DEBUG neutron.plugins.ml2.drivers.ovn.mech_driver.ovsdb.ovsdb_monitor [-] ChassisAgentWriteEvent : Matched Chassis_Private, update, None None {{(pid=103332) matches /opt/stack/neutron/neutron/plugins/ml2/drivers/ovn/mech_driver/ovsdb/ovsdb_monitor.py:64}}
May 09 09:00:48.404042 np0000173054 devstack@neutron-api.service[103331]: DEBUG neutron.plugins.ml2.drivers.ovn.mech_driver.ovsdb.ovsdb_monitor [-] Hash Ring: Node 8e634b2b475559b0a4a2e6f0cb4825e6 (host: np0000173054) handling event "update" for row 2ef4460b-82e7-44e2-ba2e-7fd6b18339b9 (table: NB_Global) {{(pid=103331) notify /opt/stack/neutron/neutron/plugins/ml2/drivers/ovn/mech_driver/ovsdb/ovsdb_monitor.py:942}}
May 09 09:00:48.405017 np0000173054 devstack@neutron-api.service[103330]: DEBUG neutron.plugins.ml2.drivers.ovn.mech_driver.ovsdb.ovsdb_monitor [-] Hash Ring: Node 0b13e4859ad25d78a930e1f176ab3157 (host: np0000173054) handling event "update" for row 2ef4460b-82e7-44e2-ba2e-7fd6b18339b9 (table: NB_Global) {{(pid=103330) notify /opt/stack/neutron/neutron/plugins/ml2/drivers/ovn/mech_driver/ovsdb/ovsdb_monitor.py:942}}
May 09 09:00:48.406716 np0000173054 devstack@neutron-api.service[103331]: DEBUG neutron.plugins.ml2.drivers.ovn.mech_driver.ovsdb.ovsdb_monitor [-] ChassisOVNAgentWriteEvent : Matched Chassis_Private, update, None None {{(pid=103331) matches /opt/stack/neutron/neutron/plugins/ml2/drivers/ovn/mech_driver/ovsdb/ovsdb_monitor.py:64}}
May 09 09:00:48.407669 np0000173054 devstack@neutron-api.service[103330]: DEBUG neutron.plugins.ml2.drivers.ovn.mech_driver.ovsdb.ovsdb_monitor [-] Hash Ring: Node 0b13e4859ad25d78a930e1f176ab3157 (host: np0000173054) handling event "update" for row 2ef4460b-82e7-44e2-ba2e-7fd6b18339b9 (table: NB_Global) {{(pid=103330) notify /opt/stack/neutron/neutron/plugins/ml2/drivers/ovn/mech_driver/ovsdb/ovsdb_monitor.py:942}}
May 09 09:00:48.410024 np0000173054 devstack@neutron-api.service[103330]: DEBUG neutron.common.ovn.hash_ring_manager [-] Allow caching, nodes 4>=4 {{(pid=103330) _wait_startup_before_caching /opt/stack/neutron/neutron/common/ovn/hash_ring_manager.py:65}}
May 09 09:00:48.410138 np0000173054 devstack@neutron-api.service[103330]: DEBUG neutron.plugins.ml2.drivers.ovn.mech_driver.ovsdb.ovsdb_monitor [-] Hash Ring: Node 0b13e4859ad25d78a930e1f176ab3157 (host: np0000173054) handling event "update" for row ae06a43a-4f18-4323-87ed-5865003b58d6 (table: Chassis_Private) {{(pid=103330) notify /opt/stack/neutron/neutron/plugins/ml2/drivers/ovn/mech_driver/ovsdb/ovsdb_monitor.py:942}}
May 09 09:00:48.410187 np0000173054 devstack@neutron-api.service[103329]: DEBUG neutron.plugins.ml2.drivers.ovn.mech_driver.ovsdb.ovsdb_monitor [-] ChassisAgentWriteEvent : Matched Chassis_Private, update, None None {{(pid=103329) matches /opt/stack/neutron/neutron/plugins/ml2/drivers/ovn/mech_driver/ovsdb/ovsdb_monitor.py:64}}
May 09 09:00:48.410683 np0000173054 devstack@neutron-api.service[103332]: DEBUG neutron.plugins.ml2.drivers.ovn.mech_driver.ovsdb.ovsdb_monitor [-] ChassisOVNAgentWriteEvent : Matched Chassis_Private, update, None None {{(pid=103332) matches /opt/stack/neutron/neutron/plugins/ml2/drivers/ovn/mech_driver/ovsdb/ovsdb_monitor.py:64}}
May 09 09:00:48.411097 np0000173054 devstack@neutron-api.service[103330]: DEBUG neutron.plugins.ml2.drivers.ovn.mech_driver.ovsdb.ovsdb_monitor [-] ChassisOVNAgentWriteEvent : Matched Chassis_Private, update, None None {{(pid=103330) matches /opt/stack/neutron/neutron/plugins/ml2/drivers/ovn/mech_driver/ovsdb/ovsdb_monitor.py:64}}
May 09 09:00:48.411481 np0000173054 devstack@neutron-api.service[103330]: DEBUG neutron.plugins.ml2.drivers.ovn.mech_driver.ovsdb.ovsdb_monitor [-] Hash Ring: Node 0b13e4859ad25d78a930e1f176ab3157 (host: np0000173054) handling event "update" for row ae06a43a-4f18-4323-87ed-5865003b58d6 (table: Chassis_Private) {{(pid=103330) notify /opt/stack/neutron/neutron/plugins/ml2/drivers/ovn/mech_driver/ovsdb/ovsdb_monitor.py:942}}
May 09 09:00:48.411848 np0000173054 devstack@neutron-api.service[103329]: DEBUG neutron.plugins.ml2.drivers.ovn.mech_driver.ovsdb.ovsdb_monitor [-] ChassisOVNAgentWriteEvent : Matched Chassis_Private, update, None None {{(pid=103329) matches /opt/stack/neutron/neutron/plugins/ml2/drivers/ovn/mech_driver/ovsdb/ovsdb_monitor.py:64}}
May 09 09:00:48.467898 np0000173054 devstack@neutron-api.service[103329]: DEBUG neutron.plugins.ml2.drivers.helpers [None req-c0f20590-af40-4bc4-8ddd-be2352ccccce admin admin] geneve segment allocate from pool success with {'geneve_vni': 53733} {{(pid=103329) allocate_partially_specified_segment /opt/stack/neutron/neutron/plugins/ml2/drivers/helpers.py:142}}
May 09 09:00:48.480892 np0000173054 devstack@neutron-api.service[103329]: DEBUG neutron_lib.callbacks.manager [None req-c0f20590-af40-4bc4-8ddd-be2352ccccce admin admin] Publish callbacks ['neutron.services.segments.db._add_segment_host_mapping_for_segment-7805572397920', 'neutron.plugins.ml2.plugin.Ml2Plugin._handle_segment_change-477884'] for segment (e3aa0c57-c0ea-44f3-9957-8f3f2690d362), precommit_create {{(pid=103329) _notify_loop /opt/stack/data/venv/lib/python3.12/site-packages/neutron_lib/callbacks/manager.py:184}}
May 09 09:00:48.481088 np0000173054 devstack@neutron-api.service[103329]: INFO neutron.db.segments_db [None req-c0f20590-af40-4bc4-8ddd-be2352ccccce admin admin] Added segment e3aa0c57-c0ea-44f3-9957-8f3f2690d362 of type geneve for network c160ea8b-511d-4611-86ab-4158cd20e54a
May 09 09:00:48.532830 np0000173054 devstack@neutron-api.service[103329]: DEBUG neutron_lib.callbacks.manager [None req-c0f20590-af40-4bc4-8ddd-be2352ccccce admin admin] Publish callbacks ['neutron.services.auto_allocate.db._ensure_external_network_default_value_callback-7805570377812'] for network (c160ea8b-511d-4611-86ab-4158cd20e54a), precommit_create {{(pid=103329) _notify_loop /opt/stack/data/venv/lib/python3.12/site-packages/neutron_lib/callbacks/manager.py:184}}
May 09 09:00:48.547697 np0000173054 devstack@neutron-api.service[103329]: DEBUG neutron.plugins.ml2.drivers.ovn.mech_driver.mech_driver [None req-c0f20590-af40-4bc4-8ddd-be2352ccccce admin admin] Validating network segment with type geneve, segmentation ID 53733, physical network None {{(pid=103329) _validate_network_segments /opt/stack/neutron/neutron/plugins/ml2/drivers/ovn/mech_driver/mech_driver.py:641}}
