Aug 22 18:23:27.059007 np0000190687 devstack@n-api.service[98487]: DEBUG dbcounter [-] [98487] Writing DB stats nova_cell1:SELECT=1 {{(pid=98487) stat_writer /opt/stack/data/venv/lib/python3.12/site-packages/dbcounter.py:115}}
Aug 22 18:23:27.106672 np0000190687 devstack@n-api.service[98487]: DEBUG dbcounter [-] [98487] Writing DB stats nova_api:SELECT=2 {{(pid=98487) stat_writer /opt/stack/data/venv/lib/python3.12/site-packages/dbcounter.py:115}}
Aug 22 18:23:50.578731 np0000190687 devstack@n-api.service[98486]: DEBUG nova.api.openstack.wsgi [None req-244281ee-6f2c-425c-8836-88fb9b47945b admin admin] Calling method '>' {{(pid=98486) _process_stack /opt/stack/nova/nova/api/openstack/wsgi.py:551}}
Aug 22 18:23:50.584251 np0000190687 devstack@n-api.service[98486]: INFO nova.api.openstack.requestlog [None req-244281ee-6f2c-425c-8836-88fb9b47945b admin admin] 199.204.45.205 "GET /compute/v2.1" status: 200 len: 393 microversion: 2.1 time: 0.005956
Aug 22 18:23:50.584613 np0000190687 devstack@n-api.service[98486]: [pid: 98486|app: 0|req: 15/61] 199.204.45.205 () {62 vars in 1063 bytes} [Sat Aug 22 18:23:50 2026] GET /compute/v2.1 => generated 393 bytes in 7 msecs (HTTP/1.1 200) 9 headers in 357 bytes (1 switches on core 0)
Aug 22 18:23:50.620040 np0000190687 devstack@n-api.service[98483]: DEBUG nova.api.openstack.wsgi [None req-94c0cd9f-e788-423b-961c-deb54f9afe56 admin admin] Calling method '>' {{(pid=98483) _process_stack /opt/stack/nova/nova/api/openstack/wsgi.py:551}}
Aug 22 18:23:50.623639 np0000190687 devstack@n-api.service[98483]: INFO nova.api.openstack.requestlog [None req-94c0cd9f-e788-423b-961c-deb54f9afe56 admin admin] 199.204.45.205 "GET /compute/v2.1/" status: 200 len: 393 microversion: 2.1 time: 0.003960
Aug 22 18:23:50.623879 np0000190687 devstack@n-api.service[98483]: [pid: 98483|app: 0|req: 16/62] 199.204.45.205 () {62 vars in 1066 bytes} [Sat Aug 22 18:23:50 2026] GET /compute/v2.1/ => generated 393 bytes in 5 msecs (HTTP/1.1 200) 9 headers in 357 bytes (2 switches on core 0)
Aug 22 18:23:50.655601 np0000190687 devstack@n-api.service[98484]: DEBUG nova.api.openstack.wsgi [None req-1bc2c0f5-2143-4de2-b0d2-6c0ba03827a5 demo demo] Calling method '>' {{(pid=98484) _process_stack /opt/stack/nova/nova/api/openstack/wsgi.py:551}}
Aug 22 18:23:50.682887 np0000190687 devstack@n-api.service[98484]: INFO nova.api.openstack.requestlog [None req-1bc2c0f5-2143-4de2-b0d2-6c0ba03827a5 demo demo] 199.204.45.205 "GET /compute/v2.1/flavors/detail?is_public=None" status: 200 len: 5262 microversion: 2.61 time: 0.029715
Aug 22 18:23:50.683148 np0000190687 devstack@n-api.service[98484]: [pid: 98484|app: 0|req: 16/63] 199.204.45.205 () {68 vars in 1424 bytes} [Sat Aug 22 18:23:50 2026] GET /compute/v2.1/flavors/detail?is_public=None => generated 5262 bytes in 30 msecs (HTTP/1.1 200) 9 headers in 360 bytes (1 switches on core 0)
Aug 22 18:23:50.738004 np0000190687 devstack@n-api.service[98487]: DEBUG nova.api.openstack.wsgi [None req-14918f1e-46a9-47bd-a75a-63e881340a38 demo demo] Calling method '>' {{(pid=98487) _process_stack /opt/stack/nova/nova/api/openstack/wsgi.py:551}}
Aug 22 18:23:50.766448 np0000190687 devstack@n-api.service[98487]: INFO nova.api.openstack.requestlog [None req-14918f1e-46a9-47bd-a75a-63e881340a38 demo demo] 199.204.45.205 "GET /compute/v2.1/flavors/detail?is_public=None" status: 200 len: 5262 microversion: 2.61 time: 0.032593
Aug 22 18:23:50.766774 np0000190687 devstack@n-api.service[98487]: [pid: 98487|app: 0|req: 17/64] 199.204.45.205 () {68 vars in 1424 bytes} [Sat Aug 22 18:23:50 2026] GET /compute/v2.1/flavors/detail?is_public=None => generated 5262 bytes in 34 msecs (HTTP/1.1 200) 9 headers in 360 bytes (1 switches on core 0)
Aug 22 18:23:51.053213 np0000190687 devstack@n-api.service[98486]: DEBUG nova.api.openstack.wsgi [None req-244281ee-6f2c-425c-8836-88fb9b47945b admin admin] Calling method '>' {{(pid=98486) _process_stack /opt/stack/nova/nova/api/openstack/wsgi.py:551}}
Aug 22 18:23:51.057915 np0000190687 devstack@n-api.service[98486]: INFO nova.api.openstack.requestlog [None req-244281ee-6f2c-425c-8836-88fb9b47945b admin admin] 199.204.45.205 "GET /compute/v2.1" status: 200 len: 393 microversion: 2.1 time: 0.005452
Aug 22 18:23:51.058277 np0000190687 devstack@n-api.service[98486]: [pid: 98486|app: 0|req: 16/65] 199.204.45.205 () {62 vars in 1063 bytes} [Sat Aug 22 18:23:51 2026] GET /compute/v2.1 => generated 393 bytes in 6 msecs (HTTP/1.1 200) 9 headers in 357 bytes (1 switches on core 0)
Aug 22 18:23:51.088982 np0000190687 devstack@n-api.service[98483]: DEBUG nova.api.openstack.wsgi [None req-94c0cd9f-e788-423b-961c-deb54f9afe56 admin admin] Calling method '>' {{(pid=98483) _process_stack /opt/stack/nova/nova/api/openstack/wsgi.py:551}}
Aug 22 18:23:51.093966 np0000190687 devstack@n-api.service[98483]: INFO nova.api.openstack.requestlog [None req-94c0cd9f-e788-423b-961c-deb54f9afe56 admin admin] 199.204.45.205 "GET /compute/v2.1/" status: 200 len: 393 microversion: 2.1 time: 0.005475
Aug 22 18:23:51.094249 np0000190687 devstack@n-api.service[98483]: [pid: 98483|app: 0|req: 17/66] 199.204.45.205 () {62 vars in 1066 bytes} [Sat Aug 22 18:23:51 2026] GET /compute/v2.1/ => generated 393 bytes in 6 msecs (HTTP/1.1 200) 9 headers in 357 bytes (1 switches on core 0)
Aug 22 18:23:51.126073 np0000190687 devstack@n-api.service[98484]: DEBUG nova.api.openstack.wsgi [None req-adf69a1a-aec3-4153-991f-2f0252357583 demo demo] Calling method '>' {{(pid=98484) _process_stack /opt/stack/nova/nova/api/openstack/wsgi.py:551}}
Aug 22 18:23:51.146635 np0000190687 devstack@n-api.service[98484]: INFO nova.api.openstack.requestlog [None req-adf69a1a-aec3-4153-991f-2f0252357583 demo demo] 199.204.45.205 "GET /compute/v2.1/flavors/detail?is_public=None" status: 200 len: 5262 microversion: 2.61 time: 0.023949
Aug 22 18:23:51.147018 np0000190687 devstack@n-api.service[98484]: [pid: 98484|app: 0|req: 17/67] 199.204.45.205 () {68 vars in 1424 bytes} [Sat Aug 22 18:23:51 2026] GET /compute/v2.1/flavors/detail?is_public=None => generated 5262 bytes in 25 msecs (HTTP/1.1 200) 9 headers in 360 bytes (1 switches on core 0)
Aug 22 18:23:51.194106 np0000190687 devstack@n-api.service[98487]: DEBUG nova.api.openstack.wsgi [None req-9250f450-24f8-467e-9bda-37bbb1a3a672 demo demo] Calling method '>' {{(pid=98487) _process_stack /opt/stack/nova/nova/api/openstack/wsgi.py:551}}
Aug 22 18:23:51.218963 np0000190687 devstack@n-api.service[98487]: INFO nova.api.openstack.requestlog [None req-9250f450-24f8-467e-9bda-37bbb1a3a672 demo demo] 199.204.45.205 "GET /compute/v2.1/flavors/detail?is_public=None" status: 200 len: 5262 microversion: 2.61 time: 0.028714
Aug 22 18:23:51.219526 np0000190687 devstack@n-api.service[98487]: [pid: 98487|app: 0|req: 18/68] 199.204.45.205 () {68 vars in 1424 bytes} [Sat Aug 22 18:23:51 2026] GET /compute/v2.1/flavors/detail?is_public=None => generated 5262 bytes in 30 msecs (HTTP/1.1 200) 9 headers in 360 bytes (1 switches on core 0)
Aug 22 18:23:55.169351 np0000190687 devstack@n-api.service[98486]: DEBUG nova.api.openstack.wsgi [None req-244281ee-6f2c-425c-8836-88fb9b47945b admin admin] Calling method '>' {{(pid=98486) _process_stack /opt/stack/nova/nova/api/openstack/wsgi.py:551}}
Aug 22 18:23:55.172038 np0000190687 devstack@n-api.service[98486]: INFO nova.api.openstack.requestlog [None req-244281ee-6f2c-425c-8836-88fb9b47945b admin admin] 199.204.45.205 "GET /compute/v2.1" status: 200 len: 393 microversion: 2.1 time: 0.003046
Aug 22 18:23:55.172210 np0000190687 devstack@n-api.service[98486]: [pid: 98486|app: 0|req: 17/69] 199.204.45.205 () {62 vars in 1063 bytes} [Sat Aug 22 18:23:55 2026] GET /compute/v2.1 => generated 393 bytes in 3 msecs (HTTP/1.1 200) 9 headers in 357 bytes (2 switches on core 0)
Aug 22 18:23:55.204030 np0000190687 devstack@n-api.service[98483]: DEBUG nova.api.openstack.wsgi [None req-94c0cd9f-e788-423b-961c-deb54f9afe56 admin admin] Calling method '>' {{(pid=98483) _process_stack /opt/stack/nova/nova/api/openstack/wsgi.py:551}}
Aug 22 18:23:55.210026 np0000190687 devstack@n-api.service[98483]: INFO nova.api.openstack.requestlog [None req-94c0cd9f-e788-423b-961c-deb54f9afe56 admin admin] 199.204.45.205 "GET /compute/v2.1/" status: 200 len: 393 microversion: 2.1 time: 0.006431
Aug 22 18:23:55.210409 np0000190687 devstack@n-api.service[98483]: [pid: 98483|app: 0|req: 18/70] 199.204.45.205 () {62 vars in 1066 bytes} [Sat Aug 22 18:23:55 2026] GET /compute/v2.1/ => generated 393 bytes in 7 msecs (HTTP/1.1 200) 9 headers in 357 bytes (1 switches on core 0)
Aug 22 18:23:55.244347 np0000190687 devstack@n-api.service[98484]: DEBUG nova.api.openstack.wsgi [None req-37d51ff3-bc23-4542-9f22-dc5c2c7c3efd demo demo] Calling method '>' {{(pid=98484) _process_stack /opt/stack/nova/nova/api/openstack/wsgi.py:551}}
Aug 22 18:23:55.264075 np0000190687 devstack@n-api.service[98484]: INFO nova.api.openstack.requestlog [None req-37d51ff3-bc23-4542-9f22-dc5c2c7c3efd demo demo] 199.204.45.205 "GET /compute/v2.1/flavors/detail?is_public=None" status: 200 len: 5262 microversion: 2.61 time: 0.023140
Aug 22 18:23:55.264263 np0000190687 devstack@n-api.service[98484]: [pid: 98484|app: 0|req: 18/71] 199.204.45.205 () {68 vars in 1424 bytes} [Sat Aug 22 18:23:55 2026] GET /compute/v2.1/flavors/detail?is_public=None => generated 5262 bytes in 24 msecs (HTTP/1.1 200) 9 headers in 360 bytes (1 switches on core 0)
Aug 22 18:23:55.309586 np0000190687 devstack@n-api.service[98487]: DEBUG nova.api.openstack.wsgi [None req-dc6ee8df-2936-4bc3-9eb8-b96f8d6adc72 demo demo] Calling method '>' {{(pid=98487) _process_stack /opt/stack/nova/nova/api/openstack/wsgi.py:551}}
Aug 22 18:23:55.329853 np0000190687 devstack@n-api.service[98487]: INFO nova.api.openstack.requestlog [None req-dc6ee8df-2936-4bc3-9eb8-b96f8d6adc72 demo demo] 199.204.45.205 "GET /compute/v2.1/flavors/detail?is_public=None" status: 200 len: 5262 microversion: 2.61 time: 0.023776
Aug 22 18:23:55.330082 np0000190687 devstack@n-api.service[98487]: [pid: 98487|app: 0|req: 19/72] 199.204.45.205 () {68 vars in 1424 bytes} [Sat Aug 22 18:23:55 2026] GET /compute/v2.1/flavors/detail?is_public=None => generated 5262 bytes in 24 msecs (HTTP/1.1 200) 9 headers in 360 bytes (1 switches on core 0)
Aug 22 18:23:55.453516 np0000190687 devstack@n-api.service[98486]: DEBUG nova.api.openstack.wsgi [None req-244281ee-6f2c-425c-8836-88fb9b47945b admin admin] Calling method '>' {{(pid=98486) _process_stack /opt/stack/nova/nova/api/openstack/wsgi.py:551}}
Aug 22 18:23:55.456020 np0000190687 devstack@n-api.service[98486]: INFO nova.api.openstack.requestlog [None req-244281ee-6f2c-425c-8836-88fb9b47945b admin admin] 199.204.45.205 "GET /compute/v2.1" status: 200 len: 393 microversion: 2.1 time: 0.002689
Aug 22 18:23:55.456188 np0000190687 devstack@n-api.service[98486]: [pid: 98486|app: 0|req: 18/73] 199.204.45.205 () {62 vars in 1063 bytes} [Sat Aug 22 18:23:55 2026] GET /compute/v2.1 => generated 393 bytes in 3 msecs (HTTP/1.1 200) 9 headers in 357 bytes (2 switches on core 0)
Aug 22 18:23:55.486960 np0000190687 devstack@n-api.service[98483]: DEBUG nova.api.openstack.wsgi [None req-94c0cd9f-e788-423b-961c-deb54f9afe56 admin admin] Calling method '>' {{(pid=98483) _process_stack /opt/stack/nova/nova/api/openstack/wsgi.py:551}}
Aug 22 18:23:55.492204 np0000190687 devstack@n-api.service[98483]: INFO nova.api.openstack.requestlog [None req-94c0cd9f-e788-423b-961c-deb54f9afe56 admin admin] 199.204.45.205 "GET /compute/v2.1/" status: 200 len: 393 microversion: 2.1 time: 0.005574
Aug 22 18:23:55.492561 np0000190687 devstack@n-api.service[98483]: [pid: 98483|app: 0|req: 19/74] 199.204.45.205 () {62 vars in 1066 bytes} [Sat Aug 22 18:23:55 2026] GET /compute/v2.1/ => generated 393 bytes in 6 msecs (HTTP/1.1 200) 9 headers in 357 bytes (1 switches on core 0)
Aug 22 18:23:55.523113 np0000190687 devstack@n-api.service[98484]: DEBUG nova.api.openstack.wsgi [None req-afb6a86f-65bf-4cc0-ad01-cff2304dee84 demo demo] Calling method '>' {{(pid=98484) _process_stack /opt/stack/nova/nova/api/openstack/wsgi.py:551}}
Aug 22 18:23:55.540874 np0000190687 devstack@n-api.service[98484]: INFO nova.api.openstack.requestlog [None req-afb6a86f-65bf-4cc0-ad01-cff2304dee84 demo demo] 199.204.45.205 "GET /compute/v2.1/flavors/detail?is_public=None" status: 200 len: 5262 microversion: 2.61 time: 0.019545
Aug 22 18:23:55.541170 np0000190687 devstack@n-api.service[98484]: [pid: 98484|app: 0|req: 19/75] 199.204.45.205 () {68 vars in 1424 bytes} [Sat Aug 22 18:23:55 2026] GET /compute/v2.1/flavors/detail?is_public=None => generated 5262 bytes in 20 msecs (HTTP/1.1 200) 9 headers in 360 bytes (2 switches on core 0)
Aug 22 18:23:55.587027 np0000190687 devstack@n-api.service[98487]: DEBUG nova.api.openstack.wsgi [None req-6788e682-c097-4841-81a3-11b82f565183 demo demo] Calling method '>' {{(pid=98487) _process_stack /opt/stack/nova/nova/api/openstack/wsgi.py:551}}
Aug 22 18:23:55.610866 np0000190687 devstack@n-api.service[98487]: INFO nova.api.openstack.requestlog [None req-6788e682-c097-4841-81a3-11b82f565183 demo demo] 199.204.45.205 "GET /compute/v2.1/flavors/detail?is_public=None" status: 200 len: 5262 microversion: 2.61 time: 0.028222
Aug 22 18:23:55.611202 np0000190687 devstack@n-api.service[98487]: [pid: 98487|app: 0|req: 20/76] 199.204.45.205 () {68 vars in 1424 bytes} [Sat Aug 22 18:23:55 2026] GET /compute/v2.1/flavors/detail?is_public=None => generated 5262 bytes in 29 msecs (HTTP/1.1 200) 9 headers in 360 bytes (1 switches on core 0)
Aug 22 18:23:59.228011 np0000190687 devstack@n-api.service[98486]: DEBUG nova.api.openstack.wsgi [None req-244281ee-6f2c-425c-8836-88fb9b47945b admin admin] Calling method '>' {{(pid=98486) _process_stack /opt/stack/nova/nova/api/openstack/wsgi.py:551}}
Aug 22 18:23:59.233445 np0000190687 devstack@n-api.service[98486]: INFO nova.api.openstack.requestlog [None req-244281ee-6f2c-425c-8836-88fb9b47945b admin admin] 199.204.45.205 "GET /compute/v2.1" status: 200 len: 393 microversion: 2.1 time: 0.005870
Aug 22 18:23:59.233795 np0000190687 devstack@n-api.service[98486]: [pid: 98486|app: 0|req: 19/77] 199.204.45.205 () {62 vars in 1074 bytes} [Sat Aug 22 18:23:59 2026] GET /compute/v2.1 => generated 393 bytes in 7 msecs (HTTP/1.1 200) 9 headers in 357 bytes (1 switches on core 0)
Aug 22 18:23:59.270289 np0000190687 devstack@n-api.service[98483]: DEBUG nova.api.openstack.wsgi [None req-94c0cd9f-e788-423b-961c-deb54f9afe56 admin admin] Calling method '>' {{(pid=98483) _process_stack /opt/stack/nova/nova/api/openstack/wsgi.py:551}}
Aug 22 18:23:59.274306 np0000190687 devstack@n-api.service[98483]: INFO nova.api.openstack.requestlog [None req-94c0cd9f-e788-423b-961c-deb54f9afe56 admin admin] 199.204.45.205 "GET /compute/v2.1/" status: 200 len: 393 microversion: 2.1 time: 0.004316
Aug 22 18:23:59.274536 np0000190687 devstack@n-api.service[98483]: [pid: 98483|app: 0|req: 20/78] 199.204.45.205 () {62 vars in 1077 bytes} [Sat Aug 22 18:23:59 2026] GET /compute/v2.1/ => generated 393 bytes in 5 msecs (HTTP/1.1 200) 9 headers in 357 bytes (1 switches on core 0)
Aug 22 18:23:59.306799 np0000190687 devstack@n-api.service[98484]: DEBUG nova.api.openstack.wsgi [None req-982f9371-afbb-48a9-b383-0fb178cfee1d demo demo] Calling method '>' {{(pid=98484) _process_stack /opt/stack/nova/nova/api/openstack/wsgi.py:551}}
Aug 22 18:23:59.338003 np0000190687 devstack@n-api.service[98484]: INFO nova.api.openstack.requestlog [None req-982f9371-afbb-48a9-b383-0fb178cfee1d demo demo] 199.204.45.205 "GET /compute/v2.1/os-server-groups" status: 200 len: 21 microversion: 2.64 time: 0.034742
Aug 22 18:23:59.338590 np0000190687 devstack@n-api.service[98484]: [pid: 98484|app: 0|req: 20/79] 199.204.45.205 () {68 vars in 1412 bytes} [Sat Aug 22 18:23:59 2026] GET /compute/v2.1/os-server-groups => generated 21 bytes in 36 msecs (HTTP/1.1 200) 9 headers in 358 bytes (1 switches on core 0)
Aug 22 18:23:59.374908 np0000190687 devstack@n-api.service[98487]: DEBUG nova.api.openstack.wsgi [None req-6788e682-c097-4841-81a3-11b82f565183 demo demo] Calling method '>' {{(pid=98487) _process_stack /opt/stack/nova/nova/api/openstack/wsgi.py:551}}
Aug 22 18:23:59.380263 np0000190687 devstack@n-api.service[98487]: INFO nova.api.openstack.requestlog [None req-6788e682-c097-4841-81a3-11b82f565183 demo demo] 199.204.45.205 "GET /compute/v2.1" status: 200 len: 393 microversion: 2.1 time: 0.006105
Aug 22 18:23:59.380527 np0000190687 devstack@n-api.service[98487]: [pid: 98487|app: 0|req: 21/80] 199.204.45.205 () {62 vars in 1074 bytes} [Sat Aug 22 18:23:59 2026] GET /compute/v2.1 => generated 393 bytes in 7 msecs (HTTP/1.1 200) 9 headers in 357 bytes (1 switches on core 0)
Aug 22 18:23:59.417331 np0000190687 devstack@n-api.service[98486]: DEBUG nova.api.openstack.wsgi [None req-244281ee-6f2c-425c-8836-88fb9b47945b admin admin] Calling method '>' {{(pid=98486) _process_stack /opt/stack/nova/nova/api/openstack/wsgi.py:551}}
Aug 22 18:23:59.421330 np0000190687 devstack@n-api.service[98486]: INFO nova.api.openstack.requestlog [None req-244281ee-6f2c-425c-8836-88fb9b47945b admin admin] 199.204.45.205 "GET /compute/v2.1/" status: 200 len: 393 microversion: 2.1 time: 0.004315
Aug 22 18:23:59.421762 np0000190687 devstack@n-api.service[98486]: [pid: 98486|app: 0|req: 20/81] 199.204.45.205 () {62 vars in 1077 bytes} [Sat Aug 22 18:23:59 2026] GET /compute/v2.1/ => generated 393 bytes in 5 msecs (HTTP/1.1 200) 9 headers in 357 bytes (1 switches on core 0)
Aug 22 18:23:59.458336 np0000190687 devstack@n-api.service[98483]: DEBUG nova.api.openstack.wsgi [None req-f89627fb-2834-44be-8f55-39ceac8ca399 demo demo] Action: 'create', calling method: >, body: {"server_group": {"name": "kube-ux6eg", "policy": "soft-anti-affinity"}} {{(pid=98483) _process_stack /opt/stack/nova/nova/api/openstack/wsgi.py:549}}
Aug 22 18:23:59.490984 np0000190687 devstack@n-api.service[98483]: DEBUG nova.quota [None req-f89627fb-2834-44be-8f55-39ceac8ca399 demo demo] Getting quotas for project 79e4d624b25c4d9f8c411e6ddf909b1e. Resources: {'server_groups'} {{(pid=98483) _get_quotas /opt/stack/nova/nova/quota.py:389}}
Aug 22 18:23:59.494611 np0000190687 devstack@n-api.service[98483]: DEBUG nova.quota [None req-f89627fb-2834-44be-8f55-39ceac8ca399 demo demo] Getting quotas for user e14aba22536642c4bad13323312a7f58 and project 79e4d624b25c4d9f8c411e6ddf909b1e. Resources: {'server_groups'} {{(pid=98483) _get_quotas /opt/stack/nova/nova/quota.py:379}}
Aug 22 18:23:59.553445 np0000190687 devstack@n-api.service[98483]: DEBUG nova.quota [None req-f89627fb-2834-44be-8f55-39ceac8ca399 demo demo] Getting quotas for project 79e4d624b25c4d9f8c411e6ddf909b1e. Resources: {'server_groups'} {{(pid=98483) _get_quotas /opt/stack/nova/nova/quota.py:389}}
Aug 22 18:23:59.555735 np0000190687 devstack@n-api.service[98483]: DEBUG nova.quota [None req-f89627fb-2834-44be-8f55-39ceac8ca399 demo demo] Getting quotas for user e14aba22536642c4bad13323312a7f58 and project 79e4d624b25c4d9f8c411e6ddf909b1e. Resources: {'server_groups'} {{(pid=98483) _get_quotas /opt/stack/nova/nova/quota.py:379}}
Aug 22 18:23:59.567774 np0000190687 devstack@n-api.service[98483]: INFO nova.api.openstack.requestlog [None req-f89627fb-2834-44be-8f55-39ceac8ca399 demo demo] 199.204.45.205 "POST /compute/v2.1/os-server-groups" status: 200 len: 243 microversion: 2.64 time: 0.111043
Aug 22 18:23:59.568478 np0000190687 devstack@n-api.service[98483]: [pid: 98483|app: 0|req: 21/82] 199.204.45.205 () {72 vars in 1452 bytes} [Sat Aug 22 18:23:59 2026] POST /compute/v2.1/os-server-groups => generated 243 bytes in 112 msecs (HTTP/1.1 200) 9 headers in 359 bytes (1 switches on core 0)
Aug 22 18:23:59.613183 np0000190687 devstack@n-api.service[98484]: DEBUG nova.api.openstack.wsgi [None req-982f9371-afbb-48a9-b383-0fb178cfee1d demo demo] Calling method '>' {{(pid=98484) _process_stack /opt/stack/nova/nova/api/openstack/wsgi.py:551}}
Aug 22 18:23:59.618731 np0000190687 devstack@n-api.service[98484]: INFO nova.api.openstack.requestlog [None req-982f9371-afbb-48a9-b383-0fb178cfee1d demo demo] 199.204.45.205 "GET /compute/v2.1" status: 200 len: 393 microversion: 2.1 time: 0.005985
Aug 22 18:23:59.619149 np0000190687 devstack@n-api.service[98484]: [pid: 98484|app: 0|req: 21/83] 199.204.45.205 () {62 vars in 1074 bytes} [Sat Aug 22 18:23:59 2026] GET /compute/v2.1 => generated 393 bytes in 7 msecs (HTTP/1.1 200) 9 headers in 357 bytes (1 switches on core 0)
Aug 22 18:23:59.650591 np0000190687 devstack@n-api.service[98487]: DEBUG nova.api.openstack.wsgi [None req-6788e682-c097-4841-81a3-11b82f565183 demo demo] Calling method '>' {{(pid=98487) _process_stack /opt/stack/nova/nova/api/openstack/wsgi.py:551}}
Aug 22 18:23:59.657439 np0000190687 devstack@n-api.service[98487]: INFO nova.api.openstack.requestlog [None req-6788e682-c097-4841-81a3-11b82f565183 demo demo] 199.204.45.205 "GET /compute/v2.1/" status: 200 len: 393 microversion: 2.1 time: 0.007524
Aug 22 18:23:59.657855 np0000190687 devstack@n-api.service[98487]: [pid: 98487|app: 0|req: 22/84] 199.204.45.205 () {62 vars in 1077 bytes} [Sat Aug 22 18:23:59 2026] GET /compute/v2.1/ => generated 393 bytes in 9 msecs (HTTP/1.1 200) 9 headers in 357 bytes (1 switches on core 0)
Aug 22 18:23:59.689668 np0000190687 devstack@n-api.service[98486]: DEBUG nova.api.openstack.wsgi [None req-227b742e-b14d-4dc6-8e6a-31cbc2800ca6 demo demo] Calling method '>' {{(pid=98486) _process_stack /opt/stack/nova/nova/api/openstack/wsgi.py:551}}
Aug 22 18:23:59.711389 np0000190687 devstack@n-api.service[98486]: INFO nova.api.openstack.requestlog [None req-227b742e-b14d-4dc6-8e6a-31cbc2800ca6 demo demo] 199.204.45.205 "GET /compute/v2.1/os-server-groups" status: 200 len: 246 microversion: 2.64 time: 0.025652
Aug 22 18:23:59.711617 np0000190687 devstack@n-api.service[98486]: [pid: 98486|app: 0|req: 21/85] 199.204.45.205 () {68 vars in 1412 bytes} [Sat Aug 22 18:23:59 2026] GET /compute/v2.1/os-server-groups => generated 246 bytes in 26 msecs (HTTP/1.1 200) 9 headers in 359 bytes (1 switches on core 0)
Aug 22 18:23:59.743647 np0000190687 devstack@n-api.service[98483]: DEBUG nova.api.openstack.wsgi [None req-f89627fb-2834-44be-8f55-39ceac8ca399 demo demo] Calling method '>' {{(pid=98483) _process_stack /opt/stack/nova/nova/api/openstack/wsgi.py:551}}
Aug 22 18:23:59.746226 np0000190687 devstack@n-api.service[98483]: INFO nova.api.openstack.requestlog [None req-f89627fb-2834-44be-8f55-39ceac8ca399 demo demo] 199.204.45.205 "GET /compute/v2.1" status: 200 len: 393 microversion: 2.1 time: 0.002902
Aug 22 18:23:59.746387 np0000190687 devstack@n-api.service[98483]: [pid: 98483|app: 0|req: 22/86] 199.204.45.205 () {62 vars in 1074 bytes} [Sat Aug 22 18:23:59 2026] GET /compute/v2.1 => generated 393 bytes in 3 msecs (HTTP/1.1 200) 9 headers in 357 bytes (1 switches on core 0)
Aug 22 18:23:59.782066 np0000190687 devstack@n-api.service[98484]: DEBUG nova.api.openstack.wsgi [None req-982f9371-afbb-48a9-b383-0fb178cfee1d demo demo] Calling method '>' {{(pid=98484) _process_stack /opt/stack/nova/nova/api/openstack/wsgi.py:551}}
Aug 22 18:23:59.790944 np0000190687 devstack@n-api.service[98484]: INFO nova.api.openstack.requestlog [None req-982f9371-afbb-48a9-b383-0fb178cfee1d demo demo] 199.204.45.205 "GET /compute/v2.1/" status: 200 len: 393 microversion: 2.1 time: 0.006322
Aug 22 18:23:59.790944 np0000190687 devstack@n-api.service[98484]: [pid: 98484|app: 0|req: 22/87] 199.204.45.205 () {62 vars in 1077 bytes} [Sat Aug 22 18:23:59 2026] GET /compute/v2.1/ => generated 393 bytes in 7 msecs (HTTP/1.1 200) 9 headers in 357 bytes (1 switches on core 0)
Aug 22 18:23:59.824645 np0000190687 devstack@n-api.service[98487]: DEBUG nova.api.openstack.wsgi [None req-5f24959e-d42f-4030-9010-182721faa83b demo demo] Action: 'create', calling method: >, body: {"server_group": {"name": "kube-ux6eg-default-worker", "policy": "soft-anti-affinity"}} {{(pid=98487) _process_stack /opt/stack/nova/nova/api/openstack/wsgi.py:549}}
Aug 22 18:23:59.848192 np0000190687 devstack@n-api.service[98487]: DEBUG nova.quota [None req-5f24959e-d42f-4030-9010-182721faa83b demo demo] Getting quotas for project 79e4d624b25c4d9f8c411e6ddf909b1e. Resources: {'server_groups'} {{(pid=98487) _get_quotas /opt/stack/nova/nova/quota.py:389}}
Aug 22 18:23:59.851386 np0000190687 devstack@n-api.service[98487]: DEBUG nova.quota [None req-5f24959e-d42f-4030-9010-182721faa83b demo demo] Getting quotas for user e14aba22536642c4bad13323312a7f58 and project 79e4d624b25c4d9f8c411e6ddf909b1e. Resources: {'server_groups'} {{(pid=98487) _get_quotas /opt/stack/nova/nova/quota.py:379}}
Aug 22 18:23:59.902881 np0000190687 devstack@n-api.service[98487]: DEBUG nova.quota [None req-5f24959e-d42f-4030-9010-182721faa83b demo demo] Getting quotas for project 79e4d624b25c4d9f8c411e6ddf909b1e. Resources: {'server_groups'} {{(pid=98487) _get_quotas /opt/stack/nova/nova/quota.py:389}}
Aug 22 18:23:59.904807 np0000190687 devstack@n-api.service[98487]: DEBUG nova.quota [None req-5f24959e-d42f-4030-9010-182721faa83b demo demo] Getting quotas for user e14aba22536642c4bad13323312a7f58 and project 79e4d624b25c4d9f8c411e6ddf909b1e. Resources: {'server_groups'} {{(pid=98487) _get_quotas /opt/stack/nova/nova/quota.py:379}}
Aug 22 18:23:59.913492 np0000190687 devstack@n-api.service[98487]: INFO nova.api.openstack.requestlog [None req-5f24959e-d42f-4030-9010-182721faa83b demo demo] 199.204.45.205 "POST /compute/v2.1/os-server-groups" status: 200 len: 258 microversion: 2.64 time: 0.093148
Aug 22 18:23:59.913911 np0000190687 devstack@n-api.service[98487]: [pid: 98487|app: 0|req: 23/88] 199.204.45.205 () {72 vars in 1452 bytes} [Sat Aug 22 18:23:59 2026] POST /compute/v2.1/os-server-groups => generated 258 bytes in 94 msecs (HTTP/1.1 200) 9 headers in 359 bytes (1 switches on core 0)
Aug 22 18:24:02.732430 np0000190687 devstack@n-api.service[98486]: DEBUG nova.api.openstack.wsgi [None req-227b742e-b14d-4dc6-8e6a-31cbc2800ca6 demo demo] Calling method '>' {{(pid=98486) _process_stack /opt/stack/nova/nova/api/openstack/wsgi.py:551}}
Aug 22 18:24:02.737738 np0000190687 devstack@n-api.service[98486]: INFO nova.api.openstack.requestlog [None req-227b742e-b14d-4dc6-8e6a-31cbc2800ca6 demo demo] 199.204.45.205 "GET /compute/v2.1" status: 200 len: 393 microversion: 2.1 time: 0.005730
Aug 22 18:24:02.738115 np0000190687 devstack@n-api.service[98486]: [pid: 98486|app: 0|req: 22/89] 199.204.45.205 () {62 vars in 1074 bytes} [Sat Aug 22 18:24:02 2026] GET /compute/v2.1 => generated 393 bytes in 6 msecs (HTTP/1.1 200) 9 headers in 357 bytes (1 switches on core 0)
Aug 22 18:24:02.774510 np0000190687 devstack@n-api.service[98483]: DEBUG nova.api.openstack.wsgi [None req-f89627fb-2834-44be-8f55-39ceac8ca399 demo demo] Calling method '>' {{(pid=98483) _process_stack /opt/stack/nova/nova/api/openstack/wsgi.py:551}}
Aug 22 18:24:02.780579 np0000190687 devstack@n-api.service[98483]: INFO nova.api.openstack.requestlog [None req-f89627fb-2834-44be-8f55-39ceac8ca399 demo demo] 199.204.45.205 "GET /compute/v2.1/" status: 200 len: 393 microversion: 2.1 time: 0.006495
Aug 22 18:24:02.781146 np0000190687 devstack@n-api.service[98483]: [pid: 98483|app: 0|req: 23/90] 199.204.45.205 () {62 vars in 1077 bytes} [Sat Aug 22 18:24:02 2026] GET /compute/v2.1/ => generated 393 bytes in 8 msecs (HTTP/1.1 200) 9 headers in 357 bytes (1 switches on core 0)
Aug 22 18:24:02.823388 np0000190687 devstack@n-api.service[98484]: DEBUG nova.api.openstack.wsgi [None req-56216371-592d-4ed1-ba75-4f852746b4bc demo demo] Calling method '>' {{(pid=98484) _process_stack /opt/stack/nova/nova/api/openstack/wsgi.py:551}}
Aug 22 18:24:02.844313 np0000190687 devstack@n-api.service[98484]: INFO nova.api.openstack.requestlog [None req-56216371-592d-4ed1-ba75-4f852746b4bc demo demo] 199.204.45.205 "GET /compute/v2.1/flavors/detail?is_public=None" status: 200 len: 5262 microversion: 2.61 time: 0.024518
Aug 22 18:24:02.844548 np0000190687 devstack@n-api.service[98484]: [pid: 98484|app: 0|req: 23/91] 199.204.45.205 () {68 vars in 1435 bytes} [Sat Aug 22 18:24:02 2026] GET /compute/v2.1/flavors/detail?is_public=None => generated 5262 bytes in 25 msecs (HTTP/1.1 200) 9 headers in 360 bytes (1 switches on core 0)
Aug 22 18:24:02.891963 np0000190687 devstack@n-api.service[98487]: DEBUG nova.api.openstack.wsgi [None req-b69cb1fa-09ab-4692-a0a2-ad4a4027a521 demo demo] Calling method '>' {{(pid=98487) _process_stack /opt/stack/nova/nova/api/openstack/wsgi.py:551}}
Aug 22 18:24:02.917281 np0000190687 devstack@n-api.service[98487]: INFO nova.api.openstack.requestlog [None req-b69cb1fa-09ab-4692-a0a2-ad4a4027a521 demo demo] 199.204.45.205 "GET /compute/v2.1/flavors/detail?is_public=None" status: 200 len: 5262 microversion: 2.61 time: 0.028963
Aug 22 18:24:02.917726 np0000190687 devstack@n-api.service[98487]: [pid: 98487|app: 0|req: 24/92] 199.204.45.205 () {68 vars in 1435 bytes} [Sat Aug 22 18:24:02 2026] GET /compute/v2.1/flavors/detail?is_public=None => generated 5262 bytes in 30 msecs (HTTP/1.1 200) 9 headers in 360 bytes (1 switches on core 0)
Aug 22 18:24:03.101350 np0000190687 devstack@n-api.service[98486]: DEBUG nova.api.openstack.wsgi [None req-227b742e-b14d-4dc6-8e6a-31cbc2800ca6 demo demo] Calling method '>' {{(pid=98486) _process_stack /opt/stack/nova/nova/api/openstack/wsgi.py:551}}
Aug 22 18:24:03.106497 np0000190687 devstack@n-api.service[98486]: INFO nova.api.openstack.requestlog [None req-227b742e-b14d-4dc6-8e6a-31cbc2800ca6 demo demo] 199.204.45.205 "GET /compute/v2.1" status: 200 len: 393 microversion: 2.1 time: 0.005780
Aug 22 18:24:03.106903 np0000190687 devstack@n-api.service[98486]: [pid: 98486|app: 0|req: 23/93] 199.204.45.205 () {62 vars in 1074 bytes} [Sat Aug 22 18:24:03 2026] GET /compute/v2.1 => generated 393 bytes in 6 msecs (HTTP/1.1 200) 9 headers in 357 bytes (1 switches on core 0)
Aug 22 18:24:03.140563 np0000190687 devstack@n-api.service[98483]: DEBUG nova.api.openstack.wsgi [None req-f89627fb-2834-44be-8f55-39ceac8ca399 demo demo] Calling method '>' {{(pid=98483) _process_stack /opt/stack/nova/nova/api/openstack/wsgi.py:551}}
Aug 22 18:24:03.146725 np0000190687 devstack@n-api.service[98483]: INFO nova.api.openstack.requestlog [None req-f89627fb-2834-44be-8f55-39ceac8ca399 demo demo] 199.204.45.205 "GET /compute/v2.1/" status: 200 len: 393 microversion: 2.1 time: 0.006649
Aug 22 18:24:03.147065 np0000190687 devstack@n-api.service[98483]: [pid: 98483|app: 0|req: 24/94] 199.204.45.205 () {62 vars in 1077 bytes} [Sat Aug 22 18:24:03 2026] GET /compute/v2.1/ => generated 393 bytes in 7 msecs (HTTP/1.1 200) 9 headers in 357 bytes (1 switches on core 0)
Aug 22 18:24:03.183863 np0000190687 devstack@n-api.service[98484]: DEBUG nova.api.openstack.wsgi [None req-972b12fb-12a9-4e36-b3df-f2d8ed69a987 demo demo] Calling method '>' {{(pid=98484) _process_stack /opt/stack/nova/nova/api/openstack/wsgi.py:551}}
Aug 22 18:24:03.210036 np0000190687 devstack@n-api.service[98484]: INFO nova.api.openstack.requestlog [None req-972b12fb-12a9-4e36-b3df-f2d8ed69a987 demo demo] 199.204.45.205 "GET /compute/v2.1/flavors/detail?is_public=None" status: 200 len: 5262 microversion: 2.61 time: 0.029181
Aug 22 18:24:03.210230 np0000190687 devstack@n-api.service[98484]: [pid: 98484|app: 0|req: 24/95] 199.204.45.205 () {68 vars in 1435 bytes} [Sat Aug 22 18:24:03 2026] GET /compute/v2.1/flavors/detail?is_public=None => generated 5262 bytes in 30 msecs (HTTP/1.1 200) 9 headers in 360 bytes (1 switches on core 0)
Aug 22 18:24:09.559421 np0000190687 devstack@n-api.service[98483]: DEBUG dbcounter [-] [98483] Writing DB stats nova_cell0:SELECT=4 {{(pid=98483) stat_writer /opt/stack/data/venv/lib/python3.12/site-packages/dbcounter.py:115}}
Aug 22 18:24:09.561997 np0000190687 devstack@n-api.service[98483]: DEBUG dbcounter [-] [98483] Writing DB stats nova_api:SELECT=14,nova_api:INSERT=2 {{(pid=98483) stat_writer /opt/stack/data/venv/lib/python3.12/site-packages/dbcounter.py:115}}
Aug 22 18:24:09.708745 np0000190687 devstack@n-api.service[98486]: DEBUG dbcounter [-] [98486] Writing DB stats nova_api:SELECT=2 {{(pid=98486) stat_writer /opt/stack/data/venv/lib/python3.12/site-packages/dbcounter.py:115}}
Aug 22 18:24:09.908366 np0000190687 devstack@n-api.service[98487]: DEBUG dbcounter [-] [98487] Writing DB stats nova_cell0:SELECT=4 {{(pid=98487) stat_writer /opt/stack/data/venv/lib/python3.12/site-packages/dbcounter.py:115}}
Aug 22 18:24:12.897564 np0000190687 devstack@n-api.service[98487]: DEBUG dbcounter [-] [98487] Writing DB stats nova_api:SELECT=19,nova_api:INSERT=2 {{(pid=98487) stat_writer /opt/stack/data/venv/lib/python3.12/site-packages/dbcounter.py:115}}
Aug 22 18:24:13.190723 np0000190687 devstack@n-api.service[98484]: DEBUG dbcounter [-] [98484] Writing DB stats nova_api:SELECT=8 {{(pid=98484) stat_writer /opt/stack/data/venv/lib/python3.12/site-packages/dbcounter.py:115}}
Aug 22 18:24:24.467450 np0000190687 devstack@n-api.service[98487]: DEBUG nova.api.openstack.wsgi [None req-b69cb1fa-09ab-4692-a0a2-ad4a4027a521 demo demo] Calling method '>' {{(pid=98487) _process_stack /opt/stack/nova/nova/api/openstack/wsgi.py:551}}
Aug 22 18:24:24.472074 np0000190687 devstack@n-api.service[98487]: INFO nova.api.openstack.requestlog [None req-b69cb1fa-09ab-4692-a0a2-ad4a4027a521 demo demo] 172.18.0.2 "GET /compute/v2.1/" status: 200 len: 393 microversion: 2.1 time: 0.005248
Aug 22 18:24:24.472323 np0000190687 devstack@n-api.service[98487]: [pid: 98487|app: 0|req: 25/96] 199.204.45.205 () {64 vars in 1272 bytes} [Sat Aug 22 18:24:24 2026] GET /compute/v2.1/ => generated 393 bytes in 6 msecs (HTTP/1.1 200) 9 headers in 357 bytes (1 switches on core 0)
Aug 22 18:24:24.479610 np0000190687 devstack@n-api.service[98486]: DEBUG nova.api.openstack.wsgi [None req-34f2260a-b8c8-424b-9c7a-e67bcfe6475f demo demo] Calling method '>' {{(pid=98486) _process_stack /opt/stack/nova/nova/api/openstack/wsgi.py:551}}
Aug 22 18:24:24.481286 np0000190687 devstack@n-api.service[98486]: DEBUG oslo_concurrency.lockutils [None req-34f2260a-b8c8-424b-9c7a-e67bcfe6475f demo demo] Acquiring lock "00000000-0000-0000-0000-000000000000" by "nova.context.set_target_cell..get_or_set_cached_cell_and_set_connections" {{(pid=98486) inner /opt/stack/data/venv/lib/python3.12/site-packages/oslo_concurrency/lockutils.py:512}}
Aug 22 18:24:24.481443 np0000190687 devstack@n-api.service[98486]: DEBUG oslo_concurrency.lockutils [None req-34f2260a-b8c8-424b-9c7a-e67bcfe6475f demo demo] Lock "00000000-0000-0000-0000-000000000000" acquired by "nova.context.set_target_cell..get_or_set_cached_cell_and_set_connections" :: waited 0.000s {{(pid=98486) inner /opt/stack/data/venv/lib/python3.12/site-packages/oslo_concurrency/lockutils.py:525}}
Aug 22 18:24:24.481571 np0000190687 devstack@n-api.service[98486]: DEBUG oslo_concurrency.lockutils [None req-34f2260a-b8c8-424b-9c7a-e67bcfe6475f demo demo] Lock "00000000-0000-0000-0000-000000000000" "released" by "nova.context.set_target_cell..get_or_set_cached_cell_and_set_connections" :: held 0.000s {{(pid=98486) inner /opt/stack/data/venv/lib/python3.12/site-packages/oslo_concurrency/lockutils.py:544}}
Aug 22 18:24:24.482492 np0000190687 devstack@n-api.service[98486]: DEBUG oslo_concurrency.lockutils [None req-34f2260a-b8c8-424b-9c7a-e67bcfe6475f demo demo] Acquiring lock "3acc4c23-b845-4890-b980-3b7851677501" by "nova.context.set_target_cell..get_or_set_cached_cell_and_set_connections" {{(pid=98486) inner /opt/stack/data/venv/lib/python3.12/site-packages/oslo_concurrency/lockutils.py:512}}
Aug 22 18:24:24.482641 np0000190687 devstack@n-api.service[98486]: DEBUG oslo_concurrency.lockutils [None req-34f2260a-b8c8-424b-9c7a-e67bcfe6475f demo demo] Lock "3acc4c23-b845-4890-b980-3b7851677501" acquired by "nova.context.set_target_cell..get_or_set_cached_cell_and_set_connections" :: waited 0.000s {{(pid=98486) inner /opt/stack/data/venv/lib/python3.12/site-packages/oslo_concurrency/lockutils.py:525}}
Aug 22 18:24:24.482778 np0000190687 devstack@n-api.service[98486]: DEBUG oslo_concurrency.lockutils [None req-34f2260a-b8c8-424b-9c7a-e67bcfe6475f demo demo] Lock "3acc4c23-b845-4890-b980-3b7851677501" "released" by "nova.context.set_target_cell..get_or_set_cached_cell_and_set_connections" :: held 0.000s {{(pid=98486) inner /opt/stack/data/venv/lib/python3.12/site-packages/oslo_concurrency/lockutils.py:544}}
Aug 22 18:24:24.557063 np0000190687 devstack@n-api.service[98486]: INFO nova.api.openstack.requestlog [None req-34f2260a-b8c8-424b-9c7a-e67bcfe6475f demo demo] 172.18.0.2 "GET /compute/v2.1/os-availability-zone" status: 200 len: 97 microversion: 2.38 time: 0.078896
Aug 22 18:24:24.557563 np0000190687 devstack@n-api.service[98486]: [pid: 98486|app: 0|req: 24/97] 199.204.45.205 () {68 vars in 1415 bytes} [Sat Aug 22 18:24:24 2026] GET /compute/v2.1/os-availability-zone => generated 97 bytes in 80 msecs (HTTP/1.1 200) 9 headers in 358 bytes (2 switches on core 0)
Aug 22 18:24:25.297871 np0000190687 devstack@n-api.service[98483]: DEBUG nova.api.openstack.wsgi [None req-f89627fb-2834-44be-8f55-39ceac8ca399 demo demo] Calling method '>' {{(pid=98483) _process_stack /opt/stack/nova/nova/api/openstack/wsgi.py:551}}
Aug 22 18:24:25.300530 np0000190687 devstack@n-api.service[98483]: INFO nova.api.openstack.requestlog [None req-f89627fb-2834-44be-8f55-39ceac8ca399 demo demo] 172.18.0.2 "GET /compute/v2.1/" status: 200 len: 393 microversion: 2.1 time: 0.002960
Aug 22 18:24:25.300706 np0000190687 devstack@n-api.service[98483]: [pid: 98483|app: 0|req: 25/98] 199.204.45.205 () {64 vars in 1272 bytes} [Sat Aug 22 18:24:25 2026] GET /compute/v2.1/ => generated 393 bytes in 3 msecs (HTTP/1.1 200) 9 headers in 357 bytes (1 switches on core 0)
Aug 22 18:24:25.311364 np0000190687 devstack@n-api.service[98484]: DEBUG nova.api.openstack.wsgi [None req-da3bba15-93c6-447a-85c5-c70f6ed83231 demo demo] Calling method '>' {{(pid=98484) _process_stack /opt/stack/nova/nova/api/openstack/wsgi.py:551}}
Aug 22 18:24:25.313625 np0000190687 devstack@n-api.service[98484]: DEBUG oslo_concurrency.lockutils [None req-da3bba15-93c6-447a-85c5-c70f6ed83231 demo demo] Acquiring lock "00000000-0000-0000-0000-000000000000" by "nova.context.set_target_cell..get_or_set_cached_cell_and_set_connections" {{(pid=98484) inner /opt/stack/data/venv/lib/python3.12/site-packages/oslo_concurrency/lockutils.py:512}}
Aug 22 18:24:25.313833 np0000190687 devstack@n-api.service[98484]: DEBUG oslo_concurrency.lockutils [None req-da3bba15-93c6-447a-85c5-c70f6ed83231 demo demo] Lock "00000000-0000-0000-0000-000000000000" acquired by "nova.context.set_target_cell..get_or_set_cached_cell_and_set_connections" :: waited 0.000s {{(pid=98484) inner /opt/stack/data/venv/lib/python3.12/site-packages/oslo_concurrency/lockutils.py:525}}
Aug 22 18:24:25.314037 np0000190687 devstack@n-api.service[98484]: DEBUG oslo_concurrency.lockutils [None req-da3bba15-93c6-447a-85c5-c70f6ed83231 demo demo] Lock "00000000-0000-0000-0000-000000000000" "released" by "nova.context.set_target_cell..get_or_set_cached_cell_and_set_connections" :: held 0.000s {{(pid=98484) inner /opt/stack/data/venv/lib/python3.12/site-packages/oslo_concurrency/lockutils.py:544}}
Aug 22 18:24:25.315074 np0000190687 devstack@n-api.service[98484]: DEBUG oslo_concurrency.lockutils [None req-da3bba15-93c6-447a-85c5-c70f6ed83231 demo demo] Acquiring lock "3acc4c23-b845-4890-b980-3b7851677501" by "nova.context.set_target_cell..get_or_set_cached_cell_and_set_connections" {{(pid=98484) inner /opt/stack/data/venv/lib/python3.12/site-packages/oslo_concurrency/lockutils.py:512}}
Aug 22 18:24:25.315273 np0000190687 devstack@n-api.service[98484]: DEBUG oslo_concurrency.lockutils [None req-da3bba15-93c6-447a-85c5-c70f6ed83231 demo demo] Lock "3acc4c23-b845-4890-b980-3b7851677501" acquired by "nova.context.set_target_cell..get_or_set_cached_cell_and_set_connections" :: waited 0.000s {{(pid=98484) inner /opt/stack/data/venv/lib/python3.12/site-packages/oslo_concurrency/lockutils.py:525}}
Aug 22 18:24:25.315451 np0000190687 devstack@n-api.service[98484]: DEBUG oslo_concurrency.lockutils [None req-da3bba15-93c6-447a-85c5-c70f6ed83231 demo demo] Lock "3acc4c23-b845-4890-b980-3b7851677501" "released" by "nova.context.set_target_cell..get_or_set_cached_cell_and_set_connections" :: held 0.000s {{(pid=98484) inner /opt/stack/data/venv/lib/python3.12/site-packages/oslo_concurrency/lockutils.py:544}}
Aug 22 18:24:25.377817 np0000190687 devstack@n-api.service[98484]: INFO nova.api.openstack.requestlog [None req-da3bba15-93c6-447a-85c5-c70f6ed83231 demo demo] 172.18.0.2 "GET /compute/v2.1/os-availability-zone" status: 200 len: 97 microversion: 2.38 time: 0.070918
Aug 22 18:24:25.378717 np0000190687 devstack@n-api.service[98484]: [pid: 98484|app: 0|req: 25/99] 199.204.45.205 () {68 vars in 1415 bytes} [Sat Aug 22 18:24:25 2026] GET /compute/v2.1/os-availability-zone => generated 97 bytes in 72 msecs (HTTP/1.1 200) 9 headers in 358 bytes (1 switches on core 0)
Aug 22 18:24:26.162429 np0000190687 devstack@n-api.service[98487]: DEBUG nova.api.openstack.wsgi [None req-b69cb1fa-09ab-4692-a0a2-ad4a4027a521 demo demo] Calling method '>' {{(pid=98487) _process_stack /opt/stack/nova/nova/api/openstack/wsgi.py:551}}
Aug 22 18:24:26.167552 np0000190687 devstack@n-api.service[98487]: INFO nova.api.openstack.requestlog [None req-b69cb1fa-09ab-4692-a0a2-ad4a4027a521 demo demo] 172.18.0.2 "GET /compute/v2.1/" status: 200 len: 393 microversion: 2.1 time: 0.005655
Aug 22 18:24:26.167804 np0000190687 devstack@n-api.service[98487]: [pid: 98487|app: 0|req: 26/100] 199.204.45.205 () {64 vars in 1272 bytes} [Sat Aug 22 18:24:26 2026] GET /compute/v2.1/ => generated 393 bytes in 6 msecs (HTTP/1.1 200) 9 headers in 357 bytes (1 switches on core 0)
Aug 22 18:24:26.179440 np0000190687 devstack@n-api.service[98486]: DEBUG nova.api.openstack.wsgi [None req-33b8ffd6-78a1-4d94-99a3-cd8f0ee3b1d9 demo demo] Calling method '>' {{(pid=98486) _process_stack /opt/stack/nova/nova/api/openstack/wsgi.py:551}}
Aug 22 18:24:26.183999 np0000190687 devstack@n-api.service[98486]: DEBUG oslo_concurrency.lockutils [None req-33b8ffd6-78a1-4d94-99a3-cd8f0ee3b1d9 demo demo] Acquiring lock "00000000-0000-0000-0000-000000000000" by "nova.context.set_target_cell..get_or_set_cached_cell_and_set_connections" {{(pid=98486) inner /opt/stack/data/venv/lib/python3.12/site-packages/oslo_concurrency/lockutils.py:512}}
Aug 22 18:24:26.184720 np0000190687 devstack@n-api.service[98486]: DEBUG oslo_concurrency.lockutils [None req-33b8ffd6-78a1-4d94-99a3-cd8f0ee3b1d9 demo demo] Lock "00000000-0000-0000-0000-000000000000" acquired by "nova.context.set_target_cell..get_or_set_cached_cell_and_set_connections" :: waited 0.001s {{(pid=98486) inner /opt/stack/data/venv/lib/python3.12/site-packages/oslo_concurrency/lockutils.py:525}}
Aug 22 18:24:26.185375 np0000190687 devstack@n-api.service[98486]: DEBUG oslo_concurrency.lockutils [None req-33b8ffd6-78a1-4d94-99a3-cd8f0ee3b1d9 demo demo] Lock "00000000-0000-0000-0000-000000000000" "released" by "nova.context.set_target_cell..get_or_set_cached_cell_and_set_connections" :: held 0.001s {{(pid=98486) inner /opt/stack/data/venv/lib/python3.12/site-packages/oslo_concurrency/lockutils.py:544}}
Aug 22 18:24:26.186605 np0000190687 devstack@n-api.service[98486]: DEBUG oslo_concurrency.lockutils [None req-33b8ffd6-78a1-4d94-99a3-cd8f0ee3b1d9 demo demo] Acquiring lock "3acc4c23-b845-4890-b980-3b7851677501" by "nova.context.set_target_cell..get_or_set_cached_cell_and_set_connections" {{(pid=98486) inner /opt/stack/data/venv/lib/python3.12/site-packages/oslo_concurrency/lockutils.py:512}}
Aug 22 18:24:26.186798 np0000190687 devstack@n-api.service[98486]: DEBUG oslo_concurrency.lockutils [None req-33b8ffd6-78a1-4d94-99a3-cd8f0ee3b1d9 demo demo] Lock "3acc4c23-b845-4890-b980-3b7851677501" acquired by "nova.context.set_target_cell..get_or_set_cached_cell_and_set_connections" :: waited 0.000s {{(pid=98486) inner /opt/stack/data/venv/lib/python3.12/site-packages/oslo_concurrency/lockutils.py:525}}
Aug 22 18:24:26.187011 np0000190687 devstack@n-api.service[98486]: DEBUG oslo_concurrency.lockutils [None req-33b8ffd6-78a1-4d94-99a3-cd8f0ee3b1d9 demo demo] Lock "3acc4c23-b845-4890-b980-3b7851677501" "released" by "nova.context.set_target_cell..get_or_set_cached_cell_and_set_connections" :: held 0.000s {{(pid=98486) inner /opt/stack/data/venv/lib/python3.12/site-packages/oslo_concurrency/lockutils.py:544}}
Aug 22 18:24:26.206731 np0000190687 devstack@n-api.service[98486]: INFO nova.api.openstack.requestlog [None req-33b8ffd6-78a1-4d94-99a3-cd8f0ee3b1d9 demo demo] 172.18.0.2 "GET /compute/v2.1/os-availability-zone" status: 200 len: 97 microversion: 2.38 time: 0.031767
Aug 22 18:24:26.207468 np0000190687 devstack@n-api.service[98486]: [pid: 98486|app: 0|req: 25/101] 199.204.45.205 () {68 vars in 1415 bytes} [Sat Aug 22 18:24:26 2026] GET /compute/v2.1/os-availability-zone => generated 97 bytes in 33 msecs (HTTP/1.1 200) 9 headers in 358 bytes (1 switches on core 0)
Aug 22 18:24:31.251415 np0000190687 devstack@n-api.service[98483]: DEBUG nova.api.openstack.wsgi [None req-f89627fb-2834-44be-8f55-39ceac8ca399 demo demo] Calling method '>' {{(pid=98483) _process_stack /opt/stack/nova/nova/api/openstack/wsgi.py:551}}
Aug 22 18:24:31.256359 np0000190687 devstack@n-api.service[98483]: INFO nova.api.openstack.requestlog [None req-f89627fb-2834-44be-8f55-39ceac8ca399 demo demo] 172.18.0.2 "GET /compute/v2.1/" status: 200 len: 393 microversion: 2.1 time: 0.005465
Aug 22 18:24:31.256620 np0000190687 devstack@n-api.service[98483]: [pid: 98483|app: 0|req: 26/102] 199.204.45.205 () {64 vars in 1272 bytes} [Sat Aug 22 18:24:31 2026] GET /compute/v2.1/ => generated 393 bytes in 6 msecs (HTTP/1.1 200) 9 headers in 357 bytes (1 switches on core 0)
Aug 22 18:24:31.267073 np0000190687 devstack@n-api.service[98484]: DEBUG nova.api.openstack.wsgi [None req-f2dc723e-8263-431b-895b-e69b8928667e demo demo] Calling method '>' {{(pid=98484) _process_stack /opt/stack/nova/nova/api/openstack/wsgi.py:551}}
Aug 22 18:24:31.289161 np0000190687 devstack@n-api.service[98484]: INFO nova.api.openstack.requestlog [None req-f2dc723e-8263-431b-895b-e69b8928667e demo demo] 172.18.0.2 "GET /compute/v2.1/flavors/detail" status: 200 len: 4022 microversion: 2.38 time: 0.025846
Aug 22 18:24:31.289421 np0000190687 devstack@n-api.service[98484]: [pid: 98484|app: 0|req: 26/103] 199.204.45.205 () {68 vars in 1397 bytes} [Sat Aug 22 18:24:31 2026] GET /compute/v2.1/flavors/detail => generated 4022 bytes in 27 msecs (HTTP/1.1 200) 9 headers in 360 bytes (1 switches on core 0)
Aug 22 18:24:31.939507 np0000190687 devstack@n-api.service[98487]: DEBUG nova.api.openstack.wsgi [None req-b69cb1fa-09ab-4692-a0a2-ad4a4027a521 demo demo] Calling method '>' {{(pid=98487) _process_stack /opt/stack/nova/nova/api/openstack/wsgi.py:551}}
Aug 22 18:24:31.943742 np0000190687 devstack@n-api.service[98487]: INFO nova.api.openstack.requestlog [None req-b69cb1fa-09ab-4692-a0a2-ad4a4027a521 demo demo] 172.18.0.2 "GET /compute/v2.1/" status: 200 len: 393 microversion: 2.1 time: 0.004660
Aug 22 18:24:31.944001 np0000190687 devstack@n-api.service[98487]: [pid: 98487|app: 0|req: 27/104] 199.204.45.205 () {64 vars in 1272 bytes} [Sat Aug 22 18:24:31 2026] GET /compute/v2.1/ => generated 393 bytes in 5 msecs (HTTP/1.1 200) 9 headers in 357 bytes (1 switches on core 0)
Aug 22 18:24:31.957785 np0000190687 devstack@n-api.service[98486]: DEBUG nova.api.openstack.wsgi [None req-137acbdf-2d24-4bc8-bdda-17ccdd0d385c demo demo] Calling method '>' {{(pid=98486) _process_stack /opt/stack/nova/nova/api/openstack/wsgi.py:551}}
Aug 22 18:24:31.964722 np0000190687 devstack@n-api.service[98486]: DEBUG nova.policy [None req-137acbdf-2d24-4bc8-bdda-17ccdd0d385c demo demo] Policy check for os_compute_api:servers:allow_all_filters failed with credentials {'is_admin': False, 'user_id': 'e14aba22536642c4bad13323312a7f58', 'user_domain_id': 'default', 'system_scope': None, 'domain_id': None, 'project_id': '79e4d624b25c4d9f8c411e6ddf909b1e', 'project_domain_id': 'default', 'roles': ['reader', 'member', 'load-balancer_member', 'anotherrole'], 'is_admin_project': True, 'service_user_id': None, 'service_user_domain_id': None, 'service_project_id': None, 'service_project_domain_id': None, 'service_roles': []} {{(pid=98486) authorize /opt/stack/nova/nova/policy.py:202}}
Aug 22 18:24:31.965406 np0000190687 devstack@n-api.service[98486]: DEBUG nova.compute.api [None req-137acbdf-2d24-4bc8-bdda-17ccdd0d385c demo demo] Searching by: {'name': '^kube-ux6eg-6d4hf-p2xwd$', 'deleted': False, 'project_id': '79e4d624b25c4d9f8c411e6ddf909b1e'} {{(pid=98486) get_all /opt/stack/nova/nova/compute/api.py:3110}}
Aug 22 18:24:31.970363 np0000190687 devstack@n-api.service[98486]: DEBUG oslo_concurrency.lockutils [None req-137acbdf-2d24-4bc8-bdda-17ccdd0d385c demo demo] Acquiring lock "00000000-0000-0000-0000-000000000000" by "nova.context.set_target_cell..get_or_set_cached_cell_and_set_connections" {{(pid=98486) inner /opt/stack/data/venv/lib/python3.12/site-packages/oslo_concurrency/lockutils.py:512}}
Aug 22 18:24:31.970584 np0000190687 devstack@n-api.service[98486]: DEBUG oslo_concurrency.lockutils [None req-137acbdf-2d24-4bc8-bdda-17ccdd0d385c demo demo] Lock "00000000-0000-0000-0000-000000000000" acquired by "nova.context.set_target_cell..get_or_set_cached_cell_and_set_connections" :: waited 0.000s {{(pid=98486) inner /opt/stack/data/venv/lib/python3.12/site-packages/oslo_concurrency/lockutils.py:525}}
Aug 22 18:24:31.970776 np0000190687 devstack@n-api.service[98486]: DEBUG oslo_concurrency.lockutils [None req-137acbdf-2d24-4bc8-bdda-17ccdd0d385c demo demo] Lock "00000000-0000-0000-0000-000000000000" "released" by "nova.context.set_target_cell..get_or_set_cached_cell_and_set_connections" :: held 0.000s {{(pid=98486) inner /opt/stack/data/venv/lib/python3.12/site-packages/oslo_concurrency/lockutils.py:544}}
