2026-05-20 13:17:46.479 7 INFO neutron.db.ovn_revision_numbers_db [None req-7cdca140-9d37-4a2c-b92d-91afec758ba4 1fa2846721774705aa2f8524d9f9e58a 7acea67fa31e42bdb50a74ef02716b30 - - default default] Successfully bumped revision number for resource d86ec141-1efb-46e9-b832-9d0e044f1689 (type: networks) to 1
2026-05-20 13:17:46.520 8 INFO neutron.db.ovn_revision_numbers_db [req-b10d54ad-ee48-4b28-b964-7081eff61c6a req-1db593d1-2753-44bc-b887-63f380a1c950 144fe443896e4c85a6f0f21155fca7c0 f76de9031b5c4c298502a60cb2c9a464 - - 1b914253909f49f59a4e88098c0f284e 1b914253909f49f59a4e88098c0f284e] Successfully bumped revision number for resource ebc43efb-b0c4-48b0-b36b-dbcf9df6a73a (type: ports) to 4 [pid: 8|app: 0|req: 652/1194] 199.204.45.205 () {38 vars in 1028 bytes} [Wed May 20 13:17:45 2026] PUT /v2.0/ports/ebc43efb-b0c4-48b0-b36b-dbcf9df6a73a => generated 1204 bytes in 656 msecs (HTTP/1.1 200) 4 headers in 158 bytes (1 switches on core 0) /var/lib/openstack/lib/python3.12/site-packages/pycadf/identifier.py:70: UserWarning: Invalid uuid: neutron. To ensure interoperability, identifiers should be a valid uuid. warnings.warn(('Invalid uuid: %s. To ensure interoperability, '
2026-05-20 13:17:46.584 8 INFO neutron.notifiers.nova [-] Nova event matching ['req-f000bbb1-110f-4548-a159-a6c1d584d21b'] response: {'name': 'network-changed', 'server_uuid': 'a370b800-97d1-4379-8815-def43a058ff9', 'tag': 'ebc43efb-b0c4-48b0-b36b-dbcf9df6a73a', 'status': 'completed', 'code': 200}
2026-05-20 13:17:46.634 8 INFO neutron.db.segments_db [None req-43e9884e-a065-4162-b67f-b6210eb02201 91333f2adee34746809f3fd98332df6e 20b3d5ce5f8a48b2afbc15083f7385e1 - - default default] Added segment de008925-79d1-45fe-b041-4b77dee469cc of type geneve for network 2ed9d11d-cdb4-40e5-be58-29ec0f2a3765
2026-05-20 13:17:46.654 7 WARNING neutron.scheduler.dhcp_agent_scheduler [None req-7cdca140-9d37-4a2c-b92d-91afec758ba4 1fa2846721774705aa2f8524d9f9e58a 7acea67fa31e42bdb50a74ef02716b30 - - default default] No more DHCP agents
2026-05-20 13:17:46.656 7 WARNING neutron.api.rpc.agentnotifiers.dhcp_rpc_agent_api [None req-7cdca140-9d37-4a2c-b92d-91afec758ba4 1fa2846721774705aa2f8524d9f9e58a 7acea67fa31e42bdb50a74ef02716b30 - - default default] Unable to schedule network d86ec141-1efb-46e9-b832-9d0e044f1689: no agents available; will retry on subsequent port and subnet creation events.
2026-05-20 13:17:46.719 8 INFO neutron.plugins.ml2.drivers.ovn.mech_driver.mech_driver [None req-32be4241-26cc-48bc-9e4a-9dd9e5f1a6f3 - - - - - -] OVN reports status down for port: 93a9bc9b-4e60-4af4-a86f-eb6dfa47da40
2026-05-20 13:17:46.758 7 INFO neutron.db.ovn_revision_numbers_db [None req-7cdca140-9d37-4a2c-b92d-91afec758ba4 1fa2846721774705aa2f8524d9f9e58a 7acea67fa31e42bdb50a74ef02716b30 - - default default] Successfully bumped revision number for resource 93a9bc9b-4e60-4af4-a86f-eb6dfa47da40 (type: ports) to 1
2026-05-20 13:17:46.784 8 INFO neutron.db.ovn_revision_numbers_db [None req-43e9884e-a065-4162-b67f-b6210eb02201 91333f2adee34746809f3fd98332df6e 20b3d5ce5f8a48b2afbc15083f7385e1 - - default default] Successfully bumped revision number for resource 2ed9d11d-cdb4-40e5-be58-29ec0f2a3765 (type: networks) to 1 [pid: 7|app: 0|req: 543/1195] 10.0.0.42 () {34 vars in 670 bytes} [Wed May 20 13:17:45 2026] POST /v2.0/networks => generated 769 bytes in 1018 msecs (HTTP/1.1 201) 4 headers in 162 bytes (1 switches on core 0) [pid: 7|app: 0|req: 544/1196] 10.0.0.42 () {32 vars in 739 bytes} [Wed May 20 13:17:46 2026] DELETE /v2.0/security-groups/4d427941-685d-48a4-ab39-1413b0b281df => generated 0 bytes in 137 msecs (HTTP/1.1 204) 2 headers in 112 bytes (1 switches on core 0)
2026-05-20 13:17:47.014 8 WARNING neutron.scheduler.dhcp_agent_scheduler [None req-43e9884e-a065-4162-b67f-b6210eb02201 91333f2adee34746809f3fd98332df6e 20b3d5ce5f8a48b2afbc15083f7385e1 - - default default] No more DHCP agents
2026-05-20 13:17:47.016 8 WARNING neutron.api.rpc.agentnotifiers.dhcp_rpc_agent_api [None req-43e9884e-a065-4162-b67f-b6210eb02201 91333f2adee34746809f3fd98332df6e 20b3d5ce5f8a48b2afbc15083f7385e1 - - default default] Unable to schedule network 2ed9d11d-cdb4-40e5-be58-29ec0f2a3765: no agents available; will retry on subsequent port and subnet creation events.
2026-05-20 13:17:47.097 8 INFO neutron.db.ovn_revision_numbers_db [None req-43e9884e-a065-4162-b67f-b6210eb02201 91333f2adee34746809f3fd98332df6e 20b3d5ce5f8a48b2afbc15083f7385e1 - - default default] Successfully bumped revision number for resource 1f58a53f-eea5-4ffd-a31d-3ffba9205172 (type: ports) to 1
2026-05-20 13:17:47.107 7 INFO neutron.plugins.ml2.drivers.ovn.mech_driver.mech_driver [None req-4d6521cd-6a2f-4a85-a002-f4917ee59467 - - - - - -] OVN reports status down for port: 1f58a53f-eea5-4ffd-a31d-3ffba9205172
2026-05-20 13:17:47.119 7 WARNING neutron.scheduler.dhcp_agent_scheduler [None req-45918836-a686-4fa0-acba-2cf90d8736e1 1fa2846721774705aa2f8524d9f9e58a 7acea67fa31e42bdb50a74ef02716b30 - - default default] No more DHCP agents
2026-05-20 13:17:47.120 7 WARNING neutron.api.rpc.agentnotifiers.dhcp_rpc_agent_api [None req-45918836-a686-4fa0-acba-2cf90d8736e1 1fa2846721774705aa2f8524d9f9e58a 7acea67fa31e42bdb50a74ef02716b30 - - default default] Unable to schedule network d86ec141-1efb-46e9-b832-9d0e044f1689: no agents available; will retry on subsequent port and subnet creation events. [pid: 8|app: 0|req: 653/1197] 10.0.0.42 () {34 vars in 669 bytes} [Wed May 20 13:17:46 2026] POST /v2.0/networks => generated 651 bytes in 581 msecs (HTTP/1.1 201) 4 headers in 162 bytes (1 switches on core 0) [pid: 8|app: 0|req: 654/1198] 10.0.0.126 () {34 vars in 990 bytes} [Wed May 20 13:17:47 2026] GET /v2.0/ports?device_id=a370b800-97d1-4379-8815-def43a058ff9 => generated 969 bytes in 39 msecs (HTTP/1.1 200) 4 headers in 157 bytes (1 switches on core 0)
2026-05-20 13:17:47.170 8 INFO neutron.api.v2.resource [None req-0f5f6886-0c8b-4265-91d9-652431a91123 6283a253a4164d5f9832192253fe86de 5a653fe40fb34298b1a1602a25a3af85 - - default default] show failed (client error): The resource could not be found. [pid: 8|app: 0|req: 655/1199] 10.0.0.42 () {32 vars in 736 bytes} [Wed May 20 13:17:47 2026] GET /v2.0/security-groups/4d427941-685d-48a4-ab39-1413b0b281df => generated 146 bytes in 10 msecs (HTTP/1.1 404) 4 headers in 164 bytes (1 switches on core 0) [pid: 8|app: 0|req: 656/1200] 199.204.45.205 () {34 vars in 1080 bytes} [Wed May 20 13:17:47 2026] GET /v2.0/ports?tenant_id=1e3d1df3307d4b04a81c43376c823786&device_id=a370b800-97d1-4379-8815-def43a058ff9 => generated 1207 bytes in 36 msecs (HTTP/1.1 200) 4 headers in 158 bytes (1 switches on core 0)
2026-05-20 13:17:47.432 8 WARNING neutron.scheduler.dhcp_agent_scheduler [None req-67f0e403-8a88-4524-8f20-fc350b96553a 91333f2adee34746809f3fd98332df6e 20b3d5ce5f8a48b2afbc15083f7385e1 - - default default] No more DHCP agents
2026-05-20 13:17:47.434 8 WARNING neutron.api.rpc.agentnotifiers.dhcp_rpc_agent_api [None req-67f0e403-8a88-4524-8f20-fc350b96553a 91333f2adee34746809f3fd98332df6e 20b3d5ce5f8a48b2afbc15083f7385e1 - - default default] Unable to schedule network 2ed9d11d-cdb4-40e5-be58-29ec0f2a3765: no agents available; will retry on subsequent port and subnet creation events.
2026-05-20 13:17:47.468 8 INFO neutron.db.ovn_revision_numbers_db [None req-67f0e403-8a88-4524-8f20-fc350b96553a 91333f2adee34746809f3fd98332df6e 20b3d5ce5f8a48b2afbc15083f7385e1 - - default default] Successfully bumped revision number for resource a95a074c-c303-41df-8157-63daf5a8db71 (type: subnets) to 0 [pid: 8|app: 0|req: 657/1201] 10.0.0.42 () {34 vars in 668 bytes} [Wed May 20 13:17:47 2026] POST /v2.0/subnets => generated 646 bytes in 288 msecs (HTTP/1.1 201) 4 headers in 162 bytes (1 switches on core 0) [pid: 8|app: 0|req: 658/1202] 10.0.0.126 () {34 vars in 1040 bytes} [Wed May 20 13:17:47 2026] GET /v2.0/security-groups?id=70b95bb5-aaf2-455e-b49f-30a7483fccdb&fields=id&fields=name => generated 114 bytes in 26 msecs (HTTP/1.1 200) 4 headers in 157 bytes (1 switches on core 0)
2026-05-20 13:17:47.641 8 INFO neutron_taas.services.taas.taas_plugin [None req-52e6e619-8277-4c59-a5b1-08bf282ced53 6283a253a4164d5f9832192253fe86de 5a653fe40fb34298b1a1602a25a3af85 - - default default] TaaS: Handle Delete Port: e57c9f84-18ca-4cc9-8751-7261dae02211
2026-05-20 13:17:47.643 8 INFO neutron_taas.services.taas.tap_mirror_plugin [None req-52e6e619-8277-4c59-a5b1-08bf282ced53 6283a253a4164d5f9832192253fe86de 5a653fe40fb34298b1a1602a25a3af85 - - default default] Tap Mirror: Handle Delete Port: e57c9f84-18ca-4cc9-8751-7261dae02211
2026-05-20 13:17:47.663 7 INFO neutron.db.ovn_revision_numbers_db [None req-ea0b0413-cde6-4d60-8a57-76d729797acb - - - - - -] Successfully bumped revision number for resource 93a9bc9b-4e60-4af4-a86f-eb6dfa47da40 (type: ports) to 2
2026-05-20 13:17:47.704 7 INFO neutron.db.ovn_revision_numbers_db [None req-ea0b0413-cde6-4d60-8a57-76d729797acb - - - - - -] Successfully bumped revision number for resource 12287063-1753-4363-b987-fdeb4760c815 (type: subnets) to 0 [pid: 7|app: 0|req: 545/1203] 10.0.0.42 () {34 vars in 668 bytes} [Wed May 20 13:17:46 2026] POST /v2.0/subnets => generated 695 bytes in 802 msecs (HTTP/1.1 201) 4 headers in 162 bytes (1 switches on core 0) [pid: 8|app: 0|req: 659/1204] 10.0.0.42 () {32 vars in 731 bytes} [Wed May 20 13:17:47 2026] DELETE /v2.0/floatingips/9a981f85-a08b-4583-8a4f-840d66d1801d => generated 0 bytes in 259 msecs (HTTP/1.1 204) 2 headers in 112 bytes (1 switches on core 0) [pid: 7|app: 0|req: 546/1205] 199.204.45.205 () {34 vars in 1018 bytes} [Wed May 20 13:17:47 2026] GET /v2.0/networks?tenant_id=1e3d1df3307d4b04a81c43376c823786&shared=False => generated 813 bytes in 58 msecs (HTTP/1.1 200) 4 headers in 157 bytes (1 switches on core 0)
2026-05-20 13:17:47.892 8 INFO neutron.db.ovn_revision_numbers_db [None req-465def42-3a97-4964-b7c4-8be581b29575 91333f2adee34746809f3fd98332df6e 20b3d5ce5f8a48b2afbc15083f7385e1 - - default default] Successfully bumped revision number for resource a4dc4d31-c56a-4388-9925-0f121444d40b (type: routers) to 1 [pid: 8|app: 0|req: 660/1206] 10.0.0.42 () {34 vars in 668 bytes} [Wed May 20 13:17:47 2026] POST /v2.0/routers => generated 606 bytes in 123 msecs (HTTP/1.1 201) 4 headers in 162 bytes (1 switches on core 0)
2026-05-20 13:17:48.185 7 WARNING neutron.scheduler.dhcp_agent_scheduler [None req-21b06ae0-8741-4621-b8b9-f9ec154fbf9a 1fa2846721774705aa2f8524d9f9e58a 7acea67fa31e42bdb50a74ef02716b30 - - default default] No more DHCP agents
2026-05-20 13:17:48.186 7 WARNING neutron.api.rpc.agentnotifiers.dhcp_rpc_agent_api [None req-21b06ae0-8741-4621-b8b9-f9ec154fbf9a 1fa2846721774705aa2f8524d9f9e58a 7acea67fa31e42bdb50a74ef02716b30 - - default default] Unable to schedule network 56501412-5071-4402-b60c-b5677cf3ba52: no agents available; will retry on subsequent port and subnet creation events.
2026-05-20 13:17:48.312 7 INFO neutron.plugins.ml2.drivers.ovn.mech_driver.mech_driver [None req-4d6521cd-6a2f-4a85-a002-f4917ee59467 - - - - - -] OVN reports status down for port: ac964cb2-79f1-4252-9e0f-2c578fca9743
2026-05-20 13:17:48.364 7 INFO neutron.db.ovn_revision_numbers_db [None req-21b06ae0-8741-4621-b8b9-f9ec154fbf9a 1fa2846721774705aa2f8524d9f9e58a 7acea67fa31e42bdb50a74ef02716b30 - - default default] Successfully bumped revision number for resource ac964cb2-79f1-4252-9e0f-2c578fca9743 (type: ports) to 1
2026-05-20 13:17:48.610 8 INFO neutron_taas.services.taas.taas_plugin [None req-136c0352-28ad-42df-a5fc-fc0dffb183f1 1fa2846721774705aa2f8524d9f9e58a 7acea67fa31e42bdb50a74ef02716b30 - - default default] TaaS: Handle Delete Port: 38018935-0da3-455a-950c-aada33d903a3
2026-05-20 13:17:48.613 8 INFO neutron_taas.services.taas.tap_mirror_plugin [None req-136c0352-28ad-42df-a5fc-fc0dffb183f1 1fa2846721774705aa2f8524d9f9e58a 7acea67fa31e42bdb50a74ef02716b30 - - default default] Tap Mirror: Handle Delete Port: 38018935-0da3-455a-950c-aada33d903a3
2026-05-20 13:17:49.052 7 INFO neutron.plugins.ml2.drivers.ovn.mech_driver.ovsdb.commands [None req-a95310f0-10f4-4470-9c54-299d2f036686 - - - - - -] Schedule LRP lrp-ac964cb2-79f1-4252-9e0f-2c578fca9743 on gateway 2987b026-334e-48fe-91dc-b3a88277cec3 with priority 1
2026-05-20 13:17:49.094 7 INFO neutron.plugins.ml2.drivers.ovn.mech_driver.ovsdb.ovsdb_monitor [None req-1b3a49a0-e30d-4ba0-9ed0-a377a1a0e3ec - - - - - -] Router 02d2aaa8-936e-443b-ae52-ed8797369ee9 is bound to host instance
2026-05-20 13:17:49.149 7 INFO neutron.plugins.ml2.drivers.ovn.mech_driver.mech_driver [None req-4d6521cd-6a2f-4a85-a002-f4917ee59467 - - - - - -] OVN reports status up for port: ac964cb2-79f1-4252-9e0f-2c578fca9743
2026-05-20 13:17:49.211 7 INFO neutron.plugins.ml2.plugin [None req-4d6521cd-6a2f-4a85-a002-f4917ee59467 - - - - - -] Attempt 1 to provision port ac964cb2-79f1-4252-9e0f-2c578fca9743 [pid: 8|app: 0|req: 661/1207] 10.0.0.42 () {34 vars in 788 bytes} [Wed May 20 13:17:47 2026] PUT /v2.0/routers/9bed2d21-81f8-4c51-b676-86510f5ff45d/remove_router_interface => generated 309 bytes in 1427 msecs (HTTP/1.1 200) 4 headers in 157 bytes (1 switches on core 0) /var/lib/openstack/lib/python3.12/site-packages/pycadf/identifier.py:70: UserWarning: Invalid uuid: neutron. To ensure interoperability, identifiers should be a valid uuid. warnings.warn(('Invalid uuid: %s. To ensure interoperability, ' [pid: 8|app: 0|req: 662/1208] 199.204.45.205 () {34 vars in 930 bytes} [Wed May 20 13:17:49 2026] GET /v2.0/networks?shared=True => generated 791 bytes in 97 msecs (HTTP/1.1 200) 4 headers in 157 bytes (1 switches on core 0)
2026-05-20 13:17:49.743 7 INFO neutron.db.ovn_revision_numbers_db [None req-21b06ae0-8741-4621-b8b9-f9ec154fbf9a 1fa2846721774705aa2f8524d9f9e58a 7acea67fa31e42bdb50a74ef02716b30 - - default default] Successfully bumped revision number for resource ac964cb2-79f1-4252-9e0f-2c578fca9743 (type: router_ports) to 1
2026-05-20 13:17:49.800 8 WARNING neutron.scheduler.dhcp_agent_scheduler [None req-d077bf12-c994-4f5d-87c8-09110dd36921 91333f2adee34746809f3fd98332df6e 20b3d5ce5f8a48b2afbc15083f7385e1 - - default default] No more DHCP agents
2026-05-20 13:17:49.802 8 WARNING neutron.api.rpc.agentnotifiers.dhcp_rpc_agent_api [None req-d077bf12-c994-4f5d-87c8-09110dd36921 91333f2adee34746809f3fd98332df6e 20b3d5ce5f8a48b2afbc15083f7385e1 - - default default] Unable to schedule network 2ed9d11d-cdb4-40e5-be58-29ec0f2a3765: no agents available; will retry on subsequent port and subnet creation events.
2026-05-20 13:17:49.896 8 INFO neutron.plugins.ml2.drivers.ovn.mech_driver.mech_driver [None req-32be4241-26cc-48bc-9e4a-9dd9e5f1a6f3 - - - - - -] OVN reports status down for port: bcea8502-9986-476c-b4c9-08637b35ec9b
2026-05-20 13:17:49.958 8 INFO neutron.db.ovn_revision_numbers_db [None req-d077bf12-c994-4f5d-87c8-09110dd36921 91333f2adee34746809f3fd98332df6e 20b3d5ce5f8a48b2afbc15083f7385e1 - - default default] Successfully bumped revision number for resource bcea8502-9986-476c-b4c9-08637b35ec9b (type: ports) to 1
2026-05-20 13:17:49.995 7 INFO neutron.db.ovn_revision_numbers_db [None req-21b06ae0-8741-4621-b8b9-f9ec154fbf9a 1fa2846721774705aa2f8524d9f9e58a 7acea67fa31e42bdb50a74ef02716b30 - - default default] Successfully bumped revision number for resource 02d2aaa8-936e-443b-ae52-ed8797369ee9 (type: routers) to 2 [pid: 7|app: 0|req: 547/1209] 10.0.0.42 () {34 vars in 668 bytes} [Wed May 20 13:17:47 2026] POST /v2.0/routers => generated 973 bytes in 2244 msecs (HTTP/1.1 201) 4 headers in 162 bytes (1 switches on core 0) [pid: 7|app: 0|req: 548/1210] 10.0.0.126 () {34 vars in 990 bytes} [Wed May 20 13:17:50 2026] GET /v2.0/ports?device_id=a370b800-97d1-4379-8815-def43a058ff9 => generated 969 bytes in 75 msecs (HTTP/1.1 200) 4 headers in 157 bytes (1 switches on core 0)
2026-05-20 13:17:50.484 8 INFO neutron.plugins.ml2.drivers.ovn.mech_driver.mech_driver [None req-32be4241-26cc-48bc-9e4a-9dd9e5f1a6f3 - - - - - -] OVN reports status up for port: bcea8502-9986-476c-b4c9-08637b35ec9b
2026-05-20 13:17:50.518 8 INFO neutron.plugins.ml2.plugin [None req-32be4241-26cc-48bc-9e4a-9dd9e5f1a6f3 - - - - - -] Attempt 1 to provision port bcea8502-9986-476c-b4c9-08637b35ec9b
2026-05-20 13:17:50.617 8 WARNING neutron.scheduler.dhcp_agent_scheduler [None req-d077bf12-c994-4f5d-87c8-09110dd36921 91333f2adee34746809f3fd98332df6e 20b3d5ce5f8a48b2afbc15083f7385e1 - - default default] No more DHCP agents
2026-05-20 13:17:50.620 8 WARNING neutron.api.rpc.agentnotifiers.dhcp_rpc_agent_api [None req-d077bf12-c994-4f5d-87c8-09110dd36921 91333f2adee34746809f3fd98332df6e 20b3d5ce5f8a48b2afbc15083f7385e1 - - default default] Unable to schedule network 2ed9d11d-cdb4-40e5-be58-29ec0f2a3765: no agents available; will retry on subsequent port and subnet creation events.
2026-05-20 13:17:50.748 7 INFO neutron_taas.services.taas.taas_plugin [None req-42bd55b1-0cce-421a-9f67-37a6e2e3481c 1fa2846721774705aa2f8524d9f9e58a 7acea67fa31e42bdb50a74ef02716b30 - - default default] TaaS: Handle Delete Port: fe9db36b-05ff-4a89-8910-6bf9ccbc98bb
2026-05-20 13:17:50.754 7 INFO neutron_taas.services.taas.tap_mirror_plugin [None req-42bd55b1-0cce-421a-9f67-37a6e2e3481c 1fa2846721774705aa2f8524d9f9e58a 7acea67fa31e42bdb50a74ef02716b30 - - default default] Tap Mirror: Handle Delete Port: fe9db36b-05ff-4a89-8910-6bf9ccbc98bb
2026-05-20 13:17:51.046 8 INFO neutron.db.ovn_revision_numbers_db [None req-d077bf12-c994-4f5d-87c8-09110dd36921 91333f2adee34746809f3fd98332df6e 20b3d5ce5f8a48b2afbc15083f7385e1 - - default default] Successfully bumped revision number for resource bcea8502-9986-476c-b4c9-08637b35ec9b (type: router_ports) to 1 [pid: 8|app: 0|req: 663/1211] 10.0.0.42 () {34 vars in 782 bytes} [Wed May 20 13:17:49 2026] PUT /v2.0/routers/a4dc4d31-c56a-4388-9925-0f121444d40b/add_router_interface => generated 309 bytes in 1623 msecs (HTTP/1.1 200) 4 headers in 157 bytes (1 switches on core 0)
2026-05-20 13:17:51.317 8 INFO neutron.db.ovn_revision_numbers_db [None req-32be4241-26cc-48bc-9e4a-9dd9e5f1a6f3 - - - - - -] Successfully bumped revision number for resource bcea8502-9986-476c-b4c9-08637b35ec9b (type: ports) to 2
2026-05-20 13:17:51.441 7 INFO neutron.db.ovn_revision_numbers_db [None req-93873faf-2c12-44d2-adf9-725aff25b646 - - - - - -] Successfully bumped revision number for resource ac964cb2-79f1-4252-9e0f-2c578fca9743 (type: ports) to 4 [pid: 7|app: 0|req: 549/1214] 10.0.0.42 () {32 vars in 723 bytes} [Wed May 20 13:17:50 2026] DELETE /v2.0/routers/9bed2d21-81f8-4c51-b676-86510f5ff45d => generated 0 bytes in 1448 msecs (HTTP/1.1 204) 2 headers in 112 bytes (1 switches on core 0) [pid: 7|app: 0|req: 550/1215] 10.0.0.126 () {34 vars in 1040 bytes} [Wed May 20 13:17:51 2026] GET /v2.0/security-groups?id=70b95bb5-aaf2-455e-b49f-30a7483fccdb&fields=id&fields=name => generated 114 bytes in 66 msecs (HTTP/1.1 200) 4 headers in 157 bytes (1 switches on core 0) [pid: 7|app: 0|req: 551/1216] 199.204.45.205 () {34 vars in 1080 bytes} [Wed May 20 13:17:51 2026] GET /v2.0/ports?tenant_id=1e3d1df3307d4b04a81c43376c823786&device_id=a370b800-97d1-4379-8815-def43a058ff9 => generated 1207 bytes in 66 msecs (HTTP/1.1 200) 4 headers in 158 bytes (1 switches on core 0)
2026-05-20 13:17:51.744 8 WARNING neutron.scheduler.dhcp_agent_scheduler [None req-dbf06267-fd70-451d-9ce2-cffaad79471e 1fa2846721774705aa2f8524d9f9e58a 7acea67fa31e42bdb50a74ef02716b30 - - default default] No more DHCP agents
2026-05-20 13:17:51.745 8 WARNING neutron.api.rpc.agentnotifiers.dhcp_rpc_agent_api [None req-dbf06267-fd70-451d-9ce2-cffaad79471e 1fa2846721774705aa2f8524d9f9e58a 7acea67fa31e42bdb50a74ef02716b30 - - default default] Unable to schedule network d86ec141-1efb-46e9-b832-9d0e044f1689: no agents available; will retry on subsequent port and subnet creation events. [pid: 7|app: 0|req: 552/1217] 10.0.0.42 () {32 vars in 716 bytes} [Wed May 20 13:17:51 2026] GET /v2.0/ports/bcea8502-9986-476c-b4c9-08637b35ec9b => generated 947 bytes in 187 msecs (HTTP/1.1 200) 4 headers in 157 bytes (1 switches on core 0)
2026-05-20 13:17:51.891 8 INFO neutron.db.ovn_revision_numbers_db [None req-dbf06267-fd70-451d-9ce2-cffaad79471e 1fa2846721774705aa2f8524d9f9e58a 7acea67fa31e42bdb50a74ef02716b30 - - default default] Successfully bumped revision number for resource 83ad9efb-0c7f-427f-950a-1ceab5b32fab (type: ports) to 1
2026-05-20 13:17:52.107 7 INFO neutron.db.ovn_revision_numbers_db [None req-93873faf-2c12-44d2-adf9-725aff25b646 - - - - - -] Successfully bumped revision number for resource ac964cb2-79f1-4252-9e0f-2c578fca9743 (type: ports) to 5 [pid: 7|app: 0|req: 553/1218] 10.0.0.42 () {32 vars in 723 bytes} [Wed May 20 13:17:51 2026] DELETE /v2.0/subnets/d1b73116-32c4-4213-8712-87f24b340e71 => generated 0 bytes in 334 msecs (HTTP/1.1 204) 3 headers in 131 bytes (1 switches on core 0) [pid: 7|app: 0|req: 554/1219] 199.204.45.205 () {34 vars in 1058 bytes} [Wed May 20 13:17:52 2026] GET /v2.0/floatingips?fixed_ip_address=10.100.0.3&port_id=ebc43efb-b0c4-48b0-b36b-dbcf9df6a73a => generated 19 bytes in 33 msecs (HTTP/1.1 200) 4 headers in 156 bytes (1 switches on core 0) [pid: 7|app: 0|req: 555/1220] 10.0.0.42 () {32 vars in 716 bytes} [Wed May 20 13:17:52 2026] GET /v2.0/ports/bcea8502-9986-476c-b4c9-08637b35ec9b => generated 947 bytes in 36 msecs (HTTP/1.1 200) 4 headers in 157 bytes (1 switches on core 0)
2026-05-20 13:17:52.400 7 INFO neutron_taas.services.taas.taas_plugin [None req-89ec0696-0f6e-4cc2-989f-a571de9cdd2e 1fa2846721774705aa2f8524d9f9e58a 7acea67fa31e42bdb50a74ef02716b30 - - default default] TaaS: Handle Delete Port: 21f2aed2-f047-4a6e-8e2c-f1738a3c5831
2026-05-20 13:17:52.403 7 INFO neutron_taas.services.taas.tap_mirror_plugin [None req-89ec0696-0f6e-4cc2-989f-a571de9cdd2e 1fa2846721774705aa2f8524d9f9e58a 7acea67fa31e42bdb50a74ef02716b30 - - default default] Tap Mirror: Handle Delete Port: 21f2aed2-f047-4a6e-8e2c-f1738a3c5831
2026-05-20 13:17:52.567 8 WARNING neutron.scheduler.dhcp_agent_scheduler [None req-dbf06267-fd70-451d-9ce2-cffaad79471e 1fa2846721774705aa2f8524d9f9e58a 7acea67fa31e42bdb50a74ef02716b30 - - default default] No more DHCP agents
2026-05-20 13:17:52.568 8 WARNING neutron.api.rpc.agentnotifiers.dhcp_rpc_agent_api [None req-dbf06267-fd70-451d-9ce2-cffaad79471e 1fa2846721774705aa2f8524d9f9e58a 7acea67fa31e42bdb50a74ef02716b30 - - default default] Unable to schedule network d86ec141-1efb-46e9-b832-9d0e044f1689: no agents available; will retry on subsequent port and subnet creation events.
2026-05-20 13:17:52.600 7 INFO neutron.services.segments.plugin [-] Segment 7a940f00-f239-400a-adb6-be5f36f4d336 resource provider aggregate not found
2026-05-20 13:17:52.607 7 INFO neutron.services.segments.plugin [-] Segment 7a940f00-f239-400a-adb6-be5f36f4d336 resource provider aggregate not found
2026-05-20 13:17:52.622 7 INFO neutron.services.segments.plugin [-] Segment 7a940f00-f239-400a-adb6-be5f36f4d336 resource provider not found; error: Placement Client Error (4xx): {"errors": [{"status": 404, "title": "Not Found", "detail": "The resource could not be found.\n\n No resource provider with uuid 7a940f00-f239-400a-adb6-be5f36f4d336 found for delete ", "request_id": "req-55504a99-b450-4577-b2ec-307210738108"}]}
2026-05-20 13:17:52.631 7 INFO neutron.services.segments.plugin [-] Segment 7a940f00-f239-400a-adb6-be5f36f4d336 resource provider not found; error: Placement Client Error (4xx): {"errors": [{"status": 404, "title": "Not Found", "detail": "The resource could not be found.\n\n No resource provider with uuid 7a940f00-f239-400a-adb6-be5f36f4d336 found for delete ", "request_id": "req-d3e3452a-0578-47fd-abca-c3d91780ff3c"}]} [pid: 7|app: 0|req: 556/1221] 10.0.0.42 () {32 vars in 725 bytes} [Wed May 20 13:17:52 2026] DELETE /v2.0/networks/beab775c-fabf-4768-b2ae-cc47882326d9 => generated 0 bytes in 375 msecs (HTTP/1.1 204) 3 headers in 131 bytes (1 switches on core 0) [pid: 7|app: 0|req: 557/1222] 199.204.45.205 () {34 vars in 984 bytes} [Wed May 20 13:17:52 2026] GET /v2.0/subnets?id=bff09be7-c29c-442b-9188-40b4d58d3d5a => generated 694 bytes in 24 msecs (HTTP/1.1 200) 4 headers in 157 bytes (1 switches on core 0)
2026-05-20 13:17:52.766 7 INFO neutron.plugins.ml2.drivers.ovn.mech_driver.mech_driver [None req-4d6521cd-6a2f-4a85-a002-f4917ee59467 - - - - - -] OVN reports status down for port: 83ad9efb-0c7f-427f-950a-1ceab5b32fab
2026-05-20 13:17:52.865 7 WARNING neutron.plugins.ml2.drivers.ovn.mech_driver.ovsdb.ovn_client [None req-4d6521cd-6a2f-4a85-a002-f4917ee59467 - - - - - -] Logical_Switch_Port %s host information not removed, the port state is up
2026-05-20 13:17:52.866 7 INFO neutron.plugins.ml2.drivers.ovn.mech_driver.mech_driver [None req-4d6521cd-6a2f-4a85-a002-f4917ee59467 - - - - - -] OVN reports status up for port: 83ad9efb-0c7f-427f-950a-1ceab5b32fab
2026-05-20 13:17:52.891 7 INFO neutron.plugins.ml2.plugin [None req-4d6521cd-6a2f-4a85-a002-f4917ee59467 - - - - - -] Attempt 1 to provision port 83ad9efb-0c7f-427f-950a-1ceab5b32fab
2026-05-20 13:17:52.987 8 INFO neutron.db.ovn_revision_numbers_db [None req-dbf06267-fd70-451d-9ce2-cffaad79471e 1fa2846721774705aa2f8524d9f9e58a 7acea67fa31e42bdb50a74ef02716b30 - - default default] Successfully bumped revision number for resource 83ad9efb-0c7f-427f-950a-1ceab5b32fab (type: router_ports) to 1 [pid: 8|app: 0|req: 666/1223] 10.0.0.42 () {34 vars in 782 bytes} [Wed May 20 13:17:51 2026] PUT /v2.0/routers/02d2aaa8-936e-443b-ae52-ed8797369ee9/add_router_interface => generated 309 bytes in 1936 msecs (HTTP/1.1 200) 4 headers in 157 bytes (1 switches on core 0) [pid: 8|app: 0|req: 667/1224] 10.0.0.126 () {34 vars in 990 bytes} [Wed May 20 13:17:52 2026] GET /v2.0/ports?device_id=a370b800-97d1-4379-8815-def43a058ff9 => generated 969 bytes in 85 msecs (HTTP/1.1 200) 4 headers in 157 bytes (1 switches on core 0) [pid: 8|app: 0|req: 668/1225] 199.204.45.205 () {34 vars in 1052 bytes} [Wed May 20 13:17:53 2026] GET /v2.0/ports?network_id=055c0cc5-db9f-4819-9402-550e04730b8f&device_owner=network%3Adhcp => generated 12 bytes in 19 msecs (HTTP/1.1 200) 4 headers in 156 bytes (1 switches on core 0) [pid: 8|app: 0|req: 669/1226] 10.0.0.42 () {32 vars in 773 bytes} [Wed May 20 13:17:53 2026] GET /v2.0/security-groups?tenant_id=5a653fe40fb34298b1a1602a25a3af85&name=default => generated 2925 bytes in 38 msecs (HTTP/1.1 200) 4 headers in 158 bytes (1 switches on core 0) [pid: 8|app: 0|req: 670/1227] 10.0.0.126 () {34 vars in 1040 bytes} [Wed May 20 13:17:53 2026] GET /v2.0/security-groups?id=70b95bb5-aaf2-455e-b49f-30a7483fccdb&fields=id&fields=name => generated 114 bytes in 31 msecs (HTTP/1.1 200) 4 headers in 157 bytes (1 switches on core 0) [pid: 8|app: 0|req: 671/1228] 199.204.45.205 () {34 vars in 1012 bytes} [Wed May 20 13:17:53 2026] GET /v2.0/networks/055c0cc5-db9f-4819-9402-550e04730b8f?fields=segments => generated 14 bytes in 40 msecs (HTTP/1.1 200) 4 headers in 156 bytes (1 switches on core 0)
2026-05-20 13:17:53.256 7 INFO neutron_taas.services.taas.taas_plugin [None req-2b205461-6b3e-4d59-9632-4e758b4dbcf8 91333f2adee34746809f3fd98332df6e 20b3d5ce5f8a48b2afbc15083f7385e1 - - default default] TaaS: Handle Delete Port: bcea8502-9986-476c-b4c9-08637b35ec9b
2026-05-20 13:17:53.261 7 INFO neutron_taas.services.taas.tap_mirror_plugin [None req-2b205461-6b3e-4d59-9632-4e758b4dbcf8 91333f2adee34746809f3fd98332df6e 20b3d5ce5f8a48b2afbc15083f7385e1 - - default default] Tap Mirror: Handle Delete Port: bcea8502-9986-476c-b4c9-08637b35ec9b [pid: 8|app: 0|req: 672/1229] 10.0.0.42 () {32 vars in 739 bytes} [Wed May 20 13:17:53 2026] DELETE /v2.0/security-groups/659d3784-aea8-4f18-a457-5f171d19523e => generated 0 bytes in 259 msecs (HTTP/1.1 204) 2 headers in 112 bytes (1 switches on core 0) [pid: 8|app: 0|req: 673/1230] 199.204.45.205 () {34 vars in 1112 bytes} [Wed May 20 13:17:53 2026] GET /v2.0/networks/055c0cc5-db9f-4819-9402-550e04730b8f?fields=provider%3Aphysical_network&fields=provider%3Anetwork_type => generated 79 bytes in 47 msecs (HTTP/1.1 200) 4 headers in 156 bytes (1 switches on core 0)
2026-05-20 13:17:53.735 8 INFO neutron.db.ovn_revision_numbers_db [None req-7760cc2d-d4ff-488c-9207-78493db9a8a4 537b11ba83d7477fbdd915c5814f6497 7684f49c29a64dcf8c75fcc90f5d6631 - - default default] Successfully bumped revision number for resource f0a24bde-2009-422c-8c41-a9e92d38996a (type: security_groups) to 1
2026-05-20 13:17:53.743 8 INFO neutron.db.ovn_revision_numbers_db [None req-7760cc2d-d4ff-488c-9207-78493db9a8a4 537b11ba83d7477fbdd915c5814f6497 7684f49c29a64dcf8c75fcc90f5d6631 - - default default] Successfully bumped revision number for resource 850d309c-4a00-4f24-aec6-c10af1cb7815 (type: security_group_rules) to 0
2026-05-20 13:17:53.755 8 INFO neutron.db.ovn_revision_numbers_db [None req-7760cc2d-d4ff-488c-9207-78493db9a8a4 537b11ba83d7477fbdd915c5814f6497 7684f49c29a64dcf8c75fcc90f5d6631 - - default default] Successfully bumped revision number for resource e6d4870a-f46b-4535-a8b4-603cccf3112d (type: security_group_rules) to 0
2026-05-20 13:17:53.780 7 INFO neutron.db.ovn_revision_numbers_db [None req-4d6521cd-6a2f-4a85-a002-f4917ee59467 - - - - - -] Successfully bumped revision number for resource 83ad9efb-0c7f-427f-950a-1ceab5b32fab (type: ports) to 2 [pid: 8|app: 0|req: 674/1231] 10.0.0.42 () {34 vars in 684 bytes} [Wed May 20 13:17:53 2026] POST /v2.0/security-groups => generated 1660 bytes in 207 msecs (HTTP/1.1 201) 4 headers in 163 bytes (1 switches on core 0) [pid: 7|app: 0|req: 558/1232] 10.0.0.42 () {34 vars in 788 bytes} [Wed May 20 13:17:52 2026] PUT /v2.0/routers/a4dc4d31-c56a-4388-9925-0f121444d40b/remove_router_interface => generated 309 bytes in 1182 msecs (HTTP/1.1 200) 4 headers in 157 bytes (1 switches on core 0) /var/lib/openstack/lib/python3.12/site-packages/pycadf/identifier.py:70: UserWarning: Invalid uuid: neutron. To ensure interoperability, identifiers should be a valid uuid. warnings.warn(('Invalid uuid: %s. To ensure interoperability, ' [pid: 7|app: 0|req: 559/1233] 10.0.0.42 () {32 vars in 735 bytes} [Wed May 20 13:17:53 2026] GET /v2.0/ports?device_id=a4dc4d31-c56a-4388-9925-0f121444d40b => generated 12 bytes in 37 msecs (HTTP/1.1 200) 4 headers in 156 bytes (1 switches on core 0)
2026-05-20 13:17:53.963 8 INFO neutron.db.ovn_revision_numbers_db [None req-d059491b-446c-4309-91f7-b10352d1e23c 537b11ba83d7477fbdd915c5814f6497 7684f49c29a64dcf8c75fcc90f5d6631 - - default default] Successfully bumped revision number for resource 19218625-46c2-43e4-a20d-d9d75619aa6b (type: security_group_rules) to 0 [pid: 8|app: 0|req: 675/1234] 10.0.0.42 () {34 vars in 694 bytes} [Wed May 20 13:17:53 2026] POST /v2.0/security-group-rules => generated 597 bytes in 185 msecs (HTTP/1.1 201) 4 headers in 162 bytes (1 switches on core 0) [pid: 7|app: 0|req: 560/1235] 10.0.0.42 () {32 vars in 723 bytes} [Wed May 20 13:17:53 2026] DELETE /v2.0/routers/a4dc4d31-c56a-4388-9925-0f121444d40b => generated 0 bytes in 228 msecs (HTTP/1.1 204) 2 headers in 112 bytes (1 switches on core 0)
2026-05-20 13:17:54.154 8 INFO neutron.db.ovn_revision_numbers_db [None req-49d4ea98-07fe-43df-aef6-d7ff973da881 537b11ba83d7477fbdd915c5814f6497 7684f49c29a64dcf8c75fcc90f5d6631 - - default default] Successfully bumped revision number for resource 1ff18497-63a5-4555-892b-02f30b9e91eb (type: security_group_rules) to 0 [pid: 8|app: 0|req: 676/1236] 10.0.0.42 () {34 vars in 694 bytes} [Wed May 20 13:17:54 2026] POST /v2.0/security-group-rules => generated 602 bytes in 183 msecs (HTTP/1.1 201) 4 headers in 162 bytes (1 switches on core 0) [pid: 7|app: 0|req: 561/1237] 10.0.0.42 () {32 vars in 723 bytes} [Wed May 20 13:17:54 2026] DELETE /v2.0/subnets/a95a074c-c303-41df-8157-63daf5a8db71 => generated 0 bytes in 169 msecs (HTTP/1.1 204) 3 headers in 131 bytes (1 switches on core 0) [pid: 7|app: 0|req: 562/1238] 10.0.0.126 () {34 vars in 990 bytes} [Wed May 20 13:17:54 2026] GET /v2.0/ports?device_id=a370b800-97d1-4379-8815-def43a058ff9 => generated 969 bytes in 92 msecs (HTTP/1.1 200) 4 headers in 157 bytes (1 switches on core 0)
2026-05-20 13:17:54.432 8 WARNING neutron.scheduler.dhcp_agent_scheduler [None req-c91fda86-b3af-495a-a9b3-ac69c604d0ad 537b11ba83d7477fbdd915c5814f6497 7684f49c29a64dcf8c75fcc90f5d6631 - - default default] No more DHCP agents
2026-05-20 13:17:54.433 8 WARNING neutron.api.rpc.agentnotifiers.dhcp_rpc_agent_api [None req-c91fda86-b3af-495a-a9b3-ac69c604d0ad 537b11ba83d7477fbdd915c5814f6497 7684f49c29a64dcf8c75fcc90f5d6631 - - default default] Unable to schedule network 56501412-5071-4402-b60c-b5677cf3ba52: no agents available; will retry on subsequent port and subnet creation events.
2026-05-20 13:17:54.531 7 INFO neutron_taas.services.taas.taas_plugin [None req-67befc12-eb98-4973-860d-b1a38671ee74 91333f2adee34746809f3fd98332df6e 20b3d5ce5f8a48b2afbc15083f7385e1 - - default default] TaaS: Handle Delete Port: 1f58a53f-eea5-4ffd-a31d-3ffba9205172
2026-05-20 13:17:54.533 7 INFO neutron_taas.services.taas.tap_mirror_plugin [None req-67befc12-eb98-4973-860d-b1a38671ee74 91333f2adee34746809f3fd98332df6e 20b3d5ce5f8a48b2afbc15083f7385e1 - - default default] Tap Mirror: Handle Delete Port: 1f58a53f-eea5-4ffd-a31d-3ffba9205172 [pid: 8|app: 0|req: 677/1239] 10.0.0.42 () {34 vars in 675 bytes} [Wed May 20 13:17:54 2026] POST /v2.0/floatingips => generated 552 bytes in 529 msecs (HTTP/1.1 201) 4 headers in 162 bytes (1 switches on core 0)
2026-05-20 13:17:54.738 7 INFO neutron.services.segments.plugin [-] Segment de008925-79d1-45fe-b041-4b77dee469cc resource provider aggregate not found
2026-05-20 13:17:54.745 7 INFO neutron.services.segments.plugin [-] Segment de008925-79d1-45fe-b041-4b77dee469cc resource provider aggregate not found [pid: 8|app: 0|req: 678/1240] 10.0.0.126 () {34 vars in 1040 bytes} [Wed May 20 13:17:54 2026] GET /v2.0/security-groups?id=70b95bb5-aaf2-455e-b49f-30a7483fccdb&fields=id&fields=name => generated 114 bytes in 34 msecs (HTTP/1.1 200) 4 headers in 157 bytes (1 switches on core 0)
2026-05-20 13:17:54.755 7 INFO neutron.services.segments.plugin [-] Segment de008925-79d1-45fe-b041-4b77dee469cc resource provider not found; error: Placement Client Error (4xx): {"errors": [{"status": 404, "title": "Not Found", "detail": "The resource could not be found.\n\n No resource provider with uuid de008925-79d1-45fe-b041-4b77dee469cc found for delete ", "request_id": "req-0fe5a84f-8e7d-41e3-90d2-9bdf307d59a7"}]}
2026-05-20 13:17:54.768 7 INFO neutron.services.segments.plugin [-] Segment de008925-79d1-45fe-b041-4b77dee469cc resource provider not found; error: Placement Client Error (4xx): {"errors": [{"status": 404, "title": "Not Found", "detail": "The resource could not be found.\n\n No resource provider with uuid de008925-79d1-45fe-b041-4b77dee469cc found for delete ", "request_id": "req-3ff60c01-4c5b-4453-9739-1e33af964c4b"}]} [pid: 7|app: 0|req: 563/1241] 10.0.0.42 () {32 vars in 725 bytes} [Wed May 20 13:17:54 2026] DELETE /v2.0/networks/2ed9d11d-cdb4-40e5-be58-29ec0f2a3765 => generated 0 bytes in 390 msecs (HTTP/1.1 204) 3 headers in 131 bytes (1 switches on core 0)
2026-05-20 13:17:55.260 8 WARNING neutron.scheduler.dhcp_agent_scheduler [None req-53042bc8-b89f-4493-adf9-a911e8c39be4 91333f2adee34746809f3fd98332df6e 20b3d5ce5f8a48b2afbc15083f7385e1 - - default default] No more DHCP agents
2026-05-20 13:17:55.261 8 WARNING neutron.api.rpc.agentnotifiers.dhcp_rpc_agent_api [None req-53042bc8-b89f-4493-adf9-a911e8c39be4 91333f2adee34746809f3fd98332df6e 20b3d5ce5f8a48b2afbc15083f7385e1 - - default default] Unable to schedule network 56501412-5071-4402-b60c-b5677cf3ba52: no agents available; will retry on subsequent port and subnet creation events.
2026-05-20 13:17:55.448 8 INFO neutron.db.ovn_revision_numbers_db [None req-53042bc8-b89f-4493-adf9-a911e8c39be4 91333f2adee34746809f3fd98332df6e 20b3d5ce5f8a48b2afbc15083f7385e1 - - default default] Successfully bumped revision number for resource cc1b66f3-7526-44bd-9d40-80a4cc05cba9 (type: ports) to 1 [pid: 7|app: 0|req: 564/1242] 10.0.0.126 () {34 vars in 990 bytes} [Wed May 20 13:17:55 2026] GET /v2.0/ports?device_id=a370b800-97d1-4379-8815-def43a058ff9 => generated 969 bytes in 51 msecs (HTTP/1.1 200) 4 headers in 157 bytes (1 switches on core 0) [pid: 7|app: 0|req: 565/1243] 10.0.0.126 () {34 vars in 1040 bytes} [Wed May 20 13:17:55 2026] GET /v2.0/security-groups?id=70b95bb5-aaf2-455e-b49f-30a7483fccdb&fields=id&fields=name => generated 114 bytes in 55 msecs (HTTP/1.1 200) 4 headers in 157 bytes (1 switches on core 0)
2026-05-20 13:17:56.139 8 INFO neutron.plugins.ml2.drivers.ovn.mech_driver.ovsdb.commands [None req-25871025-efbf-43ec-aee9-5312fde1cb5a - - - - - -] Schedule LRP lrp-cc1b66f3-7526-44bd-9d40-80a4cc05cba9 on gateway 2987b026-334e-48fe-91dc-b3a88277cec3 with priority 1
2026-05-20 13:17:56.244 8 INFO neutron.db.ovn_revision_numbers_db [None req-53042bc8-b89f-4493-adf9-a911e8c39be4 91333f2adee34746809f3fd98332df6e 20b3d5ce5f8a48b2afbc15083f7385e1 - - default default] Successfully bumped revision number for resource cc1b66f3-7526-44bd-9d40-80a4cc05cba9 (type: router_ports) to 1
2026-05-20 13:17:56.339 8 INFO neutron.db.ovn_revision_numbers_db [None req-53042bc8-b89f-4493-adf9-a911e8c39be4 91333f2adee34746809f3fd98332df6e 20b3d5ce5f8a48b2afbc15083f7385e1 - - default default] Successfully bumped revision number for resource 66e1a1cd-2941-4475-bf4b-6dcb4b334d0a (type: routers) to 2 [pid: 8|app: 0|req: 679/1244] 10.0.0.42 () {34 vars in 668 bytes} [Wed May 20 13:17:54 2026] POST /v2.0/routers => generated 951 bytes in 1563 msecs (HTTP/1.1 201) 4 headers in 162 bytes (1 switches on core 0) [pid: 7|app: 0|req: 566/1245] 10.0.0.42 () {32 vars in 720 bytes} [Wed May 20 13:17:56 2026] GET /v2.0/routers/66e1a1cd-2941-4475-bf4b-6dcb4b334d0a => generated 957 bytes in 85 msecs (HTTP/1.1 200) 4 headers in 157 bytes (1 switches on core 0) [pid: 8|app: 0|req: 680/1246] 10.0.0.42 () {32 vars in 646 bytes} [Wed May 20 13:17:56 2026] GET /v2.0/routers => generated 960 bytes in 107 msecs (HTTP/1.1 200) 4 headers in 157 bytes (1 switches on core 0)
2026-05-20 13:17:56.645 8 WARNING neutron.plugins.ml2.drivers.ovn.mech_driver.ovsdb.ovn_client [None req-18ab3eab-b36e-4c2c-a9b2-6cd35053d269 - - - - - -] No port found with ID bcea8502-9986-476c-b4c9-08637b35ec9b: RuntimeError: No port found with ID bcea8502-9986-476c-b4c9-08637b35ec9b
2026-05-20 13:17:56.660 8 INFO neutron.plugins.ml2.drivers.ovn.mech_driver.mech_driver [None req-18ab3eab-b36e-4c2c-a9b2-6cd35053d269 - - - - - -] OVN reports status down for port: cc1b66f3-7526-44bd-9d40-80a4cc05cba9
2026-05-20 13:17:56.710 8 WARNING neutron.plugins.ml2.drivers.ovn.mech_driver.ovsdb.ovn_client [None req-18ab3eab-b36e-4c2c-a9b2-6cd35053d269 - - - - - -] Logical_Switch_Port %s host information not removed, the port state is up
2026-05-20 13:17:56.711 8 INFO neutron.plugins.ml2.drivers.ovn.mech_driver.mech_driver [None req-18ab3eab-b36e-4c2c-a9b2-6cd35053d269 - - - - - -] OVN reports status up for port: cc1b66f3-7526-44bd-9d40-80a4cc05cba9
2026-05-20 13:17:56.726 8 INFO neutron.plugins.ml2.plugin [None req-18ab3eab-b36e-4c2c-a9b2-6cd35053d269 - - - - - -] Attempt 1 to provision port cc1b66f3-7526-44bd-9d40-80a4cc05cba9
2026-05-20 13:17:57.008 7 INFO neutron.db.ovn_revision_numbers_db [None req-860c4ff1-e5c5-4679-adbc-9ec30a4bf446 91333f2adee34746809f3fd98332df6e 20b3d5ce5f8a48b2afbc15083f7385e1 - - default default] Successfully bumped revision number for resource 66e1a1cd-2941-4475-bf4b-6dcb4b334d0a (type: routers) to 3 [pid: 7|app: 0|req: 567/1247] 10.0.0.42 () {34 vars in 740 bytes} [Wed May 20 13:17:56 2026] PUT /v2.0/routers/66e1a1cd-2941-4475-bf4b-6dcb4b334d0a => generated 964 bytes in 443 msecs (HTTP/1.1 200) 4 headers in 157 bytes (1 switches on core 0) [pid: 8|app: 0|req: 681/1248] 10.0.0.126 () {34 vars in 990 bytes} [Wed May 20 13:17:57 2026] GET /v2.0/ports?device_id=a370b800-97d1-4379-8815-def43a058ff9 => generated 969 bytes in 37 msecs (HTTP/1.1 200) 4 headers in 157 bytes (1 switches on core 0) [pid: 7|app: 0|req: 568/1249] 10.0.0.42 () {32 vars in 720 bytes} [Wed May 20 13:17:57 2026] GET /v2.0/routers/66e1a1cd-2941-4475-bf4b-6dcb4b334d0a => generated 964 bytes in 60 msecs (HTTP/1.1 200) 4 headers in 157 bytes (1 switches on core 0) [pid: 8|app: 0|req: 682/1250] 10.0.0.126 () {34 vars in 1040 bytes} [Wed May 20 13:17:57 2026] GET /v2.0/security-groups?id=70b95bb5-aaf2-455e-b49f-30a7483fccdb&fields=id&fields=name => generated 114 bytes in 33 msecs (HTTP/1.1 200) 4 headers in 157 bytes (1 switches on core 0) [pid: 7|app: 0|req: 569/1251] 10.0.0.42 () {32 vars in 735 bytes} [Wed May 20 13:17:57 2026] GET /v2.0/ports?device_id=66e1a1cd-2941-4475-bf4b-6dcb4b334d0a => generated 12 bytes in 19 msecs (HTTP/1.1 200) 4 headers in 156 bytes (1 switches on core 0)
2026-05-20 13:17:57.434 8 INFO neutron_taas.services.taas.taas_plugin [None req-df5ab4b0-3296-4a32-97d8-49a67fb61004 91333f2adee34746809f3fd98332df6e 20b3d5ce5f8a48b2afbc15083f7385e1 - - default default] TaaS: Handle Delete Port: cc1b66f3-7526-44bd-9d40-80a4cc05cba9
2026-05-20 13:17:57.436 8 INFO neutron_taas.services.taas.tap_mirror_plugin [None req-df5ab4b0-3296-4a32-97d8-49a67fb61004 91333f2adee34746809f3fd98332df6e 20b3d5ce5f8a48b2afbc15083f7385e1 - - default default] Tap Mirror: Handle Delete Port: cc1b66f3-7526-44bd-9d40-80a4cc05cba9 [pid: 8|app: 0|req: 683/1252] 10.0.0.42 () {32 vars in 723 bytes} [Wed May 20 13:17:57 2026] DELETE /v2.0/routers/66e1a1cd-2941-4475-bf4b-6dcb4b334d0a => generated 0 bytes in 791 msecs (HTTP/1.1 204) 2 headers in 112 bytes (1 switches on core 0) [pid: 7|app: 0|req: 570/1253] 10.0.0.42 () {32 vars in 735 bytes} [Wed May 20 13:17:57 2026] GET /v2.0/ports?device_id=66e1a1cd-2941-4475-bf4b-6dcb4b334d0a => generated 12 bytes in 29 msecs (HTTP/1.1 200) 4 headers in 156 bytes (1 switches on core 0)
2026-05-20 13:17:57.969 8 INFO neutron.api.v2.resource [None req-242860b9-dc2c-47b0-8b8f-d252a8aa0c4a 91333f2adee34746809f3fd98332df6e 20b3d5ce5f8a48b2afbc15083f7385e1 - - default default] delete failed (client error): The resource could not be found. [pid: 8|app: 0|req: 684/1254] 10.0.0.42 () {32 vars in 723 bytes} [Wed May 20 13:17:57 2026] DELETE /v2.0/routers/66e1a1cd-2941-4475-bf4b-6dcb4b334d0a => generated 135 bytes in 28 msecs (HTTP/1.1 404) 4 headers in 164 bytes (1 switches on core 0) [pid: 7|app: 0|req: 571/1255] 10.0.0.42 () {32 vars in 735 bytes} [Wed May 20 13:17:57 2026] GET /v2.0/ports?device_id=a4dc4d31-c56a-4388-9925-0f121444d40b => generated 12 bytes in 23 msecs (HTTP/1.1 200) 4 headers in 156 bytes (1 switches on core 0)
2026-05-20 13:17:58.023 8 INFO neutron.api.v2.resource [None req-c7516aef-2d0c-4aa0-bf99-56f6d9246229 91333f2adee34746809f3fd98332df6e 20b3d5ce5f8a48b2afbc15083f7385e1 - - default default] delete failed (client error): The resource could not be found. [pid: 8|app: 0|req: 685/1256] 10.0.0.42 () {32 vars in 723 bytes} [Wed May 20 13:17:58 2026] DELETE /v2.0/routers/a4dc4d31-c56a-4388-9925-0f121444d40b => generated 135 bytes in 20 msecs (HTTP/1.1 404) 4 headers in 164 bytes (1 switches on core 0)
2026-05-20 13:17:58.047 7 INFO neutron.pecan_wsgi.hooks.translation [None req-5caf8f14-8e70-4ef7-ac4b-2a8e76fc2b04 91333f2adee34746809f3fd98332df6e 20b3d5ce5f8a48b2afbc15083f7385e1 - - default default] DELETE failed (client error): The resource could not be found. [pid: 7|app: 0|req: 572/1257] 10.0.0.42 () {32 vars in 723 bytes} [Wed May 20 13:17:58 2026] DELETE /v2.0/subnets/a95a074c-c303-41df-8157-63daf5a8db71 => generated 136 bytes in 20 msecs (HTTP/1.1 404) 4 headers in 164 bytes (1 switches on core 0) [pid: 8|app: 0|req: 686/1258] 10.0.0.42 () {32 vars in 735 bytes} [Wed May 20 13:17:58 2026] GET /v2.0/ports?device_id=c3f3950c-d29e-430f-9e6d-5df5b4c6dffe => generated 12 bytes in 23 msecs (HTTP/1.1 200) 4 headers in 156 bytes (1 switches on core 0)
2026-05-20 13:17:58.105 7 INFO neutron.api.v2.resource [None req-6328b4d8-07c9-4847-8bc0-8624d4c59c85 91333f2adee34746809f3fd98332df6e 20b3d5ce5f8a48b2afbc15083f7385e1 - - default default] delete failed (client error): The resource could not be found. [pid: 7|app: 0|req: 573/1259] 10.0.0.42 () {32 vars in 723 bytes} [Wed May 20 13:17:58 2026] DELETE /v2.0/routers/c3f3950c-d29e-430f-9e6d-5df5b4c6dffe => generated 135 bytes in 22 msecs (HTTP/1.1 404) 4 headers in 164 bytes (1 switches on core 0)
2026-05-20 13:17:58.126 8 INFO neutron.pecan_wsgi.hooks.translation [None req-02e55963-b8ad-4e16-9662-6558c2491d2d 91333f2adee34746809f3fd98332df6e 20b3d5ce5f8a48b2afbc15083f7385e1 - - default default] DELETE failed (client error): The resource could not be found. [pid: 8|app: 0|req: 687/1260] 10.0.0.42 () {32 vars in 723 bytes} [Wed May 20 13:17:58 2026] DELETE /v2.0/subnets/bd5ec971-4aae-4f34-b7b5-eae96b3f5465 => generated 136 bytes in 19 msecs (HTTP/1.1 404) 4 headers in 164 bytes (1 switches on core 0) [pid: 7|app: 0|req: 574/1261] 10.0.0.42 () {32 vars in 735 bytes} [Wed May 20 13:17:58 2026] GET /v2.0/ports?device_id=ddee193a-3c03-4316-bd70-f68bff5ea3f6 => generated 12 bytes in 29 msecs (HTTP/1.1 200) 4 headers in 156 bytes (1 switches on core 0)
2026-05-20 13:17:58.188 7 INFO neutron.api.v2.resource [None req-d2b55e95-43ff-4e19-82c6-b46391395574 91333f2adee34746809f3fd98332df6e 20b3d5ce5f8a48b2afbc15083f7385e1 - - default default] delete failed (client error): The resource could not be found. [pid: 7|app: 0|req: 575/1262] 10.0.0.42 () {32 vars in 723 bytes} [Wed May 20 13:17:58 2026] DELETE /v2.0/routers/ddee193a-3c03-4316-bd70-f68bff5ea3f6 => generated 135 bytes in 22 msecs (HTTP/1.1 404) 4 headers in 164 bytes (1 switches on core 0)
2026-05-20 13:17:58.207 7 INFO neutron.pecan_wsgi.hooks.translation [None req-ffa7259e-59df-4b98-9651-f4bb6e4ddf1e 91333f2adee34746809f3fd98332df6e 20b3d5ce5f8a48b2afbc15083f7385e1 - - default default] DELETE failed (client error): The resource could not be found. [pid: 7|app: 0|req: 576/1263] 10.0.0.42 () {32 vars in 723 bytes} [Wed May 20 13:17:58 2026] DELETE /v2.0/subnets/0b828269-2332-4988-88cf-4ac88005099f => generated 136 bytes in 15 msecs (HTTP/1.1 404) 4 headers in 164 bytes (1 switches on core 0)
2026-05-20 13:17:58.226 7 INFO neutron.pecan_wsgi.hooks.translation [None req-7433c777-82b2-4779-af37-167976fd8645 91333f2adee34746809f3fd98332df6e 20b3d5ce5f8a48b2afbc15083f7385e1 - - default default] DELETE failed (client error): The resource could not be found. [pid: 7|app: 0|req: 577/1264] 10.0.0.42 () {32 vars in 723 bytes} [Wed May 20 13:17:58 2026] DELETE /v2.0/subnets/96d80bf9-fcf4-4519-b441-d0072fee9e12 => generated 136 bytes in 15 msecs (HTTP/1.1 404) 4 headers in 164 bytes (1 switches on core 0) [pid: 8|app: 0|req: 688/1265] 10.0.0.126 () {34 vars in 990 bytes} [Wed May 20 13:17:58 2026] GET /v2.0/ports?device_id=a370b800-97d1-4379-8815-def43a058ff9 => generated 969 bytes in 98 msecs (HTTP/1.1 200) 4 headers in 157 bytes (1 switches on core 0) [pid: 7|app: 0|req: 578/1266] 10.0.0.126 () {34 vars in 1040 bytes} [Wed May 20 13:17:58 2026] GET /v2.0/security-groups?id=70b95bb5-aaf2-455e-b49f-30a7483fccdb&fields=id&fields=name => generated 114 bytes in 38 msecs (HTTP/1.1 200) 4 headers in 157 bytes (1 switches on core 0)
2026-05-20 13:17:58.662 7 WARNING neutron.plugins.ml2.drivers.ovn.mech_driver.ovsdb.ovn_client [None req-cdf9834d-29a2-41c2-8cf1-7ee1751ae1e4 - - - - - -] No hosting information found for port 83ad9efb-0c7f-427f-950a-1ceab5b32fab: RuntimeError: No hosting information found for port 83ad9efb-0c7f-427f-950a-1ceab5b32fab
