2026-05-20 13:18:25.048 8 INFO neutron.plugins.ml2.drivers.ovn.mech_driver.mech_driver [None req-9c23f530-abaa-42e4-a687-a35b24bf56d6 - - - - - -] OVN reports status down for port: bfecd3b9-4359-42fb-84f1-542db290c6df [pid: 8|app: 0|req: 776/1432] 199.204.45.205 () {34 vars in 986 bytes} [Wed May 20 13:18:25 2026] GET /v2.0/networks?id=055c0cc5-db9f-4819-9402-550e04730b8f => generated 813 bytes in 76 msecs (HTTP/1.1 200) 4 headers in 157 bytes (1 switches on core 0)
2026-05-20 13:18:25.144 8 INFO neutron.plugins.ml2.drivers.ovn.mech_driver.mech_driver [None req-9c23f530-abaa-42e4-a687-a35b24bf56d6 - - - - - -] OVN reports status down for port: ee8316f4-3fa9-4d41-9d11-9477005a829e [pid: 8|app: 0|req: 777/1433] 10.0.0.126 () {34 vars in 1040 bytes} [Wed May 20 13:18:25 2026] GET /v2.0/security-groups?id=70b95bb5-aaf2-455e-b49f-30a7483fccdb&fields=id&fields=name => generated 114 bytes in 61 msecs (HTTP/1.1 200) 4 headers in 157 bytes (1 switches on core 0) [pid: 8|app: 0|req: 778/1434] 10.0.0.163 () {28 vars in 583 bytes} [Wed May 20 13:18:25 2026] GET /v2.0/subnets => generated 4647 bytes in 89 msecs (HTTP/1.1 200) 4 headers in 158 bytes (1 switches on core 0)
2026-05-20 13:18:25.286 8 WARNING neutron.plugins.ml2.drivers.ovn.mech_driver.ovsdb.ovn_client [None req-9c23f530-abaa-42e4-a687-a35b24bf56d6 - - - - - -] Logical_Switch_Port %s host information not removed, the port state is up
2026-05-20 13:18:25.287 8 INFO neutron.plugins.ml2.drivers.ovn.mech_driver.mech_driver [None req-9c23f530-abaa-42e4-a687-a35b24bf56d6 - - - - - -] OVN reports status down for port: 56542445-5eb2-4f06-b52a-8c566acbb9e5 [pid: 8|app: 0|req: 779/1435] 199.204.45.205 () {34 vars in 1058 bytes} [Wed May 20 13:18:25 2026] GET /v2.0/floatingips?fixed_ip_address=10.100.0.3&port_id=ebc43efb-b0c4-48b0-b36b-dbcf9df6a73a => generated 860 bytes in 70 msecs (HTTP/1.1 200) 4 headers in 157 bytes (1 switches on core 0)
2026-05-20 13:18:25.408 8 INFO neutron.plugins.ml2.drivers.ovn.mech_driver.mech_driver [None req-9c23f530-abaa-42e4-a687-a35b24bf56d6 - - - - - -] OVN reports status up for port: ee8316f4-3fa9-4d41-9d11-9477005a829e [pid: 8|app: 0|req: 780/1436] 10.0.0.163 () {28 vars in 583 bytes} [Wed May 20 13:18:25 2026] GET /v2.0/routers => generated 2908 bytes in 107 msecs (HTTP/1.1 200) 4 headers in 158 bytes (1 switches on core 0)
2026-05-20 13:18:25.439 8 INFO neutron.plugins.ml2.plugin [None req-9c23f530-abaa-42e4-a687-a35b24bf56d6 - - - - - -] Attempt 1 to provision port ee8316f4-3fa9-4d41-9d11-9477005a829e
2026-05-20 13:18:25.462 7 INFO neutron.db.ovn_revision_numbers_db [None req-add5df02-45db-45d0-bd7f-eee8c7f938d9 - - - - - -] Successfully bumped revision number for resource bfecd3b9-4359-42fb-84f1-542db290c6df (type: ports) to 2 [pid: 8|app: 0|req: 781/1437] 199.204.45.205 () {34 vars in 984 bytes} [Wed May 20 13:18:25 2026] GET /v2.0/subnets?id=bff09be7-c29c-442b-9188-40b4d58d3d5a => generated 694 bytes in 63 msecs (HTTP/1.1 200) 4 headers in 157 bytes (1 switches on core 0)
2026-05-20 13:18:25.497 7 INFO neutron.db.ovn_revision_numbers_db [None req-add5df02-45db-45d0-bd7f-eee8c7f938d9 - - - - - -] Successfully bumped revision number for resource 40476529-d77b-4c2e-a246-c3f625435965 (type: subnets) to 0
2026-05-20 13:18:25.530 7 WARNING neutron.scheduler.dhcp_agent_scheduler [None req-b45eb1b8-24e8-4c47-a35d-cf68e0f13778 fc8a4b392cdb4502bc18b159b3beed20 a8b995c596bd42cb87008c1db6e0d3a9 - - default default] No more DHCP agents
2026-05-20 13:18:25.532 7 WARNING neutron.api.rpc.agentnotifiers.dhcp_rpc_agent_api [None req-b45eb1b8-24e8-4c47-a35d-cf68e0f13778 fc8a4b392cdb4502bc18b159b3beed20 a8b995c596bd42cb87008c1db6e0d3a9 - - default default] Unable to schedule network 35dc13df-a455-47d1-a86d-093a5489548a: no agents available; will retry on subsequent port and subnet creation events. [pid: 8|app: 0|req: 782/1438] 10.0.0.163 () {28 vars in 624 bytes} [Wed May 20 13:18:25 2026] GET /v2.0/agents?binary=ovn-controller => generated 416 bytes in 43 msecs (HTTP/1.1 200) 4 headers in 157 bytes (1 switches on core 0) [pid: 8|app: 0|req: 783/1439] 199.204.45.205 () {34 vars in 1052 bytes} [Wed May 20 13:18:25 2026] GET /v2.0/ports?network_id=055c0cc5-db9f-4819-9402-550e04730b8f&device_owner=network%3Adhcp => generated 12 bytes in 30 msecs (HTTP/1.1 200) 4 headers in 156 bytes (1 switches on core 0) [pid: 8|app: 0|req: 784/1440] 10.0.0.163 () {28 vars in 619 bytes} [Wed May 20 13:18:25 2026] GET /v2.0/network-ip-availabilities => generated 3999 bytes in 41 msecs (HTTP/1.1 200) 4 headers in 158 bytes (1 switches on core 0) [pid: 8|app: 0|req: 785/1441] 199.204.45.205 () {34 vars in 1012 bytes} [Wed May 20 13:18:25 2026] GET /v2.0/networks/055c0cc5-db9f-4819-9402-550e04730b8f?fields=segments => generated 14 bytes in 108 msecs (HTTP/1.1 200) 4 headers in 156 bytes (1 switches on core 0) [pid: 8|app: 0|req: 786/1442] 10.0.0.163 () {28 vars in 591 bytes} [Wed May 20 13:18:25 2026] GET /v2.0/floatingips => generated 1398 bytes in 103 msecs (HTTP/1.1 200) 4 headers in 158 bytes (1 switches on core 0) [pid: 8|app: 0|req: 787/1443] 199.204.45.205 () {34 vars in 1112 bytes} [Wed May 20 13:18:25 2026] GET /v2.0/networks/055c0cc5-db9f-4819-9402-550e04730b8f?fields=provider%3Aphysical_network&fields=provider%3Anetwork_type => generated 79 bytes in 105 msecs (HTTP/1.1 200) 4 headers in 156 bytes (1 switches on core 0)
2026-05-20 13:18:26.010 7 INFO neutron.db.ovn_revision_numbers_db [None req-4214e060-46a2-44ca-be48-0304b7f119d9 - - - - - -] Successfully bumped revision number for resource 56542445-5eb2-4f06-b52a-8c566acbb9e5 (type: ports) to 2 [pid: 8|app: 0|req: 788/1444] 10.0.0.163 () {28 vars in 583 bytes} [Wed May 20 13:18:25 2026] GET /v2.0/subnets => generated 4647 bytes in 99 msecs (HTTP/1.1 200) 4 headers in 158 bytes (1 switches on core 0)
2026-05-20 13:18:26.038 7 INFO neutron.db.ovn_revision_numbers_db [None req-4214e060-46a2-44ca-be48-0304b7f119d9 - - - - - -] Successfully bumped revision number for resource a21bd1ae-25b5-43ab-9bae-d519bca3b38a (type: subnets) to 0 [pid: 7|app: 0|req: 657/1445] 10.0.0.42 () {34 vars in 668 bytes} [Wed May 20 13:18:24 2026] POST /v2.0/subnets => generated 1273 bytes in 1691 msecs (HTTP/1.1 201) 4 headers in 163 bytes (1 switches on core 0)
2026-05-20 13:18:26.210 7 INFO neutron.db.ovn_revision_numbers_db [None req-81be0235-6084-4ee4-a6e5-0332c08a31d6 1fa2846721774705aa2f8524d9f9e58a 7acea67fa31e42bdb50a74ef02716b30 - - default default] Successfully bumped revision number for resource d559b6f7-8e1b-4215-832c-b5da4ef6eff6 (type: security_groups) to 1
2026-05-20 13:18:26.224 7 INFO neutron.db.ovn_revision_numbers_db [None req-81be0235-6084-4ee4-a6e5-0332c08a31d6 1fa2846721774705aa2f8524d9f9e58a 7acea67fa31e42bdb50a74ef02716b30 - - default default] Successfully bumped revision number for resource 342ffce9-1cbc-4926-98e9-6992f71c4453 (type: security_group_rules) to 0
2026-05-20 13:18:26.240 7 INFO neutron.db.ovn_revision_numbers_db [None req-81be0235-6084-4ee4-a6e5-0332c08a31d6 1fa2846721774705aa2f8524d9f9e58a 7acea67fa31e42bdb50a74ef02716b30 - - default default] Successfully bumped revision number for resource 5c209863-5213-450b-826d-0169a97de64b (type: security_group_rules) to 0
2026-05-20 13:18:26.254 7 INFO neutron.db.ovn_revision_numbers_db [None req-81be0235-6084-4ee4-a6e5-0332c08a31d6 1fa2846721774705aa2f8524d9f9e58a 7acea67fa31e42bdb50a74ef02716b30 - - default default] Successfully bumped revision number for resource 7acb9faf-8224-44ff-860d-66c2cf288735 (type: security_group_rules) to 0
2026-05-20 13:18:26.262 8 INFO neutron.db.ovn_revision_numbers_db [None req-9c23f530-abaa-42e4-a687-a35b24bf56d6 - - - - - -] Successfully bumped revision number for resource ee8316f4-3fa9-4d41-9d11-9477005a829e (type: ports) to 2
2026-05-20 13:18:26.265 7 INFO neutron.db.ovn_revision_numbers_db [None req-81be0235-6084-4ee4-a6e5-0332c08a31d6 1fa2846721774705aa2f8524d9f9e58a 7acea67fa31e42bdb50a74ef02716b30 - - default default] Successfully bumped revision number for resource cad3b46e-398d-44d2-b592-298a304d23d1 (type: security_group_rules) to 0 [pid: 8|app: 0|req: 789/1446] 10.0.0.42 () {32 vars in 739 bytes} [Wed May 20 13:18:26 2026] DELETE /v2.0/security-groups/f0a24bde-2009-422c-8c41-a9e92d38996a => generated 0 bytes in 266 msecs (HTTP/1.1 204) 2 headers in 112 bytes (1 switches on core 0) [pid: 8|app: 0|req: 790/1447] 10.0.0.163 () {28 vars in 591 bytes} [Wed May 20 13:18:26 2026] GET /v2.0/subnetpools => generated 19 bytes in 16 msecs (HTTP/1.1 200) 4 headers in 156 bytes (1 switches on core 0)
2026-05-20 13:18:26.341 7 INFO neutron.db.segments_db [None req-81be0235-6084-4ee4-a6e5-0332c08a31d6 1fa2846721774705aa2f8524d9f9e58a 7acea67fa31e42bdb50a74ef02716b30 - - default default] Added segment c708dbb3-8ecf-42d7-88fb-d81a3621a0fd of type geneve for network d64dba83-d93d-421c-9124-17843b42ee15 [pid: 8|app: 0|req: 791/1448] 10.0.0.42 () {32 vars in 646 bytes} [Wed May 20 13:18:26 2026] GET /v2.0/subnets => generated 1909 bytes in 52 msecs (HTTP/1.1 200) 4 headers in 158 bytes (1 switches on core 0) [pid: 8|app: 0|req: 792/1449] 10.0.0.126 () {34 vars in 990 bytes} [Wed May 20 13:18:26 2026] GET /v2.0/ports?device_id=a370b800-97d1-4379-8815-def43a058ff9 => generated 971 bytes in 87 msecs (HTTP/1.1 200) 4 headers in 157 bytes (1 switches on core 0)
2026-05-20 13:18:26.454 7 INFO neutron.db.ovn_revision_numbers_db [None req-81be0235-6084-4ee4-a6e5-0332c08a31d6 1fa2846721774705aa2f8524d9f9e58a 7acea67fa31e42bdb50a74ef02716b30 - - default default] Successfully bumped revision number for resource d64dba83-d93d-421c-9124-17843b42ee15 (type: networks) to 1
2026-05-20 13:18:26.459 8 INFO neutron.api.v2.resource [None req-0f32a6d0-ff42-4846-a470-4ea5859fc24d 537b11ba83d7477fbdd915c5814f6497 7684f49c29a64dcf8c75fcc90f5d6631 - - default default] show failed (client error): The resource could not be found. [pid: 8|app: 0|req: 793/1450] 10.0.0.42 () {32 vars in 736 bytes} [Wed May 20 13:18:26 2026] GET /v2.0/security-groups/f0a24bde-2009-422c-8c41-a9e92d38996a => generated 146 bytes in 11 msecs (HTTP/1.1 404) 4 headers in 164 bytes (1 switches on core 0) [pid: 8|app: 0|req: 794/1451] 10.0.0.163 () {28 vars in 581 bytes} [Wed May 20 13:18:26 2026] GET /v2.0/agents => generated 1214 bytes in 12 msecs (HTTP/1.1 200) 4 headers in 158 bytes (1 switches on core 0)
2026-05-20 13:18:26.630 7 WARNING neutron.scheduler.dhcp_agent_scheduler [None req-81be0235-6084-4ee4-a6e5-0332c08a31d6 1fa2846721774705aa2f8524d9f9e58a 7acea67fa31e42bdb50a74ef02716b30 - - default default] No more DHCP agents
2026-05-20 13:18:26.632 7 WARNING neutron.api.rpc.agentnotifiers.dhcp_rpc_agent_api [None req-81be0235-6084-4ee4-a6e5-0332c08a31d6 1fa2846721774705aa2f8524d9f9e58a 7acea67fa31e42bdb50a74ef02716b30 - - default default] Unable to schedule network d64dba83-d93d-421c-9124-17843b42ee15: no agents available; will retry on subsequent port and subnet creation events.
2026-05-20 13:18:26.681 7 INFO neutron.plugins.ml2.drivers.ovn.mech_driver.mech_driver [None req-cdf9834d-29a2-41c2-8cf1-7ee1751ae1e4 - - - - - -] OVN reports status down for port: a0b868e9-4b6f-421f-bf17-135f11d22561 [pid: 8|app: 0|req: 795/1452] 10.0.0.42 () {32 vars in 723 bytes} [Wed May 20 13:18:26 2026] DELETE /v2.0/subnets/40476529-d77b-4c2e-a246-c3f625435965 => generated 0 bytes in 224 msecs (HTTP/1.1 204) 3 headers in 131 bytes (1 switches on core 0)
2026-05-20 13:18:26.734 7 INFO neutron.db.ovn_revision_numbers_db [None req-81be0235-6084-4ee4-a6e5-0332c08a31d6 1fa2846721774705aa2f8524d9f9e58a 7acea67fa31e42bdb50a74ef02716b30 - - default default] Successfully bumped revision number for resource a0b868e9-4b6f-421f-bf17-135f11d22561 (type: ports) to 1 [pid: 8|app: 0|req: 796/1453] 10.0.0.126 () {34 vars in 1040 bytes} [Wed May 20 13:18:26 2026] GET /v2.0/security-groups?id=70b95bb5-aaf2-455e-b49f-30a7483fccdb&fields=id&fields=name => generated 114 bytes in 37 msecs (HTTP/1.1 200) 4 headers in 157 bytes (1 switches on core 0) [pid: 7|app: 0|req: 658/1454] 10.0.0.42 () {34 vars in 670 bytes} [Wed May 20 13:18:26 2026] POST /v2.0/networks => generated 762 bytes in 750 msecs (HTTP/1.1 201) 4 headers in 162 bytes (1 switches on core 0) [pid: 7|app: 0|req: 659/1455] 10.0.0.163 () {28 vars in 599 bytes} [Wed May 20 13:18:26 2026] GET /v2.0/security-groups => generated 34785 bytes in 45 msecs (HTTP/1.1 200) 4 headers in 159 bytes (1 switches on core 0)
2026-05-20 13:18:26.866 8 INFO neutron_taas.services.taas.taas_plugin [None req-1c76dbf7-b0be-40ed-824f-4a179de04ba2 537b11ba83d7477fbdd915c5814f6497 7684f49c29a64dcf8c75fcc90f5d6631 - - default default] TaaS: Handle Delete Port: feb83d6d-0af7-4334-805a-8b8da9f32804
2026-05-20 13:18:26.870 8 INFO neutron_taas.services.taas.tap_mirror_plugin [None req-1c76dbf7-b0be-40ed-824f-4a179de04ba2 537b11ba83d7477fbdd915c5814f6497 7684f49c29a64dcf8c75fcc90f5d6631 - - default default] Tap Mirror: Handle Delete Port: feb83d6d-0af7-4334-805a-8b8da9f32804 [pid: 7|app: 0|req: 660/1456] 10.0.0.42 () {32 vars in 723 bytes} [Wed May 20 13:18:26 2026] DELETE /v2.0/subnets/a21bd1ae-25b5-43ab-9bae-d519bca3b38a => generated 0 bytes in 190 msecs (HTTP/1.1 204) 3 headers in 131 bytes (1 switches on core 0) [pid: 8|app: 0|req: 797/1457] 10.0.0.42 () {32 vars in 731 bytes} [Wed May 20 13:18:26 2026] DELETE /v2.0/floatingips/2f0873c8-9297-4b9e-b9a4-afc263af3591 => generated 0 bytes in 339 msecs (HTTP/1.1 204) 2 headers in 112 bytes (1 switches on core 0) [pid: 8|app: 0|req: 798/1458] 10.0.0.42 () {32 vars in 646 bytes} [Wed May 20 13:18:27 2026] GET /v2.0/subnets => generated 649 bytes in 27 msecs (HTTP/1.1 200) 4 headers in 157 bytes (1 switches on core 0)
2026-05-20 13:18:27.188 7 WARNING neutron.scheduler.dhcp_agent_scheduler [None req-f6064f56-d3ed-48b5-bbb7-78c481a60cbd 1fa2846721774705aa2f8524d9f9e58a 7acea67fa31e42bdb50a74ef02716b30 - - default default] No more DHCP agents
2026-05-20 13:18:27.189 7 WARNING neutron.api.rpc.agentnotifiers.dhcp_rpc_agent_api [None req-f6064f56-d3ed-48b5-bbb7-78c481a60cbd 1fa2846721774705aa2f8524d9f9e58a 7acea67fa31e42bdb50a74ef02716b30 - - default default] Unable to schedule network d64dba83-d93d-421c-9124-17843b42ee15: no agents available; will retry on subsequent port and subnet creation events.
2026-05-20 13:18:27.379 8 INFO neutron_taas.services.taas.taas_plugin [None req-39c03cc1-252d-4403-a769-1f26c5af280a 1fa2846721774705aa2f8524d9f9e58a 7acea67fa31e42bdb50a74ef02716b30 - - default default] TaaS: Handle Delete Port: 83ad9efb-0c7f-427f-950a-1ceab5b32fab
2026-05-20 13:18:27.382 8 INFO neutron_taas.services.taas.tap_mirror_plugin [None req-39c03cc1-252d-4403-a769-1f26c5af280a 1fa2846721774705aa2f8524d9f9e58a 7acea67fa31e42bdb50a74ef02716b30 - - default default] Tap Mirror: Handle Delete Port: 83ad9efb-0c7f-427f-950a-1ceab5b32fab
2026-05-20 13:18:28.152 7 INFO neutron.db.ovn_revision_numbers_db [None req-98187def-1396-48d5-adb3-b44cebb1467b - - - - - -] Successfully bumped revision number for resource a0b868e9-4b6f-421f-bf17-135f11d22561 (type: ports) to 2
2026-05-20 13:18:28.220 7 INFO neutron.db.ovn_revision_numbers_db [None req-98187def-1396-48d5-adb3-b44cebb1467b - - - - - -] Successfully bumped revision number for resource 98a674c6-4e03-448a-99b9-93ace093431f (type: subnets) to 0 [pid: 7|app: 0|req: 661/1459] 10.0.0.42 () {34 vars in 668 bytes} [Wed May 20 13:18:27 2026] POST /v2.0/subnets => generated 687 bytes in 1197 msecs (HTTP/1.1 201) 4 headers in 162 bytes (1 switches on core 0)
2026-05-20 13:18:28.343 7 INFO neutron_taas.services.taas.taas_plugin [None req-3ccdec75-3f4c-4ec0-abbf-e807e0def80a fc8a4b392cdb4502bc18b159b3beed20 a8b995c596bd42cb87008c1db6e0d3a9 - - default default] TaaS: Handle Delete Port: 56542445-5eb2-4f06-b52a-8c566acbb9e5
2026-05-20 13:18:28.347 7 INFO neutron_taas.services.taas.tap_mirror_plugin [None req-3ccdec75-3f4c-4ec0-abbf-e807e0def80a fc8a4b392cdb4502bc18b159b3beed20 a8b995c596bd42cb87008c1db6e0d3a9 - - default default] Tap Mirror: Handle Delete Port: 56542445-5eb2-4f06-b52a-8c566acbb9e5 [pid: 8|app: 0|req: 799/1460] 10.0.0.42 () {34 vars in 788 bytes} [Wed May 20 13:18:27 2026] PUT /v2.0/routers/02d2aaa8-936e-443b-ae52-ed8797369ee9/remove_router_interface => generated 309 bytes in 1391 msecs (HTTP/1.1 200) 4 headers in 157 bytes (1 switches on core 0) /var/lib/openstack/lib/python3.12/site-packages/pycadf/identifier.py:70: UserWarning: Invalid uuid: neutron. To ensure interoperability, identifiers should be a valid uuid. warnings.warn(('Invalid uuid: %s. To ensure interoperability, '
2026-05-20 13:18:28.526 7 INFO neutron.services.segments.plugin [-] Segment 587e6603-743f-4946-8954-f03cc80c5325 resource provider aggregate not found
2026-05-20 13:18:28.526 7 INFO neutron.services.segments.plugin [-] Segment 587e6603-743f-4946-8954-f03cc80c5325 resource provider aggregate not found
2026-05-20 13:18:28.547 7 INFO neutron.services.segments.plugin [-] Segment 587e6603-743f-4946-8954-f03cc80c5325 resource provider not found; error: Placement Client Error (4xx): {"errors": [{"status": 404, "title": "Not Found", "detail": "The resource could not be found.\n\n No resource provider with uuid 587e6603-743f-4946-8954-f03cc80c5325 found for delete ", "request_id": "req-35ca1976-bd86-4708-9315-e17289e40718"}]}
2026-05-20 13:18:28.551 7 INFO neutron.services.segments.plugin [-] Segment 587e6603-743f-4946-8954-f03cc80c5325 resource provider not found; error: Placement Client Error (4xx): {"errors": [{"status": 404, "title": "Not Found", "detail": "The resource could not be found.\n\n No resource provider with uuid 587e6603-743f-4946-8954-f03cc80c5325 found for delete ", "request_id": "req-a165511c-c0f5-4917-b997-563b143c5746"}]} [pid: 7|app: 0|req: 662/1461] 10.0.0.42 () {32 vars in 725 bytes} [Wed May 20 13:18:28 2026] DELETE /v2.0/networks/35dc13df-a455-47d1-a86d-093a5489548a => generated 0 bytes in 329 msecs (HTTP/1.1 204) 3 headers in 131 bytes (1 switches on core 0) [pid: 8|app: 0|req: 800/1462] 10.0.0.126 () {34 vars in 990 bytes} [Wed May 20 13:18:28 2026] GET /v2.0/ports?device_id=a370b800-97d1-4379-8815-def43a058ff9 => generated 971 bytes in 84 msecs (HTTP/1.1 200) 4 headers in 157 bytes (1 switches on core 0)
2026-05-20 13:18:28.903 8 INFO neutron_taas.services.taas.taas_plugin [None req-440cd7bb-045b-4384-9902-b6b1cee41921 1fa2846721774705aa2f8524d9f9e58a 7acea67fa31e42bdb50a74ef02716b30 - - default default] TaaS: Handle Delete Port: ac964cb2-79f1-4252-9e0f-2c578fca9743
2026-05-20 13:18:28.906 8 INFO neutron_taas.services.taas.tap_mirror_plugin [None req-440cd7bb-045b-4384-9902-b6b1cee41921 1fa2846721774705aa2f8524d9f9e58a 7acea67fa31e42bdb50a74ef02716b30 - - default default] Tap Mirror: Handle Delete Port: ac964cb2-79f1-4252-9e0f-2c578fca9743
2026-05-20 13:18:29.071 7 WARNING neutron.scheduler.dhcp_agent_scheduler [None req-b0f59fd4-18b5-406f-935e-5e925ef9306f 1fa2846721774705aa2f8524d9f9e58a 7acea67fa31e42bdb50a74ef02716b30 - - default default] No more DHCP agents
2026-05-20 13:18:29.072 7 WARNING neutron.api.rpc.agentnotifiers.dhcp_rpc_agent_api [None req-b0f59fd4-18b5-406f-935e-5e925ef9306f 1fa2846721774705aa2f8524d9f9e58a 7acea67fa31e42bdb50a74ef02716b30 - - default default] Unable to schedule network 56501412-5071-4402-b60c-b5677cf3ba52: no agents available; will retry on subsequent port and subnet creation events.
2026-05-20 13:18:29.188 7 INFO neutron.plugins.ml2.drivers.ovn.mech_driver.mech_driver [None req-cdf9834d-29a2-41c2-8cf1-7ee1751ae1e4 - - - - - -] OVN reports status down for port: 1d389baa-d067-497b-92e6-73378694c8f6
2026-05-20 13:18:29.250 7 INFO neutron.db.ovn_revision_numbers_db [None req-b0f59fd4-18b5-406f-935e-5e925ef9306f 1fa2846721774705aa2f8524d9f9e58a 7acea67fa31e42bdb50a74ef02716b30 - - default default] Successfully bumped revision number for resource 1d389baa-d067-497b-92e6-73378694c8f6 (type: ports) to 1 [pid: 8|app: 0|req: 801/1463] 10.0.0.42 () {32 vars in 723 bytes} [Wed May 20 13:18:28 2026] DELETE /v2.0/routers/02d2aaa8-936e-443b-ae52-ed8797369ee9 => generated 0 bytes in 774 msecs (HTTP/1.1 204) 2 headers in 112 bytes (1 switches on core 0)
2026-05-20 13:18:29.493 8 INFO neutron_taas.services.taas.taas_plugin [None req-17b6d103-ac20-4544-a3a9-d8515f0e89d2 fc8a4b392cdb4502bc18b159b3beed20 a8b995c596bd42cb87008c1db6e0d3a9 - - default default] TaaS: Handle Delete Port: bfecd3b9-4359-42fb-84f1-542db290c6df
2026-05-20 13:18:29.497 8 INFO neutron_taas.services.taas.tap_mirror_plugin [None req-17b6d103-ac20-4544-a3a9-d8515f0e89d2 fc8a4b392cdb4502bc18b159b3beed20 a8b995c596bd42cb87008c1db6e0d3a9 - - default default] Tap Mirror: Handle Delete Port: bfecd3b9-4359-42fb-84f1-542db290c6df
2026-05-20 13:18:29.694 8 INFO neutron.services.segments.plugin [-] Segment 7b651e7f-8143-4005-b5a2-979278404987 resource provider aggregate not found
2026-05-20 13:18:29.706 8 INFO neutron.services.segments.plugin [-] Segment 7b651e7f-8143-4005-b5a2-979278404987 resource provider aggregate not found
2026-05-20 13:18:29.724 8 INFO neutron.services.segments.plugin [-] Segment 7b651e7f-8143-4005-b5a2-979278404987 resource provider not found; error: Placement Client Error (4xx): {"errors": [{"status": 404, "title": "Not Found", "detail": "The resource could not be found.\n\n No resource provider with uuid 7b651e7f-8143-4005-b5a2-979278404987 found for delete ", "request_id": "req-7c410c78-7f5b-479b-9a1a-e8a5c9c84ef7"}]}
2026-05-20 13:18:29.725 8 INFO neutron.services.segments.plugin [-] Segment 7b651e7f-8143-4005-b5a2-979278404987 resource provider not found; error: Placement Client Error (4xx): {"errors": [{"status": 404, "title": "Not Found", "detail": "The resource could not be found.\n\n No resource provider with uuid 7b651e7f-8143-4005-b5a2-979278404987 found for delete ", "request_id": "req-35fac18c-c40e-4102-83ca-b68787f2182e"}]} [pid: 8|app: 0|req: 802/1464] 10.0.0.42 () {32 vars in 725 bytes} [Wed May 20 13:18:29 2026] DELETE /v2.0/networks/ed6d968a-5621-4c2b-a127-604ed9d4cdcc => generated 0 bytes in 407 msecs (HTTP/1.1 204) 3 headers in 131 bytes (1 switches on core 0) [pid: 8|app: 0|req: 803/1465] 10.0.0.126 () {34 vars in 1040 bytes} [Wed May 20 13:18:29 2026] GET /v2.0/security-groups?id=70b95bb5-aaf2-455e-b49f-30a7483fccdb&fields=id&fields=name => generated 114 bytes in 30 msecs (HTTP/1.1 200) 4 headers in 157 bytes (1 switches on core 0)
2026-05-20 13:18:29.922 7 INFO neutron.plugins.ml2.drivers.ovn.mech_driver.ovsdb.commands [None req-a95310f0-10f4-4470-9c54-299d2f036686 - - - - - -] Schedule LRP lrp-1d389baa-d067-497b-92e6-73378694c8f6 on gateway 2987b026-334e-48fe-91dc-b3a88277cec3 with priority 1
2026-05-20 13:18:29.939 7 INFO neutron.plugins.ml2.drivers.ovn.mech_driver.mech_driver [None req-cdf9834d-29a2-41c2-8cf1-7ee1751ae1e4 - - - - - -] OVN reports status up for port: 1d389baa-d067-497b-92e6-73378694c8f6
2026-05-20 13:18:29.955 7 INFO neutron.plugins.ml2.drivers.ovn.mech_driver.ovsdb.ovsdb_monitor [None req-d7b2f933-1182-4db7-ba7b-6013e65ee6c9 - - - - - -] Router 98fb7078-11f9-4e1f-9061-d406a23ae182 is bound to host instance
2026-05-20 13:18:30.000 7 INFO neutron.plugins.ml2.plugin [None req-cdf9834d-29a2-41c2-8cf1-7ee1751ae1e4 - - - - - -] Attempt 1 to provision port 1d389baa-d067-497b-92e6-73378694c8f6 [pid: 8|app: 0|req: 804/1466] 10.0.0.42 () {32 vars in 723 bytes} [Wed May 20 13:18:29 2026] DELETE /v2.0/subnets/12287063-1753-4363-b987-fdeb4760c815 => generated 0 bytes in 211 msecs (HTTP/1.1 204) 3 headers in 131 bytes (1 switches on core 0)
2026-05-20 13:18:30.044 7 INFO neutron.db.ovn_revision_numbers_db [None req-b0f59fd4-18b5-406f-935e-5e925ef9306f 1fa2846721774705aa2f8524d9f9e58a 7acea67fa31e42bdb50a74ef02716b30 - - default default] Successfully bumped revision number for resource 1d389baa-d067-497b-92e6-73378694c8f6 (type: router_ports) to 1
2026-05-20 13:18:30.147 8 INFO neutron_taas.services.taas.taas_plugin [None req-cda49efb-64a2-4aa2-9193-f749945162cf fc8a4b392cdb4502bc18b159b3beed20 a8b995c596bd42cb87008c1db6e0d3a9 - - default default] TaaS: Handle Delete Port: 4394975c-046a-4acb-a83a-d7a8c5e28305
2026-05-20 13:18:30.150 8 INFO neutron_taas.services.taas.tap_mirror_plugin [None req-cda49efb-64a2-4aa2-9193-f749945162cf fc8a4b392cdb4502bc18b159b3beed20 a8b995c596bd42cb87008c1db6e0d3a9 - - default default] Tap Mirror: Handle Delete Port: 4394975c-046a-4acb-a83a-d7a8c5e28305
2026-05-20 13:18:30.305 7 INFO neutron.db.ovn_revision_numbers_db [None req-b0f59fd4-18b5-406f-935e-5e925ef9306f 1fa2846721774705aa2f8524d9f9e58a 7acea67fa31e42bdb50a74ef02716b30 - - default default] Successfully bumped revision number for resource 98fb7078-11f9-4e1f-9061-d406a23ae182 (type: routers) to 2 [pid: 7|app: 0|req: 663/1467] 10.0.0.42 () {34 vars in 668 bytes} [Wed May 20 13:18:28 2026] POST /v2.0/routers => generated 965 bytes in 1782 msecs (HTTP/1.1 201) 4 headers in 162 bytes (1 switches on core 0) [pid: 8|app: 0|req: 805/1468] 10.0.0.42 () {32 vars in 725 bytes} [Wed May 20 13:18:30 2026] DELETE /v2.0/networks/ca9a75d4-c000-4ab8-8b1c-b4828531412a => generated 0 bytes in 359 msecs (HTTP/1.1 204) 3 headers in 131 bytes (1 switches on core 0)
2026-05-20 13:18:30.538 7 INFO neutron_taas.services.taas.taas_plugin [None req-42a2e27a-01d1-4870-a7ba-13d2db342424 1fa2846721774705aa2f8524d9f9e58a 7acea67fa31e42bdb50a74ef02716b30 - - default default] TaaS: Handle Delete Port: 93a9bc9b-4e60-4af4-a86f-eb6dfa47da40
2026-05-20 13:18:30.542 7 INFO neutron_taas.services.taas.tap_mirror_plugin [None req-42a2e27a-01d1-4870-a7ba-13d2db342424 1fa2846721774705aa2f8524d9f9e58a 7acea67fa31e42bdb50a74ef02716b30 - - default default] Tap Mirror: Handle Delete Port: 93a9bc9b-4e60-4af4-a86f-eb6dfa47da40
2026-05-20 13:18:30.878 7 INFO neutron.services.segments.plugin [-] Segment 0c1d0b28-993d-45a5-9246-bee7651f74e7 resource provider aggregate not found
2026-05-20 13:18:30.880 8 WARNING neutron.scheduler.dhcp_agent_scheduler [None req-28d6dc47-21ed-4e2b-bc5e-6c4113ffae4f 1fa2846721774705aa2f8524d9f9e58a 7acea67fa31e42bdb50a74ef02716b30 - - default default] No more DHCP agents
2026-05-20 13:18:30.881 8 WARNING neutron.api.rpc.agentnotifiers.dhcp_rpc_agent_api [None req-28d6dc47-21ed-4e2b-bc5e-6c4113ffae4f 1fa2846721774705aa2f8524d9f9e58a 7acea67fa31e42bdb50a74ef02716b30 - - default default] Unable to schedule network d64dba83-d93d-421c-9124-17843b42ee15: no agents available; will retry on subsequent port and subnet creation events.
2026-05-20 13:18:30.890 7 INFO neutron.services.segments.plugin [-] Segment 0c1d0b28-993d-45a5-9246-bee7651f74e7 resource provider aggregate not found
2026-05-20 13:18:30.903 7 INFO neutron.services.segments.plugin [-] Segment 0c1d0b28-993d-45a5-9246-bee7651f74e7 resource provider not found; error: Placement Client Error (4xx): {"errors": [{"status": 404, "title": "Not Found", "detail": "The resource could not be found.\n\n No resource provider with uuid 0c1d0b28-993d-45a5-9246-bee7651f74e7 found for delete ", "request_id": "req-b17f96c0-33b8-449c-8b09-d22d68b88372"}]}
2026-05-20 13:18:30.923 7 INFO neutron.services.segments.plugin [-] Segment 0c1d0b28-993d-45a5-9246-bee7651f74e7 resource provider not found; error: Placement Client Error (4xx): {"errors": [{"status": 404, "title": "Not Found", "detail": "The resource could not be found.\n\n No resource provider with uuid 0c1d0b28-993d-45a5-9246-bee7651f74e7 found for delete ", "request_id": "req-8314cd76-b7d7-4fc7-8d64-99fa2ba91b91"}]} [pid: 7|app: 0|req: 664/1469] 10.0.0.42 () {32 vars in 725 bytes} [Wed May 20 13:18:30 2026] DELETE /v2.0/networks/d86ec141-1efb-46e9-b832-9d0e044f1689 => generated 0 bytes in 620 msecs (HTTP/1.1 204) 3 headers in 131 bytes (1 switches on core 0)
2026-05-20 13:18:31.023 8 INFO neutron.db.ovn_revision_numbers_db [None req-28d6dc47-21ed-4e2b-bc5e-6c4113ffae4f 1fa2846721774705aa2f8524d9f9e58a 7acea67fa31e42bdb50a74ef02716b30 - - default default] Successfully bumped revision number for resource aaaf838c-131c-484f-aabc-9767a7a0bce8 (type: ports) to 1
2026-05-20 13:18:31.309 7 INFO neutron_taas.services.taas.taas_plugin [None req-b391990c-ab94-43a0-8def-71e80f88b2f4 fc8a4b392cdb4502bc18b159b3beed20 a8b995c596bd42cb87008c1db6e0d3a9 - - default default] TaaS: Handle Delete Port: 048f5bde-6d44-4d27-8347-a005fdf8639a
2026-05-20 13:18:31.318 7 INFO neutron_taas.services.taas.tap_mirror_plugin [None req-b391990c-ab94-43a0-8def-71e80f88b2f4 fc8a4b392cdb4502bc18b159b3beed20 a8b995c596bd42cb87008c1db6e0d3a9 - - default default] Tap Mirror: Handle Delete Port: 048f5bde-6d44-4d27-8347-a005fdf8639a
2026-05-20 13:18:31.679 7 INFO neutron.db.ovn_revision_numbers_db [None req-9695f4ab-1e21-4efe-adff-9d5b2dc3899b - - - - - -] Successfully bumped revision number for resource 1d389baa-d067-497b-92e6-73378694c8f6 (type: ports) to 4 [pid: 7|app: 0|req: 665/1470] 10.0.0.42 () {32 vars in 725 bytes} [Wed May 20 13:18:30 2026] DELETE /v2.0/networks/8e9e8af1-5d99-40e5-bc66-066b7fcc21be => generated 0 bytes in 750 msecs (HTTP/1.1 204) 3 headers in 131 bytes (1 switches on core 0)
2026-05-20 13:18:31.756 8 INFO neutron.services.segments.plugin [-] Segment 46cf09d4-9ff7-4fcb-93df-b96cd8d4c3d6 resource provider aggregate not found
2026-05-20 13:18:31.768 8 INFO neutron.services.segments.plugin [-] Segment 46cf09d4-9ff7-4fcb-93df-b96cd8d4c3d6 resource provider aggregate not found
2026-05-20 13:18:31.788 8 INFO neutron.services.segments.plugin [-] Segment 46cf09d4-9ff7-4fcb-93df-b96cd8d4c3d6 resource provider not found; error: Placement Client Error (4xx): {"errors": [{"status": 404, "title": "Not Found", "detail": "The resource could not be found.\n\n No resource provider with uuid 46cf09d4-9ff7-4fcb-93df-b96cd8d4c3d6 found for delete ", "request_id": "req-82398746-e65e-408b-a75b-21060edeb289"}]}
2026-05-20 13:18:31.788 8 INFO neutron.services.segments.plugin [-] Segment 46cf09d4-9ff7-4fcb-93df-b96cd8d4c3d6 resource provider not found; error: Placement Client Error (4xx): {"errors": [{"status": 404, "title": "Not Found", "detail": "The resource could not be found.\n\n No resource provider with uuid 46cf09d4-9ff7-4fcb-93df-b96cd8d4c3d6 found for delete ", "request_id": "req-473c82a8-02b8-4006-9ae3-652226005e16"}]}
2026-05-20 13:18:31.847 8 WARNING neutron.scheduler.dhcp_agent_scheduler [None req-28d6dc47-21ed-4e2b-bc5e-6c4113ffae4f 1fa2846721774705aa2f8524d9f9e58a 7acea67fa31e42bdb50a74ef02716b30 - - default default] No more DHCP agents
2026-05-20 13:18:31.849 8 WARNING neutron.api.rpc.agentnotifiers.dhcp_rpc_agent_api [None req-28d6dc47-21ed-4e2b-bc5e-6c4113ffae4f 1fa2846721774705aa2f8524d9f9e58a 7acea67fa31e42bdb50a74ef02716b30 - - default default] Unable to schedule network d64dba83-d93d-421c-9124-17843b42ee15: no agents available; will retry on subsequent port and subnet creation events. [pid: 7|app: 0|req: 666/1471] 10.0.0.126 () {34 vars in 990 bytes} [Wed May 20 13:18:31 2026] GET /v2.0/ports?device_id=a370b800-97d1-4379-8815-def43a058ff9 => generated 971 bytes in 210 msecs (HTTP/1.1 200) 4 headers in 157 bytes (1 switches on core 0) [pid: 7|app: 0|req: 667/1472] 10.0.0.42 () {32 vars in 773 bytes} [Wed May 20 13:18:31 2026] GET /v2.0/security-groups?tenant_id=7684f49c29a64dcf8c75fcc90f5d6631&name=default => generated 2925 bytes in 67 msecs (HTTP/1.1 200) 4 headers in 158 bytes (1 switches on core 0) [pid: 7|app: 0|req: 668/1473] 10.0.0.126 () {34 vars in 1040 bytes} [Wed May 20 13:18:31 2026] GET /v2.0/security-groups?id=70b95bb5-aaf2-455e-b49f-30a7483fccdb&fields=id&fields=name => generated 114 bytes in 74 msecs (HTTP/1.1 200) 4 headers in 157 bytes (1 switches on core 0)
2026-05-20 13:18:32.103 8 WARNING neutron.plugins.ml2.drivers.ovn.mech_driver.ovsdb.ovn_client [None req-65286673-62e5-4d31-ae71-77268859fcbe - - - - - -] No hosting information found for port ee8316f4-3fa9-4d41-9d11-9477005a829e: RuntimeError: No hosting information found for port ee8316f4-3fa9-4d41-9d11-9477005a829e
2026-05-20 13:18:32.279 8 INFO neutron.db.ovn_revision_numbers_db [None req-65286673-62e5-4d31-ae71-77268859fcbe - - - - - -] Successfully bumped revision number for resource ee8316f4-3fa9-4d41-9d11-9477005a829e (type: router_ports) to 2
2026-05-20 13:18:32.424 8 INFO neutron.plugins.ml2.drivers.ovn.mech_driver.mech_driver [None req-65286673-62e5-4d31-ae71-77268859fcbe - - - - - -] OVN reports status down for port: ebc43efb-b0c4-48b0-b36b-dbcf9df6a73a
2026-05-20 13:18:32.434 7 INFO neutron.db.ovn_revision_numbers_db [None req-9695f4ab-1e21-4efe-adff-9d5b2dc3899b - - - - - -] Successfully bumped revision number for resource 1d389baa-d067-497b-92e6-73378694c8f6 (type: ports) to 5 [pid: 7|app: 0|req: 669/1474] 10.0.0.42 () {32 vars in 739 bytes} [Wed May 20 13:18:32 2026] DELETE /v2.0/security-groups/c42924c4-071a-4ad2-8bc1-9e87100a5421 => generated 0 bytes in 426 msecs (HTTP/1.1 204) 2 headers in 112 bytes (1 switches on core 0)
2026-05-20 13:18:32.712 8 INFO neutron.notifiers.nova [-] Nova event matching ['req-b67ca87e-c79c-4db8-8615-c0e4ef99501b'] response: {'server_uuid': 'a370b800-97d1-4379-8815-def43a058ff9', 'name': 'network-vif-unplugged', 'status': 'completed', 'tag': 'ebc43efb-b0c4-48b0-b36b-dbcf9df6a73a', 'code': 200}
2026-05-20 13:18:32.746 8 INFO neutron.db.ovn_revision_numbers_db [None req-28d6dc47-21ed-4e2b-bc5e-6c4113ffae4f 1fa2846721774705aa2f8524d9f9e58a 7acea67fa31e42bdb50a74ef02716b30 - - default default] Successfully bumped revision number for resource aaaf838c-131c-484f-aabc-9767a7a0bce8 (type: router_ports) to 1
2026-05-20 13:18:32.749 7 INFO neutron.plugins.ml2.drivers.ovn.mech_driver.mech_driver [None req-cdf9834d-29a2-41c2-8cf1-7ee1751ae1e4 - - - - - -] OVN reports status down for port: aaaf838c-131c-484f-aabc-9767a7a0bce8 [pid: 8|app: 0|req: 806/1475] 10.0.0.42 () {34 vars in 782 bytes} [Wed May 20 13:18:30 2026] PUT /v2.0/routers/98fb7078-11f9-4e1f-9061-d406a23ae182/add_router_interface => generated 309 bytes in 2398 msecs (HTTP/1.1 200) 4 headers in 157 bytes (1 switches on core 0)
2026-05-20 13:18:32.841 7 WARNING neutron.plugins.ml2.drivers.ovn.mech_driver.ovsdb.ovn_client [None req-cdf9834d-29a2-41c2-8cf1-7ee1751ae1e4 - - - - - -] Logical_Switch_Port %s host information not removed, the port state is up
2026-05-20 13:18:32.841 7 INFO neutron.plugins.ml2.drivers.ovn.mech_driver.mech_driver [None req-cdf9834d-29a2-41c2-8cf1-7ee1751ae1e4 - - - - - -] OVN reports status up for port: aaaf838c-131c-484f-aabc-9767a7a0bce8
2026-05-20 13:18:32.862 8 INFO neutron.db.ovn_revision_numbers_db [None req-65286673-62e5-4d31-ae71-77268859fcbe - - - - - -] Successfully bumped revision number for resource ebc43efb-b0c4-48b0-b36b-dbcf9df6a73a (type: ports) to 6
2026-05-20 13:18:32.864 7 INFO neutron.plugins.ml2.plugin [None req-cdf9834d-29a2-41c2-8cf1-7ee1751ae1e4 - - - - - -] Attempt 1 to provision port aaaf838c-131c-484f-aabc-9767a7a0bce8 [pid: 7|app: 0|req: 670/1476] 10.0.0.42 () {32 vars in 773 bytes} [Wed May 20 13:18:32 2026] GET /v2.0/security-groups?tenant_id=a8b995c596bd42cb87008c1db6e0d3a9&name=default => generated 2925 bytes in 373 msecs (HTTP/1.1 200) 4 headers in 158 bytes (1 switches on core 0)
2026-05-20 13:18:32.921 7 INFO neutron.services.segments.plugin [-] Segment cedf6a15-ebfb-4f7d-913c-2d5dddbc2460 resource provider aggregate not found
2026-05-20 13:18:32.943 8 WARNING neutron.plugins.ml2.drivers.ovn.mech_driver.ovsdb.ovn_client [None req-72a4847d-a3a4-49fd-a27c-55acdf675f53 - - - - - -] Logical_Switch_Port %s host information not removed, the port state is up
2026-05-20 13:18:32.944 8 INFO neutron.plugins.ml2.drivers.ovn.mech_driver.mech_driver [None req-72a4847d-a3a4-49fd-a27c-55acdf675f53 - - - - - -] OVN reports status up for port: ebc43efb-b0c4-48b0-b36b-dbcf9df6a73a
2026-05-20 13:18:32.944 7 INFO neutron.services.segments.plugin [-] Segment cedf6a15-ebfb-4f7d-913c-2d5dddbc2460 resource provider not found; error: Placement Client Error (4xx): {"errors": [{"status": 404, "title": "Not Found", "detail": "The resource could not be found.\n\n No resource provider with uuid cedf6a15-ebfb-4f7d-913c-2d5dddbc2460 found for delete ", "request_id": "req-86c7fb64-1516-41c2-9c1a-c287cf0caded"}]}
2026-05-20 13:18:32.948 7 INFO neutron.services.segments.plugin [-] Segment cedf6a15-ebfb-4f7d-913c-2d5dddbc2460 resource provider aggregate not found
2026-05-20 13:18:32.965 8 INFO neutron.plugins.ml2.plugin [None req-72a4847d-a3a4-49fd-a27c-55acdf675f53 - - - - - -] Attempt 1 to provision port ebc43efb-b0c4-48b0-b36b-dbcf9df6a73a
2026-05-20 13:18:32.975 7 INFO neutron.services.segments.plugin [-] Segment cedf6a15-ebfb-4f7d-913c-2d5dddbc2460 resource provider not found; error: Placement Client Error (4xx): {"errors": [{"status": 404, "title": "Not Found", "detail": "The resource could not be found.\n\n No resource provider with uuid cedf6a15-ebfb-4f7d-913c-2d5dddbc2460 found for delete ", "request_id": "req-9e8aaf61-9e1d-4a0e-bad7-5468c5259e10"}]} [pid: 7|app: 0|req: 671/1477] 10.0.0.126 () {34 vars in 990 bytes} [Wed May 20 13:18:33 2026] GET /v2.0/ports?device_id=a370b800-97d1-4379-8815-def43a058ff9 => generated 971 bytes in 133 msecs (HTTP/1.1 200) 4 headers in 157 bytes (1 switches on core 0) [pid: 8|app: 0|req: 807/1478] 10.0.0.42 () {32 vars in 739 bytes} [Wed May 20 13:18:32 2026] DELETE /v2.0/security-groups/38f7f75f-b44f-4f1d-889b-d4935711a640 => generated 0 bytes in 448 msecs (HTTP/1.1 204) 2 headers in 112 bytes (1 switches on core 0)
2026-05-20 13:18:33.370 8 INFO neutron.db.ovn_revision_numbers_db [None req-72a4847d-a3a4-49fd-a27c-55acdf675f53 - - - - - -] Successfully bumped revision number for resource ebc43efb-b0c4-48b0-b36b-dbcf9df6a73a (type: ports) to 7 [pid: 7|app: 0|req: 672/1479] 10.0.0.126 () {34 vars in 1040 bytes} [Wed May 20 13:18:33 2026] GET /v2.0/security-groups?id=70b95bb5-aaf2-455e-b49f-30a7483fccdb&fields=id&fields=name => generated 114 bytes in 102 msecs (HTTP/1.1 200) 4 headers in 157 bytes (1 switches on core 0) /var/lib/openstack/lib/python3.12/site-packages/pycadf/identifier.py:70: UserWarning: Invalid uuid: neutron. To ensure interoperability, identifiers should be a valid uuid. warnings.warn(('Invalid uuid: %s. To ensure interoperability, '
2026-05-20 13:18:33.488 7 INFO neutron.db.ovn_revision_numbers_db [None req-cdf9834d-29a2-41c2-8cf1-7ee1751ae1e4 - - - - - -] Successfully bumped revision number for resource aaaf838c-131c-484f-aabc-9767a7a0bce8 (type: ports) to 2
2026-05-20 13:18:33.614 8 INFO neutron.db.ovn_revision_numbers_db [None req-c25f1642-2e12-4d75-bbb2-893dd49ae604 e3068fc6454b45fd942655c44465ca91 c7d94f4697bd46cdaf66aaab4458f775 - - default default] Successfully bumped revision number for resource 6bfc4d5a-b6b9-4858-969f-1eec9e13d546 (type: security_groups) to 1
2026-05-20 13:18:33.625 8 INFO neutron.db.ovn_revision_numbers_db [None req-c25f1642-2e12-4d75-bbb2-893dd49ae604 e3068fc6454b45fd942655c44465ca91 c7d94f4697bd46cdaf66aaab4458f775 - - default default] Successfully bumped revision number for resource 2785027a-4252-4784-91d9-274eafb40e1b (type: security_group_rules) to 0
2026-05-20 13:18:33.636 8 INFO neutron.db.ovn_revision_numbers_db [None req-c25f1642-2e12-4d75-bbb2-893dd49ae604 e3068fc6454b45fd942655c44465ca91 c7d94f4697bd46cdaf66aaab4458f775 - - default default] Successfully bumped revision number for resource 37fafe20-c04f-45d6-8769-d6918f480dfd (type: security_group_rules) to 0 [pid: 8|app: 0|req: 808/1480] 10.0.0.42 () {34 vars in 684 bytes} [Wed May 20 13:18:33 2026] POST /v2.0/security-groups => generated 1673 bytes in 219 msecs (HTTP/1.1 201) 4 headers in 163 bytes (1 switches on core 0)
2026-05-20 13:18:33.812 7 INFO neutron.db.ovn_revision_numbers_db [None req-05abd0a3-3f86-4e8c-926a-68de3afc4a6b e3068fc6454b45fd942655c44465ca91 c7d94f4697bd46cdaf66aaab4458f775 - - default default] Successfully bumped revision number for resource 8b65bab5-3d67-4ef9-bd42-c78d53c8e358 (type: security_group_rules) to 0 [pid: 7|app: 0|req: 673/1481] 10.0.0.42 () {34 vars in 694 bytes} [Wed May 20 13:18:33 2026] POST /v2.0/security-group-rules => generated 597 bytes in 175 msecs (HTTP/1.1 201) 4 headers in 162 bytes (1 switches on core 0)
2026-05-20 13:18:34.057 8 INFO neutron.db.ovn_revision_numbers_db [None req-408be6fa-1423-4a50-bc93-b2133d4e4abd e3068fc6454b45fd942655c44465ca91 c7d94f4697bd46cdaf66aaab4458f775 - - default default] Successfully bumped revision number for resource eb9bf332-8a48-4639-9729-e0c7e332a2b9 (type: security_group_rules) to 0 [pid: 8|app: 0|req: 809/1482] 10.0.0.42 () {34 vars in 694 bytes} [Wed May 20 13:18:33 2026] POST /v2.0/security-group-rules => generated 596 bytes in 226 msecs (HTTP/1.1 201) 4 headers in 162 bytes (1 switches on core 0)
2026-05-20 13:18:34.245 7 INFO neutron.db.ovn_revision_numbers_db [None req-ebf6f98b-52a5-4f8d-ad42-d5a371a5ec8d e3068fc6454b45fd942655c44465ca91 c7d94f4697bd46cdaf66aaab4458f775 - - default default] Successfully bumped revision number for resource 2b4f40d4-c4c5-43ef-84f2-cd615c6a71dd (type: security_group_rules) to 0 [pid: 7|app: 0|req: 674/1483] 10.0.0.42 () {34 vars in 694 bytes} [Wed May 20 13:18:34 2026] POST /v2.0/security-group-rules => generated 602 bytes in 193 msecs (HTTP/1.1 201) 4 headers in 162 bytes (1 switches on core 0)
2026-05-20 13:18:34.451 8 INFO neutron.db.ovn_revision_numbers_db [None req-b31a51ad-bff8-4ff0-a8ac-e11b4d142407 e3068fc6454b45fd942655c44465ca91 c7d94f4697bd46cdaf66aaab4458f775 - - default default] Successfully bumped revision number for resource 8ee3ca91-97b9-428e-9c65-cb9ffcb27635 (type: security_group_rules) to 0 [pid: 8|app: 0|req: 810/1484] 10.0.0.42 () {34 vars in 694 bytes} [Wed May 20 13:18:34 2026] POST /v2.0/security-group-rules => generated 601 bytes in 187 msecs (HTTP/1.1 201) 4 headers in 162 bytes (1 switches on core 0) [pid: 8|app: 0|req: 811/1485] 10.0.0.126 () {34 vars in 990 bytes} [Wed May 20 13:18:34 2026] GET /v2.0/ports?device_id=a370b800-97d1-4379-8815-def43a058ff9 => generated 971 bytes in 95 msecs (HTTP/1.1 200) 4 headers in 157 bytes (1 switches on core 0)
2026-05-20 13:18:34.625 8 INFO neutron.db.securitygroups_db [None req-aff1d5e0-49d2-42b5-b164-eb2568f3b6fb e3068fc6454b45fd942655c44465ca91 c7d94f4697bd46cdaf66aaab4458f775 - - default default] Project c7d94f4697bd46cdaf66aaab4458f775 added a security group rule with legacy IPv6 ICMP protocol name icmp, ipv6-icmp should be used instead. It was automatically converted.
2026-05-20 13:18:34.714 7 INFO neutron.db.ovn_revision_numbers_db [None req-96aca008-a379-4690-9e63-3be3ea1800f5 1fa2846721774705aa2f8524d9f9e58a 7acea67fa31e42bdb50a74ef02716b30 - - default default] Successfully bumped revision number for resource cce798e3-4b11-4dba-b5cf-888315115df2 (type: security_groups) to 1
2026-05-20 13:18:34.738 7 INFO neutron.db.ovn_revision_numbers_db [None req-96aca008-a379-4690-9e63-3be3ea1800f5 1fa2846721774705aa2f8524d9f9e58a 7acea67fa31e42bdb50a74ef02716b30 - - default default] Successfully bumped revision number for resource 1a9cf4cb-093b-4545-8409-8207871f7683 (type: security_group_rules) to 0
2026-05-20 13:18:34.750 8 INFO neutron.db.ovn_revision_numbers_db [None req-aff1d5e0-49d2-42b5-b164-eb2568f3b6fb e3068fc6454b45fd942655c44465ca91 c7d94f4697bd46cdaf66aaab4458f775 - - default default] Successfully bumped revision number for resource 65f944a3-61c2-43c8-a874-e075056b633f (type: security_group_rules) to 0
2026-05-20 13:18:34.752 7 INFO neutron.db.ovn_revision_numbers_db [None req-96aca008-a379-4690-9e63-3be3ea1800f5 1fa2846721774705aa2f8524d9f9e58a 7acea67fa31e42bdb50a74ef02716b30 - - default default] Successfully bumped revision number for resource 1ec9a8d8-6320-40be-8e3e-da0926c7b407 (type: security_group_rules) to 0
2026-05-20 13:18:34.766 8 INFO neutron.notifiers.nova [-] Nova event matching ['req-527d33d8-b546-4901-9dd5-e1cd1535bd3e'] response: {'server_uuid': 'a370b800-97d1-4379-8815-def43a058ff9', 'name': 'network-vif-unplugged', 'status': 'completed', 'tag': 'ebc43efb-b0c4-48b0-b36b-dbcf9df6a73a', 'code': 200}
2026-05-20 13:18:34.766 8 INFO neutron.notifiers.nova [-] Nova event matching ['req-527d33d8-b546-4901-9dd5-e1cd1535bd3e'] response: {'server_uuid': 'a370b800-97d1-4379-8815-def43a058ff9', 'name': 'network-vif-plugged', 'status': 'completed', 'tag': 'ebc43efb-b0c4-48b0-b36b-dbcf9df6a73a', 'code': 200}
2026-05-20 13:18:34.767 8 INFO neutron.notifiers.nova [-] Nova event matching ['req-527d33d8-b546-4901-9dd5-e1cd1535bd3e'] response: {'server_uuid': 'a370b800-97d1-4379-8815-def43a058ff9', 'name': 'network-vif-plugged', 'status': 'completed', 'tag': 'ebc43efb-b0c4-48b0-b36b-dbcf9df6a73a', 'code': 200}
2026-05-20 13:18:34.769 7 INFO neutron.db.ovn_revision_numbers_db [None req-96aca008-a379-4690-9e63-3be3ea1800f5 1fa2846721774705aa2f8524d9f9e58a 7acea67fa31e42bdb50a74ef02716b30 - - default default] Successfully bumped revision number for resource 6509eedd-c042-4dd8-86cb-24873d72352d (type: security_group_rules) to 0
2026-05-20 13:18:34.782 7 INFO neutron.db.ovn_revision_numbers_db [None req-96aca008-a379-4690-9e63-3be3ea1800f5 1fa2846721774705aa2f8524d9f9e58a 7acea67fa31e42bdb50a74ef02716b30 - - default default] Successfully bumped revision number for resource 943e8c1c-9d2e-43d1-b8f3-7b85aaf0ff35 (type: security_group_rules) to 0 [pid: 8|app: 0|req: 812/1486] 10.0.0.42 () {34 vars in 694 bytes} [Wed May 20 13:18:34 2026] POST /v2.0/security-group-rules => generated 607 bytes in 208 msecs (HTTP/1.1 201) 4 headers in 162 bytes (1 switches on core 0) [pid: 8|app: 0|req: 813/1487] 10.0.0.126 () {34 vars in 1040 bytes} [Wed May 20 13:18:34 2026] GET /v2.0/security-groups?id=70b95bb5-aaf2-455e-b49f-30a7483fccdb&fields=id&fields=name => generated 114 bytes in 40 msecs (HTTP/1.1 200) 4 headers in 157 bytes (1 switches on core 0)
2026-05-20 13:18:34.873 8 INFO neutron.db.securitygroups_db [None req-88f43974-330f-4d02-8f35-4d49e2d2e100 e3068fc6454b45fd942655c44465ca91 c7d94f4697bd46cdaf66aaab4458f775 - - default default] Project c7d94f4697bd46cdaf66aaab4458f775 added a security group rule with legacy IPv6 ICMP protocol name icmp, ipv6-icmp should be used instead. It was automatically converted.
2026-05-20 13:18:34.903 7 INFO neutron.db.segments_db [None req-96aca008-a379-4690-9e63-3be3ea1800f5 1fa2846721774705aa2f8524d9f9e58a 7acea67fa31e42bdb50a74ef02716b30 - - default default] Added segment 2916f81b-4162-48ed-8b61-eb21f818ee9f of type geneve for network 3178a093-3971-4514-8fb1-e27f2104cae3
2026-05-20 13:18:34.991 8 INFO neutron.db.ovn_revision_numbers_db [None req-88f43974-330f-4d02-8f35-4d49e2d2e100 e3068fc6454b45fd942655c44465ca91 c7d94f4697bd46cdaf66aaab4458f775 - - default default] Successfully bumped revision number for resource a67de545-4007-4ce7-a255-185a1f70bc12 (type: security_group_rules) to 0
2026-05-20 13:18:35.027 7 INFO neutron.db.ovn_revision_numbers_db [None req-96aca008-a379-4690-9e63-3be3ea1800f5 1fa2846721774705aa2f8524d9f9e58a 7acea67fa31e42bdb50a74ef02716b30 - - default default] Successfully bumped revision number for resource 3178a093-3971-4514-8fb1-e27f2104cae3 (type: networks) to 1 [pid: 8|app: 0|req: 814/1488] 10.0.0.42 () {34 vars in 694 bytes} [Wed May 20 13:18:34 2026] POST /v2.0/security-group-rules => generated 606 bytes in 203 msecs (HTTP/1.1 201) 4 headers in 162 bytes (1 switches on core 0)
2026-05-20 13:18:35.224 7 WARNING neutron.scheduler.dhcp_agent_scheduler [None req-96aca008-a379-4690-9e63-3be3ea1800f5 1fa2846721774705aa2f8524d9f9e58a 7acea67fa31e42bdb50a74ef02716b30 - - default default] No more DHCP agents
2026-05-20 13:18:35.229 7 WARNING neutron.api.rpc.agentnotifiers.dhcp_rpc_agent_api [None req-96aca008-a379-4690-9e63-3be3ea1800f5 1fa2846721774705aa2f8524d9f9e58a 7acea67fa31e42bdb50a74ef02716b30 - - default default] Unable to schedule network 3178a093-3971-4514-8fb1-e27f2104cae3: no agents available; will retry on subsequent port and subnet creation events.
2026-05-20 13:18:35.326 7 INFO neutron.db.ovn_revision_numbers_db [None req-96aca008-a379-4690-9e63-3be3ea1800f5 1fa2846721774705aa2f8524d9f9e58a 7acea67fa31e42bdb50a74ef02716b30 - - default default] Successfully bumped revision number for resource f17ff896-673b-48ee-8053-b9282616a518 (type: ports) to 1 [pid: 7|app: 0|req: 675/1491] 10.0.0.42 () {34 vars in 670 bytes} [Wed May 20 13:18:34 2026] POST /v2.0/networks => generated 768 bytes in 1024 msecs (HTTP/1.1 201) 4 headers in 162 bytes (1 switches on core 0)
2026-05-20 13:18:35.518 8 WARNING neutron.scheduler.dhcp_agent_scheduler [None req-6c4ef33b-e870-4d71-b743-ebe061bd1ad2 1fa2846721774705aa2f8524d9f9e58a 7acea67fa31e42bdb50a74ef02716b30 - - default default] No more DHCP agents
2026-05-20 13:18:35.519 8 WARNING neutron.api.rpc.agentnotifiers.dhcp_rpc_agent_api [None req-6c4ef33b-e870-4d71-b743-ebe061bd1ad2 1fa2846721774705aa2f8524d9f9e58a 7acea67fa31e42bdb50a74ef02716b30 - - default default] Unable to schedule network 3178a093-3971-4514-8fb1-e27f2104cae3: no agents available; will retry on subsequent port and subnet creation events.
2026-05-20 13:18:35.677 7 INFO neutron.db.ovn_revision_numbers_db [None req-7c7104bb-57e1-4a40-8b00-82a0ad9008e2 808e598c5da94eda878fe060455a7723 cb27364d536c4d6ea3884260f76ef203 - - default default] Successfully bumped revision number for resource 042ace95-4a11-43e4-be84-7d04f9d2a640 (type: security_groups) to 1
2026-05-20 13:18:35.689 7 INFO neutron.db.ovn_revision_numbers_db [None req-7c7104bb-57e1-4a40-8b00-82a0ad9008e2 808e598c5da94eda878fe060455a7723 cb27364d536c4d6ea3884260f76ef203 - - default default] Successfully bumped revision number for resource 44ae71d3-79af-4f0b-8ac9-20ae064ff38e (type: security_group_rules) to 0
2026-05-20 13:18:35.703 7 INFO neutron.db.ovn_revision_numbers_db [None req-7c7104bb-57e1-4a40-8b00-82a0ad9008e2 808e598c5da94eda878fe060455a7723 cb27364d536c4d6ea3884260f76ef203 - - default default] Successfully bumped revision number for resource 7ebb0d57-5e03-4e07-81d4-9fc36e832d3e (type: security_group_rules) to 0
2026-05-20 13:18:35.719 7 INFO neutron.db.ovn_revision_numbers_db [None req-7c7104bb-57e1-4a40-8b00-82a0ad9008e2 808e598c5da94eda878fe060455a7723 cb27364d536c4d6ea3884260f76ef203 - - default default] Successfully bumped revision number for resource be4a2956-6329-46bd-b139-9d5e6568fe5d (type: security_group_rules) to 0
