2026-05-20 13:19:07.607 8 INFO neutron.services.segments.plugin [-] Segment 2916f81b-4162-48ed-8b61-eb21f818ee9f resource provider not found; error: Placement Client Error (4xx): {"errors": [{"status": 404, "title": "Not Found", "detail": "The resource could not be found.\n\n No resource provider with uuid 2916f81b-4162-48ed-8b61-eb21f818ee9f found for delete ", "request_id": "req-bebfee65-b7d9-4591-bb34-8b44296b6d47"}]} [pid: 8|app: 0|req: 952/1721] 10.0.0.42 () {32 vars in 725 bytes} [Wed May 20 13:19:07 2026] DELETE /v2.0/networks/3178a093-3971-4514-8fb1-e27f2104cae3 => generated 0 bytes in 373 msecs (HTTP/1.1 204) 3 headers in 131 bytes (1 switches on core 0) [pid: 7|app: 0|req: 770/1722] 10.0.0.42 () {32 vars in 773 bytes} [Wed May 20 13:19:07 2026] GET /v2.0/security-groups?tenant_id=41af7185620240b28d7a9c29db5adf6f&name=default => generated 2925 bytes in 31 msecs (HTTP/1.1 200) 4 headers in 158 bytes (1 switches on core 0) [pid: 8|app: 0|req: 953/1723] 10.0.0.42 () {32 vars in 739 bytes} [Wed May 20 13:19:07 2026] DELETE /v2.0/security-groups/cce798e3-4b11-4dba-b5cf-888315115df2 => generated 0 bytes in 244 msecs (HTTP/1.1 204) 2 headers in 112 bytes (1 switches on core 0) [pid: 7|app: 0|req: 771/1724] 10.0.0.42 () {34 vars in 675 bytes} [Wed May 20 13:19:08 2026] POST /v2.0/subnetpools => generated 548 bytes in 290 msecs (HTTP/1.1 201) 4 headers in 162 bytes (1 switches on core 0) [pid: 8|app: 0|req: 954/1725] 10.0.0.42 () {32 vars in 728 bytes} [Wed May 20 13:19:08 2026] GET /v2.0/subnetpools/d221a8c2-792b-4fa1-bd6d-e006329df71b => generated 548 bytes in 26 msecs (HTTP/1.1 200) 4 headers in 157 bytes (1 switches on core 0) [pid: 7|app: 0|req: 772/1726] 10.0.0.42 () {34 vars in 748 bytes} [Wed May 20 13:19:08 2026] PUT /v2.0/subnetpools/d221a8c2-792b-4fa1-bd6d-e006329df71b => generated 501 bytes in 64 msecs (HTTP/1.1 200) 4 headers in 157 bytes (1 switches on core 0) [pid: 8|app: 0|req: 955/1727] 10.0.0.42 () {32 vars in 731 bytes} [Wed May 20 13:19:08 2026] DELETE /v2.0/subnetpools/d221a8c2-792b-4fa1-bd6d-e006329df71b => generated 0 bytes in 54 msecs (HTTP/1.1 204) 2 headers in 112 bytes (1 switches on core 0)
2026-05-20 13:19:08.572 7 INFO neutron.api.v2.resource [None req-d7da91eb-8700-4d71-87f2-1c0211068a5c 91e3251d9a044a908f38d86db1a1550f 51bd7330ee834362a848922c6c3b9784 - - default default] show failed (client error): The resource could not be found. [pid: 7|app: 0|req: 773/1728] 10.0.0.42 () {32 vars in 728 bytes} [Wed May 20 13:19:08 2026] GET /v2.0/subnetpools/d221a8c2-792b-4fa1-bd6d-e006329df71b => generated 145 bytes in 15 msecs (HTTP/1.1 404) 4 headers in 164 bytes (1 switches on core 0)
2026-05-20 13:19:08.594 8 INFO neutron.api.v2.resource [None req-611f2e3f-3bf6-4410-b50f-786ef3c3a7e1 91e3251d9a044a908f38d86db1a1550f 51bd7330ee834362a848922c6c3b9784 - - default default] delete failed (client error): The resource could not be found. [pid: 8|app: 0|req: 956/1729] 10.0.0.42 () {32 vars in 731 bytes} [Wed May 20 13:19:08 2026] DELETE /v2.0/subnetpools/d221a8c2-792b-4fa1-bd6d-e006329df71b => generated 145 bytes in 15 msecs (HTTP/1.1 404) 4 headers in 164 bytes (1 switches on core 0) [pid: 7|app: 0|req: 774/1730] 10.0.0.126 () {34 vars in 990 bytes} [Wed May 20 13:19:08 2026] GET /v2.0/ports?device_id=182d9974-83a1-4f47-81aa-ff8e8aa6f4a8 => generated 1010 bytes in 89 msecs (HTTP/1.1 200) 4 headers in 158 bytes (1 switches on core 0) [pid: 8|app: 0|req: 957/1731] 10.0.0.126 () {34 vars in 1120 bytes} [Wed May 20 13:19:09 2026] GET /v2.0/security-groups?id=62178953-d7f9-4d8a-a58f-148932d4dc0a&id=6bfc4d5a-b6b9-4858-969f-1eec9e13d546&fields=id&fields=name => generated 205 bytes in 54 msecs (HTTP/1.1 200) 4 headers in 157 bytes (1 switches on core 0)
2026-05-20 13:19:09.400 7 INFO neutron.db.ovn_revision_numbers_db [None req-22cf262e-2b6e-4f67-b0c4-3737fe8e5881 1fa2846721774705aa2f8524d9f9e58a 7acea67fa31e42bdb50a74ef02716b30 - - default default] Successfully bumped revision number for resource 9f56f3ea-19c2-406b-a2fe-250c6826b96f (type: security_groups) to 1
2026-05-20 13:19:09.419 7 INFO neutron.db.ovn_revision_numbers_db [None req-22cf262e-2b6e-4f67-b0c4-3737fe8e5881 1fa2846721774705aa2f8524d9f9e58a 7acea67fa31e42bdb50a74ef02716b30 - - default default] Successfully bumped revision number for resource 2cf0211a-dd68-42c3-b4b5-eb935a26d84a (type: security_group_rules) to 0
2026-05-20 13:19:09.432 7 INFO neutron.db.ovn_revision_numbers_db [None req-22cf262e-2b6e-4f67-b0c4-3737fe8e5881 1fa2846721774705aa2f8524d9f9e58a 7acea67fa31e42bdb50a74ef02716b30 - - default default] Successfully bumped revision number for resource 30f9177e-564f-414c-bdfb-a1126196a07a (type: security_group_rules) to 0
2026-05-20 13:19:09.444 7 INFO neutron.db.ovn_revision_numbers_db [None req-22cf262e-2b6e-4f67-b0c4-3737fe8e5881 1fa2846721774705aa2f8524d9f9e58a 7acea67fa31e42bdb50a74ef02716b30 - - default default] Successfully bumped revision number for resource 53cc37cf-9588-4d2b-bcff-dcea53f512c8 (type: security_group_rules) to 0
2026-05-20 13:19:09.457 7 INFO neutron.db.ovn_revision_numbers_db [None req-22cf262e-2b6e-4f67-b0c4-3737fe8e5881 1fa2846721774705aa2f8524d9f9e58a 7acea67fa31e42bdb50a74ef02716b30 - - default default] Successfully bumped revision number for resource d46d8d16-af04-4906-a44c-2611f2448d56 (type: security_group_rules) to 0 [pid: 7|app: 0|req: 775/1732] 10.0.0.42 () {32 vars in 773 bytes} [Wed May 20 13:19:09 2026] GET /v2.0/security-groups?tenant_id=51bd7330ee834362a848922c6c3b9784&name=default => generated 2925 bytes in 435 msecs (HTTP/1.1 200) 4 headers in 158 bytes (1 switches on core 0) [pid: 8|app: 0|req: 958/1733] 10.0.0.42 () {32 vars in 739 bytes} [Wed May 20 13:19:09 2026] DELETE /v2.0/security-groups/9f56f3ea-19c2-406b-a2fe-250c6826b96f => generated 0 bytes in 283 msecs (HTTP/1.1 204) 2 headers in 112 bytes (1 switches on core 0)
2026-05-20 13:19:09.994 8 INFO neutron.plugins.ml2.drivers.ovn.mech_driver.mech_driver [None req-99c0663a-fa91-49bd-a3b7-0e9b261b0455 - - - - - -] OVN reports status down for port: e0dbfc15-25dc-4cde-a6f4-2a97f373ff59
2026-05-20 13:19:10.181 8 INFO neutron.notifiers.nova [-] Nova event matching ['req-0febe9f3-0712-4e69-9b9c-08a3d2012ae3'] response: {'server_uuid': '182d9974-83a1-4f47-81aa-ff8e8aa6f4a8', 'name': 'network-vif-unplugged', 'status': 'completed', 'tag': 'e0dbfc15-25dc-4cde-a6f4-2a97f373ff59', 'code': 200} [pid: 7|app: 0|req: 776/1734] 10.0.0.126 () {34 vars in 990 bytes} [Wed May 20 13:19:10 2026] GET /v2.0/ports?device_id=182d9974-83a1-4f47-81aa-ff8e8aa6f4a8 => generated 1008 bytes in 43 msecs (HTTP/1.1 200) 4 headers in 158 bytes (1 switches on core 0) [pid: 8|app: 0|req: 959/1735] 10.0.0.126 () {34 vars in 1120 bytes} [Wed May 20 13:19:10 2026] GET /v2.0/security-groups?id=62178953-d7f9-4d8a-a58f-148932d4dc0a&id=6bfc4d5a-b6b9-4858-969f-1eec9e13d546&fields=id&fields=name => generated 205 bytes in 78 msecs (HTTP/1.1 200) 4 headers in 157 bytes (1 switches on core 0)
2026-05-20 13:19:10.349 8 INFO neutron.db.ovn_revision_numbers_db [None req-99c0663a-fa91-49bd-a3b7-0e9b261b0455 - - - - - -] Successfully bumped revision number for resource e0dbfc15-25dc-4cde-a6f4-2a97f373ff59 (type: ports) to 6
2026-05-20 13:19:10.498 7 INFO neutron.db.ovn_revision_numbers_db [None req-99702622-16e4-4cff-bc26-5567b77102fc 1fa2846721774705aa2f8524d9f9e58a 7acea67fa31e42bdb50a74ef02716b30 - - default default] Successfully bumped revision number for resource d56a4ec2-cd91-4fa1-baa9-b394129d2ae5 (type: security_groups) to 1
2026-05-20 13:19:10.509 7 INFO neutron.db.ovn_revision_numbers_db [None req-99702622-16e4-4cff-bc26-5567b77102fc 1fa2846721774705aa2f8524d9f9e58a 7acea67fa31e42bdb50a74ef02716b30 - - default default] Successfully bumped revision number for resource 4f41b36a-bf77-43f9-965a-95c5f8af939f (type: security_group_rules) to 0
2026-05-20 13:19:10.520 7 INFO neutron.db.ovn_revision_numbers_db [None req-99702622-16e4-4cff-bc26-5567b77102fc 1fa2846721774705aa2f8524d9f9e58a 7acea67fa31e42bdb50a74ef02716b30 - - default default] Successfully bumped revision number for resource 765d4c71-2123-4fc9-8d93-46a68d404502 (type: security_group_rules) to 0
2026-05-20 13:19:10.534 7 INFO neutron.db.ovn_revision_numbers_db [None req-99702622-16e4-4cff-bc26-5567b77102fc 1fa2846721774705aa2f8524d9f9e58a 7acea67fa31e42bdb50a74ef02716b30 - - default default] Successfully bumped revision number for resource a7034138-c184-4ea4-ac2c-a4605bea037d (type: security_group_rules) to 0
2026-05-20 13:19:10.549 7 INFO neutron.db.ovn_revision_numbers_db [None req-99702622-16e4-4cff-bc26-5567b77102fc 1fa2846721774705aa2f8524d9f9e58a 7acea67fa31e42bdb50a74ef02716b30 - - default default] Successfully bumped revision number for resource ced7806f-36be-4567-8ac3-a6ca8edaf5bf (type: security_group_rules) to 0 [pid: 7|app: 0|req: 777/1736] 10.0.0.42 () {32 vars in 773 bytes} [Wed May 20 13:19:10 2026] GET /v2.0/security-groups?tenant_id=0e89c3e072904c6896d2bf6d9646c9bd&name=default => generated 2925 bytes in 309 msecs (HTTP/1.1 200) 4 headers in 158 bytes (1 switches on core 0) /var/lib/openstack/lib/python3.12/site-packages/pycadf/identifier.py:70: UserWarning: Invalid uuid: neutron. To ensure interoperability, identifiers should be a valid uuid. warnings.warn(('Invalid uuid: %s. To ensure interoperability, ' [pid: 8|app: 0|req: 960/1737] 10.0.0.42 () {32 vars in 739 bytes} [Wed May 20 13:19:10 2026] DELETE /v2.0/security-groups/d56a4ec2-cd91-4fa1-baa9-b394129d2ae5 => generated 0 bytes in 258 msecs (HTTP/1.1 204) 2 headers in 112 bytes (1 switches on core 0)
2026-05-20 13:19:11.129 7 INFO neutron.db.ovn_revision_numbers_db [None req-dbfe9ad9-d13b-4902-95a3-53c777c5e59c 1fa2846721774705aa2f8524d9f9e58a 7acea67fa31e42bdb50a74ef02716b30 - - default default] Successfully bumped revision number for resource f74ca910-5787-4041-89e8-5527c7c73a55 (type: security_groups) to 1
2026-05-20 13:19:11.146 7 INFO neutron.db.ovn_revision_numbers_db [None req-dbfe9ad9-d13b-4902-95a3-53c777c5e59c 1fa2846721774705aa2f8524d9f9e58a 7acea67fa31e42bdb50a74ef02716b30 - - default default] Successfully bumped revision number for resource 13324983-22be-4891-b9ec-6b103de30d11 (type: security_group_rules) to 0
2026-05-20 13:19:11.158 7 INFO neutron.db.ovn_revision_numbers_db [None req-dbfe9ad9-d13b-4902-95a3-53c777c5e59c 1fa2846721774705aa2f8524d9f9e58a 7acea67fa31e42bdb50a74ef02716b30 - - default default] Successfully bumped revision number for resource 82ecbed0-6fe1-4e60-ac87-16e660a8e424 (type: security_group_rules) to 0
2026-05-20 13:19:11.171 7 INFO neutron.db.ovn_revision_numbers_db [None req-dbfe9ad9-d13b-4902-95a3-53c777c5e59c 1fa2846721774705aa2f8524d9f9e58a 7acea67fa31e42bdb50a74ef02716b30 - - default default] Successfully bumped revision number for resource 9d9d55dd-faba-4ed6-b129-f990db160e77 (type: security_group_rules) to 0
2026-05-20 13:19:11.182 7 INFO neutron.db.ovn_revision_numbers_db [None req-dbfe9ad9-d13b-4902-95a3-53c777c5e59c 1fa2846721774705aa2f8524d9f9e58a 7acea67fa31e42bdb50a74ef02716b30 - - default default] Successfully bumped revision number for resource d6a2379a-bcc7-4491-99fe-a3bb4d80e0c4 (type: security_group_rules) to 0 [pid: 7|app: 0|req: 778/1738] 10.0.0.42 () {32 vars in 773 bytes} [Wed May 20 13:19:11 2026] GET /v2.0/security-groups?tenant_id=63e2345f082947da890e64c5bb14577f&name=default => generated 2925 bytes in 230 msecs (HTTP/1.1 200) 4 headers in 158 bytes (1 switches on core 0) [pid: 8|app: 0|req: 961/1739] 199.204.45.205 () {34 vars in 994 bytes} [Wed May 20 13:19:11 2026] GET /v2.0/ports?device_id=182d9974-83a1-4f47-81aa-ff8e8aa6f4a8 => generated 1008 bytes in 108 msecs (HTTP/1.1 200) 4 headers in 158 bytes (1 switches on core 0) [pid: 7|app: 0|req: 779/1740] 10.0.0.42 () {32 vars in 739 bytes} [Wed May 20 13:19:11 2026] DELETE /v2.0/security-groups/f74ca910-5787-4041-89e8-5527c7c73a55 => generated 0 bytes in 204 msecs (HTTP/1.1 204) 2 headers in 112 bytes (1 switches on core 0)
2026-05-20 13:19:11.452 8 INFO neutron_taas.services.taas.taas_plugin [req-7eadec42-1e63-40cc-8703-0d72349b48c0 req-eecc1485-1ce0-4112-b57b-a342e52b5964 e3068fc6454b45fd942655c44465ca91 c7d94f4697bd46cdaf66aaab4458f775 - - default default] TaaS: Handle Delete Port: e0dbfc15-25dc-4cde-a6f4-2a97f373ff59
2026-05-20 13:19:11.455 8 INFO neutron_taas.services.taas.tap_mirror_plugin [req-7eadec42-1e63-40cc-8703-0d72349b48c0 req-eecc1485-1ce0-4112-b57b-a342e52b5964 e3068fc6454b45fd942655c44465ca91 c7d94f4697bd46cdaf66aaab4458f775 - - default default] Tap Mirror: Handle Delete Port: e0dbfc15-25dc-4cde-a6f4-2a97f373ff59 [pid: 7|app: 0|req: 780/1741] 10.0.0.126 () {34 vars in 990 bytes} [Wed May 20 13:19:11 2026] GET /v2.0/ports?device_id=182d9974-83a1-4f47-81aa-ff8e8aa6f4a8 => generated 1008 bytes in 28 msecs (HTTP/1.1 200) 4 headers in 158 bytes (1 switches on core 0) [pid: 7|app: 0|req: 781/1742] 10.0.0.126 () {34 vars in 1120 bytes} [Wed May 20 13:19:11 2026] GET /v2.0/security-groups?id=62178953-d7f9-4d8a-a58f-148932d4dc0a&id=6bfc4d5a-b6b9-4858-969f-1eec9e13d546&fields=id&fields=name => generated 205 bytes in 27 msecs (HTTP/1.1 200) 4 headers in 157 bytes (1 switches on core 0)
2026-05-20 13:19:11.653 8 INFO neutron.db.l3_db [req-7eadec42-1e63-40cc-8703-0d72349b48c0 req-eecc1485-1ce0-4112-b57b-a342e52b5964 e3068fc6454b45fd942655c44465ca91 c7d94f4697bd46cdaf66aaab4458f775 - - default default] Floating IP 201b9882-63b9-4d68-980e-0a69634ccb95 disassociated. External IP: 10.96.250.208, port: e0dbfc15-25dc-4cde-a6f4-2a97f373ff59. [pid: 8|app: 0|req: 962/1743] 199.204.45.205 () {36 vars in 997 bytes} [Wed May 20 13:19:11 2026] DELETE /v2.0/ports/e0dbfc15-25dc-4cde-a6f4-2a97f373ff59 => generated 0 bytes in 554 msecs (HTTP/1.1 204) 3 headers in 131 bytes (1 switches on core 0)
2026-05-20 13:19:12.218 8 INFO neutron.notifiers.nova [-] Nova event matching ['req-bdc4b33b-47f4-4d2b-95fe-374faef09661'] response: {'server_uuid': '182d9974-83a1-4f47-81aa-ff8e8aa6f4a8', 'name': 'network-vif-unplugged', 'status': 'completed', 'tag': 'e0dbfc15-25dc-4cde-a6f4-2a97f373ff59', 'code': 200}
2026-05-20 13:19:12.218 8 INFO neutron.notifiers.nova [-] Nova event matching ['req-bdc4b33b-47f4-4d2b-95fe-374faef09661'] response: {'server_uuid': '182d9974-83a1-4f47-81aa-ff8e8aa6f4a8', 'name': 'network-vif-deleted', 'tag': 'e0dbfc15-25dc-4cde-a6f4-2a97f373ff59', 'status': 'completed', 'code': 200} /var/lib/openstack/lib/python3.12/site-packages/pycadf/identifier.py:70: UserWarning: Invalid uuid: neutron. To ensure interoperability, identifiers should be a valid uuid. warnings.warn(('Invalid uuid: %s. To ensure interoperability, ' [pid: 8|app: 0|req: 963/1744] 10.0.0.126 () {34 vars in 990 bytes} [Wed May 20 13:19:12 2026] GET /v2.0/ports?device_id=182d9974-83a1-4f47-81aa-ff8e8aa6f4a8 => generated 12 bytes in 21 msecs (HTTP/1.1 200) 4 headers in 156 bytes (1 switches on core 0)
2026-05-20 13:19:12.766 7 INFO neutron.db.ovn_revision_numbers_db [None req-d4dbc7d9-8819-4026-9a52-aea03822a9db 1fa2846721774705aa2f8524d9f9e58a 7acea67fa31e42bdb50a74ef02716b30 - - default default] Successfully bumped revision number for resource 858e66a1-2f3d-4e22-b7e2-891783fa7fe1 (type: security_groups) to 1
2026-05-20 13:19:12.778 7 INFO neutron.db.ovn_revision_numbers_db [None req-d4dbc7d9-8819-4026-9a52-aea03822a9db 1fa2846721774705aa2f8524d9f9e58a 7acea67fa31e42bdb50a74ef02716b30 - - default default] Successfully bumped revision number for resource 19e7c42c-2512-422b-affc-b3b52373ea8c (type: security_group_rules) to 0
2026-05-20 13:19:12.788 7 INFO neutron.db.ovn_revision_numbers_db [None req-d4dbc7d9-8819-4026-9a52-aea03822a9db 1fa2846721774705aa2f8524d9f9e58a 7acea67fa31e42bdb50a74ef02716b30 - - default default] Successfully bumped revision number for resource 4a0a822d-cde1-498c-a01e-24efdd88eecf (type: security_group_rules) to 0
2026-05-20 13:19:12.811 7 INFO neutron.db.ovn_revision_numbers_db [None req-d4dbc7d9-8819-4026-9a52-aea03822a9db 1fa2846721774705aa2f8524d9f9e58a 7acea67fa31e42bdb50a74ef02716b30 - - default default] Successfully bumped revision number for resource 6c96b58c-8ca5-4cd0-a48c-4fb6fa579c8f (type: security_group_rules) to 0
2026-05-20 13:19:12.825 7 INFO neutron.db.ovn_revision_numbers_db [None req-d4dbc7d9-8819-4026-9a52-aea03822a9db 1fa2846721774705aa2f8524d9f9e58a 7acea67fa31e42bdb50a74ef02716b30 - - default default] Successfully bumped revision number for resource fa296e1a-d496-4b64-aee1-7134a6b1b678 (type: security_group_rules) to 0 [pid: 7|app: 0|req: 782/1745] 10.0.0.42 () {32 vars in 773 bytes} [Wed May 20 13:19:12 2026] GET /v2.0/security-groups?tenant_id=d8339cfffb7b4d03a0a6a86f54a3028c&name=default => generated 2925 bytes in 442 msecs (HTTP/1.1 200) 4 headers in 158 bytes (1 switches on core 0) [pid: 8|app: 0|req: 964/1746] 10.0.0.42 () {32 vars in 739 bytes} [Wed May 20 13:19:12 2026] DELETE /v2.0/security-groups/858e66a1-2f3d-4e22-b7e2-891783fa7fe1 => generated 0 bytes in 244 msecs (HTTP/1.1 204) 2 headers in 112 bytes (1 switches on core 0) [pid: 7|app: 0|req: 783/1747] 10.0.0.126 () {34 vars in 990 bytes} [Wed May 20 13:19:13 2026] GET /v2.0/ports?device_id=182d9974-83a1-4f47-81aa-ff8e8aa6f4a8 => generated 12 bytes in 16 msecs (HTTP/1.1 200) 4 headers in 156 bytes (1 switches on core 0)
2026-05-20 13:19:13.991 8 INFO neutron.db.ovn_revision_numbers_db [None req-84e9ee8e-fbe1-4beb-a40f-db2efe4dc12f 1fa2846721774705aa2f8524d9f9e58a 7acea67fa31e42bdb50a74ef02716b30 - - default default] Successfully bumped revision number for resource b1aae594-a879-4604-b07d-42fa184cad9d (type: security_groups) to 1
2026-05-20 13:19:14.004 8 INFO neutron.db.ovn_revision_numbers_db [None req-84e9ee8e-fbe1-4beb-a40f-db2efe4dc12f 1fa2846721774705aa2f8524d9f9e58a 7acea67fa31e42bdb50a74ef02716b30 - - default default] Successfully bumped revision number for resource 4d199263-7f1c-4023-bd59-2af78edc5fb1 (type: security_group_rules) to 0
2026-05-20 13:19:14.020 8 INFO neutron.db.ovn_revision_numbers_db [None req-84e9ee8e-fbe1-4beb-a40f-db2efe4dc12f 1fa2846721774705aa2f8524d9f9e58a 7acea67fa31e42bdb50a74ef02716b30 - - default default] Successfully bumped revision number for resource d32e9604-028f-4e7f-b69a-05b45b10ea7c (type: security_group_rules) to 0
2026-05-20 13:19:14.035 8 INFO neutron.db.ovn_revision_numbers_db [None req-84e9ee8e-fbe1-4beb-a40f-db2efe4dc12f 1fa2846721774705aa2f8524d9f9e58a 7acea67fa31e42bdb50a74ef02716b30 - - default default] Successfully bumped revision number for resource d4c8d4b5-92a9-4952-9043-d92a3b6a3970 (type: security_group_rules) to 0
2026-05-20 13:19:14.054 8 INFO neutron.db.ovn_revision_numbers_db [None req-84e9ee8e-fbe1-4beb-a40f-db2efe4dc12f 1fa2846721774705aa2f8524d9f9e58a 7acea67fa31e42bdb50a74ef02716b30 - - default default] Successfully bumped revision number for resource d8dc483e-3887-42da-8323-5f4012bb9eac (type: security_group_rules) to 0 [pid: 8|app: 0|req: 965/1748] 10.0.0.42 () {32 vars in 773 bytes} [Wed May 20 13:19:13 2026] GET /v2.0/security-groups?tenant_id=e24fde9e40084d4ab06522566dcf0bad&name=default => generated 2925 bytes in 403 msecs (HTTP/1.1 200) 4 headers in 158 bytes (1 switches on core 0) [pid: 7|app: 0|req: 784/1749] 10.0.0.42 () {32 vars in 739 bytes} [Wed May 20 13:19:14 2026] DELETE /v2.0/security-groups/b1aae594-a879-4604-b07d-42fa184cad9d => generated 0 bytes in 279 msecs (HTTP/1.1 204) 2 headers in 112 bytes (1 switches on core 0)
2026-05-20 13:19:14.693 8 INFO neutron.db.ovn_revision_numbers_db [None req-382288af-30ec-4fb4-a852-57f11a8b4f59 1fa2846721774705aa2f8524d9f9e58a 7acea67fa31e42bdb50a74ef02716b30 - - default default] Successfully bumped revision number for resource 498ea6a9-a8b3-4d55-9673-5e99671b75ac (type: security_groups) to 1
2026-05-20 13:19:14.710 8 INFO neutron.db.ovn_revision_numbers_db [None req-382288af-30ec-4fb4-a852-57f11a8b4f59 1fa2846721774705aa2f8524d9f9e58a 7acea67fa31e42bdb50a74ef02716b30 - - default default] Successfully bumped revision number for resource 08ff8372-686f-4797-91d0-5591f709dbf4 (type: security_group_rules) to 0
2026-05-20 13:19:14.724 8 INFO neutron.db.ovn_revision_numbers_db [None req-382288af-30ec-4fb4-a852-57f11a8b4f59 1fa2846721774705aa2f8524d9f9e58a 7acea67fa31e42bdb50a74ef02716b30 - - default default] Successfully bumped revision number for resource 7ec20942-ec65-499c-95a4-4ae83b5a7181 (type: security_group_rules) to 0
2026-05-20 13:19:14.736 8 INFO neutron.db.ovn_revision_numbers_db [None req-382288af-30ec-4fb4-a852-57f11a8b4f59 1fa2846721774705aa2f8524d9f9e58a 7acea67fa31e42bdb50a74ef02716b30 - - default default] Successfully bumped revision number for resource 959d3258-f078-46e8-9753-d6d49820af78 (type: security_group_rules) to 0
2026-05-20 13:19:14.751 8 INFO neutron.db.ovn_revision_numbers_db [None req-382288af-30ec-4fb4-a852-57f11a8b4f59 1fa2846721774705aa2f8524d9f9e58a 7acea67fa31e42bdb50a74ef02716b30 - - default default] Successfully bumped revision number for resource cc1cdce1-c82c-4bb4-9de5-20dd910d9742 (type: security_group_rules) to 0 [pid: 8|app: 0|req: 966/1750] 10.0.0.42 () {32 vars in 773 bytes} [Wed May 20 13:19:14 2026] GET /v2.0/security-groups?tenant_id=0b691d98e7c64f1da0a47a71a51ec2bd&name=default => generated 2925 bytes in 250 msecs (HTTP/1.1 200) 4 headers in 158 bytes (1 switches on core 0) [pid: 7|app: 0|req: 785/1751] 10.0.0.126 () {34 vars in 990 bytes} [Wed May 20 13:19:14 2026] GET /v2.0/ports?device_id=182d9974-83a1-4f47-81aa-ff8e8aa6f4a8 => generated 12 bytes in 20 msecs (HTTP/1.1 200) 4 headers in 156 bytes (1 switches on core 0) [pid: 8|app: 0|req: 967/1752] 10.0.0.42 () {32 vars in 739 bytes} [Wed May 20 13:19:14 2026] DELETE /v2.0/security-groups/498ea6a9-a8b3-4d55-9673-5e99671b75ac => generated 0 bytes in 244 msecs (HTTP/1.1 204) 2 headers in 112 bytes (1 switches on core 0)
2026-05-20 13:19:15.441 7 INFO neutron.db.ovn_revision_numbers_db [None req-d85868cb-db4c-4e3e-8f3b-44165882ccc8 1fa2846721774705aa2f8524d9f9e58a 7acea67fa31e42bdb50a74ef02716b30 - - default default] Successfully bumped revision number for resource 844a5b74-6481-4e4a-a2e1-a9b3871b5a92 (type: security_groups) to 1
2026-05-20 13:19:15.456 7 INFO neutron.db.ovn_revision_numbers_db [None req-d85868cb-db4c-4e3e-8f3b-44165882ccc8 1fa2846721774705aa2f8524d9f9e58a 7acea67fa31e42bdb50a74ef02716b30 - - default default] Successfully bumped revision number for resource 12cfb09a-703e-4e15-9903-22b0a3eae3be (type: security_group_rules) to 0
2026-05-20 13:19:15.498 7 INFO neutron.db.ovn_revision_numbers_db [None req-d85868cb-db4c-4e3e-8f3b-44165882ccc8 1fa2846721774705aa2f8524d9f9e58a 7acea67fa31e42bdb50a74ef02716b30 - - default default] Successfully bumped revision number for resource 71f750c1-e970-47a3-8f9e-900356f64e0d (type: security_group_rules) to 0
2026-05-20 13:19:15.515 7 INFO neutron.db.ovn_revision_numbers_db [None req-d85868cb-db4c-4e3e-8f3b-44165882ccc8 1fa2846721774705aa2f8524d9f9e58a 7acea67fa31e42bdb50a74ef02716b30 - - default default] Successfully bumped revision number for resource a70f439e-44b2-43cb-903d-22f314fb4217 (type: security_group_rules) to 0
2026-05-20 13:19:15.528 7 INFO neutron.db.ovn_revision_numbers_db [None req-d85868cb-db4c-4e3e-8f3b-44165882ccc8 1fa2846721774705aa2f8524d9f9e58a 7acea67fa31e42bdb50a74ef02716b30 - - default default] Successfully bumped revision number for resource fc71f3a4-4d9f-4d87-aa4d-dfa2c9acf45a (type: security_group_rules) to 0
2026-05-20 13:19:15.596 7 INFO neutron.db.segments_db [None req-d85868cb-db4c-4e3e-8f3b-44165882ccc8 1fa2846721774705aa2f8524d9f9e58a 7acea67fa31e42bdb50a74ef02716b30 - - default default] Added segment 21172c76-51b6-4dae-9d2f-b60cb4d53c19 of type geneve for network 116e9654-daf5-4e7e-99d3-f6be949e8adc
2026-05-20 13:19:15.693 7 INFO neutron.db.ovn_revision_numbers_db [None req-d85868cb-db4c-4e3e-8f3b-44165882ccc8 1fa2846721774705aa2f8524d9f9e58a 7acea67fa31e42bdb50a74ef02716b30 - - default default] Successfully bumped revision number for resource 116e9654-daf5-4e7e-99d3-f6be949e8adc (type: networks) to 1
2026-05-20 13:19:15.904 8 INFO neutron.db.ovn_revision_numbers_db [None req-f952354c-befb-4634-9908-0a3b7ec7d5a4 1fa2846721774705aa2f8524d9f9e58a 7acea67fa31e42bdb50a74ef02716b30 - - default default] Successfully bumped revision number for resource d2e19e6a-68c8-417d-a944-f7d0d15462c6 (type: security_groups) to 1
2026-05-20 13:19:15.917 7 WARNING neutron.scheduler.dhcp_agent_scheduler [None req-d85868cb-db4c-4e3e-8f3b-44165882ccc8 1fa2846721774705aa2f8524d9f9e58a 7acea67fa31e42bdb50a74ef02716b30 - - default default] No more DHCP agents
2026-05-20 13:19:15.920 8 INFO neutron.db.ovn_revision_numbers_db [None req-f952354c-befb-4634-9908-0a3b7ec7d5a4 1fa2846721774705aa2f8524d9f9e58a 7acea67fa31e42bdb50a74ef02716b30 - - default default] Successfully bumped revision number for resource 609a131b-cd89-47da-8971-632f81bfaa5d (type: security_group_rules) to 0
2026-05-20 13:19:15.921 7 WARNING neutron.api.rpc.agentnotifiers.dhcp_rpc_agent_api [None req-d85868cb-db4c-4e3e-8f3b-44165882ccc8 1fa2846721774705aa2f8524d9f9e58a 7acea67fa31e42bdb50a74ef02716b30 - - default default] Unable to schedule network 116e9654-daf5-4e7e-99d3-f6be949e8adc: no agents available; will retry on subsequent port and subnet creation events.
2026-05-20 13:19:15.934 8 INFO neutron.db.ovn_revision_numbers_db [None req-f952354c-befb-4634-9908-0a3b7ec7d5a4 1fa2846721774705aa2f8524d9f9e58a 7acea67fa31e42bdb50a74ef02716b30 - - default default] Successfully bumped revision number for resource 6e0f2014-012d-4243-b5a1-328900aa0d34 (type: security_group_rules) to 0
2026-05-20 13:19:15.948 8 INFO neutron.db.ovn_revision_numbers_db [None req-f952354c-befb-4634-9908-0a3b7ec7d5a4 1fa2846721774705aa2f8524d9f9e58a 7acea67fa31e42bdb50a74ef02716b30 - - default default] Successfully bumped revision number for resource a0f0abb4-da6c-4943-878a-4485c9df3ad9 (type: security_group_rules) to 0
2026-05-20 13:19:15.972 8 INFO neutron.db.ovn_revision_numbers_db [None req-f952354c-befb-4634-9908-0a3b7ec7d5a4 1fa2846721774705aa2f8524d9f9e58a 7acea67fa31e42bdb50a74ef02716b30 - - default default] Successfully bumped revision number for resource b36d68dc-53f8-479a-b59b-129b851a5919 (type: security_group_rules) to 0
2026-05-20 13:19:15.994 7 INFO neutron.plugins.ml2.drivers.ovn.mech_driver.mech_driver [None req-19ac5f7f-bb1b-44e1-a64e-a1e9938b8a26 - - - - - -] OVN reports status down for port: 76bcd9cf-acc9-416f-829b-4eaeb00ebc3e [pid: 8|app: 0|req: 968/1753] 10.0.0.42 () {32 vars in 773 bytes} [Wed May 20 13:19:15 2026] GET /v2.0/security-groups?tenant_id=49ec13fe8eaa49f88d34f6f90262aa46&name=default => generated 2925 bytes in 405 msecs (HTTP/1.1 200) 4 headers in 158 bytes (1 switches on core 0)
2026-05-20 13:19:16.062 7 INFO neutron.db.ovn_revision_numbers_db [None req-d85868cb-db4c-4e3e-8f3b-44165882ccc8 1fa2846721774705aa2f8524d9f9e58a 7acea67fa31e42bdb50a74ef02716b30 - - default default] Successfully bumped revision number for resource 76bcd9cf-acc9-416f-829b-4eaeb00ebc3e (type: ports) to 1 [pid: 7|app: 0|req: 786/1754] 10.0.0.42 () {34 vars in 670 bytes} [Wed May 20 13:19:15 2026] POST /v2.0/networks => generated 763 bytes in 987 msecs (HTTP/1.1 201) 4 headers in 162 bytes (1 switches on core 0) [pid: 8|app: 0|req: 969/1755] 10.0.0.42 () {32 vars in 739 bytes} [Wed May 20 13:19:16 2026] DELETE /v2.0/security-groups/62178953-d7f9-4d8a-a58f-148932d4dc0a => generated 0 bytes in 162 msecs (HTTP/1.1 204) 2 headers in 112 bytes (1 switches on core 0)
2026-05-20 13:19:16.342 8 WARNING neutron.scheduler.dhcp_agent_scheduler [None req-632ef9e2-8b6a-468d-91f8-7bf1a2feda00 1fa2846721774705aa2f8524d9f9e58a 7acea67fa31e42bdb50a74ef02716b30 - - default default] No more DHCP agents
2026-05-20 13:19:16.344 8 WARNING neutron.api.rpc.agentnotifiers.dhcp_rpc_agent_api [None req-632ef9e2-8b6a-468d-91f8-7bf1a2feda00 1fa2846721774705aa2f8524d9f9e58a 7acea67fa31e42bdb50a74ef02716b30 - - default default] Unable to schedule network 116e9654-daf5-4e7e-99d3-f6be949e8adc: no agents available; will retry on subsequent port and subnet creation events. [pid: 7|app: 0|req: 787/1756] 10.0.0.42 () {32 vars in 739 bytes} [Wed May 20 13:19:16 2026] DELETE /v2.0/security-groups/d2e19e6a-68c8-417d-a944-f7d0d15462c6 => generated 0 bytes in 267 msecs (HTTP/1.1 204) 2 headers in 112 bytes (1 switches on core 0)
2026-05-20 13:19:16.388 7 INFO neutron.api.v2.resource [None req-a8d79841-8a72-47db-a4b0-0dfe181b127e e3068fc6454b45fd942655c44465ca91 c7d94f4697bd46cdaf66aaab4458f775 - - default default] show failed (client error): The resource could not be found. [pid: 7|app: 0|req: 788/1757] 10.0.0.42 () {32 vars in 736 bytes} [Wed May 20 13:19:16 2026] GET /v2.0/security-groups/62178953-d7f9-4d8a-a58f-148932d4dc0a => generated 146 bytes in 10 msecs (HTTP/1.1 404) 4 headers in 164 bytes (1 switches on core 0)
2026-05-20 13:19:16.507 7 INFO neutron_taas.services.taas.taas_plugin [None req-23fe0418-94f0-40db-92d7-e6fa3e8d9ebe e3068fc6454b45fd942655c44465ca91 c7d94f4697bd46cdaf66aaab4458f775 - - default default] TaaS: Handle Delete Port: f32e44bd-f28f-47cb-8e6d-35389a7308c0
2026-05-20 13:19:16.509 7 INFO neutron_taas.services.taas.tap_mirror_plugin [None req-23fe0418-94f0-40db-92d7-e6fa3e8d9ebe e3068fc6454b45fd942655c44465ca91 c7d94f4697bd46cdaf66aaab4458f775 - - default default] Tap Mirror: Handle Delete Port: f32e44bd-f28f-47cb-8e6d-35389a7308c0 [pid: 7|app: 0|req: 789/1758] 10.0.0.42 () {32 vars in 731 bytes} [Wed May 20 13:19:16 2026] DELETE /v2.0/floatingips/201b9882-63b9-4d68-980e-0a69634ccb95 => generated 0 bytes in 286 msecs (HTTP/1.1 204) 2 headers in 112 bytes (1 switches on core 0)
2026-05-20 13:19:16.710 8 INFO neutron.db.ovn_revision_numbers_db [None req-5042319a-3878-49c9-aa9e-f5659afab758 - - - - - -] Successfully bumped revision number for resource 76bcd9cf-acc9-416f-829b-4eaeb00ebc3e (type: ports) to 2
2026-05-20 13:19:16.750 8 INFO neutron.db.ovn_revision_numbers_db [None req-5042319a-3878-49c9-aa9e-f5659afab758 - - - - - -] Successfully bumped revision number for resource bb1f242a-f5c8-4342-8ede-e9cb80de8b65 (type: subnets) to 0 [pid: 8|app: 0|req: 970/1759] 10.0.0.42 () {34 vars in 668 bytes} [Wed May 20 13:19:16 2026] POST /v2.0/subnets => generated 688 bytes in 582 msecs (HTTP/1.1 201) 4 headers in 162 bytes (1 switches on core 0)
2026-05-20 13:19:16.835 7 INFO neutron.db.ovn_revision_numbers_db [None req-fc0617d3-fc38-4cd2-a3d9-90ea535b5081 1fa2846721774705aa2f8524d9f9e58a 7acea67fa31e42bdb50a74ef02716b30 - - default default] Successfully bumped revision number for resource 432c56a6-84d3-4310-aa20-fb7030a4696b (type: security_groups) to 1
2026-05-20 13:19:16.849 7 INFO neutron.db.ovn_revision_numbers_db [None req-fc0617d3-fc38-4cd2-a3d9-90ea535b5081 1fa2846721774705aa2f8524d9f9e58a 7acea67fa31e42bdb50a74ef02716b30 - - default default] Successfully bumped revision number for resource 16386d4b-42f7-4173-a189-995b374822c6 (type: security_group_rules) to 0
2026-05-20 13:19:16.861 7 INFO neutron.db.ovn_revision_numbers_db [None req-fc0617d3-fc38-4cd2-a3d9-90ea535b5081 1fa2846721774705aa2f8524d9f9e58a 7acea67fa31e42bdb50a74ef02716b30 - - default default] Successfully bumped revision number for resource 3867b717-5fe1-4c10-9c51-e4f42173bc3a (type: security_group_rules) to 0
2026-05-20 13:19:16.874 7 INFO neutron.db.ovn_revision_numbers_db [None req-fc0617d3-fc38-4cd2-a3d9-90ea535b5081 1fa2846721774705aa2f8524d9f9e58a 7acea67fa31e42bdb50a74ef02716b30 - - default default] Successfully bumped revision number for resource c0d4d7e9-abb9-4e55-974b-760de1fd18f1 (type: security_group_rules) to 0
2026-05-20 13:19:16.887 7 INFO neutron.db.ovn_revision_numbers_db [None req-fc0617d3-fc38-4cd2-a3d9-90ea535b5081 1fa2846721774705aa2f8524d9f9e58a 7acea67fa31e42bdb50a74ef02716b30 - - default default] Successfully bumped revision number for resource e1ae6042-bb41-4516-9bac-2cea073d7c54 (type: security_group_rules) to 0 [pid: 7|app: 0|req: 790/1760] 10.0.0.42 () {32 vars in 773 bytes} [Wed May 20 13:19:16 2026] GET /v2.0/security-groups?tenant_id=7f0b46b3032244c98cc8c1df1e0bda84&name=default => generated 2925 bytes in 267 msecs (HTTP/1.1 200) 4 headers in 158 bytes (1 switches on core 0) [pid: 8|app: 0|req: 971/1761] 10.0.0.42 () {32 vars in 739 bytes} [Wed May 20 13:19:16 2026] DELETE /v2.0/security-groups/6bfc4d5a-b6b9-4858-969f-1eec9e13d546 => generated 0 bytes in 187 msecs (HTTP/1.1 204) 2 headers in 112 bytes (1 switches on core 0) [pid: 8|app: 0|req: 972/1762] 10.0.0.42 () {32 vars in 739 bytes} [Wed May 20 13:19:16 2026] DELETE /v2.0/security-groups/432c56a6-84d3-4310-aa20-fb7030a4696b => generated 0 bytes in 218 msecs (HTTP/1.1 204) 2 headers in 112 bytes (1 switches on core 0)
2026-05-20 13:19:17.423 7 WARNING neutron.scheduler.dhcp_agent_scheduler [None req-f48041bf-f247-41ff-b126-d994604eb554 1fa2846721774705aa2f8524d9f9e58a 7acea67fa31e42bdb50a74ef02716b30 - - default default] No more DHCP agents
2026-05-20 13:19:17.425 7 WARNING neutron.api.rpc.agentnotifiers.dhcp_rpc_agent_api [None req-f48041bf-f247-41ff-b126-d994604eb554 1fa2846721774705aa2f8524d9f9e58a 7acea67fa31e42bdb50a74ef02716b30 - - default default] Unable to schedule network 56501412-5071-4402-b60c-b5677cf3ba52: no agents available; will retry on subsequent port and subnet creation events.
2026-05-20 13:19:17.432 8 INFO neutron_taas.services.taas.taas_plugin [None req-3562a9ec-cdf0-4828-b50d-32a4180c1daa 1fa2846721774705aa2f8524d9f9e58a 7acea67fa31e42bdb50a74ef02716b30 - - default default] TaaS: Handle Delete Port: ee8316f4-3fa9-4d41-9d11-9477005a829e
2026-05-20 13:19:17.435 8 INFO neutron_taas.services.taas.tap_mirror_plugin [None req-3562a9ec-cdf0-4828-b50d-32a4180c1daa 1fa2846721774705aa2f8524d9f9e58a 7acea67fa31e42bdb50a74ef02716b30 - - default default] Tap Mirror: Handle Delete Port: ee8316f4-3fa9-4d41-9d11-9477005a829e
2026-05-20 13:19:17.550 7 INFO neutron.db.ovn_revision_numbers_db [None req-f48041bf-f247-41ff-b126-d994604eb554 1fa2846721774705aa2f8524d9f9e58a 7acea67fa31e42bdb50a74ef02716b30 - - default default] Successfully bumped revision number for resource 19f99bde-1495-41ed-ac08-07251e053d18 (type: ports) to 1
2026-05-20 13:19:17.561 8 INFO neutron.plugins.ml2.drivers.ovn.mech_driver.mech_driver [None req-48b0fa1e-ee01-4053-9c95-c43268d62e2c - - - - - -] OVN reports status down for port: 19f99bde-1495-41ed-ac08-07251e053d18 [pid: 8|app: 0|req: 973/1763] 10.0.0.42 () {34 vars in 788 bytes} [Wed May 20 13:19:17 2026] PUT /v2.0/routers/0d4a9d84-579d-4703-8127-1ece90472220/remove_router_interface => generated 309 bytes in 974 msecs (HTTP/1.1 200) 4 headers in 157 bytes (1 switches on core 0) /var/lib/openstack/lib/python3.12/site-packages/pycadf/identifier.py:70: UserWarning: Invalid uuid: neutron. To ensure interoperability, identifiers should be a valid uuid. warnings.warn(('Invalid uuid: %s. To ensure interoperability, '
2026-05-20 13:19:18.175 7 INFO neutron.plugins.ml2.drivers.ovn.mech_driver.ovsdb.commands [None req-a95310f0-10f4-4470-9c54-299d2f036686 - - - - - -] Schedule LRP lrp-19f99bde-1495-41ed-ac08-07251e053d18 on gateway 2987b026-334e-48fe-91dc-b3a88277cec3 with priority 1
2026-05-20 13:19:18.213 7 INFO neutron.plugins.ml2.drivers.ovn.mech_driver.ovsdb.ovsdb_monitor [None req-d1ef7179-da94-4807-ae50-0dfe2a2d70ef - - - - - -] Router 3a032834-0a75-4a02-b62f-ab7476023d42 is bound to host instance
2026-05-20 13:19:18.274 8 INFO neutron.plugins.ml2.drivers.ovn.mech_driver.mech_driver [None req-48b0fa1e-ee01-4053-9c95-c43268d62e2c - - - - - -] OVN reports status up for port: 19f99bde-1495-41ed-ac08-07251e053d18
2026-05-20 13:19:18.280 7 INFO neutron.db.ovn_revision_numbers_db [None req-f48041bf-f247-41ff-b126-d994604eb554 1fa2846721774705aa2f8524d9f9e58a 7acea67fa31e42bdb50a74ef02716b30 - - default default] Successfully bumped revision number for resource 19f99bde-1495-41ed-ac08-07251e053d18 (type: router_ports) to 1
2026-05-20 13:19:18.312 8 INFO neutron.plugins.ml2.plugin [None req-48b0fa1e-ee01-4053-9c95-c43268d62e2c - - - - - -] Attempt 1 to provision port 19f99bde-1495-41ed-ac08-07251e053d18
2026-05-20 13:19:18.434 7 INFO neutron.db.ovn_revision_numbers_db [None req-f48041bf-f247-41ff-b126-d994604eb554 1fa2846721774705aa2f8524d9f9e58a 7acea67fa31e42bdb50a74ef02716b30 - - default default] Successfully bumped revision number for resource 3a032834-0a75-4a02-b62f-ab7476023d42 (type: routers) to 2 [pid: 7|app: 0|req: 791/1764] 10.0.0.42 () {34 vars in 668 bytes} [Wed May 20 13:19:16 2026] POST /v2.0/routers => generated 966 bytes in 1513 msecs (HTTP/1.1 201) 4 headers in 162 bytes (1 switches on core 0)
2026-05-20 13:19:18.668 8 INFO neutron_taas.services.taas.taas_plugin [None req-3a2b1d5b-f519-489f-8691-0e84238d0d2f 1fa2846721774705aa2f8524d9f9e58a 7acea67fa31e42bdb50a74ef02716b30 - - default default] TaaS: Handle Delete Port: f9931459-b971-4f94-9ed9-89ad714f4286
2026-05-20 13:19:18.672 8 INFO neutron_taas.services.taas.tap_mirror_plugin [None req-3a2b1d5b-f519-489f-8691-0e84238d0d2f 1fa2846721774705aa2f8524d9f9e58a 7acea67fa31e42bdb50a74ef02716b30 - - default default] Tap Mirror: Handle Delete Port: f9931459-b971-4f94-9ed9-89ad714f4286 [pid: 8|app: 0|req: 974/1765] 10.0.0.42 () {32 vars in 723 bytes} [Wed May 20 13:19:18 2026] DELETE /v2.0/routers/0d4a9d84-579d-4703-8127-1ece90472220 => generated 0 bytes in 962 msecs (HTTP/1.1 204) 2 headers in 112 bytes (1 switches on core 0) [pid: 8|app: 0|req: 975/1766] 10.0.0.42 () {32 vars in 723 bytes} [Wed May 20 13:19:19 2026] DELETE /v2.0/subnets/df27d1d9-80a4-4eb5-9d87-e90ff55fcb5b => generated 0 bytes in 178 msecs (HTTP/1.1 204) 3 headers in 131 bytes (1 switches on core 0)
2026-05-20 13:19:19.392 7 WARNING neutron.scheduler.dhcp_agent_scheduler [None req-46cbfaad-14ec-4a43-899c-7f5dfc8fe125 1fa2846721774705aa2f8524d9f9e58a 7acea67fa31e42bdb50a74ef02716b30 - - default default] No more DHCP agents
2026-05-20 13:19:19.405 7 WARNING neutron.api.rpc.agentnotifiers.dhcp_rpc_agent_api [None req-46cbfaad-14ec-4a43-899c-7f5dfc8fe125 1fa2846721774705aa2f8524d9f9e58a 7acea67fa31e42bdb50a74ef02716b30 - - default default] Unable to schedule network 116e9654-daf5-4e7e-99d3-f6be949e8adc: no agents available; will retry on subsequent port and subnet creation events.
2026-05-20 13:19:19.416 8 INFO neutron_taas.services.taas.taas_plugin [None req-81dabaf4-0db0-4bae-8639-43c38a6b8bcd 1fa2846721774705aa2f8524d9f9e58a 7acea67fa31e42bdb50a74ef02716b30 - - default default] TaaS: Handle Delete Port: f04cd13b-6a07-43a5-9f1e-606b36cfaed7
2026-05-20 13:19:19.419 8 INFO neutron_taas.services.taas.tap_mirror_plugin [None req-81dabaf4-0db0-4bae-8639-43c38a6b8bcd 1fa2846721774705aa2f8524d9f9e58a 7acea67fa31e42bdb50a74ef02716b30 - - default default] Tap Mirror: Handle Delete Port: f04cd13b-6a07-43a5-9f1e-606b36cfaed7
2026-05-20 13:19:19.582 8 INFO neutron.services.segments.plugin [-] Segment 0292cde9-2ef7-40d7-a847-70c121f66805 resource provider aggregate not found
2026-05-20 13:19:19.588 8 INFO neutron.services.segments.plugin [-] Segment 0292cde9-2ef7-40d7-a847-70c121f66805 resource provider aggregate not found
2026-05-20 13:19:19.620 8 INFO neutron.services.segments.plugin [-] Segment 0292cde9-2ef7-40d7-a847-70c121f66805 resource provider not found; error: Placement Client Error (4xx): {"errors": [{"status": 404, "title": "Not Found", "detail": "The resource could not be found.\n\n No resource provider with uuid 0292cde9-2ef7-40d7-a847-70c121f66805 found for delete ", "request_id": "req-ab7f8c56-5e35-4384-a30a-6f1faf174e3a"}]}
2026-05-20 13:19:19.624 8 INFO neutron.services.segments.plugin [-] Segment 0292cde9-2ef7-40d7-a847-70c121f66805 resource provider not found; error: Placement Client Error (4xx): {"errors": [{"status": 404, "title": "Not Found", "detail": "The resource could not be found.\n\n No resource provider with uuid 0292cde9-2ef7-40d7-a847-70c121f66805 found for delete ", "request_id": "req-0b1b99d8-d526-4e09-9e38-bc4d4a514ab8"}]}
2026-05-20 13:19:19.658 7 INFO neutron.plugins.ml2.drivers.ovn.mech_driver.mech_driver [None req-19ac5f7f-bb1b-44e1-a64e-a1e9938b8a26 - - - - - -] OVN reports status down for port: e13b840d-c752-4824-9287-712894aa8940 [pid: 8|app: 0|req: 976/1767] 10.0.0.42 () {32 vars in 725 bytes} [Wed May 20 13:19:19 2026] DELETE /v2.0/networks/5844734a-c3ac-4d73-b949-758a84d30b08 => generated 0 bytes in 363 msecs (HTTP/1.1 204) 3 headers in 131 bytes (1 switches on core 0)
2026-05-20 13:19:19.759 7 INFO neutron.db.ovn_revision_numbers_db [None req-46cbfaad-14ec-4a43-899c-7f5dfc8fe125 1fa2846721774705aa2f8524d9f9e58a 7acea67fa31e42bdb50a74ef02716b30 - - default default] Successfully bumped revision number for resource e13b840d-c752-4824-9287-712894aa8940 (type: ports) to 1
2026-05-20 13:19:20.025 8 INFO neutron.db.ovn_revision_numbers_db [None req-dbdeea67-632c-4225-873d-3c4c2cd95b37 1fa2846721774705aa2f8524d9f9e58a 7acea67fa31e42bdb50a74ef02716b30 - - default default] Successfully bumped revision number for resource 8665825d-5c8f-4d4c-abee-1bf7dce0b95d (type: security_groups) to 1
2026-05-20 13:19:20.038 8 INFO neutron.db.ovn_revision_numbers_db [None req-dbdeea67-632c-4225-873d-3c4c2cd95b37 1fa2846721774705aa2f8524d9f9e58a 7acea67fa31e42bdb50a74ef02716b30 - - default default] Successfully bumped revision number for resource 3d53208a-67ae-4743-af23-d14a06bf93dc (type: security_group_rules) to 0
2026-05-20 13:19:20.049 7 INFO neutron.db.ovn_revision_numbers_db [None req-a28acce0-3bd5-4461-a6ae-f7e85d9bc685 - - - - - -] Successfully bumped revision number for resource 19f99bde-1495-41ed-ac08-07251e053d18 (type: ports) to 4
2026-05-20 13:19:20.050 8 INFO neutron.db.ovn_revision_numbers_db [None req-dbdeea67-632c-4225-873d-3c4c2cd95b37 1fa2846721774705aa2f8524d9f9e58a 7acea67fa31e42bdb50a74ef02716b30 - - default default] Successfully bumped revision number for resource a605d0af-e782-4e08-b28b-f0d5fcbb4a1d (type: security_group_rules) to 0
2026-05-20 13:19:20.062 8 INFO neutron.db.ovn_revision_numbers_db [None req-dbdeea67-632c-4225-873d-3c4c2cd95b37 1fa2846721774705aa2f8524d9f9e58a 7acea67fa31e42bdb50a74ef02716b30 - - default default] Successfully bumped revision number for resource e13a7bd7-b4fa-49f3-bbf6-d4856da7e33f (type: security_group_rules) to 0
2026-05-20 13:19:20.072 8 INFO neutron.db.ovn_revision_numbers_db [None req-dbdeea67-632c-4225-873d-3c4c2cd95b37 1fa2846721774705aa2f8524d9f9e58a 7acea67fa31e42bdb50a74ef02716b30 - - default default] Successfully bumped revision number for resource ed99ff4b-e558-4be5-8163-54233ce5c5dc (type: security_group_rules) to 0 [pid: 8|app: 0|req: 977/1768] 10.0.0.42 () {32 vars in 773 bytes} [Wed May 20 13:19:19 2026] GET /v2.0/security-groups?tenant_id=49131dc70ba04ae49c88eb8f261c59d2&name=default => generated 2925 bytes in 465 msecs (HTTP/1.1 200) 4 headers in 158 bytes (1 switches on core 0)
2026-05-20 13:19:20.418 8 INFO neutron_taas.services.taas.taas_plugin [None req-903a5853-7444-4f97-9cd1-a2cd637277fd 1fa2846721774705aa2f8524d9f9e58a 7acea67fa31e42bdb50a74ef02716b30 - - default default] TaaS: Handle Delete Port: aaaf838c-131c-484f-aabc-9767a7a0bce8
2026-05-20 13:19:20.421 8 INFO neutron_taas.services.taas.tap_mirror_plugin [None req-903a5853-7444-4f97-9cd1-a2cd637277fd 1fa2846721774705aa2f8524d9f9e58a 7acea67fa31e42bdb50a74ef02716b30 - - default default] Tap Mirror: Handle Delete Port: aaaf838c-131c-484f-aabc-9767a7a0bce8
2026-05-20 13:19:20.700 7 INFO neutron.db.ovn_revision_numbers_db [None req-a28acce0-3bd5-4461-a6ae-f7e85d9bc685 - - - - - -] Successfully bumped revision number for resource 19f99bde-1495-41ed-ac08-07251e053d18 (type: ports) to 5
2026-05-20 13:19:20.919 7 INFO neutron.plugins.ml2.drivers.ovn.mech_driver.mech_driver [None req-19ac5f7f-bb1b-44e1-a64e-a1e9938b8a26 - - - - - -] OVN reports status up for port: e13b840d-c752-4824-9287-712894aa8940
2026-05-20 13:19:20.947 7 INFO neutron.plugins.ml2.plugin [None req-19ac5f7f-bb1b-44e1-a64e-a1e9938b8a26 - - - - - -] Attempt 1 to provision port e13b840d-c752-4824-9287-712894aa8940
2026-05-20 13:19:21.051 7 WARNING neutron.scheduler.dhcp_agent_scheduler [None req-46cbfaad-14ec-4a43-899c-7f5dfc8fe125 1fa2846721774705aa2f8524d9f9e58a 7acea67fa31e42bdb50a74ef02716b30 - - default default] No more DHCP agents
2026-05-20 13:19:21.054 7 WARNING neutron.api.rpc.agentnotifiers.dhcp_rpc_agent_api [None req-46cbfaad-14ec-4a43-899c-7f5dfc8fe125 1fa2846721774705aa2f8524d9f9e58a 7acea67fa31e42bdb50a74ef02716b30 - - default default] Unable to schedule network 116e9654-daf5-4e7e-99d3-f6be949e8adc: no agents available; will retry on subsequent port and subnet creation events. [pid: 8|app: 0|req: 978/1769] 10.0.0.42 () {34 vars in 788 bytes} [Wed May 20 13:19:20 2026] PUT /v2.0/routers/98fb7078-11f9-4e1f-9061-d406a23ae182/remove_router_interface => generated 309 bytes in 968 msecs (HTTP/1.1 200) 4 headers in 157 bytes (1 switches on core 0) /var/lib/openstack/lib/python3.12/site-packages/pycadf/identifier.py:70: UserWarning: Invalid uuid: neutron. To ensure interoperability, identifiers should be a valid uuid. warnings.warn(('Invalid uuid: %s. To ensure interoperability, '
2026-05-20 13:19:21.278 8 INFO neutron.db.ovn_revision_numbers_db [None req-104c24b8-9226-4733-bfb6-d6351db54fa7 1fa2846721774705aa2f8524d9f9e58a 7acea67fa31e42bdb50a74ef02716b30 - - default default] Successfully bumped revision number for resource 4a74e645-9f4e-4d8d-9272-2cc70c8f0411 (type: security_groups) to 1
2026-05-20 13:19:21.295 8 INFO neutron.db.ovn_revision_numbers_db [None req-104c24b8-9226-4733-bfb6-d6351db54fa7 1fa2846721774705aa2f8524d9f9e58a 7acea67fa31e42bdb50a74ef02716b30 - - default default] Successfully bumped revision number for resource 06d0f84e-e157-42df-8395-dbd80e16c31a (type: security_group_rules) to 0
2026-05-20 13:19:21.307 8 INFO neutron.db.ovn_revision_numbers_db [None req-104c24b8-9226-4733-bfb6-d6351db54fa7 1fa2846721774705aa2f8524d9f9e58a 7acea67fa31e42bdb50a74ef02716b30 - - default default] Successfully bumped revision number for resource 4bd359b5-e1c8-49f7-873d-655d0ab20999 (type: security_group_rules) to 0
2026-05-20 13:19:21.322 8 INFO neutron.db.ovn_revision_numbers_db [None req-104c24b8-9226-4733-bfb6-d6351db54fa7 1fa2846721774705aa2f8524d9f9e58a 7acea67fa31e42bdb50a74ef02716b30 - - default default] Successfully bumped revision number for resource d239bb62-0e29-4b2a-ab3d-a713487b7a9d (type: security_group_rules) to 0
2026-05-20 13:19:21.333 8 INFO neutron.db.ovn_revision_numbers_db [None req-104c24b8-9226-4733-bfb6-d6351db54fa7 1fa2846721774705aa2f8524d9f9e58a 7acea67fa31e42bdb50a74ef02716b30 - - default default] Successfully bumped revision number for resource fc94a860-4de1-4b65-9900-8249d0e4c2b8 (type: security_group_rules) to 0 [pid: 8|app: 0|req: 979/1770] 10.0.0.42 () {32 vars in 773 bytes} [Wed May 20 13:19:21 2026] GET /v2.0/security-groups?tenant_id=7c04c20359504ae2a4adaafa4d84907c&name=default => generated 2925 bytes in 273 msecs (HTTP/1.1 200) 4 headers in 158 bytes (1 switches on core 0)
2026-05-20 13:19:21.621 7 INFO neutron.db.ovn_revision_numbers_db [None req-19ac5f7f-bb1b-44e1-a64e-a1e9938b8a26 - - - - - -] Successfully bumped revision number for resource e13b840d-c752-4824-9287-712894aa8940 (type: ports) to 2 [pid: 8|app: 0|req: 982/1773] 10.0.0.42 () {32 vars in 739 bytes} [Wed May 20 13:19:21 2026] DELETE /v2.0/security-groups/8665825d-5c8f-4d4c-abee-1bf7dce0b95d => generated 0 bytes in 287 msecs (HTTP/1.1 204) 2 headers in 112 bytes (1 switches on core 0)
2026-05-20 13:19:21.997 7 INFO neutron.db.ovn_revision_numbers_db [None req-46cbfaad-14ec-4a43-899c-7f5dfc8fe125 1fa2846721774705aa2f8524d9f9e58a 7acea67fa31e42bdb50a74ef02716b30 - - default default] Successfully bumped revision number for resource e13b840d-c752-4824-9287-712894aa8940 (type: router_ports) to 1 [pid: 7|app: 0|req: 792/1774] 10.0.0.42 () {34 vars in 782 bytes} [Wed May 20 13:19:18 2026] PUT /v2.0/routers/3a032834-0a75-4a02-b62f-ab7476023d42/add_router_interface => generated 309 bytes in 3537 msecs (HTTP/1.1 200) 4 headers in 157 bytes (1 switches on core 0)
2026-05-20 13:19:22.028 8 INFO neutron_taas.services.taas.taas_plugin [None req-59e1fe35-9dde-4359-bf59-f35bc3b1c651 1fa2846721774705aa2f8524d9f9e58a 7acea67fa31e42bdb50a74ef02716b30 - - default default] TaaS: Handle Delete Port: 1d389baa-d067-497b-92e6-73378694c8f6
2026-05-20 13:19:22.031 8 INFO neutron_taas.services.taas.tap_mirror_plugin [None req-59e1fe35-9dde-4359-bf59-f35bc3b1c651 1fa2846721774705aa2f8524d9f9e58a 7acea67fa31e42bdb50a74ef02716b30 - - default default] Tap Mirror: Handle Delete Port: 1d389baa-d067-497b-92e6-73378694c8f6 [pid: 7|app: 0|req: 793/1775] 10.0.0.42 () {32 vars in 739 bytes} [Wed May 20 13:19:22 2026] DELETE /v2.0/security-groups/4a74e645-9f4e-4d8d-9272-2cc70c8f0411 => generated 0 bytes in 281 msecs (HTTP/1.1 204) 2 headers in 112 bytes (1 switches on core 0)
2026-05-20 13:19:22.552 7 INFO neutron.db.ovn_revision_numbers_db [None req-2d6a5f5c-49c7-4f2b-8f54-5290309d1f10 1fa2846721774705aa2f8524d9f9e58a 7acea67fa31e42bdb50a74ef02716b30 - - default default] Successfully bumped revision number for resource fea2133f-6a5b-4c30-aded-059b8a3ce3ae (type: security_groups) to 1
2026-05-20 13:19:22.573 7 INFO neutron.db.ovn_revision_numbers_db [None req-2d6a5f5c-49c7-4f2b-8f54-5290309d1f10 1fa2846721774705aa2f8524d9f9e58a 7acea67fa31e42bdb50a74ef02716b30 - - default default] Successfully bumped revision number for resource 2c27b784-55a7-4275-9396-70afe63de38f (type: security_group_rules) to 0
2026-05-20 13:19:22.586 7 INFO neutron.db.ovn_revision_numbers_db [None req-2d6a5f5c-49c7-4f2b-8f54-5290309d1f10 1fa2846721774705aa2f8524d9f9e58a 7acea67fa31e42bdb50a74ef02716b30 - - default default] Successfully bumped revision number for resource 7d60b108-f77c-4d28-8756-8fb36aa3711e (type: security_group_rules) to 0
2026-05-20 13:19:22.597 7 INFO neutron.db.ovn_revision_numbers_db [None req-2d6a5f5c-49c7-4f2b-8f54-5290309d1f10 1fa2846721774705aa2f8524d9f9e58a 7acea67fa31e42bdb50a74ef02716b30 - - default default] Successfully bumped revision number for resource caa0b575-e09a-48e3-9cb3-bdef077b2100 (type: security_group_rules) to 0
