2026-05-08 00:37:31.850 8 INFO placement.requestlog [None req-27ecb3a5-d429-40dd-914d-5593f9e7e961 ab5e36e353774a6e89476d6d99469873 cbafe3a3ad5f4bf4847efe7c8e325987 - - caa76e82e14847749f4aee0f29d10175 caa76e82e14847749f4aee0f29d10175] 10.0.0.125 "GET /resource_providers/df8304ab-9e39-40f5-8117-4aaef157b8d7/aggregates" status: 404 len: 235 microversion: 1.1 [pid: 8|app: 0|req: 598/1191] 10.0.0.125 () {32 vars in 815 bytes} [Fri May 8 00:37:31 2026] GET /resource_providers/df8304ab-9e39-40f5-8117-4aaef157b8d7/aggregates => generated 235 bytes in 9 msecs (HTTP/1.1 404) 5 headers in 202 bytes (1 switches on core 0)
2026-05-08 00:37:31.872 7 INFO placement.requestlog [None req-c1c42ccc-44be-4acd-af7d-042f8a590d2e ab5e36e353774a6e89476d6d99469873 cbafe3a3ad5f4bf4847efe7c8e325987 - - caa76e82e14847749f4aee0f29d10175 caa76e82e14847749f4aee0f29d10175] 10.0.0.125 "GET /resource_providers/df8304ab-9e39-40f5-8117-4aaef157b8d7/aggregates" status: 404 len: 235 microversion: 1.1 [pid: 7|app: 0|req: 594/1192] 10.0.0.125 () {32 vars in 815 bytes} [Fri May 8 00:37:31 2026] GET /resource_providers/df8304ab-9e39-40f5-8117-4aaef157b8d7/aggregates => generated 235 bytes in 13 msecs (HTTP/1.1 404) 5 headers in 202 bytes (1 switches on core 0)
2026-05-08 00:37:31.877 8 INFO placement.requestlog [None req-e5bc8a98-5be0-490c-a0d0-00786bd00f95 ab5e36e353774a6e89476d6d99469873 cbafe3a3ad5f4bf4847efe7c8e325987 - - caa76e82e14847749f4aee0f29d10175 caa76e82e14847749f4aee0f29d10175] 10.0.0.125 "DELETE /resource_providers/df8304ab-9e39-40f5-8117-4aaef157b8d7" status: 404 len: 246 microversion: 1.1 [pid: 8|app: 0|req: 599/1193] 10.0.0.125 () {34 vars in 815 bytes} [Fri May 8 00:37:31 2026] DELETE /resource_providers/df8304ab-9e39-40f5-8117-4aaef157b8d7 => generated 246 bytes in 16 msecs (HTTP/1.1 404) 6 headers in 231 bytes (1 switches on core 0)
2026-05-08 00:37:31.890 7 INFO placement.requestlog [None req-68238299-4547-4619-9abc-ad69695ee448 ab5e36e353774a6e89476d6d99469873 cbafe3a3ad5f4bf4847efe7c8e325987 - - caa76e82e14847749f4aee0f29d10175 caa76e82e14847749f4aee0f29d10175] 10.0.0.125 "DELETE /resource_providers/df8304ab-9e39-40f5-8117-4aaef157b8d7" status: 404 len: 246 microversion: 1.1 [pid: 7|app: 0|req: 595/1194] 10.0.0.125 () {34 vars in 815 bytes} [Fri May 8 00:37:31 2026] DELETE /resource_providers/df8304ab-9e39-40f5-8117-4aaef157b8d7 => generated 246 bytes in 10 msecs (HTTP/1.1 404) 6 headers in 231 bytes (1 switches on core 0)
2026-05-08 00:37:32.122 8 INFO placement.requestlog [None req-4428edfe-5237-4de7-a308-7bc7c0df9632 ab5e36e353774a6e89476d6d99469873 cbafe3a3ad5f4bf4847efe7c8e325987 - - caa76e82e14847749f4aee0f29d10175 caa76e82e14847749f4aee0f29d10175] 10.0.0.125 "GET /resource_providers/57cb0913-09dd-401e-b706-f942e6488a2d/aggregates" status: 404 len: 235 microversion: 1.1 [pid: 8|app: 0|req: 600/1195] 10.0.0.125 () {32 vars in 815 bytes} [Fri May 8 00:37:32 2026] GET /resource_providers/57cb0913-09dd-401e-b706-f942e6488a2d/aggregates => generated 235 bytes in 15 msecs (HTTP/1.1 404) 5 headers in 202 bytes (1 switches on core 0)
2026-05-08 00:37:32.134 7 INFO placement.requestlog [None req-48cba72d-6923-4eec-967a-ec2eba8cbe1f ab5e36e353774a6e89476d6d99469873 cbafe3a3ad5f4bf4847efe7c8e325987 - - caa76e82e14847749f4aee0f29d10175 caa76e82e14847749f4aee0f29d10175] 10.0.0.125 "GET /resource_providers/57cb0913-09dd-401e-b706-f942e6488a2d/aggregates" status: 404 len: 235 microversion: 1.1 [pid: 7|app: 0|req: 596/1196] 10.0.0.125 () {32 vars in 815 bytes} [Fri May 8 00:37:32 2026] GET /resource_providers/57cb0913-09dd-401e-b706-f942e6488a2d/aggregates => generated 235 bytes in 13 msecs (HTTP/1.1 404) 5 headers in 202 bytes (1 switches on core 0)
2026-05-08 00:37:32.146 8 INFO placement.requestlog [None req-a10216e7-6d61-4735-ad4c-b01c3893d040 ab5e36e353774a6e89476d6d99469873 cbafe3a3ad5f4bf4847efe7c8e325987 - - caa76e82e14847749f4aee0f29d10175 caa76e82e14847749f4aee0f29d10175] 10.0.0.125 "DELETE /resource_providers/57cb0913-09dd-401e-b706-f942e6488a2d" status: 404 len: 246 microversion: 1.1 [pid: 8|app: 0|req: 601/1197] 10.0.0.125 () {34 vars in 815 bytes} [Fri May 8 00:37:32 2026] DELETE /resource_providers/57cb0913-09dd-401e-b706-f942e6488a2d => generated 246 bytes in 17 msecs (HTTP/1.1 404) 6 headers in 231 bytes (1 switches on core 0)
2026-05-08 00:37:32.149 7 INFO placement.requestlog [None req-686ba6cc-541c-49d3-9ee4-88e847cc7e3d ab5e36e353774a6e89476d6d99469873 cbafe3a3ad5f4bf4847efe7c8e325987 - - caa76e82e14847749f4aee0f29d10175 caa76e82e14847749f4aee0f29d10175] 10.0.0.125 "DELETE /resource_providers/57cb0913-09dd-401e-b706-f942e6488a2d" status: 404 len: 246 microversion: 1.1 [pid: 7|app: 0|req: 597/1198] 10.0.0.125 () {34 vars in 815 bytes} [Fri May 8 00:37:32 2026] DELETE /resource_providers/57cb0913-09dd-401e-b706-f942e6488a2d => generated 246 bytes in 6 msecs (HTTP/1.1 404) 6 headers in 231 bytes (1 switches on core 0)
2026-05-08 00:37:39.796 8 INFO placement.requestlog [None req-2c8a8cf6-ddfd-44fd-85f6-17967fab1e2b - - - - - -] 10.0.0.107 "GET /" status: 200 len: 136 microversion: 1.0
2026-05-08 00:37:39.797 7 INFO placement.requestlog [None req-a322211e-8a40-4212-a4e9-35a56d39dc7d - - - - - -] 10.0.0.107 "GET /" status: 200 len: 136 microversion: 1.0
2026-05-08 00:37:42.600 8 INFO placement.requestlog [None req-24d20d9b-cad1-47a8-aa05-6ec76db0be78 ab5e36e353774a6e89476d6d99469873 cbafe3a3ad5f4bf4847efe7c8e325987 - - caa76e82e14847749f4aee0f29d10175 caa76e82e14847749f4aee0f29d10175] 10.0.0.125 "GET /resource_providers/37a68073-05fc-4548-8bc4-ecbb0bfb3a80/aggregates" status: 404 len: 235 microversion: 1.1 [pid: 8|app: 0|req: 603/1201] 10.0.0.125 () {32 vars in 815 bytes} [Fri May 8 00:37:42 2026] GET /resource_providers/37a68073-05fc-4548-8bc4-ecbb0bfb3a80/aggregates => generated 235 bytes in 8 msecs (HTTP/1.1 404) 5 headers in 202 bytes (1 switches on core 0)
2026-05-08 00:37:42.606 7 INFO placement.requestlog [None req-7f02b2f4-a043-421f-b3b0-ae3745f5005b ab5e36e353774a6e89476d6d99469873 cbafe3a3ad5f4bf4847efe7c8e325987 - - caa76e82e14847749f4aee0f29d10175 caa76e82e14847749f4aee0f29d10175] 10.0.0.125 "GET /resource_providers/37a68073-05fc-4548-8bc4-ecbb0bfb3a80/aggregates" status: 404 len: 235 microversion: 1.1 [pid: 7|app: 0|req: 599/1202] 10.0.0.125 () {32 vars in 815 bytes} [Fri May 8 00:37:42 2026] GET /resource_providers/37a68073-05fc-4548-8bc4-ecbb0bfb3a80/aggregates => generated 235 bytes in 14 msecs (HTTP/1.1 404) 5 headers in 202 bytes (1 switches on core 0)
2026-05-08 00:37:42.623 8 INFO placement.requestlog [None req-ccbb1e06-442e-4829-a5cc-a2106e0ca7d2 ab5e36e353774a6e89476d6d99469873 cbafe3a3ad5f4bf4847efe7c8e325987 - - caa76e82e14847749f4aee0f29d10175 caa76e82e14847749f4aee0f29d10175] 10.0.0.125 "DELETE /resource_providers/37a68073-05fc-4548-8bc4-ecbb0bfb3a80" status: 404 len: 246 microversion: 1.1 [pid: 8|app: 0|req: 604/1203] 10.0.0.125 () {34 vars in 815 bytes} [Fri May 8 00:37:42 2026] DELETE /resource_providers/37a68073-05fc-4548-8bc4-ecbb0bfb3a80 => generated 246 bytes in 7 msecs (HTTP/1.1 404) 6 headers in 231 bytes (1 switches on core 0)
2026-05-08 00:37:42.638 7 INFO placement.requestlog [None req-f812ea10-e923-405a-98c8-f1a7bbf67aa4 ab5e36e353774a6e89476d6d99469873 cbafe3a3ad5f4bf4847efe7c8e325987 - - caa76e82e14847749f4aee0f29d10175 caa76e82e14847749f4aee0f29d10175] 10.0.0.125 "DELETE /resource_providers/37a68073-05fc-4548-8bc4-ecbb0bfb3a80" status: 404 len: 246 microversion: 1.1 [pid: 7|app: 0|req: 600/1204] 10.0.0.125 () {34 vars in 815 bytes} [Fri May 8 00:37:42 2026] DELETE /resource_providers/37a68073-05fc-4548-8bc4-ecbb0bfb3a80 => generated 246 bytes in 14 msecs (HTTP/1.1 404) 6 headers in 231 bytes (1 switches on core 0)
2026-05-08 00:37:48.117 7 INFO placement.requestlog [None req-65e59a71-3ca6-4f52-a25a-415d37dcae4f ab5e36e353774a6e89476d6d99469873 cbafe3a3ad5f4bf4847efe7c8e325987 - - caa76e82e14847749f4aee0f29d10175 caa76e82e14847749f4aee0f29d10175] 10.0.0.125 "GET /resource_providers/2609d5d7-2475-4adc-9caf-3cfbe059de43/aggregates" status: 404 len: 235 microversion: 1.1 [pid: 7|app: 0|req: 601/1205] 10.0.0.125 () {32 vars in 815 bytes} [Fri May 8 00:37:48 2026] GET /resource_providers/2609d5d7-2475-4adc-9caf-3cfbe059de43/aggregates => generated 235 bytes in 8 msecs (HTTP/1.1 404) 5 headers in 202 bytes (1 switches on core 0)
2026-05-08 00:37:48.120 8 INFO placement.requestlog [None req-5f81c312-0b7e-4329-8ea4-37d9d8a80cf6 ab5e36e353774a6e89476d6d99469873 cbafe3a3ad5f4bf4847efe7c8e325987 - - caa76e82e14847749f4aee0f29d10175 caa76e82e14847749f4aee0f29d10175] 10.0.0.125 "GET /resource_providers/2609d5d7-2475-4adc-9caf-3cfbe059de43/aggregates" status: 404 len: 235 microversion: 1.1 [pid: 8|app: 0|req: 605/1206] 10.0.0.125 () {32 vars in 815 bytes} [Fri May 8 00:37:48 2026] GET /resource_providers/2609d5d7-2475-4adc-9caf-3cfbe059de43/aggregates => generated 235 bytes in 16 msecs (HTTP/1.1 404) 5 headers in 202 bytes (1 switches on core 0)
2026-05-08 00:37:48.141 7 INFO placement.requestlog [None req-79e10ca8-94a6-4ac0-b5a6-bf38c070da4f ab5e36e353774a6e89476d6d99469873 cbafe3a3ad5f4bf4847efe7c8e325987 - - caa76e82e14847749f4aee0f29d10175 caa76e82e14847749f4aee0f29d10175] 10.0.0.125 "DELETE /resource_providers/2609d5d7-2475-4adc-9caf-3cfbe059de43" status: 404 len: 246 microversion: 1.1 [pid: 7|app: 0|req: 602/1207] 10.0.0.125 () {34 vars in 815 bytes} [Fri May 8 00:37:48 2026] DELETE /resource_providers/2609d5d7-2475-4adc-9caf-3cfbe059de43 => generated 246 bytes in 9 msecs (HTTP/1.1 404) 6 headers in 231 bytes (1 switches on core 0)
2026-05-08 00:37:48.144 8 INFO placement.requestlog [None req-9fe6af74-b588-4d81-ba68-76bb16f510fb ab5e36e353774a6e89476d6d99469873 cbafe3a3ad5f4bf4847efe7c8e325987 - - caa76e82e14847749f4aee0f29d10175 caa76e82e14847749f4aee0f29d10175] 10.0.0.125 "DELETE /resource_providers/2609d5d7-2475-4adc-9caf-3cfbe059de43" status: 404 len: 246 microversion: 1.1 [pid: 8|app: 0|req: 606/1208] 10.0.0.125 () {34 vars in 815 bytes} [Fri May 8 00:37:48 2026] DELETE /resource_providers/2609d5d7-2475-4adc-9caf-3cfbe059de43 => generated 246 bytes in 11 msecs (HTTP/1.1 404) 6 headers in 231 bytes (1 switches on core 0)
2026-05-08 00:37:48.277 7 INFO placement.requestlog [None req-89c17e48-521a-4945-ab33-3aedcc0279f4 ab5e36e353774a6e89476d6d99469873 cbafe3a3ad5f4bf4847efe7c8e325987 - - caa76e82e14847749f4aee0f29d10175 caa76e82e14847749f4aee0f29d10175] 10.0.0.125 "GET /resource_providers/3c78631f-4611-4dbb-91a8-512b1b3c303d/aggregates" status: 404 len: 235 microversion: 1.1 [pid: 7|app: 0|req: 603/1209] 10.0.0.125 () {32 vars in 815 bytes} [Fri May 8 00:37:48 2026] GET /resource_providers/3c78631f-4611-4dbb-91a8-512b1b3c303d/aggregates => generated 235 bytes in 9 msecs (HTTP/1.1 404) 5 headers in 202 bytes (1 switches on core 0)
2026-05-08 00:37:48.283 8 INFO placement.requestlog [None req-f6e622e6-5714-4806-a08d-00e814e3bfe9 ab5e36e353774a6e89476d6d99469873 cbafe3a3ad5f4bf4847efe7c8e325987 - - caa76e82e14847749f4aee0f29d10175 caa76e82e14847749f4aee0f29d10175] 10.0.0.125 "GET /resource_providers/3c78631f-4611-4dbb-91a8-512b1b3c303d/aggregates" status: 404 len: 235 microversion: 1.1 [pid: 8|app: 0|req: 607/1210] 10.0.0.125 () {32 vars in 815 bytes} [Fri May 8 00:37:48 2026] GET /resource_providers/3c78631f-4611-4dbb-91a8-512b1b3c303d/aggregates => generated 235 bytes in 12 msecs (HTTP/1.1 404) 5 headers in 202 bytes (1 switches on core 0)
2026-05-08 00:37:48.300 7 INFO placement.requestlog [None req-4b8357b1-69d3-45df-8d61-2481251318b3 ab5e36e353774a6e89476d6d99469873 cbafe3a3ad5f4bf4847efe7c8e325987 - - caa76e82e14847749f4aee0f29d10175 caa76e82e14847749f4aee0f29d10175] 10.0.0.125 "DELETE /resource_providers/3c78631f-4611-4dbb-91a8-512b1b3c303d" status: 404 len: 246 microversion: 1.1 [pid: 7|app: 0|req: 604/1211] 10.0.0.125 () {34 vars in 815 bytes} [Fri May 8 00:37:48 2026] DELETE /resource_providers/3c78631f-4611-4dbb-91a8-512b1b3c303d => generated 246 bytes in 12 msecs (HTTP/1.1 404) 6 headers in 231 bytes (1 switches on core 0)
2026-05-08 00:37:48.309 8 INFO placement.requestlog [None req-0fba8883-78ce-4af3-a7ee-e571f6fa804f ab5e36e353774a6e89476d6d99469873 cbafe3a3ad5f4bf4847efe7c8e325987 - - caa76e82e14847749f4aee0f29d10175 caa76e82e14847749f4aee0f29d10175] 10.0.0.125 "DELETE /resource_providers/3c78631f-4611-4dbb-91a8-512b1b3c303d" status: 404 len: 246 microversion: 1.1 [pid: 8|app: 0|req: 608/1212] 10.0.0.125 () {34 vars in 815 bytes} [Fri May 8 00:37:48 2026] DELETE /resource_providers/3c78631f-4611-4dbb-91a8-512b1b3c303d => generated 246 bytes in 11 msecs (HTTP/1.1 404) 6 headers in 231 bytes (1 switches on core 0)
2026-05-08 00:37:49.797 8 INFO placement.requestlog [None req-af9c4b56-f5c3-468d-b48a-0c8559991847 - - - - - -] 10.0.0.107 "GET /" status: 200 len: 136 microversion: 1.0
2026-05-08 00:37:49.797 7 INFO placement.requestlog [None req-7fbd65af-3530-4965-b406-e38d033c65e8 - - - - - -] 10.0.0.107 "GET /" status: 200 len: 136 microversion: 1.0
2026-05-08 00:37:59.797 8 INFO placement.requestlog [None req-d5dd5f74-45a1-4cae-aad3-a130e1a9f7eb - - - - - -] 10.0.0.107 "GET /" status: 200 len: 136 microversion: 1.0
2026-05-08 00:37:59.797 7 INFO placement.requestlog [None req-858769af-3115-44d9-bdbc-35380993cf2b - - - - - -] 10.0.0.107 "GET /" status: 200 len: 136 microversion: 1.0
2026-05-08 00:38:09.798 8 INFO placement.requestlog [None req-f12ef212-afec-4ffb-afe4-8783fece31e6 - - - - - -] 10.0.0.107 "GET /" status: 200 len: 136 microversion: 1.0
2026-05-08 00:38:09.798 7 INFO placement.requestlog [None req-c437ba3b-a598-4674-b636-1613776f3470 - - - - - -] 10.0.0.107 "GET /" status: 200 len: 136 microversion: 1.0
2026-05-08 00:38:19.797 7 INFO placement.requestlog [None req-0cd345e2-73f8-4d3f-afe4-fa5a2a781ae1 - - - - - -] 10.0.0.107 "GET /" status: 200 len: 136 microversion: 1.0
2026-05-08 00:38:19.798 8 INFO placement.requestlog [None req-16785506-1e89-448a-aa74-39f510956fc3 - - - - - -] 10.0.0.107 "GET /" status: 200 len: 136 microversion: 1.0
2026-05-08 00:38:20.214 7 INFO placement.requestlog [req-d228b2f4-2c14-40f5-8c4d-b89ec1641a3f req-13526af4-71ce-48ef-ab4b-91094980c2fe 9f9c5c923fc542d09f4ce355d9b4badb cbafe3a3ad5f4bf4847efe7c8e325987 - - caa76e82e14847749f4aee0f29d10175 caa76e82e14847749f4aee0f29d10175] 199.19.213.147 "GET /resource_providers/1c7e6412-45bf-4e01-bb30-e34f44229675/allocations" status: 200 len: 340 microversion: 1.0 [pid: 7|app: 0|req: 609/1221] 199.19.213.147 () {32 vars in 856 bytes} [Fri May 8 00:38:20 2026] GET /resource_providers/1c7e6412-45bf-4e01-bb30-e34f44229675/allocations => generated 340 bytes in 28 msecs (HTTP/1.1 200) 6 headers in 224 bytes (1 switches on core 0)
2026-05-08 00:38:20.239 8 INFO placement.requestlog [req-d228b2f4-2c14-40f5-8c4d-b89ec1641a3f req-e05c33a8-b903-41e4-af01-19f2e9a527bd 9f9c5c923fc542d09f4ce355d9b4badb cbafe3a3ad5f4bf4847efe7c8e325987 - - caa76e82e14847749f4aee0f29d10175 caa76e82e14847749f4aee0f29d10175] 199.19.213.147 "GET /resource_providers/1c7e6412-45bf-4e01-bb30-e34f44229675/allocations" status: 200 len: 340 microversion: 1.0 [pid: 8|app: 0|req: 613/1222] 199.19.213.147 () {32 vars in 856 bytes} [Fri May 8 00:38:20 2026] GET /resource_providers/1c7e6412-45bf-4e01-bb30-e34f44229675/allocations => generated 340 bytes in 19 msecs (HTTP/1.1 200) 6 headers in 224 bytes (1 switches on core 0)
2026-05-08 00:38:20.261 7 INFO placement.requestlog [req-d228b2f4-2c14-40f5-8c4d-b89ec1641a3f req-b3b7f68a-95d0-4b66-8796-4b280d1510bc 9f9c5c923fc542d09f4ce355d9b4badb cbafe3a3ad5f4bf4847efe7c8e325987 - - caa76e82e14847749f4aee0f29d10175 caa76e82e14847749f4aee0f29d10175] 199.19.213.147 "GET /allocations/deb23a56-d6e3-4ff3-a7d4-b80078ccf035" status: 200 len: 258 microversion: 1.28 [pid: 7|app: 0|req: 610/1223] 199.19.213.147 () {34 vars in 862 bytes} [Fri May 8 00:38:20 2026] GET /allocations/deb23a56-d6e3-4ff3-a7d4-b80078ccf035 => generated 258 bytes in 17 msecs (HTTP/1.1 200) 8 headers in 296 bytes (1 switches on core 0)
2026-05-08 00:38:20.281 8 INFO placement.requestlog [req-d228b2f4-2c14-40f5-8c4d-b89ec1641a3f req-725cf9a6-051f-47a4-9eb2-aed287373386 9f9c5c923fc542d09f4ce355d9b4badb cbafe3a3ad5f4bf4847efe7c8e325987 - - caa76e82e14847749f4aee0f29d10175 caa76e82e14847749f4aee0f29d10175] 199.19.213.147 "GET /allocations/4c68201f-3e48-4abb-b347-b5ed205f5f6c" status: 200 len: 258 microversion: 1.28 [pid: 8|app: 0|req: 614/1224] 199.19.213.147 () {34 vars in 862 bytes} [Fri May 8 00:38:20 2026] GET /allocations/4c68201f-3e48-4abb-b347-b5ed205f5f6c => generated 258 bytes in 15 msecs (HTTP/1.1 200) 8 headers in 296 bytes (1 switches on core 0)
2026-05-08 00:38:20.298 7 INFO placement.requestlog [req-d228b2f4-2c14-40f5-8c4d-b89ec1641a3f req-5c74973c-007e-4adf-8971-14ee9f523636 9f9c5c923fc542d09f4ce355d9b4badb cbafe3a3ad5f4bf4847efe7c8e325987 - - caa76e82e14847749f4aee0f29d10175 caa76e82e14847749f4aee0f29d10175] 199.19.213.147 "GET /allocations/72f114d0-c20c-4d41-808c-29be738a4152" status: 200 len: 245 microversion: 1.28 [pid: 7|app: 0|req: 611/1225] 199.19.213.147 () {34 vars in 862 bytes} [Fri May 8 00:38:20 2026] GET /allocations/72f114d0-c20c-4d41-808c-29be738a4152 => generated 245 bytes in 11 msecs (HTTP/1.1 200) 8 headers in 296 bytes (1 switches on core 0)
2026-05-08 00:38:29.796 8 INFO placement.requestlog [None req-35ab1e02-1583-45ca-bca6-354f89dfe068 - - - - - -] 10.0.0.107 "GET /" status: 200 len: 136 microversion: 1.0
2026-05-08 00:38:29.796 7 INFO placement.requestlog [None req-15bf1d6f-d085-4ce5-8816-26e44de5826d - - - - - -] 10.0.0.107 "GET /" status: 200 len: 136 microversion: 1.0
2026-05-08 00:38:39.797 7 INFO placement.requestlog [None req-4b1be3b5-f97e-4ed5-93ca-4b9ac44e8ed2 - - - - - -] 10.0.0.107 "GET /" status: 200 len: 136 microversion: 1.0
2026-05-08 00:38:39.797 8 INFO placement.requestlog [None req-4515f361-ee50-4210-a50e-fd43298c635a - - - - - -] 10.0.0.107 "GET /" status: 200 len: 136 microversion: 1.0
2026-05-08 00:38:49.797 7 INFO placement.requestlog [None req-837e8201-6058-4981-abbd-49fce6c1ebbd - - - - - -] 10.0.0.107 "GET /" status: 200 len: 136 microversion: 1.0
2026-05-08 00:38:49.797 8 INFO placement.requestlog [None req-b9542da4-c7c4-44af-8898-a24838e1646f - - - - - -] 10.0.0.107 "GET /" status: 200 len: 136 microversion: 1.0
2026-05-08 00:38:59.797 7 INFO placement.requestlog [None req-85d0cc2d-5f69-49bf-911a-bdb7bcbec814 - - - - - -] 10.0.0.107 "GET /" status: 200 len: 136 microversion: 1.0
2026-05-08 00:38:59.797 8 INFO placement.requestlog [None req-f12344c5-02ba-4b42-af71-1d001546c3b6 - - - - - -] 10.0.0.107 "GET /" status: 200 len: 136 microversion: 1.0
2026-05-08 00:39:04.577 7 INFO placement.requestlog [req-52fe3d2a-fb34-465a-812f-9e439fcc305d req-89219f3f-affa-4782-b5dc-b14567bd3f8b 9f9c5c923fc542d09f4ce355d9b4badb cbafe3a3ad5f4bf4847efe7c8e325987 - - caa76e82e14847749f4aee0f29d10175 caa76e82e14847749f4aee0f29d10175] 199.19.213.147 "GET /resource_providers/1c7e6412-45bf-4e01-bb30-e34f44229675/allocations" status: 200 len: 340 microversion: 1.0 [pid: 7|app: 0|req: 616/1234] 199.19.213.147 () {32 vars in 856 bytes} [Fri May 8 00:39:04 2026] GET /resource_providers/1c7e6412-45bf-4e01-bb30-e34f44229675/allocations => generated 340 bytes in 17 msecs (HTTP/1.1 200) 6 headers in 224 bytes (1 switches on core 0)
2026-05-08 00:39:04.626 8 INFO placement.requestlog [req-52fe3d2a-fb34-465a-812f-9e439fcc305d req-de812178-6db8-47a4-ac6c-a2793823b8a4 9f9c5c923fc542d09f4ce355d9b4badb cbafe3a3ad5f4bf4847efe7c8e325987 - - caa76e82e14847749f4aee0f29d10175 caa76e82e14847749f4aee0f29d10175] 199.19.213.147 "GET /allocations/deb23a56-d6e3-4ff3-a7d4-b80078ccf035" status: 200 len: 258 microversion: 1.28 [pid: 8|app: 0|req: 619/1235] 199.19.213.147 () {34 vars in 862 bytes} [Fri May 8 00:39:04 2026] GET /allocations/deb23a56-d6e3-4ff3-a7d4-b80078ccf035 => generated 258 bytes in 41 msecs (HTTP/1.1 200) 8 headers in 296 bytes (1 switches on core 0)
2026-05-08 00:39:04.645 7 INFO placement.requestlog [req-52fe3d2a-fb34-465a-812f-9e439fcc305d req-9d0b2bd9-625e-41dc-a330-09b99170b143 9f9c5c923fc542d09f4ce355d9b4badb cbafe3a3ad5f4bf4847efe7c8e325987 - - caa76e82e14847749f4aee0f29d10175 caa76e82e14847749f4aee0f29d10175] 199.19.213.147 "GET /allocations/4c68201f-3e48-4abb-b347-b5ed205f5f6c" status: 200 len: 258 microversion: 1.28 [pid: 7|app: 0|req: 617/1236] 199.19.213.147 () {34 vars in 862 bytes} [Fri May 8 00:39:04 2026] GET /allocations/4c68201f-3e48-4abb-b347-b5ed205f5f6c => generated 258 bytes in 11 msecs (HTTP/1.1 200) 8 headers in 296 bytes (1 switches on core 0)
2026-05-08 00:39:04.664 8 INFO placement.requestlog [req-52fe3d2a-fb34-465a-812f-9e439fcc305d req-e8b7bac9-1abc-436a-a59b-76cb551ed3f3 9f9c5c923fc542d09f4ce355d9b4badb cbafe3a3ad5f4bf4847efe7c8e325987 - - caa76e82e14847749f4aee0f29d10175 caa76e82e14847749f4aee0f29d10175] 199.19.213.147 "GET /allocations/72f114d0-c20c-4d41-808c-29be738a4152" status: 200 len: 245 microversion: 1.28 [pid: 8|app: 0|req: 620/1237] 199.19.213.147 () {34 vars in 862 bytes} [Fri May 8 00:39:04 2026] GET /allocations/72f114d0-c20c-4d41-808c-29be738a4152 => generated 245 bytes in 13 msecs (HTTP/1.1 200) 8 headers in 296 bytes (1 switches on core 0)
2026-05-08 00:39:05.718 7 INFO placement.requestlog [req-52fe3d2a-fb34-465a-812f-9e439fcc305d req-2eec935c-d60a-483a-ac14-6d80d7e27b95 9f9c5c923fc542d09f4ce355d9b4badb cbafe3a3ad5f4bf4847efe7c8e325987 - - caa76e82e14847749f4aee0f29d10175 caa76e82e14847749f4aee0f29d10175] 199.19.213.147 "DELETE /allocations/72f114d0-c20c-4d41-808c-29be738a4152" status: 204 len: 0 microversion: 1.0 [pid: 7|app: 0|req: 618/1238] 199.19.213.147 () {34 vars in 840 bytes} [Fri May 8 00:39:05 2026] DELETE /allocations/72f114d0-c20c-4d41-808c-29be738a4152 => generated 0 bytes in 29 msecs (HTTP/1.1 204) 5 headers in 198 bytes (1 switches on core 0)
2026-05-08 00:39:07.675 8 INFO placement.requestlog [req-71a597f8-cdac-4644-ad80-cb37e700bf53 req-d8cc68e2-531c-408e-9919-8a23adf78046 9f9c5c923fc542d09f4ce355d9b4badb cbafe3a3ad5f4bf4847efe7c8e325987 - - caa76e82e14847749f4aee0f29d10175 caa76e82e14847749f4aee0f29d10175] 199.19.213.147 "GET /resource_providers/1c7e6412-45bf-4e01-bb30-e34f44229675/allocations" status: 200 len: 253 microversion: 1.0 [pid: 8|app: 0|req: 621/1239] 199.19.213.147 () {32 vars in 856 bytes} [Fri May 8 00:39:07 2026] GET /resource_providers/1c7e6412-45bf-4e01-bb30-e34f44229675/allocations => generated 253 bytes in 20 msecs (HTTP/1.1 200) 6 headers in 224 bytes (1 switches on core 0)
2026-05-08 00:39:07.695 7 INFO placement.requestlog [req-71a597f8-cdac-4644-ad80-cb37e700bf53 req-0fa4c2ae-2f52-4c34-bd2a-b66bf47a6c31 9f9c5c923fc542d09f4ce355d9b4badb cbafe3a3ad5f4bf4847efe7c8e325987 - - caa76e82e14847749f4aee0f29d10175 caa76e82e14847749f4aee0f29d10175] 199.19.213.147 "GET /allocations/deb23a56-d6e3-4ff3-a7d4-b80078ccf035" status: 200 len: 258 microversion: 1.28 [pid: 7|app: 0|req: 619/1240] 199.19.213.147 () {34 vars in 862 bytes} [Fri May 8 00:39:07 2026] GET /allocations/deb23a56-d6e3-4ff3-a7d4-b80078ccf035 => generated 258 bytes in 13 msecs (HTTP/1.1 200) 8 headers in 296 bytes (1 switches on core 0)
2026-05-08 00:39:07.714 8 INFO placement.requestlog [req-71a597f8-cdac-4644-ad80-cb37e700bf53 req-2c8acda7-3e7b-4e74-8b2f-6268e6c90b95 9f9c5c923fc542d09f4ce355d9b4badb cbafe3a3ad5f4bf4847efe7c8e325987 - - caa76e82e14847749f4aee0f29d10175 caa76e82e14847749f4aee0f29d10175] 199.19.213.147 "GET /allocations/4c68201f-3e48-4abb-b347-b5ed205f5f6c" status: 200 len: 258 microversion: 1.28 [pid: 8|app: 0|req: 622/1241] 199.19.213.147 () {34 vars in 862 bytes} [Fri May 8 00:39:07 2026] GET /allocations/4c68201f-3e48-4abb-b347-b5ed205f5f6c => generated 258 bytes in 13 msecs (HTTP/1.1 200) 8 headers in 296 bytes (1 switches on core 0)
2026-05-08 00:39:08.762 7 INFO placement.requestlog [req-71a597f8-cdac-4644-ad80-cb37e700bf53 req-dd51ade4-02e2-4470-97fd-fbedf708f0d3 9f9c5c923fc542d09f4ce355d9b4badb cbafe3a3ad5f4bf4847efe7c8e325987 - - caa76e82e14847749f4aee0f29d10175 caa76e82e14847749f4aee0f29d10175] 199.19.213.147 "DELETE /allocations/4c68201f-3e48-4abb-b347-b5ed205f5f6c" status: 204 len: 0 microversion: 1.0 [pid: 7|app: 0|req: 620/1242] 199.19.213.147 () {34 vars in 840 bytes} [Fri May 8 00:39:08 2026] DELETE /allocations/4c68201f-3e48-4abb-b347-b5ed205f5f6c => generated 0 bytes in 24 msecs (HTTP/1.1 204) 5 headers in 198 bytes (1 switches on core 0)
2026-05-08 00:39:09.797 8 INFO placement.requestlog [None req-42407a81-2401-48e5-93a3-6e4906697cd4 - - - - - -] 10.0.0.107 "GET /" status: 200 len: 136 microversion: 1.0
2026-05-08 00:39:09.797 7 INFO placement.requestlog [None req-9463db8f-2552-4ad6-b3e8-bfc86720a442 - - - - - -] 10.0.0.107 "GET /" status: 200 len: 136 microversion: 1.0
2026-05-08 00:39:18.775 8 INFO placement.requestlog [req-8191c898-5afd-442a-8f78-3e509237ca5c req-0977880a-2761-4367-8684-2a841593df61 9f9c5c923fc542d09f4ce355d9b4badb cbafe3a3ad5f4bf4847efe7c8e325987 - - caa76e82e14847749f4aee0f29d10175 caa76e82e14847749f4aee0f29d10175] 199.19.213.147 "GET /resource_providers/1c7e6412-45bf-4e01-bb30-e34f44229675/allocations" status: 200 len: 153 microversion: 1.0 [pid: 8|app: 0|req: 624/1245] 199.19.213.147 () {32 vars in 856 bytes} [Fri May 8 00:39:18 2026] GET /resource_providers/1c7e6412-45bf-4e01-bb30-e34f44229675/allocations => generated 153 bytes in 16 msecs (HTTP/1.1 200) 6 headers in 224 bytes (1 switches on core 0)
2026-05-08 00:39:18.800 7 INFO placement.requestlog [req-8191c898-5afd-442a-8f78-3e509237ca5c req-da76fe5f-5fca-4ad1-a4a2-d0b8a4b05735 9f9c5c923fc542d09f4ce355d9b4badb cbafe3a3ad5f4bf4847efe7c8e325987 - - caa76e82e14847749f4aee0f29d10175 caa76e82e14847749f4aee0f29d10175] 199.19.213.147 "GET /allocations/deb23a56-d6e3-4ff3-a7d4-b80078ccf035" status: 200 len: 258 microversion: 1.28 [pid: 7|app: 0|req: 622/1246] 199.19.213.147 () {34 vars in 862 bytes} [Fri May 8 00:39:18 2026] GET /allocations/deb23a56-d6e3-4ff3-a7d4-b80078ccf035 => generated 258 bytes in 18 msecs (HTTP/1.1 200) 8 headers in 296 bytes (1 switches on core 0)
2026-05-08 00:39:19.797 8 INFO placement.requestlog [None req-f11792bf-a1fd-428c-8fca-6998f90abc78 - - - - - -] 10.0.0.107 "GET /" status: 200 len: 136 microversion: 1.0
2026-05-08 00:39:19.798 7 INFO placement.requestlog [None req-e99138f1-75aa-4e3e-bffd-bb9b4b7fa8c1 - - - - - -] 10.0.0.107 "GET /" status: 200 len: 136 microversion: 1.0
2026-05-08 00:39:19.854 8 INFO placement.requestlog [req-8191c898-5afd-442a-8f78-3e509237ca5c req-3d7642d5-0b52-4655-9060-0806a5bd5998 9f9c5c923fc542d09f4ce355d9b4badb cbafe3a3ad5f4bf4847efe7c8e325987 - - caa76e82e14847749f4aee0f29d10175 caa76e82e14847749f4aee0f29d10175] 199.19.213.147 "DELETE /allocations/deb23a56-d6e3-4ff3-a7d4-b80078ccf035" status: 204 len: 0 microversion: 1.0 [pid: 8|app: 0|req: 626/1249] 199.19.213.147 () {34 vars in 840 bytes} [Fri May 8 00:39:19 2026] DELETE /allocations/deb23a56-d6e3-4ff3-a7d4-b80078ccf035 => generated 0 bytes in 29 msecs (HTTP/1.1 204) 5 headers in 198 bytes (1 switches on core 0)
2026-05-08 00:39:21.526 7 INFO placement.requestlog [req-2c0504dc-6f5e-4ccf-8f1e-11a6cfe18d27 req-c99cf42d-65d5-4ac0-a047-055614f1fe10 9f9c5c923fc542d09f4ce355d9b4badb cbafe3a3ad5f4bf4847efe7c8e325987 - - caa76e82e14847749f4aee0f29d10175 caa76e82e14847749f4aee0f29d10175] 199.19.213.147 "GET /resource_providers/1c7e6412-45bf-4e01-bb30-e34f44229675/allocations" status: 200 len: 55 microversion: 1.0 [pid: 7|app: 0|req: 624/1250] 199.19.213.147 () {32 vars in 856 bytes} [Fri May 8 00:39:21 2026] GET /resource_providers/1c7e6412-45bf-4e01-bb30-e34f44229675/allocations => generated 55 bytes in 11 msecs (HTTP/1.1 200) 6 headers in 223 bytes (1 switches on core 0)
2026-05-08 00:39:21.547 8 INFO placement.requestlog [req-2c0504dc-6f5e-4ccf-8f1e-11a6cfe18d27 req-a100d7f2-f4d0-439f-8698-d22a09cbfd23 9f9c5c923fc542d09f4ce355d9b4badb cbafe3a3ad5f4bf4847efe7c8e325987 - - caa76e82e14847749f4aee0f29d10175 caa76e82e14847749f4aee0f29d10175] 199.19.213.147 "GET /resource_providers/1c7e6412-45bf-4e01-bb30-e34f44229675/allocations" status: 200 len: 55 microversion: 1.0 [pid: 8|app: 0|req: 627/1251] 199.19.213.147 () {32 vars in 856 bytes} [Fri May 8 00:39:21 2026] GET /resource_providers/1c7e6412-45bf-4e01-bb30-e34f44229675/allocations => generated 55 bytes in 15 msecs (HTTP/1.1 200) 6 headers in 223 bytes (1 switches on core 0)
2026-05-08 00:39:29.796 7 INFO placement.requestlog [None req-0efee7ae-e971-40b3-a71e-e0ae2ca38539 - - - - - -] 10.0.0.107 "GET /" status: 200 len: 136 microversion: 1.0
2026-05-08 00:39:29.797 8 INFO placement.requestlog [None req-ba156ee6-7e91-4d65-8531-ef4b15de6f02 - - - - - -] 10.0.0.107 "GET /" status: 200 len: 136 microversion: 1.0
2026-05-08 00:39:30.237 7 INFO placement.requestlog [None req-06e10036-453d-4be8-8903-09757bbec8af ab5e36e353774a6e89476d6d99469873 cbafe3a3ad5f4bf4847efe7c8e325987 - - caa76e82e14847749f4aee0f29d10175 caa76e82e14847749f4aee0f29d10175] 10.0.0.125 "GET /resource_providers/40f91646-11f1-4fd1-8c91-b48ee6de78e5/aggregates" status: 404 len: 235 microversion: 1.1 [pid: 7|app: 0|req: 626/1254] 10.0.0.125 () {32 vars in 815 bytes} [Fri May 8 00:39:30 2026] GET /resource_providers/40f91646-11f1-4fd1-8c91-b48ee6de78e5/aggregates => generated 235 bytes in 8 msecs (HTTP/1.1 404) 5 headers in 202 bytes (1 switches on core 0)
2026-05-08 00:39:30.240 8 INFO placement.requestlog [None req-7ff7cbe2-5748-4728-bb1b-e125cc4a36f5 ab5e36e353774a6e89476d6d99469873 cbafe3a3ad5f4bf4847efe7c8e325987 - - caa76e82e14847749f4aee0f29d10175 caa76e82e14847749f4aee0f29d10175] 10.0.0.125 "GET /resource_providers/40f91646-11f1-4fd1-8c91-b48ee6de78e5/aggregates" status: 404 len: 235 microversion: 1.1 [pid: 8|app: 0|req: 629/1255] 10.0.0.125 () {32 vars in 815 bytes} [Fri May 8 00:39:30 2026] GET /resource_providers/40f91646-11f1-4fd1-8c91-b48ee6de78e5/aggregates => generated 235 bytes in 8 msecs (HTTP/1.1 404) 5 headers in 202 bytes (1 switches on core 0)
2026-05-08 00:39:30.263 7 INFO placement.requestlog [None req-5e6a94f0-63e6-44f0-a2dd-4097bb1d1526 ab5e36e353774a6e89476d6d99469873 cbafe3a3ad5f4bf4847efe7c8e325987 - - caa76e82e14847749f4aee0f29d10175 caa76e82e14847749f4aee0f29d10175] 10.0.0.125 "DELETE /resource_providers/40f91646-11f1-4fd1-8c91-b48ee6de78e5" status: 404 len: 246 microversion: 1.1 [pid: 7|app: 0|req: 627/1256] 10.0.0.125 () {34 vars in 815 bytes} [Fri May 8 00:39:30 2026] DELETE /resource_providers/40f91646-11f1-4fd1-8c91-b48ee6de78e5 => generated 246 bytes in 8 msecs (HTTP/1.1 404) 6 headers in 231 bytes (1 switches on core 0)
2026-05-08 00:39:30.267 8 INFO placement.requestlog [None req-3a14b4b7-fa78-41b5-b2e9-e20a7defe2c7 ab5e36e353774a6e89476d6d99469873 cbafe3a3ad5f4bf4847efe7c8e325987 - - caa76e82e14847749f4aee0f29d10175 caa76e82e14847749f4aee0f29d10175] 10.0.0.125 "DELETE /resource_providers/40f91646-11f1-4fd1-8c91-b48ee6de78e5" status: 404 len: 246 microversion: 1.1 [pid: 8|app: 0|req: 630/1257] 10.0.0.125 () {34 vars in 815 bytes} [Fri May 8 00:39:30 2026] DELETE /resource_providers/40f91646-11f1-4fd1-8c91-b48ee6de78e5 => generated 246 bytes in 11 msecs (HTTP/1.1 404) 6 headers in 231 bytes (1 switches on core 0)
2026-05-08 00:39:32.286 7 INFO placement.requestlog [None req-c0052f13-4410-4d78-8949-b497dc1130d1 ab5e36e353774a6e89476d6d99469873 cbafe3a3ad5f4bf4847efe7c8e325987 - - caa76e82e14847749f4aee0f29d10175 caa76e82e14847749f4aee0f29d10175] 10.0.0.125 "GET /resource_providers/3a0a65e2-ae56-4177-8058-bc7c4f7aa752/aggregates" status: 404 len: 235 microversion: 1.1 [pid: 7|app: 0|req: 628/1258] 10.0.0.125 () {32 vars in 815 bytes} [Fri May 8 00:39:32 2026] GET /resource_providers/3a0a65e2-ae56-4177-8058-bc7c4f7aa752/aggregates => generated 235 bytes in 11 msecs (HTTP/1.1 404) 5 headers in 202 bytes (1 switches on core 0)
2026-05-08 00:39:32.287 8 INFO placement.requestlog [None req-8b353688-4888-4495-98fa-917c606ee0aa ab5e36e353774a6e89476d6d99469873 cbafe3a3ad5f4bf4847efe7c8e325987 - - caa76e82e14847749f4aee0f29d10175 caa76e82e14847749f4aee0f29d10175] 10.0.0.125 "GET /resource_providers/3a0a65e2-ae56-4177-8058-bc7c4f7aa752/aggregates" status: 404 len: 235 microversion: 1.1 [pid: 8|app: 0|req: 631/1259] 10.0.0.125 () {32 vars in 815 bytes} [Fri May 8 00:39:32 2026] GET /resource_providers/3a0a65e2-ae56-4177-8058-bc7c4f7aa752/aggregates => generated 235 bytes in 10 msecs (HTTP/1.1 404) 5 headers in 202 bytes (1 switches on core 0)
2026-05-08 00:39:32.307 7 INFO placement.requestlog [None req-33669fe1-0da9-47b7-a957-1b483fcfe8d5 ab5e36e353774a6e89476d6d99469873 cbafe3a3ad5f4bf4847efe7c8e325987 - - caa76e82e14847749f4aee0f29d10175 caa76e82e14847749f4aee0f29d10175] 10.0.0.125 "DELETE /resource_providers/3a0a65e2-ae56-4177-8058-bc7c4f7aa752" status: 404 len: 246 microversion: 1.1 [pid: 7|app: 0|req: 629/1260] 10.0.0.125 () {34 vars in 815 bytes} [Fri May 8 00:39:32 2026] DELETE /resource_providers/3a0a65e2-ae56-4177-8058-bc7c4f7aa752 => generated 246 bytes in 9 msecs (HTTP/1.1 404) 6 headers in 231 bytes (1 switches on core 0)
2026-05-08 00:39:32.308 8 INFO placement.requestlog [None req-0bffc2d6-a909-4525-b5b3-81afb812c418 ab5e36e353774a6e89476d6d99469873 cbafe3a3ad5f4bf4847efe7c8e325987 - - caa76e82e14847749f4aee0f29d10175 caa76e82e14847749f4aee0f29d10175] 10.0.0.125 "DELETE /resource_providers/3a0a65e2-ae56-4177-8058-bc7c4f7aa752" status: 404 len: 246 microversion: 1.1 [pid: 8|app: 0|req: 632/1261] 10.0.0.125 () {34 vars in 815 bytes} [Fri May 8 00:39:32 2026] DELETE /resource_providers/3a0a65e2-ae56-4177-8058-bc7c4f7aa752 => generated 246 bytes in 8 msecs (HTTP/1.1 404) 6 headers in 231 bytes (1 switches on core 0)
2026-05-08 00:39:32.328 7 INFO placement.requestlog [None req-5f83ef91-07a6-41d6-ae05-34ae9d53ee73 ab5e36e353774a6e89476d6d99469873 cbafe3a3ad5f4bf4847efe7c8e325987 - - caa76e82e14847749f4aee0f29d10175 caa76e82e14847749f4aee0f29d10175] 10.0.0.125 "GET /resource_providers/a53a69fc-6f20-4c4a-acd2-d04ac2405fe4/aggregates" status: 404 len: 235 microversion: 1.1 [pid: 7|app: 0|req: 630/1262] 10.0.0.125 () {32 vars in 815 bytes} [Fri May 8 00:39:32 2026] GET /resource_providers/a53a69fc-6f20-4c4a-acd2-d04ac2405fe4/aggregates => generated 235 bytes in 9 msecs (HTTP/1.1 404) 5 headers in 202 bytes (1 switches on core 0)
2026-05-08 00:39:32.329 8 INFO placement.requestlog [None req-fb63ec30-4123-46a2-82f8-9c32cc9a8672 ab5e36e353774a6e89476d6d99469873 cbafe3a3ad5f4bf4847efe7c8e325987 - - caa76e82e14847749f4aee0f29d10175 caa76e82e14847749f4aee0f29d10175] 10.0.0.125 "GET /resource_providers/a53a69fc-6f20-4c4a-acd2-d04ac2405fe4/aggregates" status: 404 len: 235 microversion: 1.1 [pid: 8|app: 0|req: 633/1263] 10.0.0.125 () {32 vars in 815 bytes} [Fri May 8 00:39:32 2026] GET /resource_providers/a53a69fc-6f20-4c4a-acd2-d04ac2405fe4/aggregates => generated 235 bytes in 9 msecs (HTTP/1.1 404) 5 headers in 202 bytes (1 switches on core 0)
2026-05-08 00:39:32.347 7 INFO placement.requestlog [None req-218a0b8f-c46e-4ef0-a265-4458476b11cf ab5e36e353774a6e89476d6d99469873 cbafe3a3ad5f4bf4847efe7c8e325987 - - caa76e82e14847749f4aee0f29d10175 caa76e82e14847749f4aee0f29d10175] 10.0.0.125 "DELETE /resource_providers/a53a69fc-6f20-4c4a-acd2-d04ac2405fe4" status: 404 len: 246 microversion: 1.1 [pid: 7|app: 0|req: 631/1264] 10.0.0.125 () {34 vars in 815 bytes} [Fri May 8 00:39:32 2026] DELETE /resource_providers/a53a69fc-6f20-4c4a-acd2-d04ac2405fe4 => generated 246 bytes in 9 msecs (HTTP/1.1 404) 6 headers in 231 bytes (1 switches on core 0)
2026-05-08 00:39:32.351 8 INFO placement.requestlog [None req-4943f6c1-bdd8-4f4c-90e0-c0fdaad6946d ab5e36e353774a6e89476d6d99469873 cbafe3a3ad5f4bf4847efe7c8e325987 - - caa76e82e14847749f4aee0f29d10175 caa76e82e14847749f4aee0f29d10175] 10.0.0.125 "DELETE /resource_providers/a53a69fc-6f20-4c4a-acd2-d04ac2405fe4" status: 404 len: 246 microversion: 1.1 [pid: 8|app: 0|req: 634/1265] 10.0.0.125 () {34 vars in 815 bytes} [Fri May 8 00:39:32 2026] DELETE /resource_providers/a53a69fc-6f20-4c4a-acd2-d04ac2405fe4 => generated 246 bytes in 11 msecs (HTTP/1.1 404) 6 headers in 231 bytes (1 switches on core 0)
2026-05-08 00:39:32.366 7 INFO placement.requestlog [None req-beb38308-380d-4609-8a21-82caa18db3b8 ab5e36e353774a6e89476d6d99469873 cbafe3a3ad5f4bf4847efe7c8e325987 - - caa76e82e14847749f4aee0f29d10175 caa76e82e14847749f4aee0f29d10175] 10.0.0.125 "GET /resource_providers/3824f0a4-e281-490b-8a87-d256c8fdbe29/aggregates" status: 404 len: 235 microversion: 1.1 [pid: 7|app: 0|req: 632/1266] 10.0.0.125 () {32 vars in 815 bytes} [Fri May 8 00:39:32 2026] GET /resource_providers/3824f0a4-e281-490b-8a87-d256c8fdbe29/aggregates => generated 235 bytes in 10 msecs (HTTP/1.1 404) 5 headers in 202 bytes (1 switches on core 0)
2026-05-08 00:39:32.370 8 INFO placement.requestlog [None req-1ee6621a-d4da-4d0f-bfd7-a9c749b2dfb7 ab5e36e353774a6e89476d6d99469873 cbafe3a3ad5f4bf4847efe7c8e325987 - - caa76e82e14847749f4aee0f29d10175 caa76e82e14847749f4aee0f29d10175] 10.0.0.125 "GET /resource_providers/3824f0a4-e281-490b-8a87-d256c8fdbe29/aggregates" status: 404 len: 235 microversion: 1.1 [pid: 8|app: 0|req: 635/1267] 10.0.0.125 () {32 vars in 815 bytes} [Fri May 8 00:39:32 2026] GET /resource_providers/3824f0a4-e281-490b-8a87-d256c8fdbe29/aggregates => generated 235 bytes in 11 msecs (HTTP/1.1 404) 5 headers in 202 bytes (1 switches on core 0)
2026-05-08 00:39:32.393 8 INFO placement.requestlog [None req-5620fd0d-83f3-480d-9828-8e6af2f53a3f ab5e36e353774a6e89476d6d99469873 cbafe3a3ad5f4bf4847efe7c8e325987 - - caa76e82e14847749f4aee0f29d10175 caa76e82e14847749f4aee0f29d10175] 10.0.0.125 "DELETE /resource_providers/3824f0a4-e281-490b-8a87-d256c8fdbe29" status: 404 len: 246 microversion: 1.1
2026-05-08 00:39:32.393 7 INFO placement.requestlog [None req-42e03e0d-db81-4dc4-9cda-dd1f389b5770 ab5e36e353774a6e89476d6d99469873 cbafe3a3ad5f4bf4847efe7c8e325987 - - caa76e82e14847749f4aee0f29d10175 caa76e82e14847749f4aee0f29d10175] 10.0.0.125 "DELETE /resource_providers/3824f0a4-e281-490b-8a87-d256c8fdbe29" status: 404 len: 246 microversion: 1.1 [pid: 8|app: 0|req: 636/1268] 10.0.0.125 () {34 vars in 815 bytes} [Fri May 8 00:39:32 2026] DELETE /resource_providers/3824f0a4-e281-490b-8a87-d256c8fdbe29 => generated 246 bytes in 9 msecs (HTTP/1.1 404) 6 headers in 231 bytes (1 switches on core 0) [pid: 7|app: 0|req: 633/1269] 10.0.0.125 () {34 vars in 815 bytes} [Fri May 8 00:39:32 2026] DELETE /resource_providers/3824f0a4-e281-490b-8a87-d256c8fdbe29 => generated 246 bytes in 14 msecs (HTTP/1.1 404) 6 headers in 231 bytes (1 switches on core 0)
2026-05-08 00:39:39.797 8 INFO placement.requestlog [None req-71751af3-6ad3-4795-bac5-8e1a7846cc11 - - - - - -] 10.0.0.107 "GET /" status: 200 len: 136 microversion: 1.0
2026-05-08 00:39:39.797 7 INFO placement.requestlog [None req-aeddeea2-526c-4a2d-aa9b-7a6d83973686 - - - - - -] 10.0.0.107 "GET /" status: 200 len: 136 microversion: 1.0
2026-05-08 00:39:49.797 8 INFO placement.requestlog [None req-b805ac98-97a5-4a34-9f10-3a634d585d10 - - - - - -] 10.0.0.107 "GET /" status: 200 len: 136 microversion: 1.0
2026-05-08 00:39:49.797 7 INFO placement.requestlog [None req-958bc96e-338a-44f6-9f8a-bdcd71b27970 - - - - - -] 10.0.0.107 "GET /" status: 200 len: 136 microversion: 1.0
2026-05-08 00:39:59.796 8 INFO placement.requestlog [None req-c145166c-3ed5-4f0d-8018-93df2da7cc95 - - - - - -] 10.0.0.107 "GET /" status: 200 len: 136 microversion: 1.0
2026-05-08 00:39:59.797 7 INFO placement.requestlog [None req-026c20b5-2aa8-4655-84cd-de16e80fc193 - - - - - -] 10.0.0.107 "GET /" status: 200 len: 136 microversion: 1.0
2026-05-08 00:40:09.796 8 INFO placement.requestlog [None req-5a132439-a5a0-430c-a85a-ca66b22ea12a - - - - - -] 10.0.0.107 "GET /" status: 200 len: 136 microversion: 1.0
2026-05-08 00:40:09.796 7 INFO placement.requestlog [None req-8a21d773-3fe7-4301-825f-4b15c5fb7743 - - - - - -] 10.0.0.107 "GET /" status: 200 len: 136 microversion: 1.0
2026-05-08 00:40:19.797 7 INFO placement.requestlog [None req-22652e4e-286f-4eaf-830c-ee9d9d2caf43 - - - - - -] 10.0.0.107 "GET /" status: 200 len: 136 microversion: 1.0
2026-05-08 00:40:19.797 8 INFO placement.requestlog [None req-5576b6d9-cd73-4969-bd5e-99e248145d35 - - - - - -] 10.0.0.107 "GET /" status: 200 len: 136 microversion: 1.0
2026-05-08 00:40:23.048 7 INFO placement.requestlog [req-851e407b-4644-4312-ac20-904da56d2cdb req-4d33e844-66c4-46f1-a256-f80bd1ce3b69 9f9c5c923fc542d09f4ce355d9b4badb cbafe3a3ad5f4bf4847efe7c8e325987 - - caa76e82e14847749f4aee0f29d10175 caa76e82e14847749f4aee0f29d10175] 199.19.213.147 "GET /resource_providers/1c7e6412-45bf-4e01-bb30-e34f44229675/allocations" status: 200 len: 55 microversion: 1.0 [pid: 7|app: 0|req: 639/1280] 199.19.213.147 () {32 vars in 856 bytes} [Fri May 8 00:40:23 2026] GET /resource_providers/1c7e6412-45bf-4e01-bb30-e34f44229675/allocations => generated 55 bytes in 23 msecs (HTTP/1.1 200) 6 headers in 223 bytes (1 switches on core 0)
2026-05-08 00:40:23.071 8 INFO placement.requestlog [req-851e407b-4644-4312-ac20-904da56d2cdb req-1b03a3c6-6c17-4573-92f7-638964fd65d7 9f9c5c923fc542d09f4ce355d9b4badb cbafe3a3ad5f4bf4847efe7c8e325987 - - caa76e82e14847749f4aee0f29d10175 caa76e82e14847749f4aee0f29d10175] 199.19.213.147 "GET /resource_providers/1c7e6412-45bf-4e01-bb30-e34f44229675/allocations" status: 200 len: 55 microversion: 1.0 [pid: 8|app: 0|req: 642/1281] 199.19.213.147 () {32 vars in 856 bytes} [Fri May 8 00:40:23 2026] GET /resource_providers/1c7e6412-45bf-4e01-bb30-e34f44229675/allocations => generated 55 bytes in 14 msecs (HTTP/1.1 200) 6 headers in 223 bytes (1 switches on core 0)
2026-05-08 00:40:29.796 8 INFO placement.requestlog [None req-369166f1-c368-47be-a1cf-bdab7bc3c8b1 - - - - - -] 10.0.0.107 "GET /" status: 200 len: 136 microversion: 1.0
2026-05-08 00:40:29.796 7 INFO placement.requestlog [None req-85177936-401b-4a14-acd0-72a45717fc45 - - - - - -] 10.0.0.107 "GET /" status: 200 len: 136 microversion: 1.0
2026-05-08 00:40:39.796 7 INFO placement.requestlog [None req-a55279ac-bcd0-479d-9bbd-3cb954675b73 - - - - - -] 10.0.0.107 "GET /" status: 200 len: 136 microversion: 1.0
2026-05-08 00:40:39.798 8 INFO placement.requestlog [None req-ae138ba0-a8c7-4a03-bbaa-b5431d6ae02a - - - - - -] 10.0.0.107 "GET /" status: 200 len: 136 microversion: 1.0
2026-05-08 00:40:49.796 7 INFO placement.requestlog [None req-759336c4-7d15-4936-bf4f-67e06d70df98 - - - - - -] 10.0.0.107 "GET /" status: 200 len: 136 microversion: 1.0
2026-05-08 00:40:49.797 8 INFO placement.requestlog [None req-76fabfd8-630b-469a-a52f-d5e02106c6e0 - - - - - -] 10.0.0.107 "GET /" status: 200 len: 136 microversion: 1.0
2026-05-08 00:40:59.797 7 INFO placement.requestlog [None req-edbe789c-28ea-4001-9010-494193bdb911 - - - - - -] 10.0.0.107 "GET /" status: 200 len: 136 microversion: 1.0
2026-05-08 00:40:59.799 8 INFO placement.requestlog [None req-52dc9c76-d325-4b60-be15-9e8b6fba8919 - - - - - -] 10.0.0.107 "GET /" status: 200 len: 136 microversion: 1.0
2026-05-08 00:41:09.797 8 INFO placement.requestlog [None req-b76d467c-a05a-43ee-8e83-3b2dae1ef79e - - - - - -] 10.0.0.107 "GET /" status: 200 len: 136 microversion: 1.0
2026-05-08 00:41:09.797 7 INFO placement.requestlog [None req-2adcb167-81a7-4960-99df-a1f4fd12eda0 - - - - - -] 10.0.0.107 "GET /" status: 200 len: 136 microversion: 1.0
2026-05-08 00:41:19.796 8 INFO placement.requestlog [None req-4f4ba044-1584-41a6-be24-770be821f3c2 - - - - - -] 10.0.0.107 "GET /" status: 200 len: 136 microversion: 1.0
2026-05-08 00:41:19.796 7 INFO placement.requestlog [None req-78ec739f-0233-41c0-bdfb-72f37afbd298 - - - - - -] 10.0.0.107 "GET /" status: 200 len: 136 microversion: 1.0
2026-05-08 00:41:22.503 8 INFO placement.requestlog [req-739ca06d-d6b1-4752-b8a9-fd1f190c0867 req-56534c91-6147-45ee-866f-c1a8bd793832 9f9c5c923fc542d09f4ce355d9b4badb cbafe3a3ad5f4bf4847efe7c8e325987 - - caa76e82e14847749f4aee0f29d10175 caa76e82e14847749f4aee0f29d10175] 199.19.213.147 "GET /resource_providers/1c7e6412-45bf-4e01-bb30-e34f44229675/allocations" status: 200 len: 55 microversion: 1.0 [pid: 8|app: 0|req: 649/1294] 199.19.213.147 () {32 vars in 856 bytes} [Fri May 8 00:41:22 2026] GET /resource_providers/1c7e6412-45bf-4e01-bb30-e34f44229675/allocations => generated 55 bytes in 231 msecs (HTTP/1.1 200) 6 headers in 223 bytes (1 switches on core 0)
2026-05-08 00:41:22.547 7 INFO placement.requestlog [req-739ca06d-d6b1-4752-b8a9-fd1f190c0867 req-9e1fbbf1-f2e3-423e-889d-313ff04dc87a 9f9c5c923fc542d09f4ce355d9b4badb cbafe3a3ad5f4bf4847efe7c8e325987 - - caa76e82e14847749f4aee0f29d10175 caa76e82e14847749f4aee0f29d10175] 199.19.213.147 "GET /resource_providers?in_tree=1c7e6412-45bf-4e01-bb30-e34f44229675" status: 200 len: 798 microversion: 1.14 [pid: 7|app: 0|req: 646/1295] 199.19.213.147 () {34 vars in 891 bytes} [Fri May 8 00:41:22 2026] GET /resource_providers?in_tree=1c7e6412-45bf-4e01-bb30-e34f44229675 => generated 798 bytes in 23 msecs (HTTP/1.1 200) 6 headers in 225 bytes (1 switches on core 0)
2026-05-08 00:41:22.565 8 INFO placement.requestlog [req-739ca06d-d6b1-4752-b8a9-fd1f190c0867 req-081e4945-77f3-4a49-8298-c55505e863bd 9f9c5c923fc542d09f4ce355d9b4badb cbafe3a3ad5f4bf4847efe7c8e325987 - - caa76e82e14847749f4aee0f29d10175 caa76e82e14847749f4aee0f29d10175] 199.19.213.147 "GET /resource_providers/1c7e6412-45bf-4e01-bb30-e34f44229675/inventories" status: 200 len: 401 microversion: 1.0 [pid: 8|app: 0|req: 650/1296] 199.19.213.147 () {32 vars in 856 bytes} [Fri May 8 00:41:22 2026] GET /resource_providers/1c7e6412-45bf-4e01-bb30-e34f44229675/inventories => generated 401 bytes in 13 msecs (HTTP/1.1 200) 6 headers in 224 bytes (1 switches on core 0)
2026-05-08 00:41:22.580 7 INFO placement.requestlog [req-739ca06d-d6b1-4752-b8a9-fd1f190c0867 req-560d0463-d66d-4377-8152-8f0797f0bfc3 9f9c5c923fc542d09f4ce355d9b4badb cbafe3a3ad5f4bf4847efe7c8e325987 - - caa76e82e14847749f4aee0f29d10175 caa76e82e14847749f4aee0f29d10175] 199.19.213.147 "GET /resource_providers/1c7e6412-45bf-4e01-bb30-e34f44229675/aggregates" status: 200 len: 54 microversion: 1.19 [pid: 7|app: 0|req: 647/1297] 199.19.213.147 () {34 vars in 898 bytes} [Fri May 8 00:41:22 2026] GET /resource_providers/1c7e6412-45bf-4e01-bb30-e34f44229675/aggregates => generated 54 bytes in 14 msecs (HTTP/1.1 200) 8 headers in 295 bytes (1 switches on core 0)
2026-05-08 00:41:22.599 8 INFO placement.requestlog [req-739ca06d-d6b1-4752-b8a9-fd1f190c0867 req-b4e7db03-fd5a-43c6-8478-b653e03b609f 9f9c5c923fc542d09f4ce355d9b4badb cbafe3a3ad5f4bf4847efe7c8e325987 - - caa76e82e14847749f4aee0f29d10175 caa76e82e14847749f4aee0f29d10175] 199.19.213.147 "GET /resource_providers/1c7e6412-45bf-4e01-bb30-e34f44229675/traits" status: 200 len: 1978 microversion: 1.6 [pid: 8|app: 0|req: 651/1298] 199.19.213.147 () {34 vars in 889 bytes} [Fri May 8 00:41:22 2026] GET /resource_providers/1c7e6412-45bf-4e01-bb30-e34f44229675/traits => generated 1978 bytes in 16 msecs (HTTP/1.1 200) 6 headers in 225 bytes (1 switches on core 0)
2026-05-08 00:41:22.617 7 INFO placement.requestlog [req-739ca06d-d6b1-4752-b8a9-fd1f190c0867 req-f9016789-4d06-457a-970b-28247a7b5fe5 9f9c5c923fc542d09f4ce355d9b4badb cbafe3a3ad5f4bf4847efe7c8e325987 - - caa76e82e14847749f4aee0f29d10175 caa76e82e14847749f4aee0f29d10175] 199.19.213.147 "GET /resource_providers/1c7e6412-45bf-4e01-bb30-e34f44229675/allocations" status: 200 len: 55 microversion: 1.0 [pid: 7|app: 0|req: 648/1299] 199.19.213.147 () {32 vars in 856 bytes} [Fri May 8 00:41:22 2026] GET /resource_providers/1c7e6412-45bf-4e01-bb30-e34f44229675/allocations => generated 55 bytes in 14 msecs (HTTP/1.1 200) 6 headers in 223 bytes (1 switches on core 0)
2026-05-08 00:41:29.796 7 INFO placement.requestlog [None req-fab38fca-f6b2-4a10-8967-0306b40436b6 - - - - - -] 10.0.0.107 "GET /" status: 200 len: 136 microversion: 1.0
2026-05-08 00:41:29.797 8 INFO placement.requestlog [None req-c070d315-0ab3-4339-aede-c740807a0ac3 - - - - - -] 10.0.0.107 "GET /" status: 200 len: 136 microversion: 1.0
2026-05-08 00:41:39.796 8 INFO placement.requestlog [None req-fc07c09a-fbb4-4496-98ec-6916606b482c - - - - - -] 10.0.0.107 "GET /" status: 200 len: 136 microversion: 1.0
2026-05-08 00:41:39.796 7 INFO placement.requestlog [None req-6a04fd50-de7c-4500-b40c-2ceed5fdc167 - - - - - -] 10.0.0.107 "GET /" status: 200 len: 136 microversion: 1.0
2026-05-08 00:41:49.796 7 INFO placement.requestlog [None req-8f478b49-4fb7-4e49-bd74-f07564c397ae - - - - - -] 10.0.0.107 "GET /" status: 200 len: 136 microversion: 1.0
2026-05-08 00:41:49.796 8 INFO placement.requestlog [None req-f3c08327-f952-4544-bcb9-800c4bf96298 - - - - - -] 10.0.0.107 "GET /" status: 200 len: 136 microversion: 1.0
2026-05-08 00:41:59.797 8 INFO placement.requestlog [None req-0e4609e2-649a-488d-864a-1733a7aae552 - - - - - -] 10.0.0.107 "GET /" status: 200 len: 136 microversion: 1.0
2026-05-08 00:41:59.797 7 INFO placement.requestlog [None req-2640d12f-deab-4e4f-b0ed-74dc074f6e1b - - - - - -] 10.0.0.107 "GET /" status: 200 len: 136 microversion: 1.0
2026-05-08 00:42:09.797 7 INFO placement.requestlog [None req-3601db34-052c-4c1e-bb36-8c75e4fc4260 - - - - - -] 10.0.0.107 "GET /" status: 200 len: 136 microversion: 1.0
2026-05-08 00:42:09.797 8 INFO placement.requestlog [None req-eb82038b-d3bb-4764-af8c-19adc1329624 - - - - - -] 10.0.0.107 "GET /" status: 200 len: 136 microversion: 1.0
2026-05-08 00:42:19.796 8 INFO placement.requestlog [None req-20e28a97-5792-4639-9263-081132183ba8 - - - - - -] 10.0.0.107 "GET /" status: 200 len: 136 microversion: 1.0
2026-05-08 00:42:19.796 7 INFO placement.requestlog [None req-eafe1a9f-d43a-4948-8750-4202366d4d6e - - - - - -] 10.0.0.107 "GET /" status: 200 len: 136 microversion: 1.0
