+ COMMAND=start + start + for KEYSTONE_WSGI_SCRIPT in keystone-wsgi-public ++ type -p keystone-wsgi-public + cp -a /var/lib/openstack/bin/keystone-wsgi-public /var/www/cgi-bin/keystone/ + '[' -f /etc/apache2/envvars ']' + source /etc/apache2/envvars ++ unset HOME ++ '[' '' '!=' '' ']' ++ SUFFIX= ++ export APACHE_RUN_USER=www-data ++ APACHE_RUN_USER=www-data ++ export APACHE_RUN_GROUP=www-data ++ APACHE_RUN_GROUP=www-data ++ export APACHE_PID_FILE=/var/run/apache2/apache2.pid ++ APACHE_PID_FILE=/var/run/apache2/apache2.pid ++ export APACHE_RUN_DIR=/var/run/apache2 ++ APACHE_RUN_DIR=/var/run/apache2 ++ export APACHE_LOCK_DIR=/var/lock/apache2 ++ APACHE_LOCK_DIR=/var/lock/apache2 ++ export APACHE_LOG_DIR=/var/log/apache2 ++ APACHE_LOG_DIR=/var/log/apache2 ++ export LANG=C ++ LANG=C ++ export LANG + '[' -f /var/run/apache2/apache2.pid ']' + exec apache2 -DFOREGROUND AH00558: apache2: Could not reliably determine the server's fully qualified domain name, using 10.0.0.252. Set the 'ServerName' directive globally to suppress this message AH00558: apache2: Could not reliably determine the server's fully qualified domain name, using 10.0.0.252. Set the 'ServerName' directive globally to suppress this message
[Fri May 08 14:39:47.224157 2026] [mpm_event:notice] [pid 1:tid 140460343572352] AH00489: Apache/2.4.58 (Ubuntu) mod_wsgi/5.0.0 Python/3.12 configured -- resuming normal operations
[Fri May 08 14:39:47.224313 2026] [core:notice] [pid 1:tid 140460343572352] AH00094: Command line: 'apache2 -D FOREGROUND'
[Fri May 08 14:40:46.592933 2026] [wsgi:error] [pid 11:tid 140459706799808] /var/lib/openstack/lib/python3.12/site-packages/oslo_utils/importutils.py:77: EventletDeprecationWarning:
[Fri May 08 14:40:46.592971 2026] [wsgi:error] [pid 11:tid 140459706799808] Eventlet is deprecated. It is currently being maintained in bugfix mode, and
[Fri May 08 14:40:46.592973 2026] [wsgi:error] [pid 11:tid 140459706799808] we strongly recommend against using it for new projects.
[Fri May 08 14:40:46.592974 2026] [wsgi:error] [pid 11:tid 140459706799808]
[Fri May 08 14:40:46.592975 2026] [wsgi:error] [pid 11:tid 140459706799808] If you are already using Eventlet, we recommend migrating to a different
[Fri May 08 14:40:46.592976 2026] [wsgi:error] [pid 11:tid 140459706799808] framework. For more detail see
[Fri May 08 14:40:46.592977 2026] [wsgi:error] [pid 11:tid 140459706799808] https://eventlet.readthedocs.io/en/latest/asyncio/migration.html
[Fri May 08 14:40:46.592979 2026] [wsgi:error] [pid 11:tid 140459706799808]
[Fri May 08 14:40:46.592980 2026] [wsgi:error] [pid 11:tid 140459706799808] __import__(import_str)
[Fri May 08 14:40:46.658572 2026] [wsgi:error] [pid 9:tid 140459706799808] /var/lib/openstack/lib/python3.12/site-packages/oslo_utils/importutils.py:77: EventletDeprecationWarning:
[Fri May 08 14:40:46.658612 2026] [wsgi:error] [pid 9:tid 140459706799808] Eventlet is deprecated. It is currently being maintained in bugfix mode, and
[Fri May 08 14:40:46.658614 2026] [wsgi:error] [pid 9:tid 140459706799808] we strongly recommend against using it for new projects.
[Fri May 08 14:40:46.658616 2026] [wsgi:error] [pid 9:tid 140459706799808]
[Fri May 08 14:40:46.658617 2026] [wsgi:error] [pid 9:tid 140459706799808] If you are already using Eventlet, we recommend migrating to a different
[Fri May 08 14:40:46.658618 2026] [wsgi:error] [pid 9:tid 140459706799808] framework. For more detail see
[Fri May 08 14:40:46.658619 2026] [wsgi:error] [pid 9:tid 140459706799808] https://eventlet.readthedocs.io/en/latest/asyncio/migration.html
[Fri May 08 14:40:46.658620 2026] [wsgi:error] [pid 9:tid 140459706799808]
[Fri May 08 14:40:46.658621 2026] [wsgi:error] [pid 9:tid 140459706799808] __import__(import_str) 10.0.0.118 - - [08/May/2026:14:40:45 +0000] "GET /v3/ HTTP/1.1" 200 250 10.0.0.118 - - [08/May/2026:14:40:45 +0000] "GET /v3/ HTTP/1.1" 200 250
[Fri May 08 14:40:51.825581 2026] [wsgi:error] [pid 10:tid 140459706799808] /var/lib/openstack/lib/python3.12/site-packages/oslo_utils/importutils.py:77: EventletDeprecationWarning:
[Fri May 08 14:40:51.825633 2026] [wsgi:error] [pid 10:tid 140459706799808] Eventlet is deprecated. It is currently being maintained in bugfix mode, and
[Fri May 08 14:40:51.825636 2026] [wsgi:error] [pid 10:tid 140459706799808] we strongly recommend against using it for new projects.
[Fri May 08 14:40:51.825637 2026] [wsgi:error] [pid 10:tid 140459706799808]
[Fri May 08 14:40:51.825638 2026] [wsgi:error] [pid 10:tid 140459706799808] If you are already using Eventlet, we recommend migrating to a different
[Fri May 08 14:40:51.825639 2026] [wsgi:error] [pid 10:tid 140459706799808] framework. For more detail see
[Fri May 08 14:40:51.825641 2026] [wsgi:error] [pid 10:tid 140459706799808] https://eventlet.readthedocs.io/en/latest/asyncio/migration.html
[Fri May 08 14:40:51.825642 2026] [wsgi:error] [pid 10:tid 140459706799808]
[Fri May 08 14:40:51.825643 2026] [wsgi:error] [pid 10:tid 140459706799808] __import__(import_str) 10.0.0.118 - - [08/May/2026:14:40:50 +0000] "GET /v3/ HTTP/1.1" 200 250
[Fri May 08 14:40:57.821822 2026] [wsgi:error] [pid 12:tid 140459706799808] /var/lib/openstack/lib/python3.12/site-packages/oslo_utils/importutils.py:77: EventletDeprecationWarning:
[Fri May 08 14:40:57.821861 2026] [wsgi:error] [pid 12:tid 140459706799808] Eventlet is deprecated. It is currently being maintained in bugfix mode, and
[Fri May 08 14:40:57.821863 2026] [wsgi:error] [pid 12:tid 140459706799808] we strongly recommend against using it for new projects.
[Fri May 08 14:40:57.821864 2026] [wsgi:error] [pid 12:tid 140459706799808]
[Fri May 08 14:40:57.821865 2026] [wsgi:error] [pid 12:tid 140459706799808] If you are already using Eventlet, we recommend migrating to a different
[Fri May 08 14:40:57.821866 2026] [wsgi:error] [pid 12:tid 140459706799808] framework. For more detail see
[Fri May 08 14:40:57.821867 2026] [wsgi:error] [pid 12:tid 140459706799808] https://eventlet.readthedocs.io/en/latest/asyncio/migration.html
[Fri May 08 14:40:57.821869 2026] [wsgi:error] [pid 12:tid 140459706799808]
[Fri May 08 14:40:57.821870 2026] [wsgi:error] [pid 12:tid 140459706799808] __import__(import_str) 10.0.0.82 - - [08/May/2026:14:40:56 +0000] "GET / HTTP/1.1" 300 295
[Fri May 08 14:41:02.339697 2026] [wsgi:error] [pid 11:tid 140459706799808] [remote 10.0.0.82:58460] 2026-05-08 14:41:02.337 11 WARNING keystone.identity.core [None req-c8ced2f3-5c68-4c7f-9ede-be3fbc9b8cc4 - - - - - -] Invalid domain name (atmosphere) found in config file name: keystone.exception.DomainNotFound: Could not find domain: atmosphere.
[Fri May 08 14:41:02.395836 2026] [wsgi:error] [pid 11:tid 140459706799808] [remote 10.0.0.82:58460] 2026-05-08 14:41:02.395 11 WARNING keystone.common.password_hashing [None req-c8ced2f3-5c68-4c7f-9ede-be3fbc9b8cc4 - - - - - -] Truncating password to algorithm specific maximum length 72 characters.
[Fri May 08 14:41:02.693184 2026] [wsgi:error] [pid 11:tid 140459706799808] [remote 10.0.0.82:58460] 2026-05-08 14:41:02.693 11 WARNING keystone.common.fernet_utils [None req-c8ced2f3-5c68-4c7f-9ede-be3fbc9b8cc4 - - - - - -] key_repository is world readable: /etc/keystone/fernet-keys/ 10.0.0.82 - - [08/May/2026:14:41:02 +0000] "POST /v3/auth/tokens HTTP/1.1" 201 1359
[Fri May 08 14:41:03.032199 2026] [wsgi:error] [pid 9:tid 140459706799808] [remote 10.0.0.82:58460] 2026-05-08 14:41:03.029 9 WARNING keystone.identity.core [None req-cf60a1ae-e0fa-4af3-98c5-634332652f09 - - - - - -] Invalid domain name (atmosphere) found in config file name: keystone.exception.DomainNotFound: Could not find domain: atmosphere. 10.0.0.82 - - [08/May/2026:14:41:02 +0000] "POST /v3/domains HTTP/1.1" 201 261 10.0.0.156 - - [08/May/2026:14:41:15 +0000] "GET / HTTP/1.1" 300 295
[Fri May 08 14:41:15.540281 2026] [wsgi:error] [pid 12:tid 140459706799808] [remote 10.0.0.156:33388] 2026-05-08 14:41:15.539 12 WARNING keystone.common.password_hashing [None req-9bb3b280-cb7e-4ca2-b0e5-2140bad75b31 - - - - - -] Truncating password to algorithm specific maximum length 72 characters.
[Fri May 08 14:41:15.822572 2026] [wsgi:error] [pid 12:tid 140459706799808] [remote 10.0.0.156:33388] 2026-05-08 14:41:15.822 12 WARNING keystone.common.fernet_utils [None req-9bb3b280-cb7e-4ca2-b0e5-2140bad75b31 - - - - - -] key_repository is world readable: /etc/keystone/fernet-keys/ 10.0.0.156 - - [08/May/2026:14:41:15 +0000] "POST /v3/auth/tokens HTTP/1.1" 201 1359 10.0.0.156 - - [08/May/2026:14:41:15 +0000] "GET /v3/roles/admin HTTP/1.1" 404 83
[Fri May 08 14:41:16.038512 2026] [wsgi:error] [pid 9:tid 140459706799808] [remote 10.0.0.156:33388] 2026-05-08 14:41:16.038 9 WARNING keystone.common.rbac_enforcer.enforcer [None req-6e190bf3-f310-4e7d-8fbd-9236ed409c7a 39767b096b374e54b36e33a0aa75d480 3d80c4f8f2414efe95f474e5c3ac6764 - - default default] Deprecated policy rules found. Use oslopolicy-policy-generator and oslopolicy-policy-upgrade to detect and resolve deprecated policies in your configuration. 10.0.0.156 - - [08/May/2026:14:41:16 +0000] "GET /v3/roles?name=admin HTTP/1.1" 200 389
[Fri May 08 14:41:16.393506 2026] [wsgi:error] [pid 10:tid 140459706799808] [remote 10.0.0.156:33388] 2026-05-08 14:41:16.393 10 WARNING keystone.common.rbac_enforcer.enforcer [None req-fa3d8b5f-7e92-41e8-850f-247dff89bbd7 39767b096b374e54b36e33a0aa75d480 3d80c4f8f2414efe95f474e5c3ac6764 - - default default] Deprecated policy rules found. Use oslopolicy-policy-generator and oslopolicy-policy-upgrade to detect and resolve deprecated policies in your configuration. 10.0.0.156 - - [08/May/2026:14:41:16 +0000] "GET /v3/users/admin-RegionOne HTTP/1.1" 404 93
[Fri May 08 14:41:16.570085 2026] [wsgi:error] [pid 12:tid 140459706799808] [remote 10.0.0.156:33388] 2026-05-08 14:41:16.569 12 WARNING keystone.common.rbac_enforcer.enforcer [None req-d36992ef-439a-4283-9957-09cc74bdfa4d 39767b096b374e54b36e33a0aa75d480 3d80c4f8f2414efe95f474e5c3ac6764 - - default default] Deprecated policy rules found. Use oslopolicy-policy-generator and oslopolicy-policy-upgrade to detect and resolve deprecated policies in your configuration. 10.0.0.156 - - [08/May/2026:14:41:16 +0000] "GET /v3/users?name=admin-RegionOne HTTP/1.1" 200 422
[Fri May 08 14:41:16.736590 2026] [wsgi:error] [pid 11:tid 140459706799808] [remote 10.0.0.156:33388] 2026-05-08 14:41:16.736 11 WARNING keystone.common.rbac_enforcer.enforcer [None req-e86d4f1b-3abd-4a72-8ebd-4148e2461523 39767b096b374e54b36e33a0aa75d480 3d80c4f8f2414efe95f474e5c3ac6764 - - default default] Deprecated policy rules found. Use oslopolicy-policy-generator and oslopolicy-policy-upgrade to detect and resolve deprecated policies in your configuration. 10.0.0.156 - - [08/May/2026:14:41:16 +0000] "GET /v3/domains/default HTTP/1.1" 200 224 10.0.0.156 - - [08/May/2026:14:41:16 +0000] "PUT /v3/domains/default/users/39767b096b374e54b36e33a0aa75d480/roles/b5d1c974f0004de18e1b5de3a3728090 HTTP/1.1" 204 - 10.0.0.118 - - [08/May/2026:14:41:25 +0000] "GET / HTTP/1.1" 300 280 10.0.0.118 - - [08/May/2026:14:41:27 +0000] "GET /v3 HTTP/1.1" 200 265
[Fri May 08 14:41:27.075416 2026] [wsgi:error] [pid 11:tid 140459706799808] [remote 10.0.0.118:43764] 2026-05-08 14:41:27.075 11 WARNING keystone.common.password_hashing [None req-e3330459-b053-4977-b441-e27799792de8 - - - - - -] Truncating password to algorithm specific maximum length 72 characters.
[Fri May 08 14:41:27.348812 2026] [wsgi:error] [pid 11:tid 140459706799808] [remote 10.0.0.118:43764] 2026-05-08 14:41:27.348 11 WARNING keystone.common.fernet_utils [None req-e3330459-b053-4977-b441-e27799792de8 - - - - - -] key_repository is world readable: /etc/keystone/fernet-keys/ 10.0.0.118 - - [08/May/2026:14:41:27 +0000] "POST /v3/auth/tokens HTTP/1.1" 201 1359 10.0.0.118 - - [08/May/2026:14:41:27 +0000] "GET / HTTP/1.1" 300 280 10.0.0.118 - - [08/May/2026:14:41:27 +0000] "GET /v3/domains/atmosphere HTTP/1.1" 404 90 10.0.0.118 - - [08/May/2026:14:41:27 +0000] "GET /v3/domains?name=atmosphere HTTP/1.1" 200 368 10.0.0.118 - - [08/May/2026:14:41:27 +0000] "GET /v3/domains/145bb22621d946b9b5f68c4c7b385cfe HTTP/1.1" 200 246 10.0.0.118 - - [08/May/2026:14:41:28 +0000] "GET /v3 HTTP/1.1" 200 265
[Fri May 08 14:41:28.404022 2026] [wsgi:error] [pid 10:tid 140459706799808] [remote 10.0.0.118:43776] 2026-05-08 14:41:28.403 10 WARNING keystone.common.password_hashing [None req-67557fc7-1e19-4190-9285-d2a44444feef - - - - - -] Truncating password to algorithm specific maximum length 72 characters.
[Fri May 08 14:41:28.681027 2026] [wsgi:error] [pid 10:tid 140459706799808] [remote 10.0.0.118:43776] 2026-05-08 14:41:28.680 10 WARNING keystone.common.fernet_utils [None req-67557fc7-1e19-4190-9285-d2a44444feef - - - - - -] key_repository is world readable: /etc/keystone/fernet-keys/ 10.0.0.118 - - [08/May/2026:14:41:28 +0000] "POST /v3/auth/tokens HTTP/1.1" 201 1359 10.0.0.118 - - [08/May/2026:14:41:28 +0000] "GET / HTTP/1.1" 300 280 10.0.0.118 - - [08/May/2026:14:41:28 +0000] "GET /v3/OS-FEDERATION/identity_providers/atmosphere HTTP/1.1" 404 101 10.0.0.118 - - [08/May/2026:14:41:28 +0000] "GET /v3/OS-FEDERATION/identity_providers HTTP/1.1" 200 155 10.0.0.118 - - [08/May/2026:14:41:28 +0000] "PUT /v3/OS-FEDERATION/identity_providers/atmosphere HTTP/1.1" 201 340 10.0.0.118 - - [08/May/2026:14:41:29 +0000] "GET /v3 HTTP/1.1" 200 265
[Fri May 08 14:41:29.489816 2026] [wsgi:error] [pid 11:tid 140459706799808] [remote 10.0.0.118:43764] 2026-05-08 14:41:29.489 11 WARNING keystone.common.password_hashing [None req-9850988b-cab1-4642-99b4-d080b0c4bc6a - - - - - -] Truncating password to algorithm specific maximum length 72 characters.
[Fri May 08 14:41:29.779218 2026] [wsgi:error] [pid 11:tid 140459706799808] [remote 10.0.0.118:43764] 2026-05-08 14:41:29.778 11 WARNING keystone.common.fernet_utils [None req-9850988b-cab1-4642-99b4-d080b0c4bc6a - - - - - -] key_repository is world readable: /etc/keystone/fernet-keys/ 10.0.0.118 - - [08/May/2026:14:41:29 +0000] "POST /v3/auth/tokens HTTP/1.1" 201 1359 10.0.0.118 - - [08/May/2026:14:41:29 +0000] "GET / HTTP/1.1" 300 280 10.0.0.118 - - [08/May/2026:14:41:29 +0000] "GET /v3/OS-FEDERATION/mappings/atmosphere-openid HTTP/1.1" 404 98 10.0.0.118 - - [08/May/2026:14:41:29 +0000] "GET /v3/OS-FEDERATION/mappings HTTP/1.1" 200 135 10.0.0.118 - - [08/May/2026:14:41:29 +0000] "PUT /v3/OS-FEDERATION/mappings/atmosphere-openid HTTP/1.1" 201 356 10.0.0.118 - - [08/May/2026:14:41:30 +0000] "GET /v3 HTTP/1.1" 200 265
[Fri May 08 14:41:30.576482 2026] [wsgi:error] [pid 10:tid 140459706799808] [remote 10.0.0.118:43776] 2026-05-08 14:41:30.576 10 WARNING keystone.common.password_hashing [None req-fe00131a-d24c-4d8e-b602-7f0458f63956 - - - - - -] Truncating password to algorithm specific maximum length 72 characters.
[Fri May 08 14:41:30.849669 2026] [wsgi:error] [pid 10:tid 140459706799808] [remote 10.0.0.118:43776] 2026-05-08 14:41:30.849 10 WARNING keystone.common.fernet_utils [None req-fe00131a-d24c-4d8e-b602-7f0458f63956 - - - - - -] key_repository is world readable: /etc/keystone/fernet-keys/ 10.0.0.118 - - [08/May/2026:14:41:30 +0000] "POST /v3/auth/tokens HTTP/1.1" 201 1359 10.0.0.118 - - [08/May/2026:14:41:30 +0000] "GET / HTTP/1.1" 300 280 10.0.0.118 - - [08/May/2026:14:41:30 +0000] "GET /v3/OS-FEDERATION/identity_providers/atmosphere/protocols/openid?idp_id=atmosphere HTTP/1.1" 404 131 10.0.0.118 - - [08/May/2026:14:41:30 +0000] "GET /v3/OS-FEDERATION/identity_providers/atmosphere/protocols HTTP/1.1" 200 167 10.0.0.118 - - [08/May/2026:14:41:30 +0000] "PUT /v3/OS-FEDERATION/identity_providers/atmosphere/protocols/openid HTTP/1.1" 201 222 10.0.0.118 - - [08/May/2026:14:41:45 +0000] "GET /v3/ HTTP/1.1" 200 250 10.0.0.118 - - [08/May/2026:14:41:45 +0000] "GET /v3/ HTTP/1.1" 200 250 10.0.0.118 - - [08/May/2026:14:42:45 +0000] "GET /v3/ HTTP/1.1" 200 250 10.0.0.118 - - [08/May/2026:14:42:45 +0000] "GET /v3/ HTTP/1.1" 200 250 10.0.0.36 - - [08/May/2026:14:42:55 +0000] "GET / HTTP/1.1" 300 295
[Fri May 08 14:42:55.102846 2026] [wsgi:error] [pid 11:tid 140459706799808] [remote 10.0.0.36:45526] 2026-05-08 14:42:55.102 11 WARNING keystone.common.password_hashing [None req-a6c54460-fcca-46d0-b9de-a63c38b3f24b - - - - - -] Truncating password to algorithm specific maximum length 72 characters.
[Fri May 08 14:42:55.391828 2026] [wsgi:error] [pid 11:tid 140459706799808] [remote 10.0.0.36:45526] 2026-05-08 14:42:55.391 11 WARNING keystone.common.fernet_utils [None req-a6c54460-fcca-46d0-b9de-a63c38b3f24b - - - - - -] key_repository is world readable: /etc/keystone/fernet-keys/ 10.0.0.36 - - [08/May/2026:14:42:55 +0000] "POST /v3/auth/tokens HTTP/1.1" 201 1359 10.0.0.36 - - [08/May/2026:14:42:55 +0000] "GET /v3/services HTTP/1.1" 200 355 10.0.0.36 - - [08/May/2026:14:42:58 +0000] "GET / HTTP/1.1" 300 295
[Fri May 08 14:42:58.854881 2026] [wsgi:error] [pid 12:tid 140459706799808] [remote 10.0.0.36:51294] 2026-05-08 14:42:58.854 12 WARNING keystone.common.password_hashing [None req-6fcb67e7-8bbc-470c-bf57-bae0ac598f37 - - - - - -] Truncating password to algorithm specific maximum length 72 characters.
[Fri May 08 14:42:59.127117 2026] [wsgi:error] [pid 12:tid 140459706799808] [remote 10.0.0.36:51294] 2026-05-08 14:42:59.126 12 WARNING keystone.common.fernet_utils [None req-6fcb67e7-8bbc-470c-bf57-bae0ac598f37 - - - - - -] key_repository is world readable: /etc/keystone/fernet-keys/ 10.0.0.36 - - [08/May/2026:14:42:58 +0000] "POST /v3/auth/tokens HTTP/1.1" 201 1359 10.0.0.36 - - [08/May/2026:14:42:59 +0000] "GET /v3/services HTTP/1.1" 200 355 10.0.0.36 - - [08/May/2026:14:43:02 +0000] "GET / HTTP/1.1" 300 295
[Fri May 08 14:43:02.587946 2026] [wsgi:error] [pid 10:tid 140459706799808] [remote 10.0.0.36:51296] 2026-05-08 14:43:02.587 10 WARNING keystone.common.password_hashing [None req-d310a5c1-28d2-4973-b92b-5e1bddf6d535 - - - - - -] Truncating password to algorithm specific maximum length 72 characters.
[Fri May 08 14:43:02.858713 2026] [wsgi:error] [pid 10:tid 140459706799808] [remote 10.0.0.36:51296] 2026-05-08 14:43:02.858 10 WARNING keystone.common.fernet_utils [None req-d310a5c1-28d2-4973-b92b-5e1bddf6d535 - - - - - -] key_repository is world readable: /etc/keystone/fernet-keys/ 10.0.0.36 - - [08/May/2026:14:43:02 +0000] "POST /v3/auth/tokens HTTP/1.1" 201 1359 10.0.0.36 - - [08/May/2026:14:43:02 +0000] "GET /v3/services HTTP/1.1" 200 355 10.0.0.36 - - [08/May/2026:14:43:06 +0000] "GET / HTTP/1.1" 300 295
[Fri May 08 14:43:06.354916 2026] [wsgi:error] [pid 9:tid 140459706799808] [remote 10.0.0.36:33056] 2026-05-08 14:43:06.354 9 WARNING keystone.common.password_hashing [None req-e2caa15f-cb75-4956-903c-27b426fbdfc9 - - - - - -] Truncating password to algorithm specific maximum length 72 characters.
[Fri May 08 14:43:06.634970 2026] [wsgi:error] [pid 9:tid 140459706799808] [remote 10.0.0.36:33056] 2026-05-08 14:43:06.634 9 WARNING keystone.common.fernet_utils [None req-e2caa15f-cb75-4956-903c-27b426fbdfc9 - - - - - -] key_repository is world readable: /etc/keystone/fernet-keys/ 10.0.0.36 - - [08/May/2026:14:43:06 +0000] "POST /v3/auth/tokens HTTP/1.1" 201 1359 10.0.0.36 - - [08/May/2026:14:43:06 +0000] "POST /v3/services HTTP/1.1" 201 296 10.0.0.214 - - [08/May/2026:14:43:17 +0000] "GET / HTTP/1.1" 300 295
[Fri May 08 14:43:17.415950 2026] [wsgi:error] [pid 11:tid 140459706799808] [remote 10.0.0.214:47422] 2026-05-08 14:43:17.415 11 WARNING keystone.common.password_hashing [None req-191297d8-6c23-43b0-a791-4714f2572e95 - - - - - -] Truncating password to algorithm specific maximum length 72 characters. 10.0.0.214 - - [08/May/2026:14:43:17 +0000] "GET / HTTP/1.1" 300 295
[Fri May 08 14:43:17.445555 2026] [wsgi:error] [pid 10:tid 140459706799808] [remote 10.0.0.214:47438] 2026-05-08 14:43:17.445 10 WARNING keystone.common.password_hashing [None req-1716b17c-76d2-4b01-8fba-938d5811e314 - - - - - -] Truncating password to algorithm specific maximum length 72 characters. 10.0.0.214 - - [08/May/2026:14:43:17 +0000] "GET / HTTP/1.1" 300 295
[Fri May 08 14:43:17.631067 2026] [wsgi:error] [pid 9:tid 140459706799808] [remote 10.0.0.214:47450] 2026-05-08 14:43:17.630 9 WARNING keystone.common.password_hashing [None req-6f25b1dc-bec5-4c64-a932-30d43173ae19 - - - - - -] Truncating password to algorithm specific maximum length 72 characters.
[Fri May 08 14:43:17.709911 2026] [wsgi:error] [pid 11:tid 140459706799808] [remote 10.0.0.214:47422] 2026-05-08 14:43:17.709 11 WARNING keystone.common.fernet_utils [None req-191297d8-6c23-43b0-a791-4714f2572e95 - - - - - -] key_repository is world readable: /etc/keystone/fernet-keys/ 10.0.0.214 - - [08/May/2026:14:43:17 +0000] "POST /v3/auth/tokens HTTP/1.1" 201 1463
[Fri May 08 14:43:17.733135 2026] [wsgi:error] [pid 10:tid 140459706799808] [remote 10.0.0.214:47438] 2026-05-08 14:43:17.732 10 WARNING keystone.common.fernet_utils [None req-1716b17c-76d2-4b01-8fba-938d5811e314 - - - - - -] key_repository is world readable: /etc/keystone/fernet-keys/ 10.0.0.214 - - [08/May/2026:14:43:17 +0000] "POST /v3/auth/tokens HTTP/1.1" 201 1463 10.0.0.214 - - [08/May/2026:14:43:17 +0000] "GET /v3/services HTTP/1.1" 200 639 10.0.0.214 - - [08/May/2026:14:43:17 +0000] "GET /v3/services HTTP/1.1" 200 639
[Fri May 08 14:43:17.929441 2026] [wsgi:error] [pid 9:tid 140459706799808] [remote 10.0.0.214:47450] 2026-05-08 14:43:17.929 9 WARNING keystone.common.fernet_utils [None req-6f25b1dc-bec5-4c64-a932-30d43173ae19 - - - - - -] key_repository is world readable: /etc/keystone/fernet-keys/ 10.0.0.214 - - [08/May/2026:14:43:17 +0000] "POST /v3/auth/tokens HTTP/1.1" 201 1463 10.0.0.214 - - [08/May/2026:14:43:18 +0000] "GET /v3/services HTTP/1.1" 200 639 10.0.0.214 - - [08/May/2026:14:43:19 +0000] "GET / HTTP/1.1" 300 295
[Fri May 08 14:43:19.217941 2026] [wsgi:error] [pid 11:tid 140459706799808] [remote 10.0.0.214:47454] 2026-05-08 14:43:19.217 11 WARNING keystone.common.password_hashing [None req-8cd33bf9-6f65-4c9e-8c66-a17415bc00ba - - - - - -] Truncating password to algorithm specific maximum length 72 characters. 10.0.0.214 - - [08/May/2026:14:43:19 +0000] "GET / HTTP/1.1" 300 295
[Fri May 08 14:43:19.278059 2026] [wsgi:error] [pid 10:tid 140459706799808] [remote 10.0.0.214:47466] 2026-05-08 14:43:19.277 10 WARNING keystone.common.password_hashing [None req-a8fb8a54-832c-4728-a277-2f43e910e792 - - - - - -] Truncating password to algorithm specific maximum length 72 characters.
[Fri May 08 14:43:19.504414 2026] [wsgi:error] [pid 11:tid 140459706799808] [remote 10.0.0.214:47454] 2026-05-08 14:43:19.504 11 WARNING keystone.common.fernet_utils [None req-8cd33bf9-6f65-4c9e-8c66-a17415bc00ba - - - - - -] key_repository is world readable: /etc/keystone/fernet-keys/ 10.0.0.214 - - [08/May/2026:14:43:19 +0000] "POST /v3/auth/tokens HTTP/1.1" 201 1463 10.0.0.214 - - [08/May/2026:14:43:19 +0000] "GET / HTTP/1.1" 300 295
[Fri May 08 14:43:19.538399 2026] [wsgi:error] [pid 9:tid 140459706799808] [remote 10.0.0.214:47468] 2026-05-08 14:43:19.538 9 WARNING keystone.common.password_hashing [None req-64b13f67-8513-40f9-8740-b3f1fc73dc75 - - - - - -] Truncating password to algorithm specific maximum length 72 characters.
[Fri May 08 14:43:19.556191 2026] [wsgi:error] [pid 10:tid 140459706799808] [remote 10.0.0.214:47466] 2026-05-08 14:43:19.556 10 WARNING keystone.common.fernet_utils [None req-a8fb8a54-832c-4728-a277-2f43e910e792 - - - - - -] key_repository is world readable: /etc/keystone/fernet-keys/ 10.0.0.214 - - [08/May/2026:14:43:19 +0000] "POST /v3/auth/tokens HTTP/1.1" 201 1463 10.0.0.214 - - [08/May/2026:14:43:19 +0000] "GET /v3/endpoints HTTP/1.1" 200 1226 10.0.0.214 - - [08/May/2026:14:43:19 +0000] "GET /v3/services/3a50afec44d0477ab79cb77fb3b1600a HTTP/1.1" 200 233 10.0.0.214 - - [08/May/2026:14:43:19 +0000] "GET /v3/services/3a50afec44d0477ab79cb77fb3b1600a HTTP/1.1" 200 233 10.0.0.214 - - [08/May/2026:14:43:19 +0000] "GET /v3/endpoints HTTP/1.1" 200 1226 10.0.0.214 - - [08/May/2026:14:43:19 +0000] "GET /v3/services/3a50afec44d0477ab79cb77fb3b1600a HTTP/1.1" 200 233 10.0.0.214 - - [08/May/2026:14:43:19 +0000] "GET /v3/services/3a50afec44d0477ab79cb77fb3b1600a HTTP/1.1" 200 233 10.0.0.214 - - [08/May/2026:14:43:19 +0000] "GET /v3/services/3a50afec44d0477ab79cb77fb3b1600a HTTP/1.1" 200 233 10.0.0.214 - - [08/May/2026:14:43:19 +0000] "GET /v3/services/3a50afec44d0477ab79cb77fb3b1600a HTTP/1.1" 200 233
[Fri May 08 14:43:19.830850 2026] [wsgi:error] [pid 9:tid 140459706799808] [remote 10.0.0.214:47468] 2026-05-08 14:43:19.830 9 WARNING keystone.common.fernet_utils [None req-64b13f67-8513-40f9-8740-b3f1fc73dc75 - - - - - -] key_repository is world readable: /etc/keystone/fernet-keys/ 10.0.0.214 - - [08/May/2026:14:43:19 +0000] "POST /v3/auth/tokens HTTP/1.1" 201 1463 10.0.0.214 - - [08/May/2026:14:43:19 +0000] "GET /v3/endpoints HTTP/1.1" 200 1226 10.0.0.214 - - [08/May/2026:14:43:19 +0000] "GET /v3/services/3a50afec44d0477ab79cb77fb3b1600a HTTP/1.1" 200 233 10.0.0.214 - - [08/May/2026:14:43:19 +0000] "GET /v3/services/3a50afec44d0477ab79cb77fb3b1600a HTTP/1.1" 200 233 10.0.0.214 - - [08/May/2026:14:43:20 +0000] "GET /v3/services/3a50afec44d0477ab79cb77fb3b1600a HTTP/1.1" 200 233 10.0.0.214 - - [08/May/2026:14:43:20 +0000] "GET / HTTP/1.1" 300 295
[Fri May 08 14:43:20.987137 2026] [wsgi:error] [pid 10:tid 140459706799808] [remote 10.0.0.214:47470] 2026-05-08 14:43:20.986 10 WARNING keystone.common.password_hashing [None req-e3d48659-cf27-4b00-8c43-28689a5a4b8d - - - - - -] Truncating password to algorithm specific maximum length 72 characters. 10.0.0.214 - - [08/May/2026:14:43:21 +0000] "GET / HTTP/1.1" 300 295
[Fri May 08 14:43:21.025104 2026] [wsgi:error] [pid 9:tid 140459706799808] [remote 10.0.0.214:47482] 2026-05-08 14:43:21.024 9 WARNING keystone.common.password_hashing [None req-e073766c-6358-4bef-9946-0ae879f66acf - - - - - -] Truncating password to algorithm specific maximum length 72 characters.
[Fri May 08 14:43:21.267213 2026] [wsgi:error] [pid 10:tid 140459706799808] [remote 10.0.0.214:47470] 2026-05-08 14:43:21.267 10 WARNING keystone.common.fernet_utils [None req-e3d48659-cf27-4b00-8c43-28689a5a4b8d - - - - - -] key_repository is world readable: /etc/keystone/fernet-keys/ 10.0.0.214 - - [08/May/2026:14:43:20 +0000] "POST /v3/auth/tokens HTTP/1.1" 201 1463
[Fri May 08 14:43:21.305174 2026] [wsgi:error] [pid 9:tid 140459706799808] [remote 10.0.0.214:47482] 2026-05-08 14:43:21.305 9 WARNING keystone.common.fernet_utils [None req-e073766c-6358-4bef-9946-0ae879f66acf - - - - - -] key_repository is world readable: /etc/keystone/fernet-keys/ 10.0.0.214 - - [08/May/2026:14:43:21 +0000] "POST /v3/auth/tokens HTTP/1.1" 201 1463 10.0.0.214 - - [08/May/2026:14:43:21 +0000] "GET /v3/services/5c47cb328cd44f078edc78c648bcde41 HTTP/1.1" 200 296 10.0.0.214 - - [08/May/2026:14:43:21 +0000] "GET /v3/regions/RegionOne HTTP/1.1" 200 173 10.0.0.214 - - [08/May/2026:14:43:21 +0000] "GET /v3/services/5c47cb328cd44f078edc78c648bcde41 HTTP/1.1" 200 296 10.0.0.214 - - [08/May/2026:14:43:21 +0000] "GET /v3/regions/RegionOne HTTP/1.1" 200 173 10.0.0.214 - - [08/May/2026:14:43:21 +0000] "POST /v3/endpoints HTTP/1.1" 201 383 10.0.0.214 - - [08/May/2026:14:43:21 +0000] "GET / HTTP/1.1" 300 295
[Fri May 08 14:43:21.533603 2026] [wsgi:error] [pid 11:tid 140459706799808] [remote 10.0.0.214:47498] 2026-05-08 14:43:21.533 11 WARNING keystone.common.password_hashing [None req-12ebd16a-1f11-411f-8969-854422e2097a - - - - - -] Truncating password to algorithm specific maximum length 72 characters. 10.0.0.214 - - [08/May/2026:14:43:21 +0000] "POST /v3/endpoints HTTP/1.1" 201 380
[Fri May 08 14:43:21.814075 2026] [wsgi:error] [pid 11:tid 140459706799808] [remote 10.0.0.214:47498] 2026-05-08 14:43:21.813 11 WARNING keystone.common.fernet_utils [None req-12ebd16a-1f11-411f-8969-854422e2097a - - - - - -] key_repository is world readable: /etc/keystone/fernet-keys/ 10.0.0.214 - - [08/May/2026:14:43:21 +0000] "POST /v3/auth/tokens HTTP/1.1" 201 1822 10.0.0.214 - - [08/May/2026:14:43:21 +0000] "GET /v3/services/5c47cb328cd44f078edc78c648bcde41 HTTP/1.1" 200 296 10.0.0.214 - - [08/May/2026:14:43:21 +0000] "GET /v3/regions/RegionOne HTTP/1.1" 200 173 10.0.0.214 - - [08/May/2026:14:43:21 +0000] "POST /v3/endpoints HTTP/1.1" 201 369 10.0.0.214 - - [08/May/2026:14:43:22 +0000] "GET / HTTP/1.1" 300 295
[Fri May 08 14:43:22.726565 2026] [wsgi:error] [pid 9:tid 140459706799808] [remote 10.0.0.214:47514] 2026-05-08 14:43:22.726 9 WARNING keystone.common.password_hashing [None req-6e3cfbed-14ae-4f15-96b7-86e8e8db0041 - - - - - -] Truncating password to algorithm specific maximum length 72 characters. 10.0.0.214 - - [08/May/2026:14:43:22 +0000] "GET / HTTP/1.1" 300 295
[Fri May 08 14:43:22.898568 2026] [wsgi:error] [pid 12:tid 140459706799808] [remote 10.0.0.214:47516] 2026-05-08 14:43:22.898 12 WARNING keystone.common.password_hashing [None req-20769b0e-2b6f-4b2b-ae06-5d7a58886112 - - - - - -] Truncating password to algorithm specific maximum length 72 characters.
[Fri May 08 14:43:23.009190 2026] [wsgi:error] [pid 9:tid 140459706799808] [remote 10.0.0.214:47514] 2026-05-08 14:43:23.008 9 WARNING keystone.common.fernet_utils [None req-6e3cfbed-14ae-4f15-96b7-86e8e8db0041 - - - - - -] key_repository is world readable: /etc/keystone/fernet-keys/ 10.0.0.214 - - [08/May/2026:14:43:22 +0000] "POST /v3/auth/tokens HTTP/1.1" 201 1990 10.0.0.214 - - [08/May/2026:14:43:23 +0000] "GET /v3/endpoints/ca89fe20674249d4b796cc1a00231675 HTTP/1.1" 200 383 10.0.0.214 - - [08/May/2026:14:43:23 +0000] "GET /v3/services/5c47cb328cd44f078edc78c648bcde41 HTTP/1.1" 200 296
[Fri May 08 14:43:23.174004 2026] [wsgi:error] [pid 12:tid 140459706799808] [remote 10.0.0.214:47516] 2026-05-08 14:43:23.173 12 WARNING keystone.common.fernet_utils [None req-20769b0e-2b6f-4b2b-ae06-5d7a58886112 - - - - - -] key_repository is world readable: /etc/keystone/fernet-keys/ 10.0.0.214 - - [08/May/2026:14:43:22 +0000] "POST /v3/auth/tokens HTTP/1.1" 201 1990 10.0.0.214 - - [08/May/2026:14:43:23 +0000] "GET / HTTP/1.1" 300 295
[Fri May 08 14:43:23.288431 2026] [wsgi:error] [pid 11:tid 140459706799808] [remote 10.0.0.214:47522] 2026-05-08 14:43:23.288 11 WARNING keystone.common.password_hashing [None req-7031aabd-4a60-4f24-8fd7-fd06b96b3204 - - - - - -] Truncating password to algorithm specific maximum length 72 characters. 10.0.0.214 - - [08/May/2026:14:43:23 +0000] "GET /v3/endpoints/57d383a9b90c43fea8cf7a1ddaf65659 HTTP/1.1" 200 380 10.0.0.214 - - [08/May/2026:14:43:23 +0000] "GET /v3/services/5c47cb328cd44f078edc78c648bcde41 HTTP/1.1" 200 296
[Fri May 08 14:43:23.568150 2026] [wsgi:error] [pid 11:tid 140459706799808] [remote 10.0.0.214:47522] 2026-05-08 14:43:23.568 11 WARNING keystone.common.fernet_utils [None req-7031aabd-4a60-4f24-8fd7-fd06b96b3204 - - - - - -] key_repository is world readable: /etc/keystone/fernet-keys/ 10.0.0.214 - - [08/May/2026:14:43:23 +0000] "POST /v3/auth/tokens HTTP/1.1" 201 1990 10.0.0.214 - - [08/May/2026:14:43:23 +0000] "GET /v3/endpoints/da2d04294fde4f56a58b9e039553feaa HTTP/1.1" 200 369 10.0.0.214 - - [08/May/2026:14:43:23 +0000] "GET /v3/services/5c47cb328cd44f078edc78c648bcde41 HTTP/1.1" 200 296 10.0.0.192 - - [08/May/2026:14:43:35 +0000] "GET / HTTP/1.1" 300 295
[Fri May 08 14:43:35.590153 2026] [wsgi:error] [pid 11:tid 140459706799808] [remote 10.0.0.192:53144] 2026-05-08 14:43:35.589 11 WARNING keystone.common.password_hashing [None req-d556dfe2-9f3e-4735-9a21-b05bd434cc7c - - - - - -] Truncating password to algorithm specific maximum length 72 characters.
[Fri May 08 14:43:35.882653 2026] [wsgi:error] [pid 11:tid 140459706799808] [remote 10.0.0.192:53144] 2026-05-08 14:43:35.882 11 WARNING keystone.common.fernet_utils [None req-d556dfe2-9f3e-4735-9a21-b05bd434cc7c - - - - - -] key_repository is world readable: /etc/keystone/fernet-keys/ 10.0.0.192 - - [08/May/2026:14:43:35 +0000] "POST /v3/auth/tokens HTTP/1.1" 201 1990 10.0.0.192 - - [08/May/2026:14:43:35 +0000] "POST /v3/domains HTTP/1.1" 201 284 10.0.0.192 - - [08/May/2026:14:43:37 +0000] "GET / HTTP/1.1" 300 295
[Fri May 08 14:43:37.655737 2026] [wsgi:error] [pid 12:tid 140459706799808] [remote 10.0.0.192:53160] 2026-05-08 14:43:37.655 12 WARNING keystone.common.password_hashing [None req-cfa70a7f-e4a7-453f-9163-ea0ea3b3215a - - - - - -] Truncating password to algorithm specific maximum length 72 characters.
[Fri May 08 14:43:37.934404 2026] [wsgi:error] [pid 12:tid 140459706799808] [remote 10.0.0.192:53160] 2026-05-08 14:43:37.934 12 WARNING keystone.common.fernet_utils [None req-cfa70a7f-e4a7-453f-9163-ea0ea3b3215a - - - - - -] key_repository is world readable: /etc/keystone/fernet-keys/ 10.0.0.192 - - [08/May/2026:14:43:37 +0000] "POST /v3/auth/tokens HTTP/1.1" 201 1990
[Fri May 08 14:43:38.101806 2026] [wsgi:error] [pid 11:tid 140459706799808] [remote 10.0.0.192:53160] 2026-05-08 14:43:38.090 11 ERROR keystone.server.flask.application [None req-dcea7258-c46e-4315-8f9f-5d58a3e6c639 39767b096b374e54b36e33a0aa75d480 3d80c4f8f2414efe95f474e5c3ac6764 - - default default] Conflict occurred attempting to store project - it is not permitted to have two projects acting as domains with the same name: service.: keystone.exception.Conflict: Conflict occurred attempting to store project - it is not permitted to have two projects acting as domains with the same name: service.
[Fri May 08 14:43:38.101851 2026] [wsgi:error] [pid 11:tid 140459706799808] [remote 10.0.0.192:53160] 2026-05-08 14:43:38.090 11 ERROR keystone.server.flask.application
Traceback (most recent call last):
[Fri May 08 14:43:38.101854 2026] [wsgi:error] [pid 11:tid 140459706799808] [remote 10.0.0.192:53160] 2026-05-08 14:43:38.090 11 ERROR keystone.server.flask.application
File "/var/lib/openstack/lib/python3.12/site-packages/sqlalchemy/engine/base.py", line 1967, in _exec_single_context
[Fri May 08 14:43:38.101855 2026] [wsgi:error] [pid 11:tid 140459706799808] [remote 10.0.0.192:53160] 2026-05-08 14:43:38.090 11 ERROR keystone.server.flask.application self.dialect.do_execute(
[Fri May 08 14:43:38.101857 2026] [wsgi:error] [pid 11:tid 140459706799808] [remote 10.0.0.192:53160] 2026-05-08 14:43:38.090 11 ERROR keystone.server.flask.application
File "/var/lib/openstack/lib/python3.12/site-packages/sqlalchemy/engine/default.py", line 952, in do_execute
[Fri May 08 14:43:38.101859 2026] [wsgi:error] [pid 11:tid 140459706799808] [remote 10.0.0.192:53160] 2026-05-08 14:43:38.090 11 ERROR keystone.server.flask.application cursor.execute(statement, parameters)
[Fri May 08 14:43:38.101860 2026] [wsgi:error] [pid 11:tid 140459706799808] [remote 10.0.0.192:53160] 2026-05-08 14:43:38.090 11 ERROR keystone.server.flask.application
File "/var/lib/openstack/lib/python3.12/site-packages/pymysql/cursors.py", line 157, in execute
[Fri May 08 14:43:38.101862 2026] [wsgi:error] [pid 11:tid 140459706799808] [remote 10.0.0.192:53160] 2026-05-08 14:43:38.090 11 ERROR keystone.server.flask.application result = self._query(query)
[Fri May 08 14:43:38.101863 2026] [wsgi:error] [pid 11:tid 140459706799808] [remote 10.0.0.192:53160] 2026-05-08 14:43:38.090 11 ERROR keystone.server.flask.application ^^^^^^^^^^^^^^^^^^
[Fri May 08 14:43:38.101864 2026] [wsgi:error] [pid 11:tid 140459706799808] [remote 10.0.0.192:53160] 2026-05-08 14:43:38.090 11 ERROR keystone.server.flask.application
File "/var/lib/openstack/lib/python3.12/site-packages/pymysql/cursors.py", line 328, in _query
[Fri May 08 14:43:38.101866 2026] [wsgi:error] [pid 11:tid 140459706799808] [remote 10.0.0.192:53160] 2026-05-08 14:43:38.090 11 ERROR keystone.server.flask.application conn.query(q)
[Fri May 08 14:43:38.101867 2026] [wsgi:error] [pid 11:tid 140459706799808] [remote 10.0.0.192:53160] 2026-05-08 14:43:38.090 11 ERROR keystone.server.flask.application
File "/var/lib/openstack/lib/python3.12/site-packages/pymysql/connections.py", line 575, in query
[Fri May 08 14:43:38.101869 2026] [wsgi:error] [pid 11:tid 140459706799808] [remote 10.0.0.192:53160] 2026-05-08 14:43:38.090 11 ERROR keystone.server.flask.application self._affected_rows = self._read_query_result(unbuffered=unbuffered)
[Fri May 08 14:43:38.101870 2026] [wsgi:error] [pid 11:tid 140459706799808] [remote 10.0.0.192:53160] 2026-05-08 14:43:38.090 11 ERROR keystone.server.flask.application ^^^^^^^^^^^^^^^^^^^^^^^^^^^^^^^^^^^^^^^^^^^^^^
[Fri May 08 14:43:38.101872 2026] [wsgi:error] [pid 11:tid 140459706799808] [remote 10.0.0.192:53160] 2026-05-08 14:43:38.090 11 ERROR keystone.server.flask.application
File "/var/lib/openstack/lib/python3.12/site-packages/pymysql/connections.py", line 826, in _read_query_result
[Fri May 08 14:43:38.101873 2026] [wsgi:error] [pid 11:tid 140459706799808] [remote 10.0.0.192:53160] 2026-05-08 14:43:38.090 11 ERROR keystone.server.flask.application result.read()
[Fri May 08 14:43:38.101886 2026] [wsgi:error] [pid 11:tid 140459706799808] [remote 10.0.0.192:53160] 2026-05-08 14:43:38.090 11 ERROR keystone.server.flask.application
File "/var/lib/openstack/lib/python3.12/site-packages/pymysql/connections.py", line 1203, in read
[Fri May 08 14:43:38.101888 2026] [wsgi:error] [pid 11:tid 140459706799808] [remote 10.0.0.192:53160] 2026-05-08 14:43:38.090 11 ERROR keystone.server.flask.application first_packet = self.connection._read_packet()
[Fri May 08 14:43:38.101889 2026] [wsgi:error] [pid 11:tid 140459706799808] [remote 10.0.0.192:53160] 2026-05-08 14:43:38.090 11 ERROR keystone.server.flask.application ^^^^^^^^^^^^^^^^^^^^^^^^^^^^^^
[Fri May 08 14:43:38.101890 2026] [wsgi:error] [pid 11:tid 140459706799808] [remote 10.0.0.192:53160] 2026-05-08 14:43:38.090 11 ERROR keystone.server.flask.application
File "/var/lib/openstack/lib/python3.12/site-packages/pymysql/connections.py", line 782, in _read_packet
[Fri May 08 14:43:38.101892 2026] [wsgi:error] [pid 11:tid 140459706799808] [remote 10.0.0.192:53160] 2026-05-08 14:43:38.090 11 ERROR keystone.server.flask.application packet.raise_for_error()
[Fri May 08 14:43:38.101893 2026] [wsgi:error] [pid 11:tid 140459706799808] [remote 10.0.0.192:53160] 2026-05-08 14:43:38.090 11 ERROR keystone.server.flask.application
File "/var/lib/openstack/lib/python3.12/site-packages/pymysql/protocol.py", line 219, in raise_for_error
[Fri May 08 14:43:38.101895 2026] [wsgi:error] [pid 11:tid 140459706799808] [remote 10.0.0.192:53160] 2026-05-08 14:43:38.090 11 ERROR keystone.server.flask.application err.raise_mysql_exception(self._data)
[Fri May 08 14:43:38.101896 2026] [wsgi:error] [pid 11:tid 140459706799808] [remote 10.0.0.192:53160] 2026-05-08 14:43:38.090 11 ERROR keystone.server.flask.application
File "/var/lib/openstack/lib/python3.12/site-packages/pymysql/err.py", line 150, in raise_mysql_exception
[Fri May 08 14:43:38.101897 2026] [wsgi:error] [pid 11:tid 140459706799808] [remote 10.0.0.192:53160] 2026-05-08 14:43:38.090 11 ERROR keystone.server.flask.application raise errorclass(errno, errval)
[Fri May 08 14:43:38.101899 2026] [wsgi:error] [pid 11:tid 140459706799808] [remote 10.0.0.192:53160] 2026-05-08 14:43:38.090 11 ERROR keystone.server.flask.application pymysql.err.IntegrityError: (1062, "Duplicate entry '<>-service' for key 'project.ixu_project_name_domain_id'")
[Fri May 08 14:43:38.101900 2026] [wsgi:error] [pid 11:tid 140459706799808] [remote 10.0.0.192:53160] 2026-05-08 14:43:38.090 11 ERROR keystone.server.flask.application
[Fri May 08 14:43:38.101902 2026] [wsgi:error] [pid 11:tid 140459706799808] [remote 10.0.0.192:53160] 2026-05-08 14:43:38.090 11 ERROR keystone.server.flask.application The above exception was the direct cause of the following exception:
[Fri May 08 14:43:38.101903 2026] [wsgi:error] [pid 11:tid 140459706799808] [remote 10.0.0.192:53160] 2026-05-08 14:43:38.090 11 ERROR keystone.server.flask.application
[Fri May 08 14:43:38.101904 2026] [wsgi:error] [pid 11:tid 140459706799808] [remote 10.0.0.192:53160] 2026-05-08 14:43:38.090 11 ERROR keystone.server.flask.application
Traceback (most recent call last):
[Fri May 08 14:43:38.101906 2026] [wsgi:error] [pid 11:tid 140459706799808] [remote 10.0.0.192:53160] 2026-05-08 14:43:38.090 11 ERROR keystone.server.flask.application
File "/var/lib/openstack/lib/python3.12/site-packages/keystone/common/sql/core.py", line 575, in wrapper
[Fri May 08 14:43:38.101907 2026] [wsgi:error] [pid 11:tid 140459706799808] [remote 10.0.0.192:53160] 2026-05-08 14:43:38.090 11 ERROR keystone.server.flask.application return method(*args, **kwargs)
[Fri May 08 14:43:38.101908 2026] [wsgi:error] [pid 11:tid 140459706799808] [remote 10.0.0.192:53160] 2026-05-08 14:43:38.090 11 ERROR keystone.server.flask.application ^^^^^^^^^^^^^^^^^^^^^^^
[Fri May 08 14:43:38.101910 2026] [wsgi:error] [pid 11:tid 140459706799808] [remote 10.0.0.192:53160] 2026-05-08 14:43:38.090 11 ERROR keystone.server.flask.application
File "/var/lib/openstack/lib/python3.12/site-packages/keystone/resource/backends/sql.py", line 278, in create_project
[Fri May 08 14:43:38.101912 2026] [wsgi:error] [pid 11:tid 140459706799808] [remote 10.0.0.192:53160] 2026-05-08 14:43:38.090 11 ERROR keystone.server.flask.application with sql.session_for_write() as session:
[Fri May 08 14:43:38.101913 2026] [wsgi:error] [pid 11:tid 140459706799808] [remote 10.0.0.192:53160] 2026-05-08 14:43:38.090 11 ERROR keystone.server.flask.application
File "/usr/lib/python3.12/contextlib.py", line 144, in __exit__
[Fri May 08 14:43:38.101915 2026] [wsgi:error] [pid 11:tid 140459706799808] [remote 10.0.0.192:53160] 2026-05-08 14:43:38.090 11 ERROR keystone.server.flask.application next(self.gen)
[Fri May 08 14:43:38.101916 2026] [wsgi:error] [pid 11:tid 140459706799808] [remote 10.0.0.192:53160] 2026-05-08 14:43:38.090 11 ERROR keystone.server.flask.application
File "/var/lib/openstack/lib/python3.12/site-packages/oslo_db/sqlalchemy/enginefacade.py", line 1175, in _transaction_scope
[Fri May 08 14:43:38.101917 2026] [wsgi:error] [pid 11:tid 140459706799808] [remote 10.0.0.192:53160] 2026-05-08 14:43:38.090 11 ERROR keystone.server.flask.application with current._produce_block(
[Fri May 08 14:43:38.101919 2026] [wsgi:error] [pid 11:tid 140459706799808] [remote 10.0.0.192:53160] 2026-05-08 14:43:38.090 11 ERROR keystone.server.flask.application
File "/usr/lib/python3.12/contextlib.py", line 144, in __exit__
[Fri May 08 14:43:38.101920 2026] [wsgi:error] [pid 11:tid 140459706799808] [remote 10.0.0.192:53160] 2026-05-08 14:43:38.090 11 ERROR keystone.server.flask.application next(self.gen)
[Fri May 08 14:43:38.101921 2026] [wsgi:error] [pid 11:tid 140459706799808] [remote 10.0.0.192:53160] 2026-05-08 14:43:38.090 11 ERROR keystone.server.flask.application
File "/var/lib/openstack/lib/python3.12/site-packages/oslo_db/sqlalchemy/enginefacade.py", line 837, in _session
[Fri May 08 14:43:38.101923 2026] [wsgi:error] [pid 11:tid 140459706799808] [remote 10.0.0.192:53160] 2026-05-08 14:43:38.090 11 ERROR keystone.server.flask.application with excutils.save_and_reraise_exception():
[Fri May 08 14:43:38.101924 2026] [wsgi:error] [pid 11:tid 140459706799808] [remote 10.0.0.192:53160] 2026-05-08 14:43:38.090 11 ERROR keystone.server.flask.application
File "/var/lib/openstack/lib/python3.12/site-packages/oslo_utils/excutils.py", line 271, in __exit__
[Fri May 08 14:43:38.101926 2026] [wsgi:error] [pid 11:tid 140459706799808] [remote 10.0.0.192:53160] 2026-05-08 14:43:38.090 11 ERROR keystone.server.flask.application self.force_reraise()
[Fri May 08 14:43:38.101927 2026] [wsgi:error] [pid 11:tid 140459706799808] [remote 10.0.0.192:53160] 2026-05-08 14:43:38.090 11 ERROR keystone.server.flask.application
File "/var/lib/openstack/lib/python3.12/site-packages/oslo_utils/excutils.py", line 233, in force_reraise
[Fri May 08 14:43:38.101928 2026] [wsgi:error] [pid 11:tid 140459706799808] [remote 10.0.0.192:53160] 2026-05-08 14:43:38.090 11 ERROR keystone.server.flask.application raise self.value
[Fri May 08 14:43:38.101930 2026] [wsgi:error] [pid 11:tid 140459706799808] [remote 10.0.0.192:53160] 2026-05-08 14:43:38.090 11 ERROR keystone.server.flask.application
File "/var/lib/openstack/lib/python3.12/site-packages/oslo_db/sqlalchemy/enginefacade.py", line 835, in _session
[Fri May 08 14:43:38.101931 2026] [wsgi:error] [pid 11:tid 140459706799808] [remote 10.0.0.192:53160] 2026-05-08 14:43:38.090 11 ERROR keystone.server.flask.application self._end_session_transaction(self.session)
[Fri May 08 14:43:38.101932 2026] [wsgi:error] [pid 11:tid 140459706799808] [remote 10.0.0.192:53160] 2026-05-08 14:43:38.090 11 ERROR keystone.server.flask.application
File "/var/lib/openstack/lib/python3.12/site-packages/oslo_db/sqlalchemy/enginefacade.py", line 748, in _end_session_transaction
[Fri May 08 14:43:38.101935 2026] [wsgi:error] [pid 11:tid 140459706799808] [remote 10.0.0.192:53160] 2026-05-08 14:43:38.090 11 ERROR keystone.server.flask.application session.commit()
[Fri May 08 14:43:38.101936 2026] [wsgi:error] [pid 11:tid 140459706799808] [remote 10.0.0.192:53160] 2026-05-08 14:43:38.090 11 ERROR keystone.server.flask.application
File "/var/lib/openstack/lib/python3.12/site-packages/sqlalchemy/orm/session.py", line 2030, in commit
[Fri May 08 14:43:38.101937 2026] [wsgi:error] [pid 11:tid 140459706799808] [remote 10.0.0.192:53160] 2026-05-08 14:43:38.090 11 ERROR keystone.server.flask.application trans.commit(_to_root=True)
[Fri May 08 14:43:38.101939 2026] [wsgi:error] [pid 11:tid 140459706799808] [remote 10.0.0.192:53160] 2026-05-08 14:43:38.090 11 ERROR keystone.server.flask.application File "", line 2, in commit
[Fri May 08 14:43:38.101940 2026] [wsgi:error] [pid 11:tid 140459706799808] [remote 10.0.0.192:53160] 2026-05-08 14:43:38.090 11 ERROR keystone.server.flask.application
File "/var/lib/openstack/lib/python3.12/site-packages/sqlalchemy/orm/state_changes.py", line 137, in _go
[Fri May 08 14:43:38.101942 2026] [wsgi:error] [pid 11:tid 140459706799808] [remote 10.0.0.192:53160] 2026-05-08 14:43:38.090 11 ERROR keystone.server.flask.application ret_value = fn(self, *arg, **kw)
[Fri May 08 14:43:38.101943 2026] [wsgi:error] [pid 11:tid 140459706799808] [remote 10.0.0.192:53160] 2026-05-08 14:43:38.090 11 ERROR keystone.server.flask.application ^^^^^^^^^^^^^^^^^^^^
[Fri May 08 14:43:38.101945 2026] [wsgi:error] [pid 11:tid 140459706799808] [remote 10.0.0.192:53160] 2026-05-08 14:43:38.090 11 ERROR keystone.server.flask.application
File "/var/lib/openstack/lib/python3.12/site-packages/sqlalchemy/orm/session.py", line 1311, in commit
[Fri May 08 14:43:38.101946 2026] [wsgi:error] [pid 11:tid 140459706799808] [remote 10.0.0.192:53160] 2026-05-08 14:43:38.090 11 ERROR keystone.server.flask.application self._prepare_impl()
[Fri May 08 14:43:38.101947 2026] [wsgi:error] [pid 11:tid 140459706799808] [remote 10.0.0.192:53160] 2026-05-08 14:43:38.090 11 ERROR keystone.server.flask.application File "", line 2, in _prepare_impl
[Fri May 08 14:43:38.101949 2026] [wsgi:error] [pid 11:tid 140459706799808] [remote 10.0.0.192:53160] 2026-05-08 14:43:38.090 11 ERROR keystone.server.flask.application
File "/var/lib/openstack/lib/python3.12/site-packages/sqlalchemy/orm/state_changes.py", line 137, in _go
[Fri May 08 14:43:38.101950 2026] [wsgi:error] [pid 11:tid 140459706799808] [remote 10.0.0.192:53160] 2026-05-08 14:43:38.090 11 ERROR keystone.server.flask.application ret_value = fn(self, *arg, **kw)
[Fri May 08 14:43:38.101951 2026] [wsgi:error] [pid 11:tid 140459706799808] [remote 10.0.0.192:53160] 2026-05-08 14:43:38.090 11 ERROR keystone.server.flask.application ^^^^^^^^^^^^^^^^^^^^
[Fri May 08 14:43:38.101953 2026] [wsgi:error] [pid 11:tid 140459706799808] [remote 10.0.0.192:53160] 2026-05-08 14:43:38.090 11 ERROR keystone.server.flask.application
File "/var/lib/openstack/lib/python3.12/site-packages/sqlalchemy/orm/session.py", line 1286, in _prepare_impl
[Fri May 08 14:43:38.101954 2026] [wsgi:error] [pid 11:tid 140459706799808] [remote 10.0.0.192:53160] 2026-05-08 14:43:38.090 11 ERROR keystone.server.flask.application self.session.flush()
[Fri May 08 14:43:38.101955 2026] [wsgi:error] [pid 11:tid 140459706799808] [remote 10.0.0.192:53160] 2026-05-08 14:43:38.090 11 ERROR keystone.server.flask.application
File "/var/lib/openstack/lib/python3.12/site-packages/sqlalchemy/orm/session.py", line 4331, in flush
[Fri May 08 14:43:38.101957 2026] [wsgi:error] [pid 11:tid 140459706799808] [remote 10.0.0.192:53160] 2026-05-08 14:43:38.090 11 ERROR keystone.server.flask.application self._flush(objects)
[Fri May 08 14:43:38.101959 2026] [wsgi:error] [pid 11:tid 140459706799808] [remote 10.0.0.192:53160] 2026-05-08 14:43:38.090 11 ERROR keystone.server.flask.application
File "/var/lib/openstack/lib/python3.12/site-packages/sqlalchemy/orm/session.py", line 4466, in _flush
[Fri May 08 14:43:38.101961 2026] [wsgi:error] [pid 11:tid 140459706799808] [remote 10.0.0.192:53160] 2026-05-08 14:43:38.090 11 ERROR keystone.server.flask.application with util.safe_reraise():
[Fri May 08 14:43:38.101962 2026] [wsgi:error] [pid 11:tid 140459706799808] [remote 10.0.0.192:53160] 2026-05-08 14:43:38.090 11 ERROR keystone.server.flask.application
File "/var/lib/openstack/lib/python3.12/site-packages/sqlalchemy/util/langhelpers.py", line 121, in __exit__
[Fri May 08 14:43:38.101963 2026] [wsgi:error] [pid 11:tid 140459706799808] [remote 10.0.0.192:53160] 2026-05-08 14:43:38.090 11 ERROR keystone.server.flask.application raise exc_value.with_traceback(exc_tb)
[Fri May 08 14:43:38.101965 2026] [wsgi:error] [pid 11:tid 140459706799808] [remote 10.0.0.192:53160] 2026-05-08 14:43:38.090 11 ERROR keystone.server.flask.application
File "/var/lib/openstack/lib/python3.12/site-packages/sqlalchemy/orm/session.py", line 4427, in _flush
[Fri May 08 14:43:38.101966 2026] [wsgi:error] [pid 11:tid 140459706799808] [remote 10.0.0.192:53160] 2026-05-08 14:43:38.090 11 ERROR keystone.server.flask.application flush_context.execute()
[Fri May 08 14:43:38.101967 2026] [wsgi:error] [pid 11:tid 140459706799808] [remote 10.0.0.192:53160] 2026-05-08 14:43:38.090 11 ERROR keystone.server.flask.application
