Mar 31 00:50:57.013858 np0000161776 neutron-periodic-workers[104021]: DEBUG cotyledon.oslo_config_glue [-] ml2.tunnelled_network_rp_name = rp_tunnelled {{(pid=104021) log_opt_values /opt/stack/data/venv/lib/python3.12/site-packages/oslo_config/cfg.py:3006}}
Mar 31 00:50:57.013858 np0000161776 neutron-periodic-workers[104021]: DEBUG cotyledon.oslo_config_glue [-] ml2.type_drivers = ['local', 'flat', 'vlan', 'geneve'] {{(pid=104021) log_opt_values /opt/stack/data/venv/lib/python3.12/site-packages/oslo_config/cfg.py:3006}}
Mar 31 00:50:57.013945 np0000161776 neutron-periodic-workers[104021]: DEBUG cotyledon.oslo_config_glue [-] ml2_type_flat.flat_networks = ['public'] {{(pid=104021) log_opt_values /opt/stack/data/venv/lib/python3.12/site-packages/oslo_config/cfg.py:3006}}
Mar 31 00:50:57.013945 np0000161776 neutron-periodic-workers[104021]: DEBUG cotyledon.oslo_config_glue [-] ml2_type_geneve.max_header_size = 38 {{(pid=104021) log_opt_values /opt/stack/data/venv/lib/python3.12/site-packages/oslo_config/cfg.py:3006}}
Mar 31 00:50:57.014023 np0000161776 neutron-periodic-workers[104021]: DEBUG cotyledon.oslo_config_glue [-] ml2_type_geneve.vni_ranges = ['1:65536'] {{(pid=104021) log_opt_values /opt/stack/data/venv/lib/python3.12/site-packages/oslo_config/cfg.py:3006}}
Mar 31 00:50:57.014023 np0000161776 neutron-periodic-workers[104021]: DEBUG cotyledon.oslo_config_glue [-] ml2_type_vlan.network_vlan_ranges = ['public'] {{(pid=104021) log_opt_values /opt/stack/data/venv/lib/python3.12/site-packages/oslo_config/cfg.py:3006}}
Mar 31 00:50:57.014077 np0000161776 neutron-periodic-workers[104021]: DEBUG cotyledon.oslo_config_glue [-] network_log.burst_limit = 25 {{(pid=104021) log_opt_values /opt/stack/data/venv/lib/python3.12/site-packages/oslo_config/cfg.py:3006}}
Mar 31 00:50:57.014133 np0000161776 neutron-periodic-workers[104021]: DEBUG cotyledon.oslo_config_glue [-] network_log.local_output_log_base = None {{(pid=104021) log_opt_values /opt/stack/data/venv/lib/python3.12/site-packages/oslo_config/cfg.py:3006}}
Mar 31 00:50:57.014203 np0000161776 neutron-periodic-workers[104021]: DEBUG cotyledon.oslo_config_glue [-] network_log.rate_limit = 100 {{(pid=104021) log_opt_values /opt/stack/data/venv/lib/python3.12/site-packages/oslo_config/cfg.py:3006}}
Mar 31 00:50:57.014237 np0000161776 neutron-periodic-workers[104021]: DEBUG cotyledon.oslo_config_glue [-] database.asyncio_connection = **** {{(pid=104021) log_opt_values /opt/stack/data/venv/lib/python3.12/site-packages/oslo_config/cfg.py:3006}}
Mar 31 00:50:57.014260 np0000161776 neutron-periodic-workers[104021]: DEBUG cotyledon.oslo_config_glue [-] database.asyncio_slave_connection = **** {{(pid=104021) log_opt_values /opt/stack/data/venv/lib/python3.12/site-packages/oslo_config/cfg.py:3006}}
Mar 31 00:50:57.014309 np0000161776 neutron-periodic-workers[104021]: DEBUG cotyledon.oslo_config_glue [-] database.backend = sqlalchemy {{(pid=104021) log_opt_values /opt/stack/data/venv/lib/python3.12/site-packages/oslo_config/cfg.py:3006}}
Mar 31 00:50:57.014355 np0000161776 neutron-periodic-workers[104021]: DEBUG cotyledon.oslo_config_glue [-] database.connection = **** {{(pid=104021) log_opt_values /opt/stack/data/venv/lib/python3.12/site-packages/oslo_config/cfg.py:3006}}
Mar 31 00:50:57.014419 np0000161776 neutron-periodic-workers[104021]: DEBUG cotyledon.oslo_config_glue [-] database.connection_debug = 0 {{(pid=104021) log_opt_values /opt/stack/data/venv/lib/python3.12/site-packages/oslo_config/cfg.py:3006}}
Mar 31 00:50:57.014456 np0000161776 neutron-periodic-workers[104021]: DEBUG cotyledon.oslo_config_glue [-] database.connection_parameters = {{(pid=104021) log_opt_values /opt/stack/data/venv/lib/python3.12/site-packages/oslo_config/cfg.py:3006}}
Mar 31 00:50:57.014504 np0000161776 neutron-periodic-workers[104021]: DEBUG cotyledon.oslo_config_glue [-] database.connection_recycle_time = 3600 {{(pid=104021) log_opt_values /opt/stack/data/venv/lib/python3.12/site-packages/oslo_config/cfg.py:3006}}
Mar 31 00:50:57.014543 np0000161776 neutron-periodic-workers[104021]: DEBUG cotyledon.oslo_config_glue [-] database.connection_trace = False {{(pid=104021) log_opt_values /opt/stack/data/venv/lib/python3.12/site-packages/oslo_config/cfg.py:3006}}
Mar 31 00:50:57.014580 np0000161776 neutron-periodic-workers[104021]: DEBUG cotyledon.oslo_config_glue [-] database.db_inc_retry_interval = True {{(pid=104021) log_opt_values /opt/stack/data/venv/lib/python3.12/site-packages/oslo_config/cfg.py:3006}}
Mar 31 00:50:57.014617 np0000161776 neutron-periodic-workers[104021]: DEBUG cotyledon.oslo_config_glue [-] database.db_max_retries = 20 {{(pid=104021) log_opt_values /opt/stack/data/venv/lib/python3.12/site-packages/oslo_config/cfg.py:3006}}
Mar 31 00:50:57.014645 np0000161776 neutron-periodic-workers[104021]: DEBUG cotyledon.oslo_config_glue [-] database.db_max_retry_interval = 10 {{(pid=104021) log_opt_values /opt/stack/data/venv/lib/python3.12/site-packages/oslo_config/cfg.py:3006}}
Mar 31 00:50:57.014693 np0000161776 neutron-periodic-workers[104021]: DEBUG cotyledon.oslo_config_glue [-] database.db_retry_interval = 1 {{(pid=104021) log_opt_values /opt/stack/data/venv/lib/python3.12/site-packages/oslo_config/cfg.py:3006}}
Mar 31 00:50:57.014731 np0000161776 neutron-periodic-workers[104021]: DEBUG cotyledon.oslo_config_glue [-] database.max_overflow = 50 {{(pid=104021) log_opt_values /opt/stack/data/venv/lib/python3.12/site-packages/oslo_config/cfg.py:3006}}
Mar 31 00:50:57.014767 np0000161776 neutron-periodic-workers[104021]: DEBUG cotyledon.oslo_config_glue [-] database.max_pool_size = 5 {{(pid=104021) log_opt_values /opt/stack/data/venv/lib/python3.12/site-packages/oslo_config/cfg.py:3006}}
Mar 31 00:50:57.014802 np0000161776 neutron-periodic-workers[104021]: DEBUG cotyledon.oslo_config_glue [-] database.max_retries = 10 {{(pid=104021) log_opt_values /opt/stack/data/venv/lib/python3.12/site-packages/oslo_config/cfg.py:3006}}
Mar 31 00:50:57.014840 np0000161776 neutron-periodic-workers[104021]: DEBUG cotyledon.oslo_config_glue [-] database.mysql_sql_mode = TRADITIONAL {{(pid=104021) log_opt_values /opt/stack/data/venv/lib/python3.12/site-packages/oslo_config/cfg.py:3006}}
Mar 31 00:50:57.014878 np0000161776 neutron-periodic-workers[104021]: DEBUG cotyledon.oslo_config_glue [-] database.mysql_wsrep_sync_wait = None {{(pid=104021) log_opt_values /opt/stack/data/venv/lib/python3.12/site-packages/oslo_config/cfg.py:3006}}
Mar 31 00:50:57.014911 np0000161776 neutron-periodic-workers[104021]: DEBUG cotyledon.oslo_config_glue [-] database.pool_timeout = None {{(pid=104021) log_opt_values /opt/stack/data/venv/lib/python3.12/site-packages/oslo_config/cfg.py:3006}}
Mar 31 00:50:57.014951 np0000161776 neutron-periodic-workers[104021]: DEBUG cotyledon.oslo_config_glue [-] database.retry_interval = 10 {{(pid=104021) log_opt_values /opt/stack/data/venv/lib/python3.12/site-packages/oslo_config/cfg.py:3006}}
Mar 31 00:50:57.014988 np0000161776 neutron-periodic-workers[104021]: DEBUG cotyledon.oslo_config_glue [-] database.slave_connection = **** {{(pid=104021) log_opt_values /opt/stack/data/venv/lib/python3.12/site-packages/oslo_config/cfg.py:3006}}
Mar 31 00:50:57.015026 np0000161776 neutron-periodic-workers[104021]: DEBUG cotyledon.oslo_config_glue [-] database.sqlite_synchronous = True {{(pid=104021) log_opt_values /opt/stack/data/venv/lib/python3.12/site-packages/oslo_config/cfg.py:3006}}
Mar 31 00:50:57.015072 np0000161776 neutron-periodic-workers[104021]: DEBUG cotyledon.oslo_config_glue [-] database.synchronous_reader = True {{(pid=104021) log_opt_values /opt/stack/data/venv/lib/python3.12/site-packages/oslo_config/cfg.py:3006}}
Mar 31 00:50:57.015111 np0000161776 neutron-periodic-workers[104021]: DEBUG cotyledon.oslo_config_glue [-] database.use_db_reconnect = False {{(pid=104021) log_opt_values /opt/stack/data/venv/lib/python3.12/site-packages/oslo_config/cfg.py:3006}}
Mar 31 00:50:57.015186 np0000161776 neutron-periodic-workers[104021]: DEBUG cotyledon.oslo_config_glue [-] ovn.bfd_min_rx = 1000 {{(pid=104021) log_opt_values /opt/stack/data/venv/lib/python3.12/site-packages/oslo_config/cfg.py:3006}}
Mar 31 00:50:57.015225 np0000161776 neutron-periodic-workers[104021]: DEBUG cotyledon.oslo_config_glue [-] ovn.bfd_min_tx = 100 {{(pid=104021) log_opt_values /opt/stack/data/venv/lib/python3.12/site-packages/oslo_config/cfg.py:3006}}
Mar 31 00:50:57.015294 np0000161776 neutron-periodic-workers[104021]: DEBUG cotyledon.oslo_config_glue [-] ovn.bfd_mult = 3 {{(pid=104021) log_opt_values /opt/stack/data/venv/lib/python3.12/site-packages/oslo_config/cfg.py:3006}}
Mar 31 00:50:57.015294 np0000161776 neutron-periodic-workers[104021]: DEBUG cotyledon.oslo_config_glue [-] ovn.broadcast_arps_to_all_routers = True {{(pid=104021) log_opt_values /opt/stack/data/venv/lib/python3.12/site-packages/oslo_config/cfg.py:3006}}
Mar 31 00:50:57.015344 np0000161776 neutron-periodic-workers[104021]: DEBUG cotyledon.oslo_config_glue [-] ovn.dhcp_default_lease_time = 43200 {{(pid=104021) log_opt_values /opt/stack/data/venv/lib/python3.12/site-packages/oslo_config/cfg.py:3006}}
Mar 31 00:50:57.015368 np0000161776 neutron-periodic-workers[104021]: DEBUG cotyledon.oslo_config_glue [-] ovn.disable_ovn_dhcp_for_baremetal_ports = False {{(pid=104021) log_opt_values /opt/stack/data/venv/lib/python3.12/site-packages/oslo_config/cfg.py:3006}}
Mar 31 00:50:57.015425 np0000161776 neutron-periodic-workers[104021]: DEBUG cotyledon.oslo_config_glue [-] ovn.dns_records_ovn_owned = False {{(pid=104021) log_opt_values /opt/stack/data/venv/lib/python3.12/site-packages/oslo_config/cfg.py:3006}}
Mar 31 00:50:57.015463 np0000161776 neutron-periodic-workers[104021]: DEBUG cotyledon.oslo_config_glue [-] ovn.dns_servers = [] {{(pid=104021) log_opt_values /opt/stack/data/venv/lib/python3.12/site-packages/oslo_config/cfg.py:3006}}
Mar 31 00:50:57.015498 np0000161776 neutron-periodic-workers[104021]: DEBUG cotyledon.oslo_config_glue [-] ovn.enable_distributed_floating_ip = False {{(pid=104021) log_opt_values /opt/stack/data/venv/lib/python3.12/site-packages/oslo_config/cfg.py:3006}}
Mar 31 00:50:57.015537 np0000161776 neutron-periodic-workers[104021]: DEBUG cotyledon.oslo_config_glue [-] ovn.fdb_age_threshold = 300 {{(pid=104021) log_opt_values /opt/stack/data/venv/lib/python3.12/site-packages/oslo_config/cfg.py:3006}}
Mar 31 00:50:57.015575 np0000161776 neutron-periodic-workers[104021]: DEBUG cotyledon.oslo_config_glue [-] ovn.ha_failover_strategy = normal {{(pid=104021) log_opt_values /opt/stack/data/venv/lib/python3.12/site-packages/oslo_config/cfg.py:3006}}
Mar 31 00:50:57.015611 np0000161776 neutron-periodic-workers[104021]: DEBUG cotyledon.oslo_config_glue [-] ovn.live_migration_activation_strategy = rarp {{(pid=104021) log_opt_values /opt/stack/data/venv/lib/python3.12/site-packages/oslo_config/cfg.py:3006}}
Mar 31 00:50:57.015706 np0000161776 neutron-periodic-workers[104021]: DEBUG cotyledon.oslo_config_glue [-] ovn.localnet_learn_fdb = False {{(pid=104021) log_opt_values /opt/stack/data/venv/lib/python3.12/site-packages/oslo_config/cfg.py:3006}}
Mar 31 00:50:57.015706 np0000161776 neutron-periodic-workers[104021]: DEBUG cotyledon.oslo_config_glue [-] ovn.mac_binding_age_threshold = 300 {{(pid=104021) log_opt_values /opt/stack/data/venv/lib/python3.12/site-packages/oslo_config/cfg.py:3006}}
Mar 31 00:50:57.015781 np0000161776 neutron-periodic-workers[104021]: DEBUG cotyledon.oslo_config_glue [-] ovn.neutron_sync_mode = log {{(pid=104021) log_opt_values /opt/stack/data/venv/lib/python3.12/site-packages/oslo_config/cfg.py:3006}}
Mar 31 00:50:57.015781 np0000161776 neutron-periodic-workers[104021]: DEBUG cotyledon.oslo_config_glue [-] ovn.ovn_dhcp4_global_options = {} {{(pid=104021) log_opt_values /opt/stack/data/venv/lib/python3.12/site-packages/oslo_config/cfg.py:3006}}
Mar 31 00:50:57.015855 np0000161776 neutron-periodic-workers[104021]: DEBUG cotyledon.oslo_config_glue [-] ovn.ovn_dhcp6_global_options = {} {{(pid=104021) log_opt_values /opt/stack/data/venv/lib/python3.12/site-packages/oslo_config/cfg.py:3006}}
Mar 31 00:50:57.015855 np0000161776 neutron-periodic-workers[104021]: DEBUG cotyledon.oslo_config_glue [-] ovn.ovn_l3_scheduler = leastloaded {{(pid=104021) log_opt_values /opt/stack/data/venv/lib/python3.12/site-packages/oslo_config/cfg.py:3006}}
Mar 31 00:50:57.015926 np0000161776 neutron-periodic-workers[104021]: DEBUG cotyledon.oslo_config_glue [-] ovn.ovn_metadata_enabled = True {{(pid=104021) log_opt_values /opt/stack/data/venv/lib/python3.12/site-packages/oslo_config/cfg.py:3006}}
Mar 31 00:50:57.015926 np0000161776 neutron-periodic-workers[104021]: DEBUG cotyledon.oslo_config_glue [-] ovn.ovn_nb_ca_cert = /opt/stack/data/CA/int-ca/ca-chain.pem {{(pid=104021) log_opt_values /opt/stack/data/venv/lib/python3.12/site-packages/oslo_config/cfg.py:3006}}
Mar 31 00:50:57.016005 np0000161776 neutron-periodic-workers[104021]: DEBUG cotyledon.oslo_config_glue [-] ovn.ovn_nb_certificate = /opt/stack/data/CA/int-ca/devstack-cert.crt {{(pid=104021) log_opt_values /opt/stack/data/venv/lib/python3.12/site-packages/oslo_config/cfg.py:3006}}
Mar 31 00:50:57.016005 np0000161776 neutron-periodic-workers[104021]: DEBUG cotyledon.oslo_config_glue [-] ovn.ovn_nb_connection = ['ssl:199.204.45.49:6641'] {{(pid=104021) log_opt_values /opt/stack/data/venv/lib/python3.12/site-packages/oslo_config/cfg.py:3006}}
Mar 31 00:50:57.016053 np0000161776 neutron-periodic-workers[104021]: DEBUG cotyledon.oslo_config_glue [-] ovn.ovn_nb_private_key = /opt/stack/data/CA/int-ca/private/devstack-cert.key {{(pid=104021) log_opt_values /opt/stack/data/venv/lib/python3.12/site-packages/oslo_config/cfg.py:3006}}
Mar 31 00:50:57.016098 np0000161776 neutron-periodic-workers[104021]: DEBUG cotyledon.oslo_config_glue [-] ovn.ovn_router_indirect_snat = False {{(pid=104021) log_opt_values /opt/stack/data/venv/lib/python3.12/site-packages/oslo_config/cfg.py:3006}}
Mar 31 00:50:57.016124 np0000161776 neutron-periodic-workers[104021]: DEBUG cotyledon.oslo_config_glue [-] ovn.ovn_sb_ca_cert = /opt/stack/data/CA/int-ca/ca-chain.pem {{(pid=104021) log_opt_values /opt/stack/data/venv/lib/python3.12/site-packages/oslo_config/cfg.py:3006}}
Mar 31 00:50:57.016185 np0000161776 neutron-periodic-workers[104021]: DEBUG cotyledon.oslo_config_glue [-] ovn.ovn_sb_certificate = /opt/stack/data/CA/int-ca/devstack-cert.crt {{(pid=104021) log_opt_values /opt/stack/data/venv/lib/python3.12/site-packages/oslo_config/cfg.py:3006}}
Mar 31 00:50:57.016247 np0000161776 neutron-periodic-workers[104021]: DEBUG cotyledon.oslo_config_glue [-] ovn.ovn_sb_connection = ['ssl:199.204.45.49:6642'] {{(pid=104021) log_opt_values /opt/stack/data/venv/lib/python3.12/site-packages/oslo_config/cfg.py:3006}}
Mar 31 00:50:57.016247 np0000161776 neutron-periodic-workers[104021]: DEBUG cotyledon.oslo_config_glue [-] ovn.ovn_sb_private_key = /opt/stack/data/CA/int-ca/private/devstack-cert.key {{(pid=104021) log_opt_values /opt/stack/data/venv/lib/python3.12/site-packages/oslo_config/cfg.py:3006}}
Mar 31 00:50:57.016324 np0000161776 neutron-periodic-workers[104021]: DEBUG cotyledon.oslo_config_glue [-] ovn.ovs_create_tap = False {{(pid=104021) log_opt_values /opt/stack/data/venv/lib/python3.12/site-packages/oslo_config/cfg.py:3006}}
Mar 31 00:50:57.016324 np0000161776 neutron-periodic-workers[104021]: DEBUG cotyledon.oslo_config_glue [-] ovn.ovsdb_connection_timeout = 180 {{(pid=104021) log_opt_values /opt/stack/data/venv/lib/python3.12/site-packages/oslo_config/cfg.py:3006}}
Mar 31 00:50:57.016395 np0000161776 neutron-periodic-workers[104021]: DEBUG cotyledon.oslo_config_glue [-] ovn.ovsdb_log_level = INFO {{(pid=104021) log_opt_values /opt/stack/data/venv/lib/python3.12/site-packages/oslo_config/cfg.py:3006}}
Mar 31 00:50:57.016395 np0000161776 neutron-periodic-workers[104021]: DEBUG cotyledon.oslo_config_glue [-] ovn.ovsdb_probe_interval = 60000 {{(pid=104021) log_opt_values /opt/stack/data/venv/lib/python3.12/site-packages/oslo_config/cfg.py:3006}}
Mar 31 00:50:57.016465 np0000161776 neutron-periodic-workers[104021]: DEBUG cotyledon.oslo_config_glue [-] ovn.ovsdb_retry_max_interval = 180 {{(pid=104021) log_opt_values /opt/stack/data/venv/lib/python3.12/site-packages/oslo_config/cfg.py:3006}}
Mar 31 00:50:57.016502 np0000161776 neutron-periodic-workers[104021]: DEBUG cotyledon.oslo_config_glue [-] ovn.stateless_nat_enabled = False {{(pid=104021) log_opt_values /opt/stack/data/venv/lib/python3.12/site-packages/oslo_config/cfg.py:3006}}
Mar 31 00:50:57.016549 np0000161776 neutron-periodic-workers[104021]: DEBUG cotyledon.oslo_config_glue [-] ovn.vhost_sock_dir = /var/run/openvswitch {{(pid=104021) log_opt_values /opt/stack/data/venv/lib/python3.12/site-packages/oslo_config/cfg.py:3006}}
Mar 31 00:50:57.016605 np0000161776 neutron-periodic-workers[104021]: DEBUG cotyledon.oslo_config_glue [-] OVS.bridge_mac_table_size = 50000 {{(pid=104021) log_opt_values /opt/stack/data/venv/lib/python3.12/site-packages/oslo_config/cfg.py:3006}}
Mar 31 00:50:57.016708 np0000161776 neutron-periodic-workers[104021]: DEBUG cotyledon.oslo_config_glue [-] OVS.igmp_flood = False {{(pid=104021) log_opt_values /opt/stack/data/venv/lib/python3.12/site-packages/oslo_config/cfg.py:3006}}
Mar 31 00:50:57.016708 np0000161776 neutron-periodic-workers[104021]: DEBUG cotyledon.oslo_config_glue [-] OVS.igmp_flood_reports = True {{(pid=104021) log_opt_values /opt/stack/data/venv/lib/python3.12/site-packages/oslo_config/cfg.py:3006}}
Mar 31 00:50:57.016708 np0000161776 neutron-periodic-workers[104021]: DEBUG cotyledon.oslo_config_glue [-] OVS.igmp_flood_unregistered = False {{(pid=104021) log_opt_values /opt/stack/data/venv/lib/python3.12/site-packages/oslo_config/cfg.py:3006}}
Mar 31 00:50:57.016816 np0000161776 neutron-periodic-workers[104021]: DEBUG cotyledon.oslo_config_glue [-] OVS.igmp_snooping_enable = False {{(pid=104021) log_opt_values /opt/stack/data/venv/lib/python3.12/site-packages/oslo_config/cfg.py:3006}}
Mar 31 00:50:57.016816 np0000161776 neutron-periodic-workers[104021]: DEBUG cotyledon.oslo_config_glue [-] OVS.ovsdb_timeout = 10 {{(pid=104021) log_opt_values /opt/stack/data/venv/lib/python3.12/site-packages/oslo_config/cfg.py:3006}}
Mar 31 00:50:57.016898 np0000161776 neutron-periodic-workers[104021]: DEBUG cotyledon.oslo_config_glue [-] ovn_nb_global.fdb_removal_limit = 0 {{(pid=104021) log_opt_values /opt/stack/data/venv/lib/python3.12/site-packages/oslo_config/cfg.py:3006}}
Mar 31 00:50:57.016951 np0000161776 neutron-periodic-workers[104021]: DEBUG cotyledon.oslo_config_glue [-] ovn_nb_global.ignore_lsp_down = False {{(pid=104021) log_opt_values /opt/stack/data/venv/lib/python3.12/site-packages/oslo_config/cfg.py:3006}}
Mar 31 00:50:57.016951 np0000161776 neutron-periodic-workers[104021]: DEBUG cotyledon.oslo_config_glue [-] ovn_nb_global.mac_binding_removal_limit = 0 {{(pid=104021) log_opt_values /opt/stack/data/venv/lib/python3.12/site-packages/oslo_config/cfg.py:3006}}
Mar 31 00:50:57.017026 np0000161776 neutron-periodic-workers[104021]: DEBUG cotyledon.oslo_config_glue [-] ******************************************************************************** {{(pid=104021) log_opt_values /opt/stack/data/venv/lib/python3.12/site-packages/oslo_config/cfg.py:3013}}
Mar 31 00:50:57.017140 np0000161776 neutron-periodic-workers[104021]: DEBUG cotyledon._service_worker [-] Run service ServiceWrapper(0) [104021] {{(pid=104021) wait_forever /opt/stack/data/venv/lib/python3.12/site-packages/cotyledon/_service_worker.py:218}}
Mar 31 00:51:06.650875 np0000161776 neutron-periodic-workers[103160]: DEBUG dbcounter [-] [103160] Writing DB stats neutron:SELECT=4 {{(pid=103160) stat_writer /opt/stack/data/venv/lib/python3.12/site-packages/dbcounter.py:115}}
Mar 31 00:51:51.982886 np0000161776 neutron-periodic-workers[103989]: DEBUG oslo_db.sqlalchemy.engines [None req-d795458a-2a19-4553-86e3-a813095660c8 None None] Parent process 103160 forked (103989) with an open database connection, which is being discarded and recreated. {{(pid=103989) checkout /opt/stack/data/venv/lib/python3.12/site-packages/oslo_db/sqlalchemy/engines.py:402}}
Mar 31 00:51:51.991981 np0000161776 neutron-periodic-workers[103989]: DEBUG dbcounter [-] [103989] Writer thread running {{(pid=103989) stat_writer /opt/stack/data/venv/lib/python3.12/site-packages/dbcounter.py:102}}
Mar 31 00:51:51.995778 np0000161776 neutron-periodic-workers[103989]: DEBUG neutron.db.agents_db [None req-d795458a-2a19-4553-86e3-a813095660c8 None None] Agent healthcheck: found 0 active agents {{(pid=103989) agent_health_check /opt/stack/neutron/neutron/db/agents_db.py:317}}
Mar 31 00:51:51.996017 np0000161776 neutron-periodic-workers[103989]: DEBUG oslo.service.backend._threading.loopingcall [None req-d795458a-2a19-4553-86e3-a813095660c8 None None] Fixed interval looping call 'neutron.plugins.ml2.plugin.AgentDbMixin.agent_health_check' sleeping for 36.98 seconds {{(pid=103989) _run_loop /opt/stack/data/venv/lib/python3.12/site-packages/oslo_service/backend/_threading/loopingcall.py:125}}
Mar 31 00:52:01.992888 np0000161776 neutron-periodic-workers[103989]: DEBUG dbcounter [-] [103989] Writing DB stats neutron:SELECT=1 {{(pid=103989) stat_writer /opt/stack/data/venv/lib/python3.12/site-packages/dbcounter.py:115}}
Mar 31 00:52:08.983012 np0000161776 neutron-periodic-workers[103984]: DEBUG dbcounter [-] [103984] Writer thread running {{(pid=103984) stat_writer /opt/stack/data/venv/lib/python3.12/site-packages/dbcounter.py:102}}
Mar 31 00:52:08.993284 np0000161776 neutron-periodic-workers[103984]: DEBUG oslo.service.backend._threading.loopingcall [None req-73d41bf5-b57a-4c4c-97d9-dbe9953d03c7 None None] Fixed interval looping call 'neutron.plugins.ml2.plugin.DhcpAgentSchedulerDbMixin.remove_networks_from_down_agents' sleeping for 36.97 seconds {{(pid=103984) _run_loop /opt/stack/data/venv/lib/python3.12/site-packages/oslo_service/backend/_threading/loopingcall.py:125}}
Mar 31 00:52:18.991732 np0000161776 neutron-periodic-workers[103984]: DEBUG dbcounter [-] [103984] Writing DB stats neutron:SELECT=3 {{(pid=103984) stat_writer /opt/stack/data/venv/lib/python3.12/site-packages/dbcounter.py:115}}
Mar 31 00:52:28.981943 np0000161776 neutron-periodic-workers[103989]: DEBUG neutron.db.agents_db [None req-d795458a-2a19-4553-86e3-a813095660c8 None None] Agent healthcheck: found 0 active agents {{(pid=103989) agent_health_check /opt/stack/neutron/neutron/db/agents_db.py:317}}
Mar 31 00:52:28.982666 np0000161776 neutron-periodic-workers[103989]: DEBUG oslo.service.backend._threading.loopingcall [None req-d795458a-2a19-4553-86e3-a813095660c8 None None] Fixed interval looping call 'neutron.plugins.ml2.plugin.AgentDbMixin.agent_health_check' sleeping for 36.99 seconds {{(pid=103989) _run_loop /opt/stack/data/venv/lib/python3.12/site-packages/oslo_service/backend/_threading/loopingcall.py:125}}
Mar 31 00:52:38.979946 np0000161776 neutron-periodic-workers[103989]: DEBUG dbcounter [-] [103989] Writing DB stats neutron:SELECT=1 {{(pid=103989) stat_writer /opt/stack/data/venv/lib/python3.12/site-packages/dbcounter.py:115}}
Mar 31 00:52:45.973907 np0000161776 neutron-periodic-workers[103984]: DEBUG oslo.service.backend._threading.loopingcall [None req-73d41bf5-b57a-4c4c-97d9-dbe9953d03c7 None None] Fixed interval looping call 'neutron.plugins.ml2.plugin.DhcpAgentSchedulerDbMixin.remove_networks_from_down_agents' sleeping for 36.99 seconds {{(pid=103984) _run_loop /opt/stack/data/venv/lib/python3.12/site-packages/oslo_service/backend/_threading/loopingcall.py:125}}
Mar 31 00:52:55.972695 np0000161776 neutron-periodic-workers[103984]: DEBUG dbcounter [-] [103984] Writing DB stats neutron:SELECT=3 {{(pid=103984) stat_writer /opt/stack/data/venv/lib/python3.12/site-packages/dbcounter.py:115}}
Mar 31 00:52:57.010031 np0000161776 neutron-periodic-workers[104000]: DEBUG dbcounter [-] [104000] Writer thread running {{(pid=104000) stat_writer /opt/stack/data/venv/lib/python3.12/site-packages/dbcounter.py:102}}
Mar 31 00:52:57.014685 np0000161776 neutron-periodic-workers[104000]: DEBUG oslo.service.backend._threading.loopingcall [None req-8422c20d-80c4-46b3-b6ca-d4d6104e2427 None None] Fixed interval looping call 'neutron.db.quota.driver_nolock.DbQuotaNoLockDriver._remove_expired_reservations' sleeping for 119.98 seconds {{(pid=104000) _run_loop /opt/stack/data/venv/lib/python3.12/site-packages/oslo_service/backend/_threading/loopingcall.py:125}}
Mar 31 00:53:05.977925 np0000161776 neutron-periodic-workers[103989]: DEBUG neutron.db.agents_db [None req-d795458a-2a19-4553-86e3-a813095660c8 None None] Agent healthcheck: found 0 active agents {{(pid=103989) agent_health_check /opt/stack/neutron/neutron/db/agents_db.py:317}}
Mar 31 00:53:05.978704 np0000161776 neutron-periodic-workers[103989]: DEBUG oslo.service.backend._threading.loopingcall [None req-d795458a-2a19-4553-86e3-a813095660c8 None None] Fixed interval looping call 'neutron.plugins.ml2.plugin.AgentDbMixin.agent_health_check' sleeping for 36.99 seconds {{(pid=103989) _run_loop /opt/stack/data/venv/lib/python3.12/site-packages/oslo_service/backend/_threading/loopingcall.py:125}}
Mar 31 00:53:07.010779 np0000161776 neutron-periodic-workers[104000]: DEBUG dbcounter [-] [104000] Writing DB stats neutron:DELETE=1 {{(pid=104000) stat_writer /opt/stack/data/venv/lib/python3.12/site-packages/dbcounter.py:115}}
Mar 31 00:53:15.976597 np0000161776 neutron-periodic-workers[103989]: DEBUG dbcounter [-] [103989] Writing DB stats neutron:SELECT=1 {{(pid=103989) stat_writer /opt/stack/data/venv/lib/python3.12/site-packages/dbcounter.py:115}}
Mar 31 00:53:22.974158 np0000161776 neutron-periodic-workers[103984]: DEBUG oslo.service.backend._threading.loopingcall [None req-73d41bf5-b57a-4c4c-97d9-dbe9953d03c7 None None] Fixed interval looping call 'neutron.plugins.ml2.plugin.DhcpAgentSchedulerDbMixin.remove_networks_from_down_agents' sleeping for 36.99 seconds {{(pid=103984) _run_loop /opt/stack/data/venv/lib/python3.12/site-packages/oslo_service/backend/_threading/loopingcall.py:125}}
Mar 31 00:53:32.977330 np0000161776 neutron-periodic-workers[103984]: DEBUG dbcounter [-] [103984] Writing DB stats neutron:SELECT=3 {{(pid=103984) stat_writer /opt/stack/data/venv/lib/python3.12/site-packages/dbcounter.py:115}}
Mar 31 00:53:41.055110 np0000161776 neutron-periodic-workers[104021]: DEBUG dbcounter [-] [104021] Writer thread running {{(pid=104021) stat_writer /opt/stack/data/venv/lib/python3.12/site-packages/dbcounter.py:102}}
Mar 31 00:53:41.067626 np0000161776 neutron-periodic-workers[104021]: DEBUG oslo.service.backend._threading.loopingcall [None req-1371f594-a583-494d-83b8-bdd9a16949e4 None None] Fixed interval looping call 'neutron.services.ovn_l3.plugin.L3_NAT_dbonly_mixin._clean_garbage' sleeping for 299.95 seconds {{(pid=104021) _run_loop /opt/stack/data/venv/lib/python3.12/site-packages/oslo_service/backend/_threading/loopingcall.py:125}}
Mar 31 00:53:42.974679 np0000161776 neutron-periodic-workers[103989]: DEBUG neutron.db.agents_db [None req-d795458a-2a19-4553-86e3-a813095660c8 None None] Agent healthcheck: found 0 active agents {{(pid=103989) agent_health_check /opt/stack/neutron/neutron/db/agents_db.py:317}}
Mar 31 00:53:42.975295 np0000161776 neutron-periodic-workers[103989]: DEBUG oslo.service.backend._threading.loopingcall [None req-d795458a-2a19-4553-86e3-a813095660c8 None None] Fixed interval looping call 'neutron.plugins.ml2.plugin.AgentDbMixin.agent_health_check' sleeping for 36.99 seconds {{(pid=103989) _run_loop /opt/stack/data/venv/lib/python3.12/site-packages/oslo_service/backend/_threading/loopingcall.py:125}}
Mar 31 00:53:51.055746 np0000161776 neutron-periodic-workers[104021]: DEBUG dbcounter [-] [104021] Writing DB stats neutron:SELECT=1 {{(pid=104021) stat_writer /opt/stack/data/venv/lib/python3.12/site-packages/dbcounter.py:115}}
Mar 31 00:53:52.973211 np0000161776 neutron-periodic-workers[103989]: DEBUG dbcounter [-] [103989] Writing DB stats neutron:SELECT=1 {{(pid=103989) stat_writer /opt/stack/data/venv/lib/python3.12/site-packages/dbcounter.py:115}}
Mar 31 00:53:59.975839 np0000161776 neutron-periodic-workers[103984]: DEBUG oslo.service.backend._threading.loopingcall [None req-73d41bf5-b57a-4c4c-97d9-dbe9953d03c7 None None] Fixed interval looping call 'neutron.plugins.ml2.plugin.DhcpAgentSchedulerDbMixin.remove_networks_from_down_agents' sleeping for 36.99 seconds {{(pid=103984) _run_loop /opt/stack/data/venv/lib/python3.12/site-packages/oslo_service/backend/_threading/loopingcall.py:125}}
Mar 31 00:54:09.974637 np0000161776 neutron-periodic-workers[103984]: DEBUG dbcounter [-] [103984] Writing DB stats neutron:SELECT=3 {{(pid=103984) stat_writer /opt/stack/data/venv/lib/python3.12/site-packages/dbcounter.py:115}}
Mar 31 00:54:19.969065 np0000161776 neutron-periodic-workers[103989]: DEBUG neutron.db.agents_db [None req-d795458a-2a19-4553-86e3-a813095660c8 None None] Agent healthcheck: found 0 active agents {{(pid=103989) agent_health_check /opt/stack/neutron/neutron/db/agents_db.py:317}}
Mar 31 00:54:19.969065 np0000161776 neutron-periodic-workers[103989]: DEBUG oslo.service.backend._threading.loopingcall [None req-d795458a-2a19-4553-86e3-a813095660c8 None None] Fixed interval looping call 'neutron.plugins.ml2.plugin.AgentDbMixin.agent_health_check' sleeping for 37.00 seconds {{(pid=103989) _run_loop /opt/stack/data/venv/lib/python3.12/site-packages/oslo_service/backend/_threading/loopingcall.py:125}}
Mar 31 00:54:29.967731 np0000161776 neutron-periodic-workers[103989]: DEBUG dbcounter [-] [103989] Writing DB stats neutron:SELECT=1 {{(pid=103989) stat_writer /opt/stack/data/venv/lib/python3.12/site-packages/dbcounter.py:115}}
Mar 31 00:54:36.972669 np0000161776 neutron-periodic-workers[103984]: DEBUG oslo.service.backend._threading.loopingcall [None req-73d41bf5-b57a-4c4c-97d9-dbe9953d03c7 None None] Fixed interval looping call 'neutron.plugins.ml2.plugin.DhcpAgentSchedulerDbMixin.remove_networks_from_down_agents' sleeping for 36.99 seconds {{(pid=103984) _run_loop /opt/stack/data/venv/lib/python3.12/site-packages/oslo_service/backend/_threading/loopingcall.py:125}}
Mar 31 00:54:46.971936 np0000161776 neutron-periodic-workers[103984]: DEBUG dbcounter [-] [103984] Writing DB stats neutron:SELECT=3 {{(pid=103984) stat_writer /opt/stack/data/venv/lib/python3.12/site-packages/dbcounter.py:115}}
Mar 31 00:54:56.974884 np0000161776 neutron-periodic-workers[103989]: DEBUG neutron.db.agents_db [None req-d795458a-2a19-4553-86e3-a813095660c8 None None] Agent healthcheck: found 0 active agents {{(pid=103989) agent_health_check /opt/stack/neutron/neutron/db/agents_db.py:317}}
Mar 31 00:54:56.975614 np0000161776 neutron-periodic-workers[103989]: DEBUG oslo.service.backend._threading.loopingcall [None req-d795458a-2a19-4553-86e3-a813095660c8 None None] Fixed interval looping call 'neutron.plugins.ml2.plugin.AgentDbMixin.agent_health_check' sleeping for 36.99 seconds {{(pid=103989) _run_loop /opt/stack/data/venv/lib/python3.12/site-packages/oslo_service/backend/_threading/loopingcall.py:125}}
Mar 31 00:54:57.000460 np0000161776 neutron-periodic-workers[104000]: DEBUG oslo.service.backend._threading.loopingcall [None req-8422c20d-80c4-46b3-b6ca-d4d6104e2427 None None] Fixed interval looping call 'neutron.db.quota.driver_nolock.DbQuotaNoLockDriver._remove_expired_reservations' sleeping for 119.99 seconds {{(pid=104000) _run_loop /opt/stack/data/venv/lib/python3.12/site-packages/oslo_service/backend/_threading/loopingcall.py:125}}
Mar 31 00:55:06.973200 np0000161776 neutron-periodic-workers[103989]: DEBUG dbcounter [-] [103989] Writing DB stats neutron:SELECT=1 {{(pid=103989) stat_writer /opt/stack/data/venv/lib/python3.12/site-packages/dbcounter.py:115}}
Mar 31 00:55:06.999176 np0000161776 neutron-periodic-workers[104000]: DEBUG dbcounter [-] [104000] Writing DB stats neutron:DELETE=1 {{(pid=104000) stat_writer /opt/stack/data/venv/lib/python3.12/site-packages/dbcounter.py:115}}
Mar 31 00:55:13.975523 np0000161776 neutron-periodic-workers[103984]: DEBUG oslo.service.backend._threading.loopingcall [None req-73d41bf5-b57a-4c4c-97d9-dbe9953d03c7 None None] Fixed interval looping call 'neutron.plugins.ml2.plugin.DhcpAgentSchedulerDbMixin.remove_networks_from_down_agents' sleeping for 36.99 seconds {{(pid=103984) _run_loop /opt/stack/data/venv/lib/python3.12/site-packages/oslo_service/backend/_threading/loopingcall.py:125}}
Mar 31 00:55:23.973487 np0000161776 neutron-periodic-workers[103984]: DEBUG dbcounter [-] [103984] Writing DB stats neutron:SELECT=3 {{(pid=103984) stat_writer /opt/stack/data/venv/lib/python3.12/site-packages/dbcounter.py:115}}
Mar 31 00:55:33.970465 np0000161776 neutron-periodic-workers[103989]: DEBUG neutron.db.agents_db [None req-d795458a-2a19-4553-86e3-a813095660c8 None None] Agent healthcheck: found 0 active agents {{(pid=103989) agent_health_check /opt/stack/neutron/neutron/db/agents_db.py:317}}
Mar 31 00:55:33.971410 np0000161776 neutron-periodic-workers[103989]: DEBUG oslo.service.backend._threading.loopingcall [None req-d795458a-2a19-4553-86e3-a813095660c8 None None] Fixed interval looping call 'neutron.plugins.ml2.plugin.AgentDbMixin.agent_health_check' sleeping for 36.99 seconds {{(pid=103989) _run_loop /opt/stack/data/venv/lib/python3.12/site-packages/oslo_service/backend/_threading/loopingcall.py:125}}
Mar 31 00:55:43.968490 np0000161776 neutron-periodic-workers[103989]: DEBUG dbcounter [-] [103989] Writing DB stats neutron:SELECT=1 {{(pid=103989) stat_writer /opt/stack/data/venv/lib/python3.12/site-packages/dbcounter.py:115}}
Mar 31 00:55:50.975703 np0000161776 neutron-periodic-workers[103984]: DEBUG oslo.service.backend._threading.loopingcall [None req-73d41bf5-b57a-4c4c-97d9-dbe9953d03c7 None None] Fixed interval looping call 'neutron.plugins.ml2.plugin.DhcpAgentSchedulerDbMixin.remove_networks_from_down_agents' sleeping for 36.99 seconds {{(pid=103984) _run_loop /opt/stack/data/venv/lib/python3.12/site-packages/oslo_service/backend/_threading/loopingcall.py:125}}
Mar 31 00:56:00.975975 np0000161776 neutron-periodic-workers[103984]: DEBUG dbcounter [-] [103984] Writing DB stats neutron:SELECT=3 {{(pid=103984) stat_writer /opt/stack/data/venv/lib/python3.12/site-packages/dbcounter.py:115}}
Mar 31 00:56:10.965327 np0000161776 neutron-periodic-workers[103989]: DEBUG neutron.db.agents_db [None req-d795458a-2a19-4553-86e3-a813095660c8 None None] Agent healthcheck: found 0 active agents {{(pid=103989) agent_health_check /opt/stack/neutron/neutron/db/agents_db.py:317}}
Mar 31 00:56:10.965961 np0000161776 neutron-periodic-workers[103989]: DEBUG oslo.service.backend._threading.loopingcall [None req-d795458a-2a19-4553-86e3-a813095660c8 None None] Fixed interval looping call 'neutron.plugins.ml2.plugin.AgentDbMixin.agent_health_check' sleeping for 37.00 seconds {{(pid=103989) _run_loop /opt/stack/data/venv/lib/python3.12/site-packages/oslo_service/backend/_threading/loopingcall.py:125}}
Mar 31 00:56:20.964428 np0000161776 neutron-periodic-workers[103989]: DEBUG dbcounter [-] [103989] Writing DB stats neutron:SELECT=1 {{(pid=103989) stat_writer /opt/stack/data/venv/lib/python3.12/site-packages/dbcounter.py:115}}
Mar 31 00:56:27.977610 np0000161776 neutron-periodic-workers[103984]: DEBUG oslo.service.backend._threading.loopingcall [None req-73d41bf5-b57a-4c4c-97d9-dbe9953d03c7 None None] Fixed interval looping call 'neutron.plugins.ml2.plugin.DhcpAgentSchedulerDbMixin.remove_networks_from_down_agents' sleeping for 36.99 seconds {{(pid=103984) _run_loop /opt/stack/data/venv/lib/python3.12/site-packages/oslo_service/backend/_threading/loopingcall.py:125}}
Mar 31 00:56:37.977007 np0000161776 neutron-periodic-workers[103984]: DEBUG dbcounter [-] [103984] Writing DB stats neutron:SELECT=3 {{(pid=103984) stat_writer /opt/stack/data/venv/lib/python3.12/site-packages/dbcounter.py:115}}
Mar 31 00:56:47.971949 np0000161776 neutron-periodic-workers[103989]: DEBUG neutron.db.agents_db [None req-d795458a-2a19-4553-86e3-a813095660c8 None None] Agent healthcheck: found 0 active agents {{(pid=103989) agent_health_check /opt/stack/neutron/neutron/db/agents_db.py:317}}
Mar 31 00:56:47.972501 np0000161776 neutron-periodic-workers[103989]: DEBUG oslo.service.backend._threading.loopingcall [None req-d795458a-2a19-4553-86e3-a813095660c8 None None] Fixed interval looping call 'neutron.plugins.ml2.plugin.AgentDbMixin.agent_health_check' sleeping for 36.99 seconds {{(pid=103989) _run_loop /opt/stack/data/venv/lib/python3.12/site-packages/oslo_service/backend/_threading/loopingcall.py:125}}
Mar 31 00:56:56.996189 np0000161776 neutron-periodic-workers[104000]: DEBUG oslo.service.backend._threading.loopingcall [None req-8422c20d-80c4-46b3-b6ca-d4d6104e2427 None None] Fixed interval looping call 'neutron.db.quota.driver_nolock.DbQuotaNoLockDriver._remove_expired_reservations' sleeping for 119.99 seconds {{(pid=104000) _run_loop /opt/stack/data/venv/lib/python3.12/site-packages/oslo_service/backend/_threading/loopingcall.py:125}}
Mar 31 00:56:57.969833 np0000161776 neutron-periodic-workers[103989]: DEBUG dbcounter [-] [103989] Writing DB stats neutron:SELECT=1 {{(pid=103989) stat_writer /opt/stack/data/venv/lib/python3.12/site-packages/dbcounter.py:115}}
Mar 31 00:57:04.978343 np0000161776 neutron-periodic-workers[103984]: DEBUG oslo.service.backend._threading.loopingcall [None req-73d41bf5-b57a-4c4c-97d9-dbe9953d03c7 None None] Fixed interval looping call 'neutron.plugins.ml2.plugin.DhcpAgentSchedulerDbMixin.remove_networks_from_down_agents' sleeping for 36.99 seconds {{(pid=103984) _run_loop /opt/stack/data/venv/lib/python3.12/site-packages/oslo_service/backend/_threading/loopingcall.py:125}}
Mar 31 00:57:06.995080 np0000161776 neutron-periodic-workers[104000]: DEBUG dbcounter [-] [104000] Writing DB stats neutron:DELETE=1 {{(pid=104000) stat_writer /opt/stack/data/venv/lib/python3.12/site-packages/dbcounter.py:115}}
Mar 31 00:57:14.977524 np0000161776 neutron-periodic-workers[103984]: DEBUG dbcounter [-] [103984] Writing DB stats neutron:SELECT=3 {{(pid=103984) stat_writer /opt/stack/data/venv/lib/python3.12/site-packages/dbcounter.py:115}}
Mar 31 00:57:24.967357 np0000161776 neutron-periodic-workers[103989]: DEBUG neutron.db.agents_db [None req-d795458a-2a19-4553-86e3-a813095660c8 None None] Agent healthcheck: found 0 active agents {{(pid=103989) agent_health_check /opt/stack/neutron/neutron/db/agents_db.py:317}}
Mar 31 00:57:24.967357 np0000161776 neutron-periodic-workers[103989]: DEBUG oslo.service.backend._threading.loopingcall [None req-d795458a-2a19-4553-86e3-a813095660c8 None None] Fixed interval looping call 'neutron.plugins.ml2.plugin.AgentDbMixin.agent_health_check' sleeping for 36.99 seconds {{(pid=103989) _run_loop /opt/stack/data/venv/lib/python3.12/site-packages/oslo_service/backend/_threading/loopingcall.py:125}}
Mar 31 00:57:34.965355 np0000161776 neutron-periodic-workers[103989]: DEBUG dbcounter [-] [103989] Writing DB stats neutron:SELECT=1 {{(pid=103989) stat_writer /opt/stack/data/venv/lib/python3.12/site-packages/dbcounter.py:115}}
Mar 31 00:57:41.980177 np0000161776 neutron-periodic-workers[103984]: DEBUG oslo.service.backend._threading.loopingcall [None req-73d41bf5-b57a-4c4c-97d9-dbe9953d03c7 None None] Fixed interval looping call 'neutron.plugins.ml2.plugin.DhcpAgentSchedulerDbMixin.remove_networks_from_down_agents' sleeping for 36.99 seconds {{(pid=103984) _run_loop /opt/stack/data/venv/lib/python3.12/site-packages/oslo_service/backend/_threading/loopingcall.py:125}}
Mar 31 00:57:51.979567 np0000161776 neutron-periodic-workers[103984]: DEBUG dbcounter [-] [103984] Writing DB stats neutron:SELECT=3 {{(pid=103984) stat_writer /opt/stack/data/venv/lib/python3.12/site-packages/dbcounter.py:115}}
Mar 31 00:58:01.965842 np0000161776 neutron-periodic-workers[103989]: DEBUG neutron.db.agents_db [None req-d795458a-2a19-4553-86e3-a813095660c8 None None] Agent healthcheck: found 0 active agents {{(pid=103989) agent_health_check /opt/stack/neutron/neutron/db/agents_db.py:317}}
Mar 31 00:58:01.966706 np0000161776 neutron-periodic-workers[103989]: DEBUG oslo.service.backend._threading.loopingcall [None req-d795458a-2a19-4553-86e3-a813095660c8 None None] Fixed interval looping call 'neutron.plugins.ml2.plugin.AgentDbMixin.agent_health_check' sleeping for 36.99 seconds {{(pid=103989) _run_loop /opt/stack/data/venv/lib/python3.12/site-packages/oslo_service/backend/_threading/loopingcall.py:125}}
Mar 31 00:58:11.962459 np0000161776 neutron-periodic-workers[103989]: DEBUG dbcounter [-] [103989] Writing DB stats neutron:SELECT=1 {{(pid=103989) stat_writer /opt/stack/data/venv/lib/python3.12/site-packages/dbcounter.py:115}}
Mar 31 00:58:18.980359 np0000161776 neutron-periodic-workers[103984]: DEBUG oslo.service.backend._threading.loopingcall [None req-73d41bf5-b57a-4c4c-97d9-dbe9953d03c7 None None] Fixed interval looping call 'neutron.plugins.ml2.plugin.DhcpAgentSchedulerDbMixin.remove_networks_from_down_agents' sleeping for 36.99 seconds {{(pid=103984) _run_loop /opt/stack/data/venv/lib/python3.12/site-packages/oslo_service/backend/_threading/loopingcall.py:125}}
Mar 31 00:58:28.978742 np0000161776 neutron-periodic-workers[103984]: DEBUG dbcounter [-] [103984] Writing DB stats neutron:SELECT=3 {{(pid=103984) stat_writer /opt/stack/data/venv/lib/python3.12/site-packages/dbcounter.py:115}}
Mar 31 00:58:38.963257 np0000161776 neutron-periodic-workers[103989]: DEBUG neutron.db.agents_db [None req-d795458a-2a19-4553-86e3-a813095660c8 None None] Agent healthcheck: found 0 active agents {{(pid=103989) agent_health_check /opt/stack/neutron/neutron/db/agents_db.py:317}}
Mar 31 00:58:38.963930 np0000161776 neutron-periodic-workers[103989]: DEBUG oslo.service.backend._threading.loopingcall [None req-d795458a-2a19-4553-86e3-a813095660c8 None None] Fixed interval looping call 'neutron.plugins.ml2.plugin.AgentDbMixin.agent_health_check' sleeping for 36.99 seconds {{(pid=103989) _run_loop /opt/stack/data/venv/lib/python3.12/site-packages/oslo_service/backend/_threading/loopingcall.py:125}}
Mar 31 00:58:41.028327 np0000161776 neutron-periodic-workers[104021]: DEBUG oslo.service.backend._threading.loopingcall [None req-1371f594-a583-494d-83b8-bdd9a16949e4 None None] Fixed interval looping call 'neutron.services.ovn_l3.plugin.L3_NAT_dbonly_mixin._clean_garbage' sleeping for 299.99 seconds {{(pid=104021) _run_loop /opt/stack/data/venv/lib/python3.12/site-packages/oslo_service/backend/_threading/loopingcall.py:125}}
Mar 31 00:58:48.960843 np0000161776 neutron-periodic-workers[103989]: DEBUG dbcounter [-] [103989] Writing DB stats neutron:SELECT=1 {{(pid=103989) stat_writer /opt/stack/data/venv/lib/python3.12/site-packages/dbcounter.py:115}}
Mar 31 00:58:51.021824 np0000161776 neutron-periodic-workers[104021]: DEBUG dbcounter [-] [104021] Writing DB stats neutron:SELECT=1 {{(pid=104021) stat_writer /opt/stack/data/venv/lib/python3.12/site-packages/dbcounter.py:115}}
Mar 31 00:58:55.979451 np0000161776 neutron-periodic-workers[103984]: DEBUG oslo.service.backend._threading.loopingcall [None req-73d41bf5-b57a-4c4c-97d9-dbe9953d03c7 None None] Fixed interval looping call 'neutron.plugins.ml2.plugin.DhcpAgentSchedulerDbMixin.remove_networks_from_down_agents' sleeping for 36.99 seconds {{(pid=103984) _run_loop /opt/stack/data/venv/lib/python3.12/site-packages/oslo_service/backend/_threading/loopingcall.py:125}}
Mar 31 00:58:56.993061 np0000161776 neutron-periodic-workers[104000]: DEBUG oslo.service.backend._threading.loopingcall [None req-8422c20d-80c4-46b3-b6ca-d4d6104e2427 None None] Fixed interval looping call 'neutron.db.quota.driver_nolock.DbQuotaNoLockDriver._remove_expired_reservations' sleeping for 119.99 seconds {{(pid=104000) _run_loop /opt/stack/data/venv/lib/python3.12/site-packages/oslo_service/backend/_threading/loopingcall.py:125}}
Mar 31 00:59:05.977739 np0000161776 neutron-periodic-workers[103984]: DEBUG dbcounter [-] [103984] Writing DB stats neutron:SELECT=3 {{(pid=103984) stat_writer /opt/stack/data/venv/lib/python3.12/site-packages/dbcounter.py:115}}
Mar 31 00:59:06.990299 np0000161776 neutron-periodic-workers[104000]: DEBUG dbcounter [-] [104000] Writing DB stats neutron:DELETE=1 {{(pid=104000) stat_writer /opt/stack/data/venv/lib/python3.12/site-packages/dbcounter.py:115}}
Mar 31 00:59:15.959274 np0000161776 neutron-periodic-workers[103989]: DEBUG neutron.db.agents_db [None req-d795458a-2a19-4553-86e3-a813095660c8 None None] Agent healthcheck: found 0 active agents {{(pid=103989) agent_health_check /opt/stack/neutron/neutron/db/agents_db.py:317}}
Mar 31 00:59:15.960063 np0000161776 neutron-periodic-workers[103989]: DEBUG oslo.service.backend._threading.loopingcall [None req-d795458a-2a19-4553-86e3-a813095660c8 None None] Fixed interval looping call 'neutron.plugins.ml2.plugin.AgentDbMixin.agent_health_check' sleeping for 36.99 seconds {{(pid=103989) _run_loop /opt/stack/data/venv/lib/python3.12/site-packages/oslo_service/backend/_threading/loopingcall.py:125}}
Mar 31 00:59:25.957655 np0000161776 neutron-periodic-workers[103989]: DEBUG dbcounter [-] [103989] Writing DB stats neutron:SELECT=1 {{(pid=103989) stat_writer /opt/stack/data/venv/lib/python3.12/site-packages/dbcounter.py:115}}
Mar 31 00:59:32.980702 np0000161776 neutron-periodic-workers[103984]: DEBUG oslo.service.backend._threading.loopingcall [None req-73d41bf5-b57a-4c4c-97d9-dbe9953d03c7 None None] Fixed interval looping call 'neutron.plugins.ml2.plugin.DhcpAgentSchedulerDbMixin.remove_networks_from_down_agents' sleeping for 36.99 seconds {{(pid=103984) _run_loop /opt/stack/data/venv/lib/python3.12/site-packages/oslo_service/backend/_threading/loopingcall.py:125}}
Mar 31 00:59:42.980118 np0000161776 neutron-periodic-workers[103984]: DEBUG dbcounter [-] [103984] Writing DB stats neutron:SELECT=3 {{(pid=103984) stat_writer /opt/stack/data/venv/lib/python3.12/site-packages/dbcounter.py:115}}
Mar 31 00:59:52.955867 np0000161776 neutron-periodic-workers[103989]: DEBUG neutron.db.agents_db [None req-d795458a-2a19-4553-86e3-a813095660c8 None None] Agent healthcheck: found 0 active agents {{(pid=103989) agent_health_check /opt/stack/neutron/neutron/db/agents_db.py:317}}
Mar 31 00:59:52.956795 np0000161776 neutron-periodic-workers[103989]: DEBUG oslo.service.backend._threading.loopingcall [None req-d795458a-2a19-4553-86e3-a813095660c8 None None] Fixed interval looping call 'neutron.plugins.ml2.plugin.AgentDbMixin.agent_health_check' sleeping for 36.99 seconds {{(pid=103989) _run_loop /opt/stack/data/venv/lib/python3.12/site-packages/oslo_service/backend/_threading/loopingcall.py:125}}
Mar 31 01:00:02.955129 np0000161776 neutron-periodic-workers[103989]: DEBUG dbcounter [-] [103989] Writing DB stats neutron:SELECT=1 {{(pid=103989) stat_writer /opt/stack/data/venv/lib/python3.12/site-packages/dbcounter.py:115}}
Mar 31 01:00:09.986930 np0000161776 neutron-periodic-workers[103984]: DEBUG oslo.service.backend._threading.loopingcall [None req-73d41bf5-b57a-4c4c-97d9-dbe9953d03c7 None None] Fixed interval looping call 'neutron.plugins.ml2.plugin.DhcpAgentSchedulerDbMixin.remove_networks_from_down_agents' sleeping for 36.98 seconds {{(pid=103984) _run_loop /opt/stack/data/venv/lib/python3.12/site-packages/oslo_service/backend/_threading/loopingcall.py:125}}
Mar 31 01:00:19.987909 np0000161776 neutron-periodic-workers[103984]: DEBUG dbcounter [-] [103984] Writing DB stats neutron:SELECT=3 {{(pid=103984) stat_writer /opt/stack/data/venv/lib/python3.12/site-packages/dbcounter.py:115}}
Mar 31 01:00:29.952145 np0000161776 neutron-periodic-workers[103989]: DEBUG neutron.db.agents_db [None req-d795458a-2a19-4553-86e3-a813095660c8 None None] Agent healthcheck: found 0 active agents {{(pid=103989) agent_health_check /opt/stack/neutron/neutron/db/agents_db.py:317}}
Mar 31 01:00:29.952983 np0000161776 neutron-periodic-workers[103989]: DEBUG oslo.service.backend._threading.loopingcall [None req-d795458a-2a19-4553-86e3-a813095660c8 None None] Fixed interval looping call 'neutron.plugins.ml2.plugin.AgentDbMixin.agent_health_check' sleeping for 36.99 seconds {{(pid=103989) _run_loop /opt/stack/data/venv/lib/python3.12/site-packages/oslo_service/backend/_threading/loopingcall.py:125}}
Mar 31 01:00:39.949459 np0000161776 neutron-periodic-workers[103989]: DEBUG dbcounter [-] [103989] Writing DB stats neutron:SELECT=1 {{(pid=103989) stat_writer /opt/stack/data/venv/lib/python3.12/site-packages/dbcounter.py:115}}
Mar 31 01:00:46.975467 np0000161776 neutron-periodic-workers[103984]: DEBUG oslo.service.backend._threading.loopingcall [None req-73d41bf5-b57a-4c4c-97d9-dbe9953d03c7 None None] Fixed interval looping call 'neutron.plugins.ml2.plugin.DhcpAgentSchedulerDbMixin.remove_networks_from_down_agents' sleeping for 36.99 seconds {{(pid=103984) _run_loop /opt/stack/data/venv/lib/python3.12/site-packages/oslo_service/backend/_threading/loopingcall.py:125}}
Mar 31 01:00:56.974775 np0000161776 neutron-periodic-workers[103984]: DEBUG dbcounter [-] [103984] Writing DB stats neutron:SELECT=3 {{(pid=103984) stat_writer /opt/stack/data/venv/lib/python3.12/site-packages/dbcounter.py:115}}
Mar 31 01:00:56.987605 np0000161776 neutron-periodic-workers[104000]: DEBUG oslo.service.backend._threading.loopingcall [None req-8422c20d-80c4-46b3-b6ca-d4d6104e2427 None None] Fixed interval looping call 'neutron.db.quota.driver_nolock.DbQuotaNoLockDriver._remove_expired_reservations' sleeping for 120.00 seconds {{(pid=104000) _run_loop /opt/stack/data/venv/lib/python3.12/site-packages/oslo_service/backend/_threading/loopingcall.py:125}}
Mar 31 01:01:06.949239 np0000161776 neutron-periodic-workers[103989]: DEBUG neutron.db.agents_db [None req-d795458a-2a19-4553-86e3-a813095660c8 None None] Agent healthcheck: found 0 active agents {{(pid=103989) agent_health_check /opt/stack/neutron/neutron/db/agents_db.py:317}}
