Apr 18 22:14:34.518221 np0000167626 devstack@neutron-api.service[103995]: DEBUG neutron.plugins.ml2.drivers.ovn.mech_driver.ovsdb.ovsdb_monitor [-] ChassisOVNAgentWriteEvent : Matched Chassis_Private, update, None None {{(pid=103995) matches /opt/stack/neutron/neutron/plugins/ml2/drivers/ovn/mech_driver/ovsdb/ovsdb_monitor.py:64}}
Apr 18 22:14:34.518519 np0000167626 devstack@neutron-api.service[103995]: DEBUG neutron.plugins.ml2.drivers.ovn.mech_driver.ovsdb.ovsdb_monitor [-] Hash Ring: Node c32d693ce5fd546cb38126d947b6f0bc (host: np0000167626) handling event "update" for row e01403e3-ecb0-46fa-a4ff-fd799884f5bf (table: Chassis_Private) {{(pid=103995) notify /opt/stack/neutron/neutron/plugins/ml2/drivers/ovn/mech_driver/ovsdb/ovsdb_monitor.py:914}}
Apr 18 22:14:34.519928 np0000167626 devstack@neutron-api.service[103994]: DEBUG neutron.plugins.ml2.drivers.ovn.mech_driver.ovsdb.ovsdb_monitor [-] ChassisOVNAgentWriteEvent : Matched Chassis_Private, update, None None {{(pid=103994) matches /opt/stack/neutron/neutron/plugins/ml2/drivers/ovn/mech_driver/ovsdb/ovsdb_monitor.py:64}}
Apr 18 22:14:34.572703 np0000167626 devstack@neutron-api.service[103994]: DEBUG neutron.plugins.ml2.drivers.helpers [None req-35a5315a-7ed1-4ad8-a8e9-11586d658efa admin admin] geneve segment allocate from pool success with {'geneve_vni': 45858} {{(pid=103994) allocate_partially_specified_segment /opt/stack/neutron/neutron/plugins/ml2/drivers/helpers.py:142}}
Apr 18 22:14:34.583808 np0000167626 devstack@neutron-api.service[103994]: DEBUG neutron_lib.callbacks.manager [None req-35a5315a-7ed1-4ad8-a8e9-11586d658efa admin admin] Publish callbacks ['neutron.services.segments.db._add_segment_host_mapping_for_segment-8030980434524', 'neutron.plugins.ml2.plugin.Ml2Plugin._handle_segment_change-7624839'] for segment (49592409-db0b-4868-8930-04edcac1a282), precommit_create {{(pid=103994) _notify_loop /opt/stack/data/venv/lib/python3.12/site-packages/neutron_lib/callbacks/manager.py:184}}
Apr 18 22:14:34.583976 np0000167626 devstack@neutron-api.service[103994]: INFO neutron.db.segments_db [None req-35a5315a-7ed1-4ad8-a8e9-11586d658efa admin admin] Added segment 49592409-db0b-4868-8930-04edcac1a282 of type geneve for network f411490e-da01-4788-8e8e-c8bbb7e91057
Apr 18 22:14:34.624052 np0000167626 devstack@neutron-api.service[103994]: DEBUG neutron_lib.callbacks.manager [None req-35a5315a-7ed1-4ad8-a8e9-11586d658efa admin admin] Publish callbacks ['neutron.services.auto_allocate.db._ensure_external_network_default_value_callback-8030978782148'] for network (f411490e-da01-4788-8e8e-c8bbb7e91057), precommit_create {{(pid=103994) _notify_loop /opt/stack/data/venv/lib/python3.12/site-packages/neutron_lib/callbacks/manager.py:184}}
Apr 18 22:14:34.640774 np0000167626 devstack@neutron-api.service[103994]: DEBUG neutron.plugins.ml2.drivers.ovn.mech_driver.mech_driver [None req-35a5315a-7ed1-4ad8-a8e9-11586d658efa admin admin] Validating network segment with type geneve, segmentation ID 45858, physical network None {{(pid=103994) _validate_network_segments /opt/stack/neutron/neutron/plugins/ml2/drivers/ovn/mech_driver/mech_driver.py:641}}
Apr 18 22:14:34.640774 np0000167626 devstack@neutron-api.service[103994]: DEBUG neutron.db.ovn_revision_numbers_db [None req-35a5315a-7ed1-4ad8-a8e9-11586d658efa admin admin] create_initial_revision uuid=f411490e-da01-4788-8e8e-c8bbb7e91057, type=networks, rev=-1 {{(pid=103994) create_initial_revision /opt/stack/neutron/neutron/db/ovn_revision_numbers_db.py:98}}
Apr 18 22:14:34.655183 np0000167626 devstack@neutron-api.service[103994]: DEBUG neutron_lib.callbacks.manager [None req-35a5315a-7ed1-4ad8-a8e9-11586d658efa admin admin] Publish callbacks ['neutron.plugins.ml2.ovo_rpc._ObjectChangeHandler.handle_event-1695469'] for network (f411490e-da01-4788-8e8e-c8bbb7e91057), after_create {{(pid=103994) _notify_loop /opt/stack/data/venv/lib/python3.12/site-packages/neutron_lib/callbacks/manager.py:184}}
Apr 18 22:14:34.701171 np0000167626 devstack@neutron-api.service[103994]: DEBUG neutron.api.rpc.handlers.resources_rpc [None req-35a5315a-7ed1-4ad8-a8e9-11586d658efa admin admin] Pushing event updated for resources: {'Network': ['ID=f411490e-da01-4788-8e8e-c8bbb7e91057,revision_number=1']} {{(pid=103994) push /opt/stack/neutron/neutron/api/rpc/handlers/resources_rpc.py:237}}
Apr 18 22:14:34.710420 np0000167626 devstack@neutron-api.service[103994]: DEBUG ovsdbapp.backend.ovs_idl.transaction [-] Running txn n=1 command(idx=0): AddNetworkCommand(_result=None, network_uuid=f411490e-da01-4788-8e8e-c8bbb7e91057, may_exist=True, columns={'external_ids': {'neutron:network_name': 'private', 'neutron:mtu': '1372', 'neutron:revision_number': '1', 'neutron:availability_zone_hints': '', 'neutron:provnet-network-type': 'geneve'}, 'other_config': {'mcast_snoop': 'false', 'mcast_flood_unregistered': 'false', 'vlan-passthru': 'false'}}) {{(pid=103994) do_commit /opt/stack/data/venv/lib/python3.12/site-packages/ovsdbapp/backend/ovs_idl/transaction.py:89}}
Apr 18 22:14:34.711143 np0000167626 devstack@neutron-api.service[103994]: DEBUG neutron.common.ovn.utils [-] OVS persist_uuid supported=True {{(pid=103994) ovs_persist_uuid_supported /opt/stack/neutron/neutron/common/ovn/utils.py:1537}}
Apr 18 22:14:34.717234 np0000167626 devstack@neutron-api.service[103995]: DEBUG neutron.plugins.ml2.drivers.ovn.mech_driver.ovsdb.ovsdb_monitor [-] Hash Ring: Node c32d693ce5fd546cb38126d947b6f0bc (host: np0000167626) handling event "create" for row f411490e-da01-4788-8e8e-c8bbb7e91057 (table: Logical_Switch) {{(pid=103995) notify /opt/stack/neutron/neutron/plugins/ml2/drivers/ovn/mech_driver/ovsdb/ovsdb_monitor.py:914}}
Apr 18 22:14:34.724911 np0000167626 devstack@neutron-api.service[103995]: DEBUG neutron.plugins.ml2.drivers.ovn.mech_driver.ovsdb.ovsdb_monitor [-] Hash Ring: Node c32d693ce5fd546cb38126d947b6f0bc (host: np0000167626) handling event "create" for row e1a7e75d-9158-467d-a20b-fde6c7065900 (table: Datapath_Binding) {{(pid=103995) notify /opt/stack/neutron/neutron/plugins/ml2/drivers/ovn/mech_driver/ovsdb/ovsdb_monitor.py:914}}
Apr 18 22:14:34.725803 np0000167626 devstack@neutron-api.service[103993]: DEBUG neutron.plugins.ml2.drivers.ovn.mech_driver.ovsdb.ovsdb_monitor [-] Hash Ring: Node fd89ae397bdf5931a8488f4d57e2451f (host: np0000167626) handling event "create" for row e1a7e75d-9158-467d-a20b-fde6c7065900 (table: Datapath_Binding) {{(pid=103993) notify /opt/stack/neutron/neutron/plugins/ml2/drivers/ovn/mech_driver/ovsdb/ovsdb_monitor.py:914}}
Apr 18 22:14:34.752326 np0000167626 devstack@neutron-api.service[103994]: INFO neutron.db.ovn_revision_numbers_db [None req-35a5315a-7ed1-4ad8-a8e9-11586d658efa admin admin] Successfully bumped revision number for resource f411490e-da01-4788-8e8e-c8bbb7e91057 (type: networks) to 1
Apr 18 22:14:34.811804 np0000167626 devstack@neutron-api.service[103994]: DEBUG neutron_lib.callbacks.manager [None req-35a5315a-7ed1-4ad8-a8e9-11586d658efa admin admin] Publish callbacks ['neutron.plugins.ml2.plugin.SecurityGroupDbMixin._ensure_default_security_group_handler-7388935'] for port (None), before_create {{(pid=103994) _notify_loop /opt/stack/data/venv/lib/python3.12/site-packages/neutron_lib/callbacks/manager.py:184}}
Apr 18 22:14:35.069343 np0000167626 devstack@neutron-api.service[103994]: DEBUG neutron_lib.callbacks.manager [None req-35a5315a-7ed1-4ad8-a8e9-11586d658efa admin admin] Publish callbacks ['neutron.plugins.ml2.drivers.ovn.mech_driver.mech_driver.OVNMechanismDriver._validate_allowed_address_pairs-834357'] for allowed_address_pair (8c3147c5-f0be-4670-944e-8f9240deba1f), before_create {{(pid=103994) _notify_loop /opt/stack/data/venv/lib/python3.12/site-packages/neutron_lib/callbacks/manager.py:184}}
Apr 18 22:14:35.070167 np0000167626 devstack@neutron-api.service[103994]: DEBUG neutron_lib.callbacks.manager [None req-35a5315a-7ed1-4ad8-a8e9-11586d658efa admin admin] Publish callbacks [] for port (8c3147c5-f0be-4670-944e-8f9240deba1f), precommit_create {{(pid=103994) _notify_loop /opt/stack/data/venv/lib/python3.12/site-packages/neutron_lib/callbacks/manager.py:184}}
Apr 18 22:14:35.070167 np0000167626 devstack@neutron-api.service[103994]: DEBUG neutron.plugins.ml2.drivers.ovn.mech_driver.mech_driver [None req-35a5315a-7ed1-4ad8-a8e9-11586d658efa admin admin] No provisioning block for port 8c3147c5-f0be-4670-944e-8f9240deba1f since it does not have a host {{(pid=103994) _is_port_provisioning_required /opt/stack/neutron/neutron/plugins/ml2/drivers/ovn/mech_driver/mech_driver.py:894}}
Apr 18 22:14:35.070167 np0000167626 devstack@neutron-api.service[103994]: DEBUG neutron.db.ovn_revision_numbers_db [None req-35a5315a-7ed1-4ad8-a8e9-11586d658efa admin admin] create_initial_revision uuid=8c3147c5-f0be-4670-944e-8f9240deba1f, type=ports, rev=-1 {{(pid=103994) create_initial_revision /opt/stack/neutron/neutron/db/ovn_revision_numbers_db.py:98}}
Apr 18 22:14:35.131683 np0000167626 devstack@neutron-api.service[103994]: DEBUG neutron_lib.callbacks.manager [None req-35a5315a-7ed1-4ad8-a8e9-11586d658efa admin admin] Publish callbacks ['neutron.plugins.ml2.ovo_rpc._ObjectChangeHandler.handle_event-1695357'] for port (8c3147c5-f0be-4670-944e-8f9240deba1f), after_create {{(pid=103994) _notify_loop /opt/stack/data/venv/lib/python3.12/site-packages/neutron_lib/callbacks/manager.py:184}}
Apr 18 22:14:35.187163 np0000167626 devstack@neutron-api.service[103994]: DEBUG neutron.api.rpc.handlers.resources_rpc [None req-35a5315a-7ed1-4ad8-a8e9-11586d658efa admin admin] Pushing event updated for resources: {'Port': ['ID=8c3147c5-f0be-4670-944e-8f9240deba1f,revision_number=1']} {{(pid=103994) push /opt/stack/neutron/neutron/api/rpc/handlers/resources_rpc.py:237}}
Apr 18 22:14:35.226595 np0000167626 devstack@neutron-api.service[103994]: DEBUG ovsdbapp.backend.ovs_idl.transaction [-] Running txn n=1 command(idx=0): AddLSwitchPortCommand(_result=None, lport=8c3147c5-f0be-4670-944e-8f9240deba1f, lswitch=neutron-f411490e-da01-4788-8e8e-c8bbb7e91057, may_exist=True, network_uuid=f411490e-da01-4788-8e8e-c8bbb7e91057, columns={'addresses': ['fa:16:3e:d6:43:b4'], 'external_ids': {'neutron:port_name': '', 'neutron:device_id': 'ovnmeta-f411490e-da01-4788-8e8e-c8bbb7e91057', 'neutron:project_id': 'a5e6cbfc752c4dd792c4a6a37087bb84', 'neutron:cidrs': '', 'neutron:device_owner': 'network:distributed', 'neutron:subnet_pool_addr_scope4': '', 'neutron:subnet_pool_addr_scope6': '', 'neutron:network_name': 'neutron-f411490e-da01-4788-8e8e-c8bbb7e91057', 'neutron:security_group_ids': '', 'neutron:revision_number': '1', 'neutron:vnic_type': 'normal', 'neutron:port_capabilities': '', 'neutron:mtu': ''}, 'parent_name': [], 'tag': [], 'enabled': True, 'options': {}, 'type': 'localport', 'port_security': [], 'dhcpv4_options': [], 'dhcpv6_options': []}) {{(pid=103994) do_commit /opt/stack/data/venv/lib/python3.12/site-packages/ovsdbapp/backend/ovs_idl/transaction.py:89}}
Apr 18 22:14:35.227178 np0000167626 devstack@neutron-api.service[103994]: DEBUG ovsdbapp.backend.ovs_idl.transaction [-] Running txn n=1 command(idx=1): QoSDelCommand(_result=None, switch=neutron-f411490e-da01-4788-8e8e-c8bbb7e91057, conditions=[('direction', '=', 'to-lport'), ('priority', '=', 2002), ('match', '=', 'outport == "8c3147c5-f0be-4670-944e-8f9240deba1f"')], if_exists=True) {{(pid=103994) do_commit /opt/stack/data/venv/lib/python3.12/site-packages/ovsdbapp/backend/ovs_idl/transaction.py:89}}
Apr 18 22:14:35.227348 np0000167626 devstack@neutron-api.service[103994]: DEBUG ovsdbapp.backend.ovs_idl.transaction [-] Running txn n=1 command(idx=2): QoSDelCommand(_result=None, switch=neutron-f411490e-da01-4788-8e8e-c8bbb7e91057, conditions=[('direction', '=', 'from-lport'), ('priority', '=', 2002), ('match', '=', 'inport == "8c3147c5-f0be-4670-944e-8f9240deba1f"')], if_exists=True) {{(pid=103994) do_commit /opt/stack/data/venv/lib/python3.12/site-packages/ovsdbapp/backend/ovs_idl/transaction.py:89}}
Apr 18 22:14:35.230785 np0000167626 devstack@neutron-api.service[103994]: DEBUG neutron.plugins.ml2.drivers.ovn.mech_driver.ovsdb.ovsdb_monitor [-] Hash Ring: Node ff886d86402d553d8be0823b37edae81 (host: np0000167626) handling event "create" for row 260e9426-250a-40bf-bc3c-ac4afda2c7ff (table: Logical_Switch_Port) {{(pid=103994) notify /opt/stack/neutron/neutron/plugins/ml2/drivers/ovn/mech_driver/ovsdb/ovsdb_monitor.py:914}}
Apr 18 22:14:35.231415 np0000167626 devstack@neutron-api.service[103995]: DEBUG neutron.plugins.ml2.drivers.ovn.mech_driver.ovsdb.ovsdb_monitor [-] Hash Ring: Node c32d693ce5fd546cb38126d947b6f0bc (host: np0000167626) handling event "update" for row f411490e-da01-4788-8e8e-c8bbb7e91057 (table: Logical_Switch) {{(pid=103995) notify /opt/stack/neutron/neutron/plugins/ml2/drivers/ovn/mech_driver/ovsdb/ovsdb_monitor.py:914}}
Apr 18 22:14:35.231732 np0000167626 devstack@neutron-api.service[103995]: DEBUG neutron.plugins.ml2.drivers.ovn.mech_driver.ovsdb.ovsdb_monitor [-] Hash Ring: Node c32d693ce5fd546cb38126d947b6f0bc (host: np0000167626) handling event "create" for row 260e9426-250a-40bf-bc3c-ac4afda2c7ff (table: Logical_Switch_Port) {{(pid=103995) notify /opt/stack/neutron/neutron/plugins/ml2/drivers/ovn/mech_driver/ovsdb/ovsdb_monitor.py:914}}
Apr 18 22:14:35.232041 np0000167626 devstack@neutron-api.service[103993]: DEBUG neutron.plugins.ml2.drivers.ovn.mech_driver.ovsdb.ovsdb_monitor [-] Hash Ring: Node fd89ae397bdf5931a8488f4d57e2451f (host: np0000167626) handling event "create" for row 260e9426-250a-40bf-bc3c-ac4afda2c7ff (table: Logical_Switch_Port) {{(pid=103993) notify /opt/stack/neutron/neutron/plugins/ml2/drivers/ovn/mech_driver/ovsdb/ovsdb_monitor.py:914}}
Apr 18 22:14:35.232720 np0000167626 devstack@neutron-api.service[103994]: DEBUG ovsdbapp.backend.ovs_idl.event [-] Matched CREATE: LogicalSwitchPortCreateEvent(events=('create',), table='Logical_Switch_Port', conditions=[], old_conditions=None), priority=20 to row=Logical_Switch_Port(uuid=260e9426-250a-40bf-bc3c-ac4afda2c7ff, addresses=['fa:16:3e:d6:43:b4'], dhcpv4_options=[], dhcpv6_options=[], dynamic_addresses=[], enabled=True, external_ids={'neutron:cidrs': '', 'neutron:device_id': 'ovnmeta-f411490e-da01-4788-8e8e-c8bbb7e91057', 'neutron:device_owner': 'network:distributed', 'neutron:mtu': '', 'neutron:network_name': 'neutron-f411490e-da01-4788-8e8e-c8bbb7e91057', 'neutron:port_capabilities': '', 'neutron:port_name': '', 'neutron:project_id': 'a5e6cbfc752c4dd792c4a6a37087bb84', 'neutron:revision_number': '1', 'neutron:security_group_ids': '', 'neutron:subnet_pool_addr_scope4': '', 'neutron:subnet_pool_addr_scope6': '', 'neutron:vnic_type': 'normal'}, ha_chassis_group=[], mirror_rules=[], name='8c3147c5-f0be-4670-944e-8f9240deba1f', options={}, parent_name=[], port_security=[], tag=[], tag_request=[], type='localport', up=[]) old= {{(pid=103994) matches /opt/stack/data/venv/lib/python3.12/site-packages/ovsdbapp/backend/ovs_idl/event.py:55}}
Apr 18 22:14:35.233666 np0000167626 devstack@neutron-api.service[103995]: DEBUG ovsdbapp.backend.ovs_idl.event [-] Matched CREATE: LogicalSwitchPortCreateEvent(events=('create',), table='Logical_Switch_Port', conditions=[], old_conditions=None), priority=20 to row=Logical_Switch_Port(uuid=260e9426-250a-40bf-bc3c-ac4afda2c7ff, addresses=['fa:16:3e:d6:43:b4'], dhcpv4_options=[], dhcpv6_options=[], dynamic_addresses=[], enabled=True, external_ids={'neutron:cidrs': '', 'neutron:device_id': 'ovnmeta-f411490e-da01-4788-8e8e-c8bbb7e91057', 'neutron:device_owner': 'network:distributed', 'neutron:mtu': '', 'neutron:network_name': 'neutron-f411490e-da01-4788-8e8e-c8bbb7e91057', 'neutron:port_capabilities': '', 'neutron:port_name': '', 'neutron:project_id': 'a5e6cbfc752c4dd792c4a6a37087bb84', 'neutron:revision_number': '1', 'neutron:security_group_ids': '', 'neutron:subnet_pool_addr_scope4': '', 'neutron:subnet_pool_addr_scope6': '', 'neutron:vnic_type': 'normal'}, ha_chassis_group=[], mirror_rules=[], name='8c3147c5-f0be-4670-944e-8f9240deba1f', options={}, parent_name=[], port_security=[], tag=[], tag_request=[], type='localport', up=[]) old= {{(pid=103995) matches /opt/stack/data/venv/lib/python3.12/site-packages/ovsdbapp/backend/ovs_idl/event.py:55}}
Apr 18 22:14:35.233829 np0000167626 devstack@neutron-api.service[103994]: INFO neutron.plugins.ml2.drivers.ovn.mech_driver.mech_driver [-] OVN reports status down for port: 8c3147c5-f0be-4670-944e-8f9240deba1f
Apr 18 22:14:35.234088 np0000167626 devstack@neutron-api.service[103993]: DEBUG ovsdbapp.backend.ovs_idl.event [-] Matched CREATE: LogicalSwitchPortCreateEvent(events=('create',), table='Logical_Switch_Port', conditions=[], old_conditions=None), priority=20 to row=Logical_Switch_Port(uuid=260e9426-250a-40bf-bc3c-ac4afda2c7ff, addresses=['fa:16:3e:d6:43:b4'], dhcpv4_options=[], dhcpv6_options=[], dynamic_addresses=[], enabled=True, external_ids={'neutron:cidrs': '', 'neutron:device_id': 'ovnmeta-f411490e-da01-4788-8e8e-c8bbb7e91057', 'neutron:device_owner': 'network:distributed', 'neutron:mtu': '', 'neutron:network_name': 'neutron-f411490e-da01-4788-8e8e-c8bbb7e91057', 'neutron:port_capabilities': '', 'neutron:port_name': '', 'neutron:project_id': 'a5e6cbfc752c4dd792c4a6a37087bb84', 'neutron:revision_number': '1', 'neutron:security_group_ids': '', 'neutron:subnet_pool_addr_scope4': '', 'neutron:subnet_pool_addr_scope6': '', 'neutron:vnic_type': 'normal'}, ha_chassis_group=[], mirror_rules=[], name='8c3147c5-f0be-4670-944e-8f9240deba1f', options={}, parent_name=[], port_security=[], tag=[], tag_request=[], type='localport', up=[]) old= {{(pid=103993) matches /opt/stack/data/venv/lib/python3.12/site-packages/ovsdbapp/backend/ovs_idl/event.py:55}}
Apr 18 22:14:35.235152 np0000167626 devstack@neutron-api.service[103993]: INFO neutron.plugins.ml2.drivers.ovn.mech_driver.mech_driver [-] OVN reports status down for port: 8c3147c5-f0be-4670-944e-8f9240deba1f
Apr 18 22:14:35.235866 np0000167626 devstack@neutron-api.service[103994]: DEBUG neutron.plugins.ml2.drivers.ovn.mech_driver.ovsdb.ovsdb_monitor [-] Hash Ring: Node ff886d86402d553d8be0823b37edae81 (host: np0000167626) handling event "update" for row 260e9426-250a-40bf-bc3c-ac4afda2c7ff (table: Logical_Switch_Port) {{(pid=103994) notify /opt/stack/neutron/neutron/plugins/ml2/drivers/ovn/mech_driver/ovsdb/ovsdb_monitor.py:914}}
Apr 18 22:14:35.236506 np0000167626 devstack@neutron-api.service[103995]: INFO neutron.plugins.ml2.drivers.ovn.mech_driver.mech_driver [-] OVN reports status down for port: 8c3147c5-f0be-4670-944e-8f9240deba1f
Apr 18 22:14:35.237094 np0000167626 devstack@neutron-api.service[103993]: DEBUG neutron.plugins.ml2.drivers.ovn.mech_driver.ovsdb.ovsdb_monitor [-] Hash Ring: Node fd89ae397bdf5931a8488f4d57e2451f (host: np0000167626) handling event "create" for row 241d0d27-51a9-4e4b-a9ed-ad9b70948704 (table: Port_Binding) {{(pid=103993) notify /opt/stack/neutron/neutron/plugins/ml2/drivers/ovn/mech_driver/ovsdb/ovsdb_monitor.py:914}}
Apr 18 22:14:35.237338 np0000167626 devstack@neutron-api.service[103995]: DEBUG neutron.plugins.ml2.drivers.ovn.mech_driver.ovsdb.ovsdb_monitor [-] Hash Ring: Node c32d693ce5fd546cb38126d947b6f0bc (host: np0000167626) handling event "update" for row 260e9426-250a-40bf-bc3c-ac4afda2c7ff (table: Logical_Switch_Port) {{(pid=103995) notify /opt/stack/neutron/neutron/plugins/ml2/drivers/ovn/mech_driver/ovsdb/ovsdb_monitor.py:914}}
Apr 18 22:14:35.238241 np0000167626 devstack@neutron-api.service[103993]: DEBUG neutron.plugins.ml2.drivers.ovn.mech_driver.ovsdb.ovsdb_monitor [-] Hash Ring: Node fd89ae397bdf5931a8488f4d57e2451f (host: np0000167626) handling event "update" for row 260e9426-250a-40bf-bc3c-ac4afda2c7ff (table: Logical_Switch_Port) {{(pid=103993) notify /opt/stack/neutron/neutron/plugins/ml2/drivers/ovn/mech_driver/ovsdb/ovsdb_monitor.py:914}}
Apr 18 22:14:35.239485 np0000167626 devstack@neutron-api.service[103995]: DEBUG neutron.plugins.ml2.drivers.ovn.mech_driver.ovsdb.ovsdb_monitor [-] Hash Ring: Node c32d693ce5fd546cb38126d947b6f0bc (host: np0000167626) handling event "create" for row 241d0d27-51a9-4e4b-a9ed-ad9b70948704 (table: Port_Binding) {{(pid=103995) notify /opt/stack/neutron/neutron/plugins/ml2/drivers/ovn/mech_driver/ovsdb/ovsdb_monitor.py:914}}
Apr 18 22:14:35.297977 np0000167626 devstack@neutron-api.service[103993]: DEBUG neutron.db.provisioning_blocks [None req-f90a0460-97b4-47b9-9efa-652d860162c6 None None] Transition to ACTIVE for port object 8c3147c5-f0be-4670-944e-8f9240deba1f will not be triggered until provisioned by entity L2. {{(pid=103993) add_provisioning_component /opt/stack/neutron/neutron/db/provisioning_blocks.py:74}}
Apr 18 22:14:35.304924 np0000167626 devstack@neutron-api.service[103995]: DEBUG neutron_lib.db.api [None req-15dd01f4-2950-4ec4-8a6d-65f089fe8d85 None None] Retry wrapper got retriable exception: Failed to create a duplicate ProvisioningBlock: for attribute(s) ['provisioningblocks.PRIMARY'] with value(s) 14-L2 {{(pid=103995) wrapped /opt/stack/data/venv/lib/python3.12/site-packages/neutron_lib/db/api.py:185}}
Apr 18 22:14:35.305109 np0000167626 devstack@neutron-api.service[103995]: DEBUG oslo_db.api [None req-15dd01f4-2950-4ec4-8a6d-65f089fe8d85 None None] Performing DB retry for function neutron.db.provisioning_blocks.add_provisioning_component {{(pid=103995) wrapper /opt/stack/data/venv/lib/python3.12/site-packages/oslo_db/api.py:155}}
Apr 18 22:14:35.315318 np0000167626 devstack@neutron-api.service[103994]: INFO neutron.db.ovn_revision_numbers_db [None req-35a5315a-7ed1-4ad8-a8e9-11586d658efa admin admin] Successfully bumped revision number for resource 8c3147c5-f0be-4670-944e-8f9240deba1f (type: ports) to 1
Apr 18 22:14:35.323572 np0000167626 devstack@neutron-api.service[103994]: DEBUG neutron.db.provisioning_blocks [None req-13e2d9b6-2082-40f4-9b25-5dcf0329440a None None] Ignored duplicate provisioning block setup for port 8c3147c5-f0be-4670-944e-8f9240deba1f by entity L2. {{(pid=103994) add_provisioning_component /opt/stack/neutron/neutron/db/provisioning_blocks.py:69}}
Apr 18 22:14:35.339467 np0000167626 devstack@neutron-api.service[103993]: DEBUG neutron.plugins.ml2.plugin [None req-f90a0460-97b4-47b9-9efa-652d860162c6 None None] Current status of the port 8c3147c5-f0be-4670-944e-8f9240deba1f is: DOWN; New status is: DOWN {{(pid=103993) _update_individual_port_db_status /opt/stack/neutron/neutron/plugins/ml2/plugin.py:2468}}
Apr 18 22:14:35.340018 np0000167626 devstack@neutron-api.service[103993]: INFO neutron.plugins.ml2.drivers.ovn.mech_driver.ovsdb.extensions.qos [None req-f90a0460-97b4-47b9-9efa-652d860162c6 None None] Starting OVNClientQosExtension
Apr 18 22:14:35.340132 np0000167626 devstack@neutron-api.service[103993]: INFO neutron.plugins.ml2.drivers.ovn.mech_driver.ovsdb.extensions.placement [None req-f90a0460-97b4-47b9-9efa-652d860162c6 None None] Starting OVNClientPlacementExtension
Apr 18 22:14:35.341852 np0000167626 devstack@neutron-api.service[103993]: DEBUG ovsdbapp.backend.ovs_idl.transaction [-] Running txn n=1 command(idx=0): DbRemoveCommand(_result=None, table=Logical_Switch_Port, record=8c3147c5-f0be-4670-944e-8f9240deba1f, column=external_ids, values=('neutron:host_id',), keyvalues={}, if_exists=True) {{(pid=103993) do_commit /opt/stack/data/venv/lib/python3.12/site-packages/ovsdbapp/backend/ovs_idl/transaction.py:89}}
Apr 18 22:14:35.351484 np0000167626 devstack@neutron-api.service[103994]: DEBUG neutron.pecan_wsgi.hooks.policy_enforcement [None req-35a5315a-7ed1-4ad8-a8e9-11586d658efa admin admin] Attributes excluded by policy engine: ['standard_attr_id'] {{(pid=103994) _exclude_attributes_by_policy /opt/stack/neutron/neutron/pecan_wsgi/hooks/policy_enforcement.py:258}}
Apr 18 22:14:35.351868 np0000167626 devstack@neutron-api.service[103994]: DEBUG neutron_lib.callbacks.manager [None req-35a5315a-7ed1-4ad8-a8e9-11586d658efa admin admin] Publish callbacks [] for network (None), before_response {{(pid=103994) _notify_loop /opt/stack/data/venv/lib/python3.12/site-packages/neutron_lib/callbacks/manager.py:184}}
Apr 18 22:14:35.378312 np0000167626 devstack@neutron-api.service[103994]: DEBUG neutron.plugins.ml2.plugin [None req-13e2d9b6-2082-40f4-9b25-5dcf0329440a None None] Current status of the port 8c3147c5-f0be-4670-944e-8f9240deba1f is: DOWN; New status is: DOWN {{(pid=103994) _update_individual_port_db_status /opt/stack/neutron/neutron/plugins/ml2/plugin.py:2468}}
Apr 18 22:14:35.381529 np0000167626 devstack@neutron-api.service[103994]: [pid: 103994|app: 0|req: 1/5] 199.204.45.89 () {68 vars in 1350 bytes} [Sat Apr 18 22:14:33 2026] POST /networking/v2.0/networks => generated 681 bytes in 1579 msecs (HTTP/1.1 201) 4 headers in 162 bytes (2 switches on core 0)
Apr 18 22:14:35.381611 np0000167626 devstack@neutron-api.service[103994]: DEBUG ovsdbapp.backend.ovs_idl.transaction [-] Running txn n=1 command(idx=0): DbRemoveCommand(_result=None, table=Logical_Switch_Port, record=8c3147c5-f0be-4670-944e-8f9240deba1f, column=external_ids, values=('neutron:host_id',), keyvalues={}, if_exists=True) {{(pid=103994) do_commit /opt/stack/data/venv/lib/python3.12/site-packages/ovsdbapp/backend/ovs_idl/transaction.py:89}}
Apr 18 22:14:35.824133 np0000167626 devstack@neutron-api.service[103995]: DEBUG neutron.db.provisioning_blocks [None req-15dd01f4-2950-4ec4-8a6d-65f089fe8d85 None None] Ignored duplicate provisioning block setup for port 8c3147c5-f0be-4670-944e-8f9240deba1f by entity L2. {{(pid=103995) add_provisioning_component /opt/stack/neutron/neutron/db/provisioning_blocks.py:69}}
Apr 18 22:14:35.993850 np0000167626 devstack@neutron-api.service[103995]: DEBUG neutron.policy [None req-9b5b2577-f03d-4fa6-a4b0-a9728eb190df admin admin] Loaded default policies from ['neutron'] under neutron.policies entry points {{(pid=103995) register_rules /opt/stack/neutron/neutron/policy.py:65}}
Apr 18 22:14:36.041621 np0000167626 devstack@neutron-api.service[103995]: DEBUG neutron.plugins.ml2.plugin [None req-15dd01f4-2950-4ec4-8a6d-65f089fe8d85 None None] Current status of the port 8c3147c5-f0be-4670-944e-8f9240deba1f is: DOWN; New status is: DOWN {{(pid=103995) _update_individual_port_db_status /opt/stack/neutron/neutron/plugins/ml2/plugin.py:2468}}
Apr 18 22:14:36.048482 np0000167626 devstack@neutron-api.service[103995]: DEBUG ovsdbapp.backend.ovs_idl.transaction [-] Running txn n=1 command(idx=0): DbRemoveCommand(_result=None, table=Logical_Switch_Port, record=8c3147c5-f0be-4670-944e-8f9240deba1f, column=external_ids, values=('neutron:host_id',), keyvalues={}, if_exists=True) {{(pid=103995) do_commit /opt/stack/data/venv/lib/python3.12/site-packages/ovsdbapp/backend/ovs_idl/transaction.py:89}}
Apr 18 22:14:36.115579 np0000167626 devstack@neutron-api.service[103995]: DEBUG neutron.pecan_wsgi.hooks.policy_enforcement [None req-9b5b2577-f03d-4fa6-a4b0-a9728eb190df admin admin] Attributes excluded by policy engine: ['standard_attr_id'] {{(pid=103995) _exclude_attributes_by_policy /opt/stack/neutron/neutron/pecan_wsgi/hooks/policy_enforcement.py:258}}
Apr 18 22:14:36.116536 np0000167626 devstack@neutron-api.service[103995]: [pid: 103995|app: 0|req: 3/6] 199.204.45.89 () {64 vars in 1408 bytes} [Sat Apr 18 22:14:35 2026] GET /networking/v2.0/networks/f411490e-da01-4788-8e8e-c8bbb7e91057 => generated 662 bytes in 382 msecs (HTTP/1.1 200) 4 headers in 157 bytes (1 switches on core 0)
Apr 18 22:14:36.133890 np0000167626 devstack@neutron-api.service[103993]: DEBUG neutron.api.wsgi [None req-5c0dbd83-528a-4737-a6f9-cb648fedd3e1 admin admin] Missing Content-Type {{(pid=103993) get_content_type /opt/stack/neutron/neutron/api/wsgi.py:85}}
Apr 18 22:14:36.145227 np0000167626 devstack@neutron-api.service[103993]: [pid: 103993|app: 0|req: 2/7] 199.204.45.89 () {64 vars in 1417 bytes} [Sat Apr 18 22:14:36 2026] GET /networking/v2.0/subnetpools/54f1998f-0e74-4ae2-93d6-621dd5641e22 => generated 533 bytes in 15 msecs (HTTP/1.1 200) 4 headers in 157 bytes (1 switches on core 0)
Apr 18 22:14:36.166220 np0000167626 devstack@neutron-api.service[103996]: DEBUG neutron.api.v2.base [None req-49f35208-324b-4d90-af24-2a795c82b3f7 admin admin] Request body: {'subnet': {'network_id': 'f411490e-da01-4788-8e8e-c8bbb7e91057', 'name': 'private-subnet', 'ip_version': 4, 'gateway_ip': '10.1.0.1', 'subnetpool_id': '54f1998f-0e74-4ae2-93d6-621dd5641e22'}} {{(pid=103996) prepare_request_body /opt/stack/neutron/neutron/api/v2/base.py:729}}
Apr 18 22:14:36.188164 np0000167626 devstack@neutron-api.service[103996]: DEBUG neutron.pecan_wsgi.hooks.quota_enforcement [None req-49f35208-324b-4d90-af24-2a795c82b3f7 admin admin] Made reservation on behalf of a5e6cbfc752c4dd792c4a6a37087bb84 for: {'subnet': 1} {{(pid=103996) before /opt/stack/neutron/neutron/pecan_wsgi/hooks/quota_enforcement.py:66}}
Apr 18 22:14:36.192464 np0000167626 devstack@neutron-api.service[103996]: DEBUG neutron_lib.callbacks.manager [None req-49f35208-324b-4d90-af24-2a795c82b3f7 admin admin] Publish callbacks [] for subnet (None), before_create {{(pid=103996) _notify_loop /opt/stack/data/venv/lib/python3.12/site-packages/neutron_lib/callbacks/manager.py:184}}
Apr 18 22:14:36.372482 np0000167626 devstack@neutron-api.service[103996]: DEBUG neutron.db.ovn_revision_numbers_db [None req-49f35208-324b-4d90-af24-2a795c82b3f7 admin admin] create_initial_revision uuid=4348b0bc-9ac5-411e-bdf2-5c5e92ba0604, type=subnets, rev=-1 {{(pid=103996) create_initial_revision /opt/stack/neutron/neutron/db/ovn_revision_numbers_db.py:98}}
Apr 18 22:14:36.379931 np0000167626 devstack@neutron-api.service[103996]: DEBUG neutron_lib.callbacks.manager [None req-49f35208-324b-4d90-af24-2a795c82b3f7 admin admin] Publish callbacks ['neutron.plugins.ml2.ovo_rpc._ObjectChangeHandler.handle_event-1132421'] for subnet (4348b0bc-9ac5-411e-bdf2-5c5e92ba0604), after_create {{(pid=103996) _notify_loop /opt/stack/data/venv/lib/python3.12/site-packages/neutron_lib/callbacks/manager.py:184}}
Apr 18 22:14:36.402072 np0000167626 devstack@neutron-api.service[103996]: DEBUG neutron.api.rpc.handlers.resources_rpc [None req-49f35208-324b-4d90-af24-2a795c82b3f7 admin admin] Pushing event updated for resources: {'Subnet': ['ID=4348b0bc-9ac5-411e-bdf2-5c5e92ba0604,revision_number=0']} {{(pid=103996) push /opt/stack/neutron/neutron/api/rpc/handlers/resources_rpc.py:237}}
Apr 18 22:14:36.408100 np0000167626 devstack@neutron-api.service[103996]: DEBUG neutron.api.rpc.callbacks.version_manager [None req-49f35208-324b-4d90-af24-2a795c82b3f7 admin admin] Tracked resource versions report:
Apr 18 22:14:36.408100 np0000167626 devstack@neutron-api.service[103996]: pushed versions:
Apr 18 22:14:36.408100 np0000167626 devstack@neutron-api.service[103996]: { 'AddressGroup': {'1.2'},
Apr 18 22:14:36.408100 np0000167626 devstack@neutron-api.service[103996]: 'Agent': {'1.1'},
Apr 18 22:14:36.408100 np0000167626 devstack@neutron-api.service[103996]: 'ConntrackHelper': {'1.0'},
Apr 18 22:14:36.408100 np0000167626 devstack@neutron-api.service[103996]: 'LocalIPAssociation': {'1.0'},
Apr 18 22:14:36.408100 np0000167626 devstack@neutron-api.service[103996]: 'Log': {'1.0'},
Apr 18 22:14:36.408100 np0000167626 devstack@neutron-api.service[103996]: 'NDPProxy': {'1.0'},
Apr 18 22:14:36.408100 np0000167626 devstack@neutron-api.service[103996]: 'Network': {'1.2'},
Apr 18 22:14:36.408100 np0000167626 devstack@neutron-api.service[103996]: 'Port': {'1.10'},
Apr 18 22:14:36.408100 np0000167626 devstack@neutron-api.service[103996]: 'PortForwarding': {'1.3'},
Apr 18 22:14:36.408100 np0000167626 devstack@neutron-api.service[103996]: 'QosPolicy': {'1.10'},
Apr 18 22:14:36.408100 np0000167626 devstack@neutron-api.service[103996]: 'SecurityGroup': {'1.6'},
Apr 18 22:14:36.408100 np0000167626 devstack@neutron-api.service[103996]: 'SecurityGroupRule': {'1.3'},
Apr 18 22:14:36.408100 np0000167626 devstack@neutron-api.service[103996]: 'SubPort': {'1.0'},
Apr 18 22:14:36.408100 np0000167626 devstack@neutron-api.service[103996]: 'Subnet': {'1.2'},
Apr 18 22:14:36.408100 np0000167626 devstack@neutron-api.service[103996]: 'Trunk': {'1.1'}}
Apr 18 22:14:36.408100 np0000167626 devstack@neutron-api.service[103996]: consumer versions:
Apr 18 22:14:36.408100 np0000167626 devstack@neutron-api.service[103996]: { OVN Neutron agent@np0000167626: {},
Apr 18 22:14:36.408100 np0000167626 devstack@neutron-api.service[103996]: OVN Controller Gateway agent@np0000167626: {}}
Apr 18 22:14:36.408100 np0000167626 devstack@neutron-api.service[103996]: {{(pid=103996) report /opt/stack/neutron/neutron/api/rpc/callbacks/version_manager.py:183}}
Apr 18 22:14:36.423729 np0000167626 devstack@neutron-api.service[103996]: INFO neutron.plugins.ml2.drivers.ovn.mech_driver.ovsdb.extensions.qos [None req-49f35208-324b-4d90-af24-2a795c82b3f7 admin admin] Starting OVNClientQosExtension
Apr 18 22:14:36.423905 np0000167626 devstack@neutron-api.service[103996]: INFO neutron.plugins.ml2.drivers.ovn.mech_driver.ovsdb.extensions.placement [None req-49f35208-324b-4d90-af24-2a795c82b3f7 admin admin] Starting OVNClientPlacementExtension
Apr 18 22:14:36.541378 np0000167626 devstack@neutron-api.service[103996]: DEBUG neutron_lib.callbacks.manager [None req-49f35208-324b-4d90-af24-2a795c82b3f7 admin admin] Publish callbacks ['neutron.plugins.ml2.plugin.SecurityGroupDbMixin._ensure_default_security_group_handler-200921', 'neutron.services.ovn_l3.plugin.OVNL3RouterPlugin._port_update-8030979251674', 'neutron.db.l3_db.L3_NAT_dbonly_mixin._prevent_internal_ip_change_for_fip-8030980309896'] for port (8c3147c5-f0be-4670-944e-8f9240deba1f), before_update {{(pid=103996) _notify_loop /opt/stack/data/venv/lib/python3.12/site-packages/neutron_lib/callbacks/manager.py:184}}
Apr 18 22:14:37.002853 np0000167626 devstack@neutron-api.service[103996]: DEBUG neutron.db.db_base_plugin_common [None req-49f35208-324b-4d90-af24-2a795c82b3f7 admin admin] Allocated IP 10.1.0.2 (f411490e-da01-4788-8e8e-c8bbb7e91057/4348b0bc-9ac5-411e-bdf2-5c5e92ba0604/8c3147c5-f0be-4670-944e-8f9240deba1f) {{(pid=103996) _store_ip_allocation /opt/stack/neutron/neutron/db/db_base_plugin_common.py:131}}
Apr 18 22:14:37.112760 np0000167626 devstack@neutron-api.service[103996]: DEBUG neutron_lib.callbacks.manager [None req-49f35208-324b-4d90-af24-2a795c82b3f7 admin admin] Publish callbacks [] for port (8c3147c5-f0be-4670-944e-8f9240deba1f), precommit_update {{(pid=103996) _notify_loop /opt/stack/data/venv/lib/python3.12/site-packages/neutron_lib/callbacks/manager.py:184}}
Apr 18 22:14:37.113026 np0000167626 devstack@neutron-api.service[103996]: DEBUG neutron.plugins.ml2.drivers.ovn.mech_driver.mech_driver [None req-49f35208-324b-4d90-af24-2a795c82b3f7 admin admin] No provisioning block for port 8c3147c5-f0be-4670-944e-8f9240deba1f since it does not have a host {{(pid=103996) _is_port_provisioning_required /opt/stack/neutron/neutron/plugins/ml2/drivers/ovn/mech_driver/mech_driver.py:894}}
Apr 18 22:14:37.127321 np0000167626 devstack@neutron-api.service[103996]: DEBUG neutron_lib.callbacks.manager [None req-49f35208-324b-4d90-af24-2a795c82b3f7 admin admin] Publish callbacks ['neutron.plugins.ml2.ovo_rpc._ObjectChangeHandler.handle_event-1132154', 'neutron.db.l3_db.L3RpcNotifierMixin._notify_gateway_port_ip_changed-8030980314062', 'neutron.services.ovn_l3.plugin.OVNL3RouterPlugin._port_update-8030979251674'] for port (8c3147c5-f0be-4670-944e-8f9240deba1f), after_update {{(pid=103996) _notify_loop /opt/stack/data/venv/lib/python3.12/site-packages/neutron_lib/callbacks/manager.py:184}}
Apr 18 22:14:37.179391 np0000167626 devstack@neutron-api.service[103996]: DEBUG neutron.api.rpc.handlers.resources_rpc [None req-49f35208-324b-4d90-af24-2a795c82b3f7 admin admin] Pushing event updated for resources: {'Port': ['ID=8c3147c5-f0be-4670-944e-8f9240deba1f,revision_number=2']} {{(pid=103996) push /opt/stack/neutron/neutron/api/rpc/handlers/resources_rpc.py:237}}
Apr 18 22:14:37.331831 np0000167626 devstack@neutron-api.service[103996]: DEBUG ovsdbapp.backend.ovs_idl.transaction [-] Running txn n=1 command(idx=0): CheckRevisionNumberCommand(_result=None, name=8c3147c5-f0be-4670-944e-8f9240deba1f, resource={'id': '8c3147c5-f0be-4670-944e-8f9240deba1f', 'name': '', 'network_id': 'f411490e-da01-4788-8e8e-c8bbb7e91057', 'project_id': 'a5e6cbfc752c4dd792c4a6a37087bb84', 'mac_address': 'fa:16:3e:d6:43:b4', 'admin_state_up': True, 'status': 'DOWN', 'device_id': 'ovnmeta-f411490e-da01-4788-8e8e-c8bbb7e91057', 'device_owner': 'network:distributed', 'standard_attr_id': 14, 'fixed_ips': [{'subnet_id': '4348b0bc-9ac5-411e-bdf2-5c5e92ba0604', 'ip_address': '10.1.0.2'}], 'allowed_address_pairs': [], 'extra_dhcp_opts': [], 'security_groups': [], 'description': '', 'binding:vnic_type': 'normal', 'binding:profile': {}, 'binding:host_id': '', 'binding:vif_type': 'unbound', 'binding:vif_details': {}, 'port_security_enabled': False, 'tags': [], 'created_at': '2026-04-18T22:14:34Z', 'updated_at': '2026-04-18T22:14:37Z', 'revision_number': 2, 'tenant_id': 'a5e6cbfc752c4dd792c4a6a37087bb84', 'network': {'id': 'f411490e-da01-4788-8e8e-c8bbb7e91057', 'name': 'private', 'tenant_id': 'a5e6cbfc752c4dd792c4a6a37087bb84', 'project_id': 'a5e6cbfc752c4dd792c4a6a37087bb84', 'admin_state_up': True, 'mtu': 1372, 'status': 'ACTIVE', 'subnets': ['4348b0bc-9ac5-411e-bdf2-5c5e92ba0604'], 'standard_attr_id': 12, 'shared': False, 'availability_zone_hints': [], 'availability_zones': [], 'ipv4_address_scope': None, 'ipv6_address_scope': None, 'router:external': False, 'qinq': False, 'vlan_transparent': False, 'description': '', 'port_security_enabled': True, 'tags': [], 'created_at': '2026-04-18T22:14:34Z', 'updated_at': '2026-04-18T22:14:36Z', 'revision_number': 2, 'provider:network_type': 'geneve', 'provider:physical_network': None, 'provider:segmentation_id': 45858}}, resource_type=ports, if_exists=True) {{(pid=103996) do_commit /opt/stack/data/venv/lib/python3.12/site-packages/ovsdbapp/backend/ovs_idl/transaction.py:89}}
Apr 18 22:14:37.332518 np0000167626 devstack@neutron-api.service[103996]: DEBUG ovsdbapp.backend.ovs_idl.transaction [-] Running txn n=1 command(idx=1): AddDHCPOptionsCommand(_result=None, columns={'cidr': '10.1.0.0/26', 'options': {'server_id': '10.1.0.1', 'lease_time': '43200', 'mtu': '1372', 'router': '10.1.0.1', 'server_mac': 'fa:16:3e:b0:6a:11', 'dns_server': '{127.0.0.53}', 'classless_static_route': '{169.254.169.254/32,10.1.0.2, 0.0.0.0/0,10.1.0.1}'}, 'external_ids': {'subnet_id': '4348b0bc-9ac5-411e-bdf2-5c5e92ba0604', 'neutron:network_id': 'f411490e-da01-4788-8e8e-c8bbb7e91057', 'neutron:revision_number': '0'}}, may_exist=True, subnet_id=4348b0bc-9ac5-411e-bdf2-5c5e92ba0604, port_id=None, new_insert=False) {{(pid=103996) do_commit /opt/stack/data/venv/lib/python3.12/site-packages/ovsdbapp/backend/ovs_idl/transaction.py:89}}
Apr 18 22:14:37.333013 np0000167626 devstack@neutron-api.service[103996]: DEBUG ovsdbapp.backend.ovs_idl.transaction [-] Running txn n=1 command(idx=2): SetLSwitchPortCommand(_result=None, lport=8c3147c5-f0be-4670-944e-8f9240deba1f, external_ids_update=None, columns={'external_ids': {'neutron:port_name': '', 'neutron:device_id': 'ovnmeta-f411490e-da01-4788-8e8e-c8bbb7e91057', 'neutron:project_id': 'a5e6cbfc752c4dd792c4a6a37087bb84', 'neutron:cidrs': '10.1.0.2/26', 'neutron:device_owner': 'network:distributed', 'neutron:subnet_pool_addr_scope4': '', 'neutron:subnet_pool_addr_scope6': '', 'neutron:network_name': 'neutron-f411490e-da01-4788-8e8e-c8bbb7e91057', 'neutron:security_group_ids': '', 'neutron:revision_number': '2', 'neutron:vnic_type': 'normal', 'neutron:port_capabilities': '', 'neutron:mtu': ''}, 'parent_name': [], 'tag': [], 'options': {}, 'enabled': True, 'port_security': [], 'dhcpv4_options': [], 'dhcpv6_options': [], 'type': 'localport', 'addresses': ['fa:16:3e:d6:43:b4 10.1.0.2'], 'ha_chassis_group': []}, if_exists=False) {{(pid=103996) do_commit /opt/stack/data/venv/lib/python3.12/site-packages/ovsdbapp/backend/ovs_idl/transaction.py:89}}
Apr 18 22:14:37.334297 np0000167626 devstack@neutron-api.service[103996]: DEBUG ovsdbapp.backend.ovs_idl.transaction [-] Running txn n=1 command(idx=3): PgDelPortCommand(_result=None, port_group=neutron_pg_drop, lsp=['8c3147c5-f0be-4670-944e-8f9240deba1f'], if_exists=False) {{(pid=103996) do_commit /opt/stack/data/venv/lib/python3.12/site-packages/ovsdbapp/backend/ovs_idl/transaction.py:89}}
Apr 18 22:14:37.340556 np0000167626 devstack@neutron-api.service[103994]: DEBUG neutron.plugins.ml2.drivers.ovn.mech_driver.ovsdb.ovsdb_monitor [-] Hash Ring: Node ff886d86402d553d8be0823b37edae81 (host: np0000167626) handling event "update" for row 260e9426-250a-40bf-bc3c-ac4afda2c7ff (table: Logical_Switch_Port) {{(pid=103994) notify /opt/stack/neutron/neutron/plugins/ml2/drivers/ovn/mech_driver/ovsdb/ovsdb_monitor.py:914}}
Apr 18 22:14:37.341542 np0000167626 devstack@neutron-api.service[103995]: DEBUG neutron.plugins.ml2.drivers.ovn.mech_driver.ovsdb.ovsdb_monitor [-] Hash Ring: Node c32d693ce5fd546cb38126d947b6f0bc (host: np0000167626) handling event "create" for row 0c4a950d-59ba-4c9e-ae35-bc6e93faf211 (table: DHCP_Options) {{(pid=103995) notify /opt/stack/neutron/neutron/plugins/ml2/drivers/ovn/mech_driver/ovsdb/ovsdb_monitor.py:914}}
Apr 18 22:14:37.341981 np0000167626 devstack@neutron-api.service[103993]: DEBUG neutron.plugins.ml2.drivers.ovn.mech_driver.ovsdb.ovsdb_monitor [-] Hash Ring: Node fd89ae397bdf5931a8488f4d57e2451f (host: np0000167626) handling event "create" for row 0c4a950d-59ba-4c9e-ae35-bc6e93faf211 (table: DHCP_Options) {{(pid=103993) notify /opt/stack/neutron/neutron/plugins/ml2/drivers/ovn/mech_driver/ovsdb/ovsdb_monitor.py:914}}
Apr 18 22:14:37.342433 np0000167626 devstack@neutron-api.service[103995]: DEBUG neutron.plugins.ml2.drivers.ovn.mech_driver.ovsdb.ovsdb_monitor [-] Hash Ring: Node c32d693ce5fd546cb38126d947b6f0bc (host: np0000167626) handling event "update" for row 260e9426-250a-40bf-bc3c-ac4afda2c7ff (table: Logical_Switch_Port) {{(pid=103995) notify /opt/stack/neutron/neutron/plugins/ml2/drivers/ovn/mech_driver/ovsdb/ovsdb_monitor.py:914}}
Apr 18 22:14:37.343858 np0000167626 devstack@neutron-api.service[103995]: DEBUG neutron.plugins.ml2.drivers.ovn.mech_driver.ovsdb.ovsdb_monitor [-] Hash Ring: Node c32d693ce5fd546cb38126d947b6f0bc (host: np0000167626) handling event "update" for row 241d0d27-51a9-4e4b-a9ed-ad9b70948704 (table: Port_Binding) {{(pid=103995) notify /opt/stack/neutron/neutron/plugins/ml2/drivers/ovn/mech_driver/ovsdb/ovsdb_monitor.py:914}}
Apr 18 22:14:37.344370 np0000167626 devstack@neutron-api.service[103993]: DEBUG neutron.plugins.ml2.drivers.ovn.mech_driver.ovsdb.ovsdb_monitor [-] Hash Ring: Node fd89ae397bdf5931a8488f4d57e2451f (host: np0000167626) handling event "update" for row 241d0d27-51a9-4e4b-a9ed-ad9b70948704 (table: Port_Binding) {{(pid=103993) notify /opt/stack/neutron/neutron/plugins/ml2/drivers/ovn/mech_driver/ovsdb/ovsdb_monitor.py:914}}
Apr 18 22:14:37.344799 np0000167626 devstack@neutron-api.service[103993]: DEBUG neutron.plugins.ml2.drivers.ovn.mech_driver.ovsdb.ovsdb_monitor [-] Hash Ring: Node fd89ae397bdf5931a8488f4d57e2451f (host: np0000167626) handling event "update" for row 260e9426-250a-40bf-bc3c-ac4afda2c7ff (table: Logical_Switch_Port) {{(pid=103993) notify /opt/stack/neutron/neutron/plugins/ml2/drivers/ovn/mech_driver/ovsdb/ovsdb_monitor.py:914}}
Apr 18 22:14:37.375647 np0000167626 devstack@neutron-api.service[103996]: INFO neutron.db.ovn_revision_numbers_db [None req-49f35208-324b-4d90-af24-2a795c82b3f7 admin admin] Successfully bumped revision number for resource 8c3147c5-f0be-4670-944e-8f9240deba1f (type: ports) to 2
Apr 18 22:14:37.388977 np0000167626 devstack@neutron-api.service[103996]: DEBUG neutron.plugins.ml2.plugin [None req-49f35208-324b-4d90-af24-2a795c82b3f7 admin admin] In _notify_port_updated(), no bound segment for port 8c3147c5-f0be-4670-944e-8f9240deba1f on network f411490e-da01-4788-8e8e-c8bbb7e91057 {{(pid=103996) _notify_port_updated /opt/stack/neutron/neutron/plugins/ml2/plugin.py:1036}}
Apr 18 22:14:37.417183 np0000167626 devstack@neutron-api.service[103996]: INFO neutron.db.ovn_revision_numbers_db [None req-49f35208-324b-4d90-af24-2a795c82b3f7 admin admin] Successfully bumped revision number for resource 4348b0bc-9ac5-411e-bdf2-5c5e92ba0604 (type: subnets) to 0
Apr 18 22:14:37.418285 np0000167626 devstack@neutron-api.service[103996]: DEBUG neutron.pecan_wsgi.hooks.policy_enforcement [None req-49f35208-324b-4d90-af24-2a795c82b3f7 admin admin] Attributes excluded by policy engine: ['standard_attr_id', 'shared', 'network'] {{(pid=103996) _exclude_attributes_by_policy /opt/stack/neutron/neutron/pecan_wsgi/hooks/policy_enforcement.py:258}}
Apr 18 22:14:37.418596 np0000167626 devstack@neutron-api.service[103996]: DEBUG neutron_lib.callbacks.manager [None req-49f35208-324b-4d90-af24-2a795c82b3f7 admin admin] Publish callbacks [] for subnet (None), before_response {{(pid=103996) _notify_loop /opt/stack/data/venv/lib/python3.12/site-packages/neutron_lib/callbacks/manager.py:184}}
Apr 18 22:14:37.431498 np0000167626 devstack@neutron-api.service[103996]: [pid: 103996|app: 0|req: 2/8] 199.204.45.89 () {68 vars in 1348 bytes} [Sat Apr 18 22:14:36 2026] POST /networking/v2.0/subnets => generated 666 bytes in 1271 msecs (HTTP/1.1 201) 4 headers in 162 bytes (1 switches on core 0)
Apr 18 22:14:37.895873 np0000167626 devstack@neutron-api.service[103994]: DEBUG neutron.pecan_wsgi.hooks.policy_enforcement [None req-9d96bb10-49ba-43ea-a23a-dd37a7b7c7fb admin admin] Attributes excluded by policy engine: ['standard_attr_id'] {{(pid=103994) _exclude_attributes_by_policy /opt/stack/neutron/neutron/pecan_wsgi/hooks/policy_enforcement.py:258}}
Apr 18 22:14:37.896503 np0000167626 devstack@neutron-api.service[103994]: [pid: 103994|app: 0|req: 2/9] 199.204.45.89 () {64 vars in 1408 bytes} [Sat Apr 18 22:14:37 2026] GET /networking/v2.0/networks/f411490e-da01-4788-8e8e-c8bbb7e91057 => generated 700 bytes in 41 msecs (HTTP/1.1 200) 4 headers in 157 bytes (1 switches on core 0)
Apr 18 22:14:37.913782 np0000167626 devstack@neutron-api.service[103995]: DEBUG neutron.api.wsgi [None req-c255a6ee-bffe-42a6-9460-a81073152c87 admin admin] Missing Content-Type {{(pid=103995) get_content_type /opt/stack/neutron/neutron/api/wsgi.py:85}}
Apr 18 22:14:37.928566 np0000167626 devstack@neutron-api.service[103995]: [pid: 103995|app: 0|req: 4/10] 199.204.45.89 () {64 vars in 1417 bytes} [Sat Apr 18 22:14:37 2026] GET /networking/v2.0/subnetpools/da3263b1-93a4-4749-a718-16d4cfba6302 => generated 543 bytes in 19 msecs (HTTP/1.1 200) 4 headers in 157 bytes (1 switches on core 0)
Apr 18 22:14:37.950868 np0000167626 devstack@neutron-api.service[103993]: DEBUG neutron.api.v2.base [None req-cb04df7e-691e-4572-8c78-242945aa8f51 admin admin] Request body: {'subnet': {'ipv6_ra_mode': 'slaac', 'network_id': 'f411490e-da01-4788-8e8e-c8bbb7e91057', 'name': 'ipv6-private-subnet', 'ipv6_address_mode': 'slaac', 'ip_version': 6, 'subnetpool_id': 'da3263b1-93a4-4749-a718-16d4cfba6302'}} {{(pid=103993) prepare_request_body /opt/stack/neutron/neutron/api/v2/base.py:729}}
Apr 18 22:14:37.977110 np0000167626 devstack@neutron-api.service[103993]: DEBUG neutron.pecan_wsgi.hooks.quota_enforcement [None req-cb04df7e-691e-4572-8c78-242945aa8f51 admin admin] Made reservation on behalf of a5e6cbfc752c4dd792c4a6a37087bb84 for: {'subnet': 1} {{(pid=103993) before /opt/stack/neutron/neutron/pecan_wsgi/hooks/quota_enforcement.py:66}}
Apr 18 22:14:37.981069 np0000167626 devstack@neutron-api.service[103993]: DEBUG neutron_lib.callbacks.manager [None req-cb04df7e-691e-4572-8c78-242945aa8f51 admin admin] Publish callbacks [] for subnet (None), before_create {{(pid=103993) _notify_loop /opt/stack/data/venv/lib/python3.12/site-packages/neutron_lib/callbacks/manager.py:184}}
Apr 18 22:14:38.340015 np0000167626 devstack@neutron-api.service[103993]: DEBUG neutron.db.ovn_revision_numbers_db [None req-cb04df7e-691e-4572-8c78-242945aa8f51 admin admin] create_initial_revision uuid=86b529e2-efe0-4dd0-91dd-c645a140c168, type=subnets, rev=-1 {{(pid=103993) create_initial_revision /opt/stack/neutron/neutron/db/ovn_revision_numbers_db.py:98}}
Apr 18 22:14:38.410410 np0000167626 devstack@neutron-api.service[103993]: DEBUG neutron.objects.ports [None req-cb04df7e-691e-4572-8c78-242945aa8f51 admin admin] Time-cost: Fetching 1 ports in 0 security groups {{(pid=103993) get_objects /opt/stack/neutron/neutron/objects/ports.py:494}}
Apr 18 22:14:38.554913 np0000167626 devstack@neutron-api.service[103993]: DEBUG neutron_lib.callbacks.manager [None req-cb04df7e-691e-4572-8c78-242945aa8f51 admin admin] Publish callbacks ['neutron.plugins.ml2.plugin.SecurityGroupDbMixin._ensure_default_security_group_handler-416893', 'neutron.services.ovn_l3.plugin.OVNL3RouterPlugin._port_update-8030978782722', 'neutron.db.l3_db.L3_NAT_dbonly_mixin._prevent_internal_ip_change_for_fip-8030980306764'] for port (8c3147c5-f0be-4670-944e-8f9240deba1f), before_update {{(pid=103993) _notify_loop /opt/stack/data/venv/lib/python3.12/site-packages/neutron_lib/callbacks/manager.py:184}}
Apr 18 22:14:38.709651 np0000167626 devstack@neutron-api.service[103993]: DEBUG neutron_lib.callbacks.manager [None req-cb04df7e-691e-4572-8c78-242945aa8f51 admin admin] Publish callbacks [] for port (8c3147c5-f0be-4670-944e-8f9240deba1f), precommit_update {{(pid=103993) _notify_loop /opt/stack/data/venv/lib/python3.12/site-packages/neutron_lib/callbacks/manager.py:184}}
Apr 18 22:14:38.709904 np0000167626 devstack@neutron-api.service[103993]: DEBUG neutron.plugins.ml2.drivers.ovn.mech_driver.mech_driver [None req-cb04df7e-691e-4572-8c78-242945aa8f51 admin admin] No provisioning block for port 8c3147c5-f0be-4670-944e-8f9240deba1f since it does not have a host {{(pid=103993) _is_port_provisioning_required /opt/stack/neutron/neutron/plugins/ml2/drivers/ovn/mech_driver/mech_driver.py:894}}
