2026-05-07 22:10:14.370 7 WARNING tagging [None req-85c835fe-a5a5-4edb-a24a-86de5059dd0a e80606042c564b21aa5537abe03cc7ff 9211a7d74e2c472cba87e0d534b5fd0b - - default default] project_id key not found in request, using tenant_id instead. This support has been deprecated and will be removed in a future release. [pid: 7|app: 0|req: 1077/2107] 10.0.0.134 () {34 vars in 749 bytes} [Thu May 7 22:10:14 2026] PUT /v2.0/trunks/e22243ee-e418-4e57-9e48-918e76d11c77/tags => generated 34 bytes in 30 msecs (HTTP/1.1 200) 4 headers in 156 bytes (1 switches on core 0)
2026-05-07 22:10:14.403 7 WARNING tagging [None req-ce745bb2-9018-43cf-bd83-2d905336ec16 e80606042c564b21aa5537abe03cc7ff 9211a7d74e2c472cba87e0d534b5fd0b - - default default] project_id key not found in request, using tenant_id instead. This support has been deprecated and will be removed in a future release. [pid: 7|app: 0|req: 1078/2108] 10.0.0.134 () {34 vars in 749 bytes} [Thu May 7 22:10:14 2026] PUT /v2.0/trunks/ae730878-0c79-4061-b097-e0d1d41654d7/tags => generated 19 bytes in 30 msecs (HTTP/1.1 200) 4 headers in 156 bytes (1 switches on core 0) [pid: 7|app: 0|req: 1079/2109] 10.0.0.134 () {32 vars in 662 bytes} [Thu May 7 22:10:14 2026] GET /v2.0/trunks?tags=red => generated 1252 bytes in 28 msecs (HTTP/1.1 200) 4 headers in 158 bytes (1 switches on core 0) [pid: 7|app: 0|req: 1080/2110] 10.0.0.134 () {32 vars in 676 bytes} [Thu May 7 22:10:14 2026] GET /v2.0/trunks?tags=red%2Cblue => generated 847 bytes in 21 msecs (HTTP/1.1 200) 4 headers in 157 bytes (1 switches on core 0) [pid: 7|app: 0|req: 1081/2111] 10.0.0.134 () {32 vars in 672 bytes} [Thu May 7 22:10:14 2026] GET /v2.0/trunks?tags-any=blue => generated 847 bytes in 19 msecs (HTTP/1.1 200) 4 headers in 157 bytes (1 switches on core 0) [pid: 7|app: 0|req: 1082/2112] 10.0.0.134 () {32 vars in 684 bytes} [Thu May 7 22:10:14 2026] GET /v2.0/trunks?tags-any=red%2Cblue => generated 1252 bytes in 26 msecs (HTTP/1.1 200) 4 headers in 158 bytes (1 switches on core 0) [pid: 7|app: 0|req: 1083/2113] 10.0.0.134 () {32 vars in 670 bytes} [Thu May 7 22:10:14 2026] GET /v2.0/trunks?not-tags=red => generated 819 bytes in 16 msecs (HTTP/1.1 200) 4 headers in 157 bytes (1 switches on core 0) [pid: 7|app: 0|req: 1084/2114] 10.0.0.134 () {32 vars in 684 bytes} [Thu May 7 22:10:14 2026] GET /v2.0/trunks?not-tags=red%2Cblue => generated 1224 bytes in 16 msecs (HTTP/1.1 200) 4 headers in 158 bytes (1 switches on core 0) [pid: 7|app: 0|req: 1085/2115] 10.0.0.134 () {32 vars in 680 bytes} [Thu May 7 22:10:14 2026] GET /v2.0/trunks?not-tags-any=blue => generated 1224 bytes in 20 msecs (HTTP/1.1 200) 4 headers in 158 bytes (1 switches on core 0) [pid: 7|app: 0|req: 1086/2116] 10.0.0.134 () {32 vars in 692 bytes} [Thu May 7 22:10:14 2026] GET /v2.0/trunks?not-tags-any=red%2Cblue => generated 819 bytes in 12 msecs (HTTP/1.1 200) 4 headers in 157 bytes (1 switches on core 0) [pid: 7|app: 0|req: 1087/2117] 10.0.0.134 () {32 vars in 719 bytes} [Thu May 7 22:10:14 2026] GET /v2.0/trunks/dde670cf-c6a2-4aa0-8b60-6fd0ad3b7bb6 => generated 414 bytes in 11 msecs (HTTP/1.1 200) 4 headers in 157 bytes (1 switches on core 0) [pid: 7|app: 0|req: 1088/2118] 10.0.0.134 () {32 vars in 717 bytes} [Thu May 7 22:10:14 2026] GET /v2.0/ports/05145024-9732-4cb7-b98b-1d025626f9ff => generated 826 bytes in 96 msecs (HTTP/1.1 200) 4 headers in 157 bytes (1 switches on core 0) [pid: 8|app: 0|req: 1031/2119] 10.0.0.134 () {34 vars in 789 bytes} [Thu May 7 22:10:13 2026] PUT /v2.0/routers/23570f00-8aae-44d3-ac4d-ac6ba689fe97/remove_router_interface => generated 310 bytes in 842 msecs (HTTP/1.1 200) 4 headers in 157 bytes (1 switches on core 0) /var/lib/openstack/lib/python3.12/site-packages/pycadf/identifier.py:70: UserWarning: Invalid uuid: neutron. To ensure interoperability, identifiers should be a valid uuid. warnings.warn(('Invalid uuid: %s. To ensure interoperability, '
2026-05-07 22:10:14.863 7 WARNING neutron.db.securitygroups_db [None req-6da3ac12-6767-4f69-a721-dfb72af67f97 e40b9925540d45e3b0ac78e0d16d05ec 37df2867cff44b9e8ca5eaba7b74d91c - - default default] project_id key not found in filters, using tenant_id instead. This support has been deprecated and will be removed in a future release. [pid: 7|app: 0|req: 1089/2120] 10.0.0.134 () {32 vars in 774 bytes} [Thu May 7 22:10:14 2026] GET /v2.0/security-groups?tenant_id=f3acf947d4ce4c838be687999b3edae5&name=default => generated 2925 bytes in 134 msecs (HTTP/1.1 200) 4 headers in 158 bytes (1 switches on core 0) [pid: 8|app: 0|req: 1032/2121] 10.0.0.134 () {32 vars in 722 bytes} [Thu May 7 22:10:14 2026] DELETE /v2.0/trunks/dde670cf-c6a2-4aa0-8b60-6fd0ad3b7bb6 => generated 0 bytes in 99 msecs (HTTP/1.1 204) 2 headers in 112 bytes (1 switches on core 0)
2026-05-07 22:10:14.953 8 INFO neutron.services.segments.plugin [-] Segment 289909b6-3e68-49c0-9ee4-35189e5fdeff resource provider not found; error: Placement Client Error (4xx): {"errors": [{"status": 404, "title": "Not Found", "detail": "The resource could not be found.\n\n No resource provider with uuid 289909b6-3e68-49c0-9ee4-35189e5fdeff found for delete ", "request_id": "req-15a9af1c-1985-44fa-97c3-fae9ca9aa36d"}]} [pid: 8|app: 0|req: 1033/2122] 10.0.0.134 () {32 vars in 740 bytes} [Thu May 7 22:10:14 2026] DELETE /v2.0/security-groups/a2d073ca-6dd4-4621-9074-f7c78fb9565a => generated 0 bytes in 177 msecs (HTTP/1.1 204) 2 headers in 112 bytes (1 switches on core 0) [pid: 8|app: 0|req: 1034/2123] 10.0.0.134 () {32 vars in 719 bytes} [Thu May 7 22:10:15 2026] GET /v2.0/trunks/883e24b1-bf55-4597-b810-091b76f778b9 => generated 422 bytes in 12 msecs (HTTP/1.1 200) 4 headers in 157 bytes (1 switches on core 0) [pid: 8|app: 0|req: 1035/2124] 10.0.0.134 () {32 vars in 717 bytes} [Thu May 7 22:10:15 2026] GET /v2.0/ports/19a3d660-4de8-4716-8e84-895ee793d32e => generated 826 bytes in 92 msecs (HTTP/1.1 200) 4 headers in 157 bytes (1 switches on core 0)
2026-05-07 22:10:15.251 7 INFO neutron_taas.services.taas.taas_plugin [None req-c14b94d2-b7c8-40a1-b698-210778f57dcb 52ea095f4fb84d69bb1d21b7d7b71a32 2525952fe8ad450e96e4e1d27c29f334 - - default default] TaaS: Handle Delete Port: 66aea280-b07a-4aef-944d-645a8b71a24b
2026-05-07 22:10:15.258 7 INFO neutron_taas.services.taas.tap_mirror_plugin [None req-c14b94d2-b7c8-40a1-b698-210778f57dcb 52ea095f4fb84d69bb1d21b7d7b71a32 2525952fe8ad450e96e4e1d27c29f334 - - default default] Tap Mirror: Handle Delete Port: 66aea280-b07a-4aef-944d-645a8b71a24b [pid: 8|app: 0|req: 1036/2125] 10.0.0.134 () {32 vars in 722 bytes} [Thu May 7 22:10:15 2026] DELETE /v2.0/trunks/883e24b1-bf55-4597-b810-091b76f778b9 => generated 0 bytes in 77 msecs (HTTP/1.1 204) 2 headers in 112 bytes (1 switches on core 0) [pid: 8|app: 0|req: 1037/2126] 10.0.0.134 () {32 vars in 719 bytes} [Thu May 7 22:10:15 2026] GET /v2.0/trunks/e22243ee-e418-4e57-9e48-918e76d11c77 => generated 431 bytes in 15 msecs (HTTP/1.1 200) 4 headers in 157 bytes (1 switches on core 0) [pid: 8|app: 0|req: 1038/2127] 10.0.0.134 () {32 vars in 717 bytes} [Thu May 7 22:10:15 2026] GET /v2.0/ports/b0ae4d95-9ffd-4975-bc78-a9c77273e51e => generated 826 bytes in 87 msecs (HTTP/1.1 200) 4 headers in 157 bytes (1 switches on core 0) [pid: 8|app: 0|req: 1039/2128] 10.0.0.134 () {32 vars in 722 bytes} [Thu May 7 22:10:15 2026] DELETE /v2.0/trunks/e22243ee-e418-4e57-9e48-918e76d11c77 => generated 0 bytes in 81 msecs (HTTP/1.1 204) 2 headers in 112 bytes (1 switches on core 0)
2026-05-07 22:10:15.665 8 WARNING neutron.db.securitygroups_db [None req-8707dccf-1526-4053-8ad9-24c5e29a51bd e40b9925540d45e3b0ac78e0d16d05ec 37df2867cff44b9e8ca5eaba7b74d91c - - default default] project_id key not found in filters, using tenant_id instead. This support has been deprecated and will be removed in a future release. [pid: 7|app: 0|req: 1090/2129] 10.0.0.134 () {32 vars in 724 bytes} [Thu May 7 22:10:14 2026] DELETE /v2.0/routers/23570f00-8aae-44d3-ac4d-ac6ba689fe97 => generated 0 bytes in 801 msecs (HTTP/1.1 204) 2 headers in 112 bytes (1 switches on core 0) [pid: 7|app: 0|req: 1091/2130] 10.0.0.134 () {32 vars in 719 bytes} [Thu May 7 22:10:15 2026] GET /v2.0/trunks/ae730878-0c79-4061-b097-e0d1d41654d7 => generated 416 bytes in 13 msecs (HTTP/1.1 200) 4 headers in 157 bytes (1 switches on core 0)
2026-05-07 22:10:15.789 8 INFO neutron.db.ovn_revision_numbers_db [None req-8707dccf-1526-4053-8ad9-24c5e29a51bd e40b9925540d45e3b0ac78e0d16d05ec 37df2867cff44b9e8ca5eaba7b74d91c - - default default] Successfully bumped revision number for resource 03cebcbc-dcb5-4c58-bc68-13da60a2fe2e (type: security_groups) to 1
2026-05-07 22:10:15.801 8 INFO neutron.db.ovn_revision_numbers_db [None req-8707dccf-1526-4053-8ad9-24c5e29a51bd e40b9925540d45e3b0ac78e0d16d05ec 37df2867cff44b9e8ca5eaba7b74d91c - - default default] Successfully bumped revision number for resource 8a0f27f9-8afc-4546-9a76-c3e14109ba16 (type: security_group_rules) to 0
2026-05-07 22:10:15.814 8 INFO neutron.db.ovn_revision_numbers_db [None req-8707dccf-1526-4053-8ad9-24c5e29a51bd e40b9925540d45e3b0ac78e0d16d05ec 37df2867cff44b9e8ca5eaba7b74d91c - - default default] Successfully bumped revision number for resource ad634b04-5e1e-471e-9694-1faa7c29477f (type: security_group_rules) to 0
2026-05-07 22:10:15.825 8 INFO neutron.db.ovn_revision_numbers_db [None req-8707dccf-1526-4053-8ad9-24c5e29a51bd e40b9925540d45e3b0ac78e0d16d05ec 37df2867cff44b9e8ca5eaba7b74d91c - - default default] Successfully bumped revision number for resource b803675f-ae42-4f4b-bf28-c19b3ee7c4cc (type: security_group_rules) to 0
2026-05-07 22:10:15.837 8 INFO neutron.db.ovn_revision_numbers_db [None req-8707dccf-1526-4053-8ad9-24c5e29a51bd e40b9925540d45e3b0ac78e0d16d05ec 37df2867cff44b9e8ca5eaba7b74d91c - - default default] Successfully bumped revision number for resource fb61ee60-a372-45c1-b254-b85c2c1e1039 (type: security_group_rules) to 0 [pid: 8|app: 0|req: 1040/2131] 10.0.0.134 () {32 vars in 774 bytes} [Thu May 7 22:10:15 2026] GET /v2.0/security-groups?tenant_id=7303c45a08c84013830aefed84d715b9&name=default => generated 2925 bytes in 369 msecs (HTTP/1.1 200) 4 headers in 158 bytes (1 switches on core 0) [pid: 7|app: 0|req: 1092/2132] 10.0.0.134 () {32 vars in 724 bytes} [Thu May 7 22:10:15 2026] DELETE /v2.0/subnets/2d05482c-9f0a-4297-ac98-5dcfcf8cd798 => generated 0 bytes in 197 msecs (HTTP/1.1 204) 3 headers in 131 bytes (1 switches on core 0) [pid: 8|app: 0|req: 1041/2135] 10.0.0.134 () {32 vars in 717 bytes} [Thu May 7 22:10:15 2026] GET /v2.0/ports/ae1fd651-4820-4e29-888e-04f4419cae64 => generated 826 bytes in 82 msecs (HTTP/1.1 200) 4 headers in 157 bytes (1 switches on core 0)
2026-05-07 22:10:16.064 8 INFO neutron_taas.services.taas.taas_plugin [None req-f2f941b7-4508-4ea2-9e86-9e11d7672750 52ea095f4fb84d69bb1d21b7d7b71a32 2525952fe8ad450e96e4e1d27c29f334 - - default default] TaaS: Handle Delete Port: e140f0cb-a8a9-4316-938b-02a65667a946
2026-05-07 22:10:16.068 8 INFO neutron_taas.services.taas.tap_mirror_plugin [None req-f2f941b7-4508-4ea2-9e86-9e11d7672750 52ea095f4fb84d69bb1d21b7d7b71a32 2525952fe8ad450e96e4e1d27c29f334 - - default default] Tap Mirror: Handle Delete Port: e140f0cb-a8a9-4316-938b-02a65667a946 [pid: 7|app: 0|req: 1095/2136] 10.0.0.134 () {32 vars in 740 bytes} [Thu May 7 22:10:15 2026] DELETE /v2.0/security-groups/03cebcbc-dcb5-4c58-bc68-13da60a2fe2e => generated 0 bytes in 168 msecs (HTTP/1.1 204) 2 headers in 112 bytes (1 switches on core 0) [pid: 7|app: 0|req: 1096/2137] 10.0.0.134 () {32 vars in 722 bytes} [Thu May 7 22:10:16 2026] DELETE /v2.0/trunks/ae730878-0c79-4061-b097-e0d1d41654d7 => generated 0 bytes in 61 msecs (HTTP/1.1 204) 2 headers in 112 bytes (1 switches on core 0) [pid: 7|app: 0|req: 1097/2138] 10.0.0.134 () {32 vars in 719 bytes} [Thu May 7 22:10:16 2026] GET /v2.0/trunks/001c0c1b-12c0-41ae-8e8d-96f4006f38af => generated 409 bytes in 30 msecs (HTTP/1.1 200) 4 headers in 157 bytes (1 switches on core 0) [pid: 7|app: 0|req: 1098/2139] 10.0.0.134 () {32 vars in 717 bytes} [Thu May 7 22:10:16 2026] GET /v2.0/ports/125a79d7-a4a2-4847-a2f9-f7c01fb9401c => generated 826 bytes in 55 msecs (HTTP/1.1 200) 4 headers in 157 bytes (1 switches on core 0)
2026-05-07 22:10:16.262 8 INFO neutron.services.segments.plugin [-] Segment 0ac3f307-bdf3-4ce7-a582-a014aac2b208 resource provider aggregate not found
2026-05-07 22:10:16.297 8 INFO neutron.services.segments.plugin [-] Segment 0ac3f307-bdf3-4ce7-a582-a014aac2b208 resource provider not found; error: Placement Client Error (4xx): {"errors": [{"status": 404, "title": "Not Found", "detail": "The resource could not be found.\n\n No resource provider with uuid 0ac3f307-bdf3-4ce7-a582-a014aac2b208 found for delete ", "request_id": "req-8b94ad2d-8d07-4038-9d69-3422b1f5cd2e"}]} [pid: 8|app: 0|req: 1042/2140] 10.0.0.134 () {32 vars in 726 bytes} [Thu May 7 22:10:15 2026] DELETE /v2.0/networks/b7f82cbf-58c3-4bb7-82c8-ff3d78b992da => generated 0 bytes in 362 msecs (HTTP/1.1 204) 3 headers in 131 bytes (1 switches on core 0) [pid: 7|app: 0|req: 1099/2141] 10.0.0.134 () {32 vars in 722 bytes} [Thu May 7 22:10:16 2026] DELETE /v2.0/trunks/001c0c1b-12c0-41ae-8e8d-96f4006f38af => generated 0 bytes in 85 msecs (HTTP/1.1 204) 2 headers in 112 bytes (1 switches on core 0)
2026-05-07 22:10:16.493 8 INFO neutron_taas.services.taas.taas_plugin [None req-e53d6663-1a77-4055-8507-fec9c9bd6212 e80606042c564b21aa5537abe03cc7ff 9211a7d74e2c472cba87e0d534b5fd0b - - default default] TaaS: Handle Delete Port: 05145024-9732-4cb7-b98b-1d025626f9ff
2026-05-07 22:10:16.496 8 INFO neutron_taas.services.taas.tap_mirror_plugin [None req-e53d6663-1a77-4055-8507-fec9c9bd6212 e80606042c564b21aa5537abe03cc7ff 9211a7d74e2c472cba87e0d534b5fd0b - - default default] Tap Mirror: Handle Delete Port: 05145024-9732-4cb7-b98b-1d025626f9ff [pid: 8|app: 0|req: 1043/2142] 10.0.0.134 () {32 vars in 720 bytes} [Thu May 7 22:10:16 2026] DELETE /v2.0/ports/05145024-9732-4cb7-b98b-1d025626f9ff => generated 0 bytes in 279 msecs (HTTP/1.1 204) 3 headers in 131 bytes (1 switches on core 0)
2026-05-07 22:10:16.769 7 INFO neutron_taas.services.taas.taas_plugin [None req-ff562711-ba33-4b34-ab50-e032ffcd55a3 e80606042c564b21aa5537abe03cc7ff 9211a7d74e2c472cba87e0d534b5fd0b - - default default] TaaS: Handle Delete Port: 19a3d660-4de8-4716-8e84-895ee793d32e
2026-05-07 22:10:16.772 7 INFO neutron_taas.services.taas.tap_mirror_plugin [None req-ff562711-ba33-4b34-ab50-e032ffcd55a3 e80606042c564b21aa5537abe03cc7ff 9211a7d74e2c472cba87e0d534b5fd0b - - default default] Tap Mirror: Handle Delete Port: 19a3d660-4de8-4716-8e84-895ee793d32e [pid: 7|app: 0|req: 1100/2143] 10.0.0.134 () {32 vars in 720 bytes} [Thu May 7 22:10:16 2026] DELETE /v2.0/ports/19a3d660-4de8-4716-8e84-895ee793d32e => generated 0 bytes in 258 msecs (HTTP/1.1 204) 3 headers in 131 bytes (1 switches on core 0)
2026-05-07 22:10:16.974 8 INFO neutron.services.segments.plugin [-] Segment 0ac3f307-bdf3-4ce7-a582-a014aac2b208 resource provider aggregate not found
2026-05-07 22:10:16.990 8 INFO neutron.services.segments.plugin [-] Segment 0ac3f307-bdf3-4ce7-a582-a014aac2b208 resource provider not found; error: Placement Client Error (4xx): {"errors": [{"status": 404, "title": "Not Found", "detail": "The resource could not be found.\n\n No resource provider with uuid 0ac3f307-bdf3-4ce7-a582-a014aac2b208 found for delete ", "request_id": "req-6f084389-c279-4aa7-a4a2-a4b8672d377f"}]}
2026-05-07 22:10:17.022 8 INFO neutron_taas.services.taas.taas_plugin [None req-49b58ee0-f843-43fc-8d88-ae269a9c066e e80606042c564b21aa5537abe03cc7ff 9211a7d74e2c472cba87e0d534b5fd0b - - default default] TaaS: Handle Delete Port: b0ae4d95-9ffd-4975-bc78-a9c77273e51e
2026-05-07 22:10:17.025 8 INFO neutron_taas.services.taas.tap_mirror_plugin [None req-49b58ee0-f843-43fc-8d88-ae269a9c066e e80606042c564b21aa5537abe03cc7ff 9211a7d74e2c472cba87e0d534b5fd0b - - default default] Tap Mirror: Handle Delete Port: b0ae4d95-9ffd-4975-bc78-a9c77273e51e
2026-05-07 22:10:17.089 7 WARNING neutron.db.securitygroups_db [None req-e11635a3-ac01-4ec6-b774-1d720d1f1fa4 e40b9925540d45e3b0ac78e0d16d05ec 37df2867cff44b9e8ca5eaba7b74d91c - - default default] project_id key not found in filters, using tenant_id instead. This support has been deprecated and will be removed in a future release. [pid: 8|app: 0|req: 1044/2144] 10.0.0.134 () {32 vars in 720 bytes} [Thu May 7 22:10:16 2026] DELETE /v2.0/ports/b0ae4d95-9ffd-4975-bc78-a9c77273e51e => generated 0 bytes in 224 msecs (HTTP/1.1 204) 3 headers in 131 bytes (1 switches on core 0) [pid: 7|app: 0|req: 1101/2145] 10.0.0.134 () {32 vars in 774 bytes} [Thu May 7 22:10:16 2026] GET /v2.0/security-groups?tenant_id=2525952fe8ad450e96e4e1d27c29f334&name=default => generated 2925 bytes in 159 msecs (HTTP/1.1 200) 4 headers in 158 bytes (1 switches on core 0)
2026-05-07 22:10:17.325 8 INFO neutron.db.ovn_revision_numbers_db [None req-9c5e839a-9881-436a-9614-71b4ee20fa9e 3e9b45589dac40b491c52df765572e2d 622a3ec1fa954cc7b0304a5045c90fb8 - - default default] Successfully bumped revision number for resource a2b5ffb3-e383-4af3-aa1c-12a862d47262 (type: security_groups) to 1
2026-05-07 22:10:17.339 8 INFO neutron.db.ovn_revision_numbers_db [None req-9c5e839a-9881-436a-9614-71b4ee20fa9e 3e9b45589dac40b491c52df765572e2d 622a3ec1fa954cc7b0304a5045c90fb8 - - default default] Successfully bumped revision number for resource 549d8986-29b7-47d2-b460-10e56aa9b1ad (type: security_group_rules) to 0
2026-05-07 22:10:17.352 8 INFO neutron.db.ovn_revision_numbers_db [None req-9c5e839a-9881-436a-9614-71b4ee20fa9e 3e9b45589dac40b491c52df765572e2d 622a3ec1fa954cc7b0304a5045c90fb8 - - default default] Successfully bumped revision number for resource 6bf6b8dc-e5d8-4ce4-b84e-a65dfb02d617 (type: security_group_rules) to 0
2026-05-07 22:10:17.366 8 INFO neutron.db.ovn_revision_numbers_db [None req-9c5e839a-9881-436a-9614-71b4ee20fa9e 3e9b45589dac40b491c52df765572e2d 622a3ec1fa954cc7b0304a5045c90fb8 - - default default] Successfully bumped revision number for resource a8a02dee-3b0d-4978-a9e9-d9a8b3cbe4b6 (type: security_group_rules) to 0
2026-05-07 22:10:17.380 8 INFO neutron.db.ovn_revision_numbers_db [None req-9c5e839a-9881-436a-9614-71b4ee20fa9e 3e9b45589dac40b491c52df765572e2d 622a3ec1fa954cc7b0304a5045c90fb8 - - default default] Successfully bumped revision number for resource e53d123c-3b48-467a-95e6-02172a9a1cf9 (type: security_group_rules) to 0
2026-05-07 22:10:17.460 8 INFO neutron.db.segments_db [None req-9c5e839a-9881-436a-9614-71b4ee20fa9e 3e9b45589dac40b491c52df765572e2d 622a3ec1fa954cc7b0304a5045c90fb8 - - default default] Added segment fb0a501a-774d-4f61-876c-976c4a8a6378 of type geneve for network 42ae9e6b-fce8-41e4-8cea-5ab49cc45b09
2026-05-07 22:10:17.595 8 INFO neutron.db.ovn_revision_numbers_db [None req-9c5e839a-9881-436a-9614-71b4ee20fa9e 3e9b45589dac40b491c52df765572e2d 622a3ec1fa954cc7b0304a5045c90fb8 - - default default] Successfully bumped revision number for resource 42ae9e6b-fce8-41e4-8cea-5ab49cc45b09 (type: networks) to 1
2026-05-07 22:10:17.760 8 WARNING neutron.scheduler.dhcp_agent_scheduler [None req-9c5e839a-9881-436a-9614-71b4ee20fa9e 3e9b45589dac40b491c52df765572e2d 622a3ec1fa954cc7b0304a5045c90fb8 - - default default] No more DHCP agents
2026-05-07 22:10:17.762 8 WARNING neutron.api.rpc.agentnotifiers.dhcp_rpc_agent_api [None req-9c5e839a-9881-436a-9614-71b4ee20fa9e 3e9b45589dac40b491c52df765572e2d 622a3ec1fa954cc7b0304a5045c90fb8 - - default default] Unable to schedule network 42ae9e6b-fce8-41e4-8cea-5ab49cc45b09: no agents available; will retry on subsequent port and subnet creation events.
2026-05-07 22:10:17.839 8 INFO neutron.db.ovn_revision_numbers_db [None req-9c5e839a-9881-436a-9614-71b4ee20fa9e 3e9b45589dac40b491c52df765572e2d 622a3ec1fa954cc7b0304a5045c90fb8 - - default default] Successfully bumped revision number for resource d35c235a-a18e-4d41-975a-9ba78179d235 (type: ports) to 1 [pid: 8|app: 0|req: 1045/2146] 10.0.0.134 () {34 vars in 670 bytes} [Thu May 7 22:10:17 2026] POST /v2.0/networks => generated 672 bytes in 755 msecs (HTTP/1.1 201) 4 headers in 162 bytes (1 switches on core 0)
2026-05-07 22:10:17.946 7 INFO neutron.plugins.ml2.drivers.ovn.mech_driver.mech_driver [None req-e89659cd-275a-427e-a5b0-037aa58c8fa2 - - - - - -] OVN reports status down for port: d35c235a-a18e-4d41-975a-9ba78179d235
2026-05-07 22:10:17.952 7 INFO neutron_taas.services.taas.taas_plugin [None req-ae54183c-acb6-47cf-adb4-3b79db5fb896 e80606042c564b21aa5537abe03cc7ff 9211a7d74e2c472cba87e0d534b5fd0b - - default default] TaaS: Handle Delete Port: ae1fd651-4820-4e29-888e-04f4419cae64
2026-05-07 22:10:17.958 7 INFO neutron_taas.services.taas.tap_mirror_plugin [None req-ae54183c-acb6-47cf-adb4-3b79db5fb896 e80606042c564b21aa5537abe03cc7ff 9211a7d74e2c472cba87e0d534b5fd0b - - default default] Tap Mirror: Handle Delete Port: ae1fd651-4820-4e29-888e-04f4419cae64 [pid: 8|app: 0|req: 1046/2147] 10.0.0.134 () {32 vars in 740 bytes} [Thu May 7 22:10:17 2026] DELETE /v2.0/security-groups/5e569a80-1a77-4a51-bca6-0a0ce64c9d55 => generated 0 bytes in 233 msecs (HTTP/1.1 204) 2 headers in 112 bytes (1 switches on core 0) [pid: 7|app: 0|req: 1102/2148] 10.0.0.134 () {32 vars in 720 bytes} [Thu May 7 22:10:17 2026] DELETE /v2.0/ports/ae1fd651-4820-4e29-888e-04f4419cae64 => generated 0 bytes in 1025 msecs (HTTP/1.1 204) 3 headers in 131 bytes (1 switches on core 0)
2026-05-07 22:10:18.210 8 INFO neutron.db.segments_db [None req-1b682797-d294-46d5-bab3-08dd83d3ac1b 3e9b45589dac40b491c52df765572e2d 622a3ec1fa954cc7b0304a5045c90fb8 - - default default] Added segment d4e63cb0-5dd9-43ae-9764-445531ea5779 of type geneve for network 3d940fee-7eb8-4ec5-9ec3-159afea42994
2026-05-07 22:10:18.328 7 INFO neutron_taas.services.taas.taas_plugin [None req-c0125fb6-7608-4c4c-9ae3-2abed564db71 e80606042c564b21aa5537abe03cc7ff 9211a7d74e2c472cba87e0d534b5fd0b - - default default] TaaS: Handle Delete Port: 125a79d7-a4a2-4847-a2f9-f7c01fb9401c
2026-05-07 22:10:18.333 7 INFO neutron_taas.services.taas.tap_mirror_plugin [None req-c0125fb6-7608-4c4c-9ae3-2abed564db71 e80606042c564b21aa5537abe03cc7ff 9211a7d74e2c472cba87e0d534b5fd0b - - default default] Tap Mirror: Handle Delete Port: 125a79d7-a4a2-4847-a2f9-f7c01fb9401c
2026-05-07 22:10:18.335 8 INFO neutron.db.ovn_revision_numbers_db [None req-1b682797-d294-46d5-bab3-08dd83d3ac1b 3e9b45589dac40b491c52df765572e2d 622a3ec1fa954cc7b0304a5045c90fb8 - - default default] Successfully bumped revision number for resource 3d940fee-7eb8-4ec5-9ec3-159afea42994 (type: networks) to 1 [pid: 7|app: 0|req: 1103/2149] 10.0.0.134 () {32 vars in 720 bytes} [Thu May 7 22:10:18 2026] DELETE /v2.0/ports/125a79d7-a4a2-4847-a2f9-f7c01fb9401c => generated 0 bytes in 283 msecs (HTTP/1.1 204) 3 headers in 131 bytes (1 switches on core 0)
2026-05-07 22:10:18.439 7 WARNING neutron.db.securitygroups_db [None req-b5ac8dd0-6673-4715-8a74-a79ff5bf06ca e40b9925540d45e3b0ac78e0d16d05ec 37df2867cff44b9e8ca5eaba7b74d91c - - default default] project_id key not found in filters, using tenant_id instead. This support has been deprecated and will be removed in a future release.
2026-05-07 22:10:18.518 8 WARNING neutron.scheduler.dhcp_agent_scheduler [None req-1b682797-d294-46d5-bab3-08dd83d3ac1b 3e9b45589dac40b491c52df765572e2d 622a3ec1fa954cc7b0304a5045c90fb8 - - default default] No more DHCP agents
2026-05-07 22:10:18.524 8 WARNING neutron.api.rpc.agentnotifiers.dhcp_rpc_agent_api [None req-1b682797-d294-46d5-bab3-08dd83d3ac1b 3e9b45589dac40b491c52df765572e2d 622a3ec1fa954cc7b0304a5045c90fb8 - - default default] Unable to schedule network 3d940fee-7eb8-4ec5-9ec3-159afea42994: no agents available; will retry on subsequent port and subnet creation events.
2026-05-07 22:10:18.551 7 INFO neutron.db.ovn_revision_numbers_db [None req-b5ac8dd0-6673-4715-8a74-a79ff5bf06ca e40b9925540d45e3b0ac78e0d16d05ec 37df2867cff44b9e8ca5eaba7b74d91c - - default default] Successfully bumped revision number for resource ca00fc77-3819-4020-b0c8-04f7c23842b5 (type: security_groups) to 1
2026-05-07 22:10:18.566 8 INFO neutron.plugins.ml2.drivers.ovn.mech_driver.mech_driver [None req-30be3be7-b205-4021-a7ba-2df5be634af5 - - - - - -] OVN reports status down for port: 9cda55a5-06fe-4a99-9052-94ee3131da36
2026-05-07 22:10:18.581 7 INFO neutron.db.ovn_revision_numbers_db [None req-b5ac8dd0-6673-4715-8a74-a79ff5bf06ca e40b9925540d45e3b0ac78e0d16d05ec 37df2867cff44b9e8ca5eaba7b74d91c - - default default] Successfully bumped revision number for resource 6ec5d9be-0de4-4916-abf5-2096870a2f77 (type: security_group_rules) to 0
2026-05-07 22:10:18.602 7 INFO neutron.db.ovn_revision_numbers_db [None req-b5ac8dd0-6673-4715-8a74-a79ff5bf06ca e40b9925540d45e3b0ac78e0d16d05ec 37df2867cff44b9e8ca5eaba7b74d91c - - default default] Successfully bumped revision number for resource 948e00f1-8faf-401c-ae4b-758c04ead22a (type: security_group_rules) to 0
2026-05-07 22:10:18.615 7 INFO neutron.db.ovn_revision_numbers_db [None req-b5ac8dd0-6673-4715-8a74-a79ff5bf06ca e40b9925540d45e3b0ac78e0d16d05ec 37df2867cff44b9e8ca5eaba7b74d91c - - default default] Successfully bumped revision number for resource c5d60b53-caeb-41bf-8d13-45c2f0ad3642 (type: security_group_rules) to 0
2026-05-07 22:10:18.626 7 INFO neutron.db.ovn_revision_numbers_db [None req-b5ac8dd0-6673-4715-8a74-a79ff5bf06ca e40b9925540d45e3b0ac78e0d16d05ec 37df2867cff44b9e8ca5eaba7b74d91c - - default default] Successfully bumped revision number for resource e74a7ffc-3d71-4c96-933e-f8c39ef2f31d (type: security_group_rules) to 0
2026-05-07 22:10:18.648 8 INFO neutron.db.ovn_revision_numbers_db [None req-1b682797-d294-46d5-bab3-08dd83d3ac1b 3e9b45589dac40b491c52df765572e2d 622a3ec1fa954cc7b0304a5045c90fb8 - - default default] Successfully bumped revision number for resource 9cda55a5-06fe-4a99-9052-94ee3131da36 (type: ports) to 1 [pid: 7|app: 0|req: 1104/2150] 10.0.0.134 () {32 vars in 774 bytes} [Thu May 7 22:10:18 2026] GET /v2.0/security-groups?tenant_id=be27eccad6c94528afbc270297bc22bb&name=default => generated 2925 bytes in 230 msecs (HTTP/1.1 200) 4 headers in 158 bytes (1 switches on core 0) [pid: 8|app: 0|req: 1047/2151] 10.0.0.134 () {34 vars in 670 bytes} [Thu May 7 22:10:18 2026] POST /v2.0/networks => generated 671 bytes in 607 msecs (HTTP/1.1 201) 4 headers in 162 bytes (1 switches on core 0)
2026-05-07 22:10:18.792 7 INFO neutron_taas.services.taas.taas_plugin [None req-b8e9e3e3-6f9c-40c0-96c6-b60631052593 e80606042c564b21aa5537abe03cc7ff 9211a7d74e2c472cba87e0d534b5fd0b - - default default] TaaS: Handle Delete Port: 2e7a1333-0da1-4751-b6ed-982057434914
2026-05-07 22:10:18.795 7 INFO neutron_taas.services.taas.tap_mirror_plugin [None req-b8e9e3e3-6f9c-40c0-96c6-b60631052593 e80606042c564b21aa5537abe03cc7ff 9211a7d74e2c472cba87e0d534b5fd0b - - default default] Tap Mirror: Handle Delete Port: 2e7a1333-0da1-4751-b6ed-982057434914 [pid: 8|app: 0|req: 1048/2152] 10.0.0.134 () {32 vars in 740 bytes} [Thu May 7 22:10:18 2026] DELETE /v2.0/security-groups/ca00fc77-3819-4020-b0c8-04f7c23842b5 => generated 0 bytes in 167 msecs (HTTP/1.1 204) 2 headers in 112 bytes (1 switches on core 0)
2026-05-07 22:10:18.970 7 INFO neutron.services.segments.plugin [-] Segment 56d1d386-d765-4d77-a29d-5301435e041c resource provider aggregate not found
2026-05-07 22:10:18.974 7 INFO neutron.services.segments.plugin [-] Segment 56d1d386-d765-4d77-a29d-5301435e041c resource provider aggregate not found
2026-05-07 22:10:19.000 7 INFO neutron.services.segments.plugin [-] Segment 56d1d386-d765-4d77-a29d-5301435e041c resource provider not found; error: Placement Client Error (4xx): {"errors": [{"status": 404, "title": "Not Found", "detail": "The resource could not be found.\n\n No resource provider with uuid 56d1d386-d765-4d77-a29d-5301435e041c found for delete ", "request_id": "req-c8fca05c-6827-4436-a4ed-c431b878080b"}]}
2026-05-07 22:10:19.001 7 INFO neutron.services.segments.plugin [-] Segment 56d1d386-d765-4d77-a29d-5301435e041c resource provider not found; error: Placement Client Error (4xx): {"errors": [{"status": 404, "title": "Not Found", "detail": "The resource could not be found.\n\n No resource provider with uuid 56d1d386-d765-4d77-a29d-5301435e041c found for delete ", "request_id": "req-b5acf0ac-11cb-4e8b-bdaf-329d52b0042e"}]} [pid: 7|app: 0|req: 1105/2153] 10.0.0.134 () {32 vars in 726 bytes} [Thu May 7 22:10:18 2026] DELETE /v2.0/networks/c69ccec0-818a-4077-8848-b46bc83c8609 => generated 0 bytes in 377 msecs (HTTP/1.1 204) 3 headers in 131 bytes (1 switches on core 0)
2026-05-07 22:10:19.091 8 WARNING neutron.scheduler.dhcp_agent_scheduler [None req-b4814a1e-9e42-4c31-bfb0-eb50106cc98e 3e9b45589dac40b491c52df765572e2d 622a3ec1fa954cc7b0304a5045c90fb8 - - default default] No more DHCP agents
2026-05-07 22:10:19.092 8 WARNING neutron.api.rpc.agentnotifiers.dhcp_rpc_agent_api [None req-b4814a1e-9e42-4c31-bfb0-eb50106cc98e 3e9b45589dac40b491c52df765572e2d 622a3ec1fa954cc7b0304a5045c90fb8 - - default default] Unable to schedule network 42ae9e6b-fce8-41e4-8cea-5ab49cc45b09: no agents available; will retry on subsequent port and subnet creation events.
2026-05-07 22:10:19.118 8 INFO neutron.db.ovn_revision_numbers_db [None req-b4814a1e-9e42-4c31-bfb0-eb50106cc98e 3e9b45589dac40b491c52df765572e2d 622a3ec1fa954cc7b0304a5045c90fb8 - - default default] Successfully bumped revision number for resource ef9684a7-15fb-491e-bd09-a3331f2ca389 (type: subnets) to 0 [pid: 8|app: 0|req: 1049/2154] 10.0.0.134 () {34 vars in 669 bytes} [Thu May 7 22:10:18 2026] POST /v2.0/subnets => generated 646 bytes in 261 msecs (HTTP/1.1 201) 4 headers in 162 bytes (1 switches on core 0)
2026-05-07 22:10:19.177 7 INFO neutron_taas.services.taas.taas_plugin [None req-0fedd464-2d59-440f-80c6-7874b69a5d98 e80606042c564b21aa5537abe03cc7ff 9211a7d74e2c472cba87e0d534b5fd0b - - default default] TaaS: Handle Delete Port: 6779a602-a3e1-4aa1-9703-4ccd925a71e0
2026-05-07 22:10:19.179 7 INFO neutron_taas.services.taas.tap_mirror_plugin [None req-0fedd464-2d59-440f-80c6-7874b69a5d98 e80606042c564b21aa5537abe03cc7ff 9211a7d74e2c472cba87e0d534b5fd0b - - default default] Tap Mirror: Handle Delete Port: 6779a602-a3e1-4aa1-9703-4ccd925a71e0
2026-05-07 22:10:19.321 8 WARNING neutron.scheduler.dhcp_agent_scheduler [None req-9ef595ec-3bb3-45a8-83e3-972f2bdaf65d 3e9b45589dac40b491c52df765572e2d 622a3ec1fa954cc7b0304a5045c90fb8 - - default default] No more DHCP agents
2026-05-07 22:10:19.322 8 WARNING neutron.api.rpc.agentnotifiers.dhcp_rpc_agent_api [None req-9ef595ec-3bb3-45a8-83e3-972f2bdaf65d 3e9b45589dac40b491c52df765572e2d 622a3ec1fa954cc7b0304a5045c90fb8 - - default default] Unable to schedule network 3d940fee-7eb8-4ec5-9ec3-159afea42994: no agents available; will retry on subsequent port and subnet creation events.
2026-05-07 22:10:19.347 8 INFO neutron.db.ovn_revision_numbers_db [None req-9ef595ec-3bb3-45a8-83e3-972f2bdaf65d 3e9b45589dac40b491c52df765572e2d 622a3ec1fa954cc7b0304a5045c90fb8 - - default default] Successfully bumped revision number for resource fbe060e0-7885-438b-89b7-de210c7c0e27 (type: subnets) to 0 [pid: 8|app: 0|req: 1050/2155] 10.0.0.134 () {34 vars in 669 bytes} [Thu May 7 22:10:19 2026] POST /v2.0/subnets => generated 655 bytes in 222 msecs (HTTP/1.1 201) 4 headers in 162 bytes (1 switches on core 0) [pid: 7|app: 0|req: 1106/2156] 10.0.0.134 () {32 vars in 726 bytes} [Thu May 7 22:10:19 2026] DELETE /v2.0/networks/c8a98981-2555-4d05-a6bd-1035324d91c0 => generated 0 bytes in 347 msecs (HTTP/1.1 204) 3 headers in 131 bytes (1 switches on core 0)
2026-05-07 22:10:19.485 8 INFO neutron.db.ovn_revision_numbers_db [None req-228ef647-1184-4bb5-9166-59c3563e95fe 3e9b45589dac40b491c52df765572e2d 622a3ec1fa954cc7b0304a5045c90fb8 - - default default] Successfully bumped revision number for resource 56d5fb86-8be8-47f9-8703-acdaf4cbc27c (type: routers) to 1 [pid: 8|app: 0|req: 1051/2157] 10.0.0.134 () {34 vars in 669 bytes} [Thu May 7 22:10:19 2026] POST /v2.0/routers => generated 626 bytes in 139 msecs (HTTP/1.1 201) 4 headers in 162 bytes (1 switches on core 0)
2026-05-07 22:10:19.585 7 INFO neutron_taas.services.taas.taas_plugin [None req-bfc0dc94-596c-47ea-9a9e-15d7d57dc15d e80606042c564b21aa5537abe03cc7ff 9211a7d74e2c472cba87e0d534b5fd0b - - default default] TaaS: Handle Delete Port: 1d9ac9f9-04c0-4d61-9457-541b441e2b4f
2026-05-07 22:10:19.589 7 INFO neutron_taas.services.taas.tap_mirror_plugin [None req-bfc0dc94-596c-47ea-9a9e-15d7d57dc15d e80606042c564b21aa5537abe03cc7ff 9211a7d74e2c472cba87e0d534b5fd0b - - default default] Tap Mirror: Handle Delete Port: 1d9ac9f9-04c0-4d61-9457-541b441e2b4f [pid: 7|app: 0|req: 1107/2158] 10.0.0.134 () {32 vars in 726 bytes} [Thu May 7 22:10:19 2026] DELETE /v2.0/networks/601204be-b63b-4385-bba2-a8c8a81fbd44 => generated 0 bytes in 396 msecs (HTTP/1.1 204) 3 headers in 131 bytes (1 switches on core 0)
2026-05-07 22:10:19.882 8 WARNING neutron.scheduler.dhcp_agent_scheduler [None req-b4d31254-23e7-416e-a823-27923af1f5dd 3e9b45589dac40b491c52df765572e2d 622a3ec1fa954cc7b0304a5045c90fb8 - - default default] No more DHCP agents
2026-05-07 22:10:19.884 8 WARNING neutron.api.rpc.agentnotifiers.dhcp_rpc_agent_api [None req-b4d31254-23e7-416e-a823-27923af1f5dd 3e9b45589dac40b491c52df765572e2d 622a3ec1fa954cc7b0304a5045c90fb8 - - default default] Unable to schedule network 42ae9e6b-fce8-41e4-8cea-5ab49cc45b09: no agents available; will retry on subsequent port and subnet creation events.
2026-05-07 22:10:19.937 7 INFO neutron_taas.services.taas.taas_plugin [None req-98bae3a1-54e6-4052-8c9d-507d9ff589f9 e80606042c564b21aa5537abe03cc7ff 9211a7d74e2c472cba87e0d534b5fd0b - - default default] TaaS: Handle Delete Port: 8e654084-ccb8-403b-b06f-34d56a7fcc2e
2026-05-07 22:10:19.942 7 INFO neutron_taas.services.taas.tap_mirror_plugin [None req-98bae3a1-54e6-4052-8c9d-507d9ff589f9 e80606042c564b21aa5537abe03cc7ff 9211a7d74e2c472cba87e0d534b5fd0b - - default default] Tap Mirror: Handle Delete Port: 8e654084-ccb8-403b-b06f-34d56a7fcc2e
2026-05-07 22:10:19.957 7 INFO neutron.plugins.ml2.drivers.ovn.mech_driver.mech_driver [None req-e89659cd-275a-427e-a5b0-037aa58c8fa2 - - - - - -] OVN reports status down for port: 0cad243d-d2b1-412b-8808-158d5a00419c
2026-05-07 22:10:20.001 8 INFO neutron.db.ovn_revision_numbers_db [None req-b4d31254-23e7-416e-a823-27923af1f5dd 3e9b45589dac40b491c52df765572e2d 622a3ec1fa954cc7b0304a5045c90fb8 - - default default] Successfully bumped revision number for resource 0cad243d-d2b1-412b-8808-158d5a00419c (type: ports) to 1 [pid: 7|app: 0|req: 1108/2159] 10.0.0.134 () {32 vars in 726 bytes} [Thu May 7 22:10:19 2026] DELETE /v2.0/networks/8bf435e0-db55-4a2a-86cd-4a696f746c32 => generated 0 bytes in 460 msecs (HTTP/1.1 204) 3 headers in 131 bytes (1 switches on core 0)
2026-05-07 22:10:20.387 7 INFO neutron_taas.services.taas.taas_plugin [None req-7a04f8e3-9007-442d-8e37-ff410000a769 e80606042c564b21aa5537abe03cc7ff 9211a7d74e2c472cba87e0d534b5fd0b - - default default] TaaS: Handle Delete Port: 445cdffd-fa79-46b8-8be0-8311fed13be5
2026-05-07 22:10:20.389 7 INFO neutron_taas.services.taas.tap_mirror_plugin [None req-7a04f8e3-9007-442d-8e37-ff410000a769 e80606042c564b21aa5537abe03cc7ff 9211a7d74e2c472cba87e0d534b5fd0b - - default default] Tap Mirror: Handle Delete Port: 445cdffd-fa79-46b8-8be0-8311fed13be5
2026-05-07 22:10:20.502 7 INFO neutron.plugins.ml2.drivers.ovn.mech_driver.mech_driver [None req-e89659cd-275a-427e-a5b0-037aa58c8fa2 - - - - - -] OVN reports status up for port: 0cad243d-d2b1-412b-8808-158d5a00419c
2026-05-07 22:10:20.532 7 INFO neutron.plugins.ml2.plugin [None req-e89659cd-275a-427e-a5b0-037aa58c8fa2 - - - - - -] Attempt 1 to provision port 0cad243d-d2b1-412b-8808-158d5a00419c
2026-05-07 22:10:20.550 8 WARNING neutron.scheduler.dhcp_agent_scheduler [None req-b4d31254-23e7-416e-a823-27923af1f5dd 3e9b45589dac40b491c52df765572e2d 622a3ec1fa954cc7b0304a5045c90fb8 - - default default] No more DHCP agents
2026-05-07 22:10:20.552 8 WARNING neutron.api.rpc.agentnotifiers.dhcp_rpc_agent_api [None req-b4d31254-23e7-416e-a823-27923af1f5dd 3e9b45589dac40b491c52df765572e2d 622a3ec1fa954cc7b0304a5045c90fb8 - - default default] Unable to schedule network 42ae9e6b-fce8-41e4-8cea-5ab49cc45b09: no agents available; will retry on subsequent port and subnet creation events.
2026-05-07 22:10:20.731 8 INFO neutron.db.ovn_revision_numbers_db [None req-b4d31254-23e7-416e-a823-27923af1f5dd 3e9b45589dac40b491c52df765572e2d 622a3ec1fa954cc7b0304a5045c90fb8 - - default default] Successfully bumped revision number for resource 0cad243d-d2b1-412b-8808-158d5a00419c (type: router_ports) to 1 [pid: 8|app: 0|req: 1052/2160] 10.0.0.134 () {34 vars in 783 bytes} [Thu May 7 22:10:19 2026] PUT /v2.0/routers/56d5fb86-8be8-47f9-8703-acdaf4cbc27c/add_router_interface => generated 310 bytes in 1223 msecs (HTTP/1.1 200) 4 headers in 157 bytes (1 switches on core 0) [pid: 7|app: 0|req: 1109/2161] 10.0.0.134 () {32 vars in 726 bytes} [Thu May 7 22:10:20 2026] DELETE /v2.0/networks/5c9c8bb2-30d7-4adb-a1f8-084cf69fdf95 => generated 0 bytes in 663 msecs (HTTP/1.1 204) 3 headers in 131 bytes (1 switches on core 0)
2026-05-07 22:10:21.034 8 INFO neutron.db.ovn_revision_numbers_db [None req-16805e93-b803-4c00-b80e-7bccea937801 e01123bc6a624f4bac006022165d5433 fa53d875768f4d42a351f2c5104b67af - - default default] Successfully bumped revision number for resource b2c4bf24-2159-4e9a-aad6-a561800a7ba8 (type: security_groups) to 1
2026-05-07 22:10:21.041 7 INFO neutron.services.segments.plugin [-] Segment ca58c328-263b-489c-b268-fd8cf474739b resource provider aggregate not found
2026-05-07 22:10:21.044 7 INFO neutron.services.segments.plugin [-] Segment ca58c328-263b-489c-b268-fd8cf474739b resource provider aggregate not found
2026-05-07 22:10:21.050 8 INFO neutron.db.ovn_revision_numbers_db [None req-16805e93-b803-4c00-b80e-7bccea937801 e01123bc6a624f4bac006022165d5433 fa53d875768f4d42a351f2c5104b67af - - default default] Successfully bumped revision number for resource 2ff1c0fd-1ea5-4531-b3e0-5dff241f31b2 (type: security_group_rules) to 0
2026-05-07 22:10:21.062 7 INFO neutron.services.segments.plugin [-] Segment ca58c328-263b-489c-b268-fd8cf474739b resource provider not found; error: Placement Client Error (4xx): {"errors": [{"status": 404, "title": "Not Found", "detail": "The resource could not be found.\n\n No resource provider with uuid ca58c328-263b-489c-b268-fd8cf474739b found for delete ", "request_id": "req-8cf93135-4cda-438c-b33d-76fde87939e0"}]}
2026-05-07 22:10:21.065 8 INFO neutron.db.ovn_revision_numbers_db [None req-16805e93-b803-4c00-b80e-7bccea937801 e01123bc6a624f4bac006022165d5433 fa53d875768f4d42a351f2c5104b67af - - default default] Successfully bumped revision number for resource 670d2e11-5d16-4b36-a10d-9564a3b02cbe (type: security_group_rules) to 0
2026-05-07 22:10:21.076 7 INFO neutron.services.segments.plugin [-] Segment ca58c328-263b-489c-b268-fd8cf474739b resource provider not found; error: Placement Client Error (4xx): {"errors": [{"status": 404, "title": "Not Found", "detail": "The resource could not be found.\n\n No resource provider with uuid ca58c328-263b-489c-b268-fd8cf474739b found for delete ", "request_id": "req-a463b02d-a803-41e4-a03c-84fedd1e9f73"}]}
2026-05-07 22:10:21.077 8 INFO neutron.db.ovn_revision_numbers_db [None req-16805e93-b803-4c00-b80e-7bccea937801 e01123bc6a624f4bac006022165d5433 fa53d875768f4d42a351f2c5104b67af - - default default] Successfully bumped revision number for resource 9333be15-2e80-4c20-934e-d59ac9b43d66 (type: security_group_rules) to 0
2026-05-07 22:10:21.081 7 INFO neutron.services.segments.plugin [-] Segment 4beb7ba5-8371-4709-b2e2-158ed051a049 resource provider aggregate not found
2026-05-07 22:10:21.090 8 INFO neutron.db.ovn_revision_numbers_db [None req-16805e93-b803-4c00-b80e-7bccea937801 e01123bc6a624f4bac006022165d5433 fa53d875768f4d42a351f2c5104b67af - - default default] Successfully bumped revision number for resource de8aadac-0086-417e-881f-2693378d0f96 (type: security_group_rules) to 0
2026-05-07 22:10:21.100 7 INFO neutron.services.segments.plugin [-] Segment 4beb7ba5-8371-4709-b2e2-158ed051a049 resource provider aggregate not found
2026-05-07 22:10:21.110 7 INFO neutron.services.segments.plugin [-] Segment 4beb7ba5-8371-4709-b2e2-158ed051a049 resource provider not found; error: Placement Client Error (4xx): {"errors": [{"status": 404, "title": "Not Found", "detail": "The resource could not be found.\n\n No resource provider with uuid 4beb7ba5-8371-4709-b2e2-158ed051a049 found for delete ", "request_id": "req-ae2caf08-5fc6-4f97-9581-ff5883c40fbe"}]}
2026-05-07 22:10:21.130 7 INFO neutron.services.segments.plugin [-] Segment 4beb7ba5-8371-4709-b2e2-158ed051a049 resource provider not found; error: Placement Client Error (4xx): {"errors": [{"status": 404, "title": "Not Found", "detail": "The resource could not be found.\n\n No resource provider with uuid 4beb7ba5-8371-4709-b2e2-158ed051a049 found for delete ", "request_id": "req-441c664b-bbda-43d1-a09e-252fe1a32908"}]}
2026-05-07 22:10:21.132 7 INFO neutron.services.segments.plugin [-] Segment 3855bb31-089d-4f2d-8c42-c178242c6fb9 resource provider aggregate not found [pid: 7|app: 0|req: 1110/2162] 10.0.0.134 () {32 vars in 717 bytes} [Thu May 7 22:10:20 2026] GET /v2.0/ports/0cad243d-d2b1-412b-8808-158d5a00419c => generated 947 bytes in 237 msecs (HTTP/1.1 200) 4 headers in 157 bytes (1 switches on core 0)
2026-05-07 22:10:21.169 7 INFO neutron.services.segments.plugin [-] Segment 3855bb31-089d-4f2d-8c42-c178242c6fb9 resource provider aggregate not found
2026-05-07 22:10:21.173 7 INFO neutron.services.segments.plugin [-] Segment 3855bb31-089d-4f2d-8c42-c178242c6fb9 resource provider not found; error: Placement Client Error (4xx): {"errors": [{"status": 404, "title": "Not Found", "detail": "The resource could not be found.\n\n No resource provider with uuid 3855bb31-089d-4f2d-8c42-c178242c6fb9 found for delete ", "request_id": "req-a709b8ac-085f-473e-9cb6-94f0cf19a1cf"}]}
2026-05-07 22:10:21.198 7 INFO neutron.services.segments.plugin [-] Segment 3855bb31-089d-4f2d-8c42-c178242c6fb9 resource provider not found; error: Placement Client Error (4xx): {"errors": [{"status": 404, "title": "Not Found", "detail": "The resource could not be found.\n\n No resource provider with uuid 3855bb31-089d-4f2d-8c42-c178242c6fb9 found for delete ", "request_id": "req-35558b1a-afa7-4480-877c-98b3377cc2ba"}]}
2026-05-07 22:10:21.200 8 INFO neutron.db.segments_db [None req-16805e93-b803-4c00-b80e-7bccea937801 e01123bc6a624f4bac006022165d5433 fa53d875768f4d42a351f2c5104b67af - - default default] Added segment 6fc6b1d1-7fbb-429a-98f8-0f8fbea832e6 of type geneve for network 00db0961-c60d-4b43-a812-0a49438d8758
2026-05-07 22:10:21.218 7 INFO neutron.services.segments.plugin [-] Segment 14ab69f6-417d-483a-8dba-682461ce83e8 resource provider aggregate not found
2026-05-07 22:10:21.256 7 INFO neutron.services.segments.plugin [-] Segment 14ab69f6-417d-483a-8dba-682461ce83e8 resource provider aggregate not found
2026-05-07 22:10:21.260 7 INFO neutron.services.segments.plugin [-] Segment 14ab69f6-417d-483a-8dba-682461ce83e8 resource provider not found; error: Placement Client Error (4xx): {"errors": [{"status": 404, "title": "Not Found", "detail": "The resource could not be found.\n\n No resource provider with uuid 14ab69f6-417d-483a-8dba-682461ce83e8 found for delete ", "request_id": "req-b4493a25-81aa-4c51-a929-2ea2f1d5fb18"}]}
2026-05-07 22:10:21.284 7 INFO neutron.services.segments.plugin [-] Segment 14ab69f6-417d-483a-8dba-682461ce83e8 resource provider not found; error: Placement Client Error (4xx): {"errors": [{"status": 404, "title": "Not Found", "detail": "The resource could not be found.\n\n No resource provider with uuid 14ab69f6-417d-483a-8dba-682461ce83e8 found for delete ", "request_id": "req-dd5a3f98-48e4-4eaf-801a-1a81052b57e2"}]}
2026-05-07 22:10:21.381 8 INFO neutron.db.ovn_revision_numbers_db [None req-16805e93-b803-4c00-b80e-7bccea937801 e01123bc6a624f4bac006022165d5433 fa53d875768f4d42a351f2c5104b67af - - default default] Successfully bumped revision number for resource 00db0961-c60d-4b43-a812-0a49438d8758 (type: networks) to 1
2026-05-07 22:10:21.516 7 INFO neutron.db.ovn_revision_numbers_db [None req-e89659cd-275a-427e-a5b0-037aa58c8fa2 - - - - - -] Successfully bumped revision number for resource 0cad243d-d2b1-412b-8808-158d5a00419c (type: ports) to 2
2026-05-07 22:10:21.544 8 WARNING neutron.scheduler.dhcp_agent_scheduler [None req-16805e93-b803-4c00-b80e-7bccea937801 e01123bc6a624f4bac006022165d5433 fa53d875768f4d42a351f2c5104b67af - - default default] No more DHCP agents
2026-05-07 22:10:21.545 8 WARNING neutron.api.rpc.agentnotifiers.dhcp_rpc_agent_api [None req-16805e93-b803-4c00-b80e-7bccea937801 e01123bc6a624f4bac006022165d5433 fa53d875768f4d42a351f2c5104b67af - - default default] Unable to schedule network 00db0961-c60d-4b43-a812-0a49438d8758: no agents available; will retry on subsequent port and subnet creation events.
2026-05-07 22:10:21.600 8 INFO neutron.plugins.ml2.drivers.ovn.mech_driver.mech_driver [None req-30be3be7-b205-4021-a7ba-2df5be634af5 - - - - - -] OVN reports status down for port: fa96740c-7cf6-4229-a3ff-802a889ba531
2026-05-07 22:10:21.663 8 INFO neutron.db.ovn_revision_numbers_db [None req-16805e93-b803-4c00-b80e-7bccea937801 e01123bc6a624f4bac006022165d5433 fa53d875768f4d42a351f2c5104b67af - - default default] Successfully bumped revision number for resource fa96740c-7cf6-4229-a3ff-802a889ba531 (type: ports) to 1 [pid: 8|app: 0|req: 1053/2163] 10.0.0.134 () {34 vars in 670 bytes} [Thu May 7 22:10:20 2026] POST /v2.0/networks => generated 670 bytes in 971 msecs (HTTP/1.1 201) 4 headers in 162 bytes (1 switches on core 0)
2026-05-07 22:10:21.897 8 WARNING neutron.scheduler.dhcp_agent_scheduler [None req-1c74e573-9ff0-4da0-b1b2-4a858e781c8c e01123bc6a624f4bac006022165d5433 fa53d875768f4d42a351f2c5104b67af - - default default] No more DHCP agents
2026-05-07 22:10:21.898 8 WARNING neutron.api.rpc.agentnotifiers.dhcp_rpc_agent_api [None req-1c74e573-9ff0-4da0-b1b2-4a858e781c8c e01123bc6a624f4bac006022165d5433 fa53d875768f4d42a351f2c5104b67af - - default default] Unable to schedule network 00db0961-c60d-4b43-a812-0a49438d8758: no agents available; will retry on subsequent port and subnet creation events.
2026-05-07 22:10:21.936 7 WARNING neutron.scheduler.dhcp_agent_scheduler [None req-68bc5a32-8dab-4a89-b6c1-53c903efec40 3e9b45589dac40b491c52df765572e2d 622a3ec1fa954cc7b0304a5045c90fb8 - - default default] No more DHCP agents
2026-05-07 22:10:21.937 7 WARNING neutron.api.rpc.agentnotifiers.dhcp_rpc_agent_api [None req-68bc5a32-8dab-4a89-b6c1-53c903efec40 3e9b45589dac40b491c52df765572e2d 622a3ec1fa954cc7b0304a5045c90fb8 - - default default] Unable to schedule network 3d940fee-7eb8-4ec5-9ec3-159afea42994: no agents available; will retry on subsequent port and subnet creation events.
2026-05-07 22:10:22.051 8 INFO neutron.plugins.ml2.drivers.ovn.mech_driver.mech_driver [None req-30be3be7-b205-4021-a7ba-2df5be634af5 - - - - - -] OVN reports status down for port: a0cf1ef3-f7a5-48c4-9db4-f3b0d4e9ab52
2026-05-07 22:10:22.065 7 INFO neutron.db.ovn_revision_numbers_db [None req-68bc5a32-8dab-4a89-b6c1-53c903efec40 3e9b45589dac40b491c52df765572e2d 622a3ec1fa954cc7b0304a5045c90fb8 - - default default] Successfully bumped revision number for resource a0cf1ef3-f7a5-48c4-9db4-f3b0d4e9ab52 (type: ports) to 1
2026-05-07 22:10:22.453 8 INFO neutron.db.ovn_revision_numbers_db [None req-1c74e573-9ff0-4da0-b1b2-4a858e781c8c e01123bc6a624f4bac006022165d5433 fa53d875768f4d42a351f2c5104b67af - - default default] Successfully bumped revision number for resource fa96740c-7cf6-4229-a3ff-802a889ba531 (type: ports) to 2
2026-05-07 22:10:22.488 8 INFO neutron.db.ovn_revision_numbers_db [None req-1c74e573-9ff0-4da0-b1b2-4a858e781c8c e01123bc6a624f4bac006022165d5433 fa53d875768f4d42a351f2c5104b67af - - default default] Successfully bumped revision number for resource d0e4699f-f2a0-4303-bd92-17525ddc4015 (type: subnets) to 0 [pid: 8|app: 0|req: 1054/2164] 10.0.0.134 () {34 vars in 669 bytes} [Thu May 7 22:10:21 2026] POST /v2.0/subnets => generated 626 bytes in 792 msecs (HTTP/1.1 201) 4 headers in 162 bytes (1 switches on core 0)
2026-05-07 22:10:22.636 8 INFO neutron.plugins.ml2.drivers.ovn.mech_driver.mech_driver [None req-30be3be7-b205-4021-a7ba-2df5be634af5 - - - - - -] OVN reports status up for port: a0cf1ef3-f7a5-48c4-9db4-f3b0d4e9ab52
2026-05-07 22:10:22.651 8 INFO neutron.plugins.ml2.plugin [None req-30be3be7-b205-4021-a7ba-2df5be634af5 - - - - - -] Attempt 1 to provision port a0cf1ef3-f7a5-48c4-9db4-f3b0d4e9ab52
2026-05-07 22:10:22.655 8 WARNING neutron.db.securitygroups_db [None req-71fa7a54-1c0e-490d-92dc-08c5cd724b96 e40b9925540d45e3b0ac78e0d16d05ec 37df2867cff44b9e8ca5eaba7b74d91c - - default default] project_id key not found in filters, using tenant_id instead. This support has been deprecated and will be removed in a future release.
2026-05-07 22:10:22.700 7 WARNING neutron.scheduler.dhcp_agent_scheduler [None req-68bc5a32-8dab-4a89-b6c1-53c903efec40 3e9b45589dac40b491c52df765572e2d 622a3ec1fa954cc7b0304a5045c90fb8 - - default default] No more DHCP agents
2026-05-07 22:10:22.702 7 WARNING neutron.api.rpc.agentnotifiers.dhcp_rpc_agent_api [None req-68bc5a32-8dab-4a89-b6c1-53c903efec40 3e9b45589dac40b491c52df765572e2d 622a3ec1fa954cc7b0304a5045c90fb8 - - default default] Unable to schedule network 3d940fee-7eb8-4ec5-9ec3-159afea42994: no agents available; will retry on subsequent port and subnet creation events. [pid: 8|app: 0|req: 1055/2165] 10.0.0.134 () {32 vars in 774 bytes} [Thu May 7 22:10:22 2026] GET /v2.0/security-groups?tenant_id=9211a7d74e2c472cba87e0d534b5fd0b&name=default => generated 2925 bytes in 199 msecs (HTTP/1.1 200) 4 headers in 158 bytes (1 switches on core 0)
