2026-05-07 22:10:22.837 8 INFO neutron.db.segments_db [None req-2e8b8204-0c7d-4d1a-a724-5ddac11ac596 e01123bc6a624f4bac006022165d5433 fa53d875768f4d42a351f2c5104b67af - - default default] Added segment ce48c4cc-d66a-4e3e-bcc0-49b7bab03775 of type geneve for network 526bf3df-c82c-4899-bb95-61ea77e5ea7e
2026-05-07 22:10:22.911 7 INFO neutron.db.ovn_revision_numbers_db [None req-68bc5a32-8dab-4a89-b6c1-53c903efec40 3e9b45589dac40b491c52df765572e2d 622a3ec1fa954cc7b0304a5045c90fb8 - - default default] Successfully bumped revision number for resource a0cf1ef3-f7a5-48c4-9db4-f3b0d4e9ab52 (type: router_ports) to 1 [pid: 7|app: 0|req: 1111/2166] 10.0.0.134 () {34 vars in 783 bytes} [Thu May 7 22:10:21 2026] PUT /v2.0/routers/56d5fb86-8be8-47f9-8703-acdaf4cbc27c/add_router_interface => generated 310 bytes in 1746 msecs (HTTP/1.1 200) 4 headers in 157 bytes (1 switches on core 0) [pid: 7|app: 0|req: 1112/2167] 10.0.0.134 () {32 vars in 740 bytes} [Thu May 7 22:10:22 2026] DELETE /v2.0/security-groups/daae92e2-ced0-494f-8d8f-b1e2aff8c27e => generated 0 bytes in 208 msecs (HTTP/1.1 204) 2 headers in 112 bytes (1 switches on core 0)
2026-05-07 22:10:23.156 8 INFO neutron.db.ovn_revision_numbers_db [None req-2e8b8204-0c7d-4d1a-a724-5ddac11ac596 e01123bc6a624f4bac006022165d5433 fa53d875768f4d42a351f2c5104b67af - - default default] Successfully bumped revision number for resource 526bf3df-c82c-4899-bb95-61ea77e5ea7e (type: networks) to 1 [pid: 7|app: 0|req: 1113/2168] 10.0.0.134 () {32 vars in 717 bytes} [Thu May 7 22:10:23 2026] GET /v2.0/ports/a0cf1ef3-f7a5-48c4-9db4-f3b0d4e9ab52 => generated 955 bytes in 84 msecs (HTTP/1.1 200) 4 headers in 157 bytes (1 switches on core 0) [pid: 7|app: 0|req: 1114/2169] 10.0.0.134 () {32 vars in 717 bytes} [Thu May 7 22:10:23 2026] GET /v2.0/ports/a0cf1ef3-f7a5-48c4-9db4-f3b0d4e9ab52 => generated 955 bytes in 38 msecs (HTTP/1.1 200) 4 headers in 157 bytes (1 switches on core 0)
2026-05-07 22:10:23.258 7 WARNING neutron.db.securitygroups_db [None req-1f171fc4-814b-4586-8004-8c9b780942a3 e40b9925540d45e3b0ac78e0d16d05ec 37df2867cff44b9e8ca5eaba7b74d91c - - default default] project_id key not found in filters, using tenant_id instead. This support has been deprecated and will be removed in a future release.
2026-05-07 22:10:23.499 7 INFO neutron.db.ovn_revision_numbers_db [None req-1f171fc4-814b-4586-8004-8c9b780942a3 e40b9925540d45e3b0ac78e0d16d05ec 37df2867cff44b9e8ca5eaba7b74d91c - - default default] Successfully bumped revision number for resource dd2ec1f3-e233-421c-9d6d-5fb1719c621d (type: security_groups) to 1
2026-05-07 22:10:23.516 7 INFO neutron.db.ovn_revision_numbers_db [None req-1f171fc4-814b-4586-8004-8c9b780942a3 e40b9925540d45e3b0ac78e0d16d05ec 37df2867cff44b9e8ca5eaba7b74d91c - - default default] Successfully bumped revision number for resource 12a8072e-b539-4466-ad6d-5b509bb99001 (type: security_group_rules) to 0
2026-05-07 22:10:23.530 7 INFO neutron.db.ovn_revision_numbers_db [None req-1f171fc4-814b-4586-8004-8c9b780942a3 e40b9925540d45e3b0ac78e0d16d05ec 37df2867cff44b9e8ca5eaba7b74d91c - - default default] Successfully bumped revision number for resource 720ac7d8-e840-4c1a-bef4-8c85d73d11d9 (type: security_group_rules) to 0
2026-05-07 22:10:23.541 7 INFO neutron.db.ovn_revision_numbers_db [None req-1f171fc4-814b-4586-8004-8c9b780942a3 e40b9925540d45e3b0ac78e0d16d05ec 37df2867cff44b9e8ca5eaba7b74d91c - - default default] Successfully bumped revision number for resource b0a67b88-9a84-4c3b-a579-e789deb2bacd (type: security_group_rules) to 0
2026-05-07 22:10:23.553 7 INFO neutron.db.ovn_revision_numbers_db [None req-1f171fc4-814b-4586-8004-8c9b780942a3 e40b9925540d45e3b0ac78e0d16d05ec 37df2867cff44b9e8ca5eaba7b74d91c - - default default] Successfully bumped revision number for resource f47b0afb-7a4c-4bbe-8dff-c60ad32c3334 (type: security_group_rules) to 0
2026-05-07 22:10:23.565 8 INFO neutron.db.ovn_revision_numbers_db [None req-30be3be7-b205-4021-a7ba-2df5be634af5 - - - - - -] Successfully bumped revision number for resource a0cf1ef3-f7a5-48c4-9db4-f3b0d4e9ab52 (type: ports) to 2 [pid: 7|app: 0|req: 1115/2170] 10.0.0.134 () {32 vars in 774 bytes} [Thu May 7 22:10:23 2026] GET /v2.0/security-groups?tenant_id=fec87070e123427a825dc14874805553&name=default => generated 2925 bytes in 338 msecs (HTTP/1.1 200) 4 headers in 158 bytes (1 switches on core 0)
2026-05-07 22:10:23.681 8 WARNING neutron.scheduler.dhcp_agent_scheduler [None req-2e8b8204-0c7d-4d1a-a724-5ddac11ac596 e01123bc6a624f4bac006022165d5433 fa53d875768f4d42a351f2c5104b67af - - default default] No more DHCP agents
2026-05-07 22:10:23.685 8 WARNING neutron.api.rpc.agentnotifiers.dhcp_rpc_agent_api [None req-2e8b8204-0c7d-4d1a-a724-5ddac11ac596 e01123bc6a624f4bac006022165d5433 fa53d875768f4d42a351f2c5104b67af - - default default] Unable to schedule network 526bf3df-c82c-4899-bb95-61ea77e5ea7e: no agents available; will retry on subsequent port and subnet creation events.
2026-05-07 22:10:23.768 8 INFO neutron.db.ovn_revision_numbers_db [None req-2e8b8204-0c7d-4d1a-a724-5ddac11ac596 e01123bc6a624f4bac006022165d5433 fa53d875768f4d42a351f2c5104b67af - - default default] Successfully bumped revision number for resource 364f5584-9242-4ff6-aa4a-4806e2b50872 (type: ports) to 1 [pid: 8|app: 0|req: 1056/2171] 10.0.0.134 () {34 vars in 670 bytes} [Thu May 7 22:10:22 2026] POST /v2.0/networks => generated 670 bytes in 1083 msecs (HTTP/1.1 201) 4 headers in 162 bytes (1 switches on core 0)
2026-05-07 22:10:23.943 7 INFO neutron_taas.services.taas.taas_plugin [None req-e07412f7-1cff-48e6-9bab-270983692d53 3e9b45589dac40b491c52df765572e2d 622a3ec1fa954cc7b0304a5045c90fb8 - - default default] TaaS: Handle Delete Port: a0cf1ef3-f7a5-48c4-9db4-f3b0d4e9ab52
2026-05-07 22:10:23.947 7 INFO neutron_taas.services.taas.tap_mirror_plugin [None req-e07412f7-1cff-48e6-9bab-270983692d53 3e9b45589dac40b491c52df765572e2d 622a3ec1fa954cc7b0304a5045c90fb8 - - default default] Tap Mirror: Handle Delete Port: a0cf1ef3-f7a5-48c4-9db4-f3b0d4e9ab52 [pid: 8|app: 0|req: 1057/2172] 10.0.0.134 () {32 vars in 740 bytes} [Thu May 7 22:10:23 2026] DELETE /v2.0/security-groups/dd2ec1f3-e233-421c-9d6d-5fb1719c621d => generated 0 bytes in 198 msecs (HTTP/1.1 204) 2 headers in 112 bytes (1 switches on core 0)
2026-05-07 22:10:24.193 8 WARNING neutron.scheduler.dhcp_agent_scheduler [None req-843a5c5a-9c27-40c3-afaf-495da3c189b0 e01123bc6a624f4bac006022165d5433 fa53d875768f4d42a351f2c5104b67af - - default default] No more DHCP agents
2026-05-07 22:10:24.195 8 WARNING neutron.api.rpc.agentnotifiers.dhcp_rpc_agent_api [None req-843a5c5a-9c27-40c3-afaf-495da3c189b0 e01123bc6a624f4bac006022165d5433 fa53d875768f4d42a351f2c5104b67af - - default default] Unable to schedule network 526bf3df-c82c-4899-bb95-61ea77e5ea7e: no agents available; will retry on subsequent port and subnet creation events. [pid: 7|app: 0|req: 1116/2173] 10.0.0.134 () {34 vars in 789 bytes} [Thu May 7 22:10:23 2026] PUT /v2.0/routers/56d5fb86-8be8-47f9-8703-acdaf4cbc27c/remove_router_interface => generated 310 bytes in 685 msecs (HTTP/1.1 200) 4 headers in 157 bytes (1 switches on core 0) /var/lib/openstack/lib/python3.12/site-packages/pycadf/identifier.py:70: UserWarning: Invalid uuid: neutron. To ensure interoperability, identifiers should be a valid uuid. warnings.warn(('Invalid uuid: %s. To ensure interoperability, '
2026-05-07 22:10:24.286 7 WARNING neutron.db.securitygroups_db [None req-638c8385-5836-45d1-bf4e-0563dfc301d7 e40b9925540d45e3b0ac78e0d16d05ec 37df2867cff44b9e8ca5eaba7b74d91c - - default default] project_id key not found in filters, using tenant_id instead. This support has been deprecated and will be removed in a future release.
2026-05-07 22:10:24.425 7 INFO neutron.db.ovn_revision_numbers_db [None req-638c8385-5836-45d1-bf4e-0563dfc301d7 e40b9925540d45e3b0ac78e0d16d05ec 37df2867cff44b9e8ca5eaba7b74d91c - - default default] Successfully bumped revision number for resource 536ac80e-282d-4937-97a5-467bb349f5a1 (type: security_groups) to 1
2026-05-07 22:10:24.439 7 INFO neutron.db.ovn_revision_numbers_db [None req-638c8385-5836-45d1-bf4e-0563dfc301d7 e40b9925540d45e3b0ac78e0d16d05ec 37df2867cff44b9e8ca5eaba7b74d91c - - default default] Successfully bumped revision number for resource 29076fb1-d934-4cfd-8e90-41ba118b9c85 (type: security_group_rules) to 0
2026-05-07 22:10:24.452 7 INFO neutron.db.ovn_revision_numbers_db [None req-638c8385-5836-45d1-bf4e-0563dfc301d7 e40b9925540d45e3b0ac78e0d16d05ec 37df2867cff44b9e8ca5eaba7b74d91c - - default default] Successfully bumped revision number for resource 9938c016-9242-40e9-9cb8-5a335405416f (type: security_group_rules) to 0
2026-05-07 22:10:24.464 7 INFO neutron.db.ovn_revision_numbers_db [None req-638c8385-5836-45d1-bf4e-0563dfc301d7 e40b9925540d45e3b0ac78e0d16d05ec 37df2867cff44b9e8ca5eaba7b74d91c - - default default] Successfully bumped revision number for resource c9f6ccdd-d481-4d26-a6c0-de76baaa51c6 (type: security_group_rules) to 0
2026-05-07 22:10:24.475 7 INFO neutron.db.ovn_revision_numbers_db [None req-638c8385-5836-45d1-bf4e-0563dfc301d7 e40b9925540d45e3b0ac78e0d16d05ec 37df2867cff44b9e8ca5eaba7b74d91c - - default default] Successfully bumped revision number for resource d2cc0d99-1283-42a9-9cff-56b162a56729 (type: security_group_rules) to 0 [pid: 7|app: 0|req: 1117/2174] 10.0.0.134 () {32 vars in 774 bytes} [Thu May 7 22:10:24 2026] GET /v2.0/security-groups?tenant_id=d04e50087d7e45c0a716c1d4347fdbc0&name=default => generated 2925 bytes in 237 msecs (HTTP/1.1 200) 4 headers in 158 bytes (1 switches on core 0) [pid: 7|app: 0|req: 1118/2175] 10.0.0.134 () {32 vars in 717 bytes} [Thu May 7 22:10:24 2026] GET /v2.0/ports/0cad243d-d2b1-412b-8808-158d5a00419c => generated 947 bytes in 36 msecs (HTTP/1.1 200) 4 headers in 157 bytes (1 switches on core 0)
2026-05-07 22:10:24.661 8 INFO neutron.db.ovn_revision_numbers_db [None req-843a5c5a-9c27-40c3-afaf-495da3c189b0 e01123bc6a624f4bac006022165d5433 fa53d875768f4d42a351f2c5104b67af - - default default] Successfully bumped revision number for resource 364f5584-9242-4ff6-aa4a-4806e2b50872 (type: ports) to 2
2026-05-07 22:10:24.697 8 INFO neutron.db.ovn_revision_numbers_db [None req-843a5c5a-9c27-40c3-afaf-495da3c189b0 e01123bc6a624f4bac006022165d5433 fa53d875768f4d42a351f2c5104b67af - - default default] Successfully bumped revision number for resource 0d1103bc-9db6-45f5-9e36-cacbcf86b747 (type: subnets) to 0 [pid: 8|app: 0|req: 1058/2176] 10.0.0.134 () {34 vars in 669 bytes} [Thu May 7 22:10:23 2026] POST /v2.0/subnets => generated 629 bytes in 743 msecs (HTTP/1.1 201) 4 headers in 162 bytes (1 switches on core 0) [pid: 7|app: 0|req: 1119/2177] 10.0.0.134 () {32 vars in 740 bytes} [Thu May 7 22:10:24 2026] DELETE /v2.0/security-groups/536ac80e-282d-4937-97a5-467bb349f5a1 => generated 0 bytes in 225 msecs (HTTP/1.1 204) 2 headers in 112 bytes (1 switches on core 0)
2026-05-07 22:10:24.864 7 INFO neutron.db.segments_db [None req-4eb37800-b694-42fc-a810-205225dbf220 e01123bc6a624f4bac006022165d5433 fa53d875768f4d42a351f2c5104b67af - - default default] Added segment db2dab36-2852-4fc4-9211-3a89070a62d0 of type geneve for network 09020d8c-36a4-4a40-9667-7dab152146e2
2026-05-07 22:10:25.003 7 INFO neutron.db.ovn_revision_numbers_db [None req-4eb37800-b694-42fc-a810-205225dbf220 e01123bc6a624f4bac006022165d5433 fa53d875768f4d42a351f2c5104b67af - - default default] Successfully bumped revision number for resource 09020d8c-36a4-4a40-9667-7dab152146e2 (type: networks) to 1
2026-05-07 22:10:25.063 8 INFO neutron_taas.services.taas.taas_plugin [None req-3456a022-c477-47d1-96b3-d40c839821b6 3e9b45589dac40b491c52df765572e2d 622a3ec1fa954cc7b0304a5045c90fb8 - - default default] TaaS: Handle Delete Port: 0cad243d-d2b1-412b-8808-158d5a00419c
2026-05-07 22:10:25.070 8 INFO neutron_taas.services.taas.tap_mirror_plugin [None req-3456a022-c477-47d1-96b3-d40c839821b6 3e9b45589dac40b491c52df765572e2d 622a3ec1fa954cc7b0304a5045c90fb8 - - default default] Tap Mirror: Handle Delete Port: 0cad243d-d2b1-412b-8808-158d5a00419c
2026-05-07 22:10:25.210 7 WARNING neutron.scheduler.dhcp_agent_scheduler [None req-4eb37800-b694-42fc-a810-205225dbf220 e01123bc6a624f4bac006022165d5433 fa53d875768f4d42a351f2c5104b67af - - default default] No more DHCP agents
2026-05-07 22:10:25.219 7 WARNING neutron.api.rpc.agentnotifiers.dhcp_rpc_agent_api [None req-4eb37800-b694-42fc-a810-205225dbf220 e01123bc6a624f4bac006022165d5433 fa53d875768f4d42a351f2c5104b67af - - default default] Unable to schedule network 09020d8c-36a4-4a40-9667-7dab152146e2: no agents available; will retry on subsequent port and subnet creation events.
2026-05-07 22:10:25.314 7 INFO neutron.db.ovn_revision_numbers_db [None req-4eb37800-b694-42fc-a810-205225dbf220 e01123bc6a624f4bac006022165d5433 fa53d875768f4d42a351f2c5104b67af - - default default] Successfully bumped revision number for resource 6fcca8e2-e9fc-4f2b-8192-a7c2da28b110 (type: ports) to 1 [pid: 7|app: 0|req: 1120/2178] 10.0.0.134 () {34 vars in 670 bytes} [Thu May 7 22:10:24 2026] POST /v2.0/networks => generated 669 bytes in 558 msecs (HTTP/1.1 201) 4 headers in 162 bytes (1 switches on core 0) [pid: 8|app: 0|req: 1059/2179] 10.0.0.134 () {34 vars in 789 bytes} [Thu May 7 22:10:24 2026] PUT /v2.0/routers/56d5fb86-8be8-47f9-8703-acdaf4cbc27c/remove_router_interface => generated 310 bytes in 642 msecs (HTTP/1.1 200) 4 headers in 157 bytes (1 switches on core 0) /var/lib/openstack/lib/python3.12/site-packages/pycadf/identifier.py:70: UserWarning: Invalid uuid: neutron. To ensure interoperability, identifiers should be a valid uuid. warnings.warn(('Invalid uuid: %s. To ensure interoperability, ' [pid: 8|app: 0|req: 1060/2180] 10.0.0.134 () {32 vars in 736 bytes} [Thu May 7 22:10:25 2026] GET /v2.0/ports?device_id=56d5fb86-8be8-47f9-8703-acdaf4cbc27c => generated 12 bytes in 28 msecs (HTTP/1.1 200) 4 headers in 156 bytes (1 switches on core 0)
2026-05-07 22:10:25.522 7 WARNING neutron.scheduler.dhcp_agent_scheduler [None req-21088e7b-4264-4296-9133-f9173c5b6176 e01123bc6a624f4bac006022165d5433 fa53d875768f4d42a351f2c5104b67af - - default default] No more DHCP agents
2026-05-07 22:10:25.524 7 WARNING neutron.api.rpc.agentnotifiers.dhcp_rpc_agent_api [None req-21088e7b-4264-4296-9133-f9173c5b6176 e01123bc6a624f4bac006022165d5433 fa53d875768f4d42a351f2c5104b67af - - default default] Unable to schedule network 09020d8c-36a4-4a40-9667-7dab152146e2: no agents available; will retry on subsequent port and subnet creation events. [pid: 8|app: 0|req: 1061/2181] 10.0.0.134 () {32 vars in 724 bytes} [Thu May 7 22:10:25 2026] DELETE /v2.0/routers/56d5fb86-8be8-47f9-8703-acdaf4cbc27c => generated 0 bytes in 203 msecs (HTTP/1.1 204) 2 headers in 112 bytes (1 switches on core 0) [pid: 8|app: 0|req: 1062/2182] 10.0.0.134 () {32 vars in 724 bytes} [Thu May 7 22:10:25 2026] DELETE /v2.0/subnets/fbe060e0-7885-438b-89b7-de210c7c0e27 => generated 0 bytes in 115 msecs (HTTP/1.1 204) 3 headers in 131 bytes (1 switches on core 0) [pid: 8|app: 0|req: 1063/2183] 10.0.0.134 () {32 vars in 724 bytes} [Thu May 7 22:10:25 2026] DELETE /v2.0/subnets/ef9684a7-15fb-491e-bd09-a3331f2ca389 => generated 0 bytes in 127 msecs (HTTP/1.1 204) 3 headers in 131 bytes (1 switches on core 0)
2026-05-07 22:10:26.003 8 INFO neutron_taas.services.taas.taas_plugin [None req-98dec4f0-c93f-47d4-b77e-e70f3796511c 3e9b45589dac40b491c52df765572e2d 622a3ec1fa954cc7b0304a5045c90fb8 - - default default] TaaS: Handle Delete Port: 9cda55a5-06fe-4a99-9052-94ee3131da36
2026-05-07 22:10:26.006 8 INFO neutron_taas.services.taas.tap_mirror_plugin [None req-98dec4f0-c93f-47d4-b77e-e70f3796511c 3e9b45589dac40b491c52df765572e2d 622a3ec1fa954cc7b0304a5045c90fb8 - - default default] Tap Mirror: Handle Delete Port: 9cda55a5-06fe-4a99-9052-94ee3131da36
2026-05-07 22:10:26.012 7 INFO neutron.db.ovn_revision_numbers_db [None req-21088e7b-4264-4296-9133-f9173c5b6176 e01123bc6a624f4bac006022165d5433 fa53d875768f4d42a351f2c5104b67af - - default default] Successfully bumped revision number for resource 6fcca8e2-e9fc-4f2b-8192-a7c2da28b110 (type: ports) to 2
2026-05-07 22:10:26.037 7 INFO neutron.db.ovn_revision_numbers_db [None req-21088e7b-4264-4296-9133-f9173c5b6176 e01123bc6a624f4bac006022165d5433 fa53d875768f4d42a351f2c5104b67af - - default default] Successfully bumped revision number for resource 3c352d28-2b5d-43f5-b48e-0ffd47356261 (type: subnets) to 0 [pid: 7|app: 0|req: 1121/2184] 10.0.0.134 () {34 vars in 669 bytes} [Thu May 7 22:10:25 2026] POST /v2.0/subnets => generated 629 bytes in 712 msecs (HTTP/1.1 201) 4 headers in 162 bytes (1 switches on core 0)
2026-05-07 22:10:26.165 7 INFO neutron.db.segments_db [None req-30942287-5541-46de-a30a-f69627baa428 e01123bc6a624f4bac006022165d5433 fa53d875768f4d42a351f2c5104b67af - - default default] Added segment 6d57daa5-ad35-4ced-a1d4-85713e991b3e of type geneve for network 65f1c694-05f3-4fd2-8a62-59924dae494c
2026-05-07 22:10:26.202 8 INFO neutron.services.segments.plugin [-] Segment d4e63cb0-5dd9-43ae-9764-445531ea5779 resource provider aggregate not found
2026-05-07 22:10:26.206 8 INFO neutron.services.segments.plugin [-] Segment d4e63cb0-5dd9-43ae-9764-445531ea5779 resource provider aggregate not found
2026-05-07 22:10:26.224 8 INFO neutron.services.segments.plugin [-] Segment d4e63cb0-5dd9-43ae-9764-445531ea5779 resource provider not found; error: Placement Client Error (4xx): {"errors": [{"status": 404, "title": "Not Found", "detail": "The resource could not be found.\n\n No resource provider with uuid d4e63cb0-5dd9-43ae-9764-445531ea5779 found for delete ", "request_id": "req-5cc5478b-c038-4e3a-8b21-11e3e48bc3f7"}]}
2026-05-07 22:10:26.228 8 INFO neutron.services.segments.plugin [-] Segment d4e63cb0-5dd9-43ae-9764-445531ea5779 resource provider not found; error: Placement Client Error (4xx): {"errors": [{"status": 404, "title": "Not Found", "detail": "The resource could not be found.\n\n No resource provider with uuid d4e63cb0-5dd9-43ae-9764-445531ea5779 found for delete ", "request_id": "req-32691b7f-14fe-48b0-8115-6bdf5be18392"}]} [pid: 8|app: 0|req: 1064/2185] 10.0.0.134 () {32 vars in 726 bytes} [Thu May 7 22:10:25 2026] DELETE /v2.0/networks/3d940fee-7eb8-4ec5-9ec3-159afea42994 => generated 0 bytes in 365 msecs (HTTP/1.1 204) 3 headers in 131 bytes (1 switches on core 0)
2026-05-07 22:10:26.326 7 INFO neutron.db.ovn_revision_numbers_db [None req-30942287-5541-46de-a30a-f69627baa428 e01123bc6a624f4bac006022165d5433 fa53d875768f4d42a351f2c5104b67af - - default default] Successfully bumped revision number for resource 65f1c694-05f3-4fd2-8a62-59924dae494c (type: networks) to 1
2026-05-07 22:10:26.377 8 INFO neutron_taas.services.taas.taas_plugin [None req-8cf0928b-f570-4589-8013-7c8f8253c84f 3e9b45589dac40b491c52df765572e2d 622a3ec1fa954cc7b0304a5045c90fb8 - - default default] TaaS: Handle Delete Port: d35c235a-a18e-4d41-975a-9ba78179d235
2026-05-07 22:10:26.380 8 INFO neutron_taas.services.taas.tap_mirror_plugin [None req-8cf0928b-f570-4589-8013-7c8f8253c84f 3e9b45589dac40b491c52df765572e2d 622a3ec1fa954cc7b0304a5045c90fb8 - - default default] Tap Mirror: Handle Delete Port: d35c235a-a18e-4d41-975a-9ba78179d235
2026-05-07 22:10:26.538 7 WARNING neutron.plugins.ml2.drivers.ovn.mech_driver.ovsdb.ovn_client [None req-bb036a1a-5dd7-4cec-92ac-9b693f1673b5 - - - - - -] No port found with ID 0cad243d-d2b1-412b-8808-158d5a00419c: RuntimeError: No port found with ID 0cad243d-d2b1-412b-8808-158d5a00419c
2026-05-07 22:10:26.569 7 INFO neutron.plugins.ml2.drivers.ovn.mech_driver.mech_driver [None req-bb036a1a-5dd7-4cec-92ac-9b693f1673b5 - - - - - -] OVN reports status down for port: 364f5584-9242-4ff6-aa4a-4806e2b50872
2026-05-07 22:10:26.592 7 WARNING neutron.scheduler.dhcp_agent_scheduler [None req-30942287-5541-46de-a30a-f69627baa428 e01123bc6a624f4bac006022165d5433 fa53d875768f4d42a351f2c5104b67af - - default default] No more DHCP agents
2026-05-07 22:10:26.596 7 WARNING neutron.api.rpc.agentnotifiers.dhcp_rpc_agent_api [None req-30942287-5541-46de-a30a-f69627baa428 e01123bc6a624f4bac006022165d5433 fa53d875768f4d42a351f2c5104b67af - - default default] Unable to schedule network 65f1c694-05f3-4fd2-8a62-59924dae494c: no agents available; will retry on subsequent port and subnet creation events. [pid: 8|app: 0|req: 1065/2186] 10.0.0.134 () {32 vars in 726 bytes} [Thu May 7 22:10:26 2026] DELETE /v2.0/networks/42ae9e6b-fce8-41e4-8cea-5ab49cc45b09 => generated 0 bytes in 381 msecs (HTTP/1.1 204) 3 headers in 131 bytes (1 switches on core 0)
2026-05-07 22:10:26.720 7 INFO neutron.plugins.ml2.drivers.ovn.mech_driver.mech_driver [None req-bb036a1a-5dd7-4cec-92ac-9b693f1673b5 - - - - - -] OVN reports status down for port: 9560bbec-fe7f-4276-9111-2e8cf0b8b9d6
2026-05-07 22:10:26.756 8 INFO neutron.db.segments_db [None req-95d210b5-eb1b-4747-8767-e6543b8108cc 3e9b45589dac40b491c52df765572e2d 622a3ec1fa954cc7b0304a5045c90fb8 - - default default] Added segment eca45032-d7d5-4e46-86ba-09e50a2b3517 of type geneve for network 238dd386-4e30-433f-abe8-79bbb0f6f990
2026-05-07 22:10:26.773 7 INFO neutron.db.ovn_revision_numbers_db [None req-30942287-5541-46de-a30a-f69627baa428 e01123bc6a624f4bac006022165d5433 fa53d875768f4d42a351f2c5104b67af - - default default] Successfully bumped revision number for resource 9560bbec-fe7f-4276-9111-2e8cf0b8b9d6 (type: ports) to 1 [pid: 7|app: 0|req: 1122/2187] 10.0.0.134 () {34 vars in 670 bytes} [Thu May 7 22:10:26 2026] POST /v2.0/networks => generated 669 bytes in 762 msecs (HTTP/1.1 201) 4 headers in 162 bytes (1 switches on core 0)
2026-05-07 22:10:26.870 8 INFO neutron.db.ovn_revision_numbers_db [None req-95d210b5-eb1b-4747-8767-e6543b8108cc 3e9b45589dac40b491c52df765572e2d 622a3ec1fa954cc7b0304a5045c90fb8 - - default default] Successfully bumped revision number for resource 238dd386-4e30-433f-abe8-79bbb0f6f990 (type: networks) to 1
2026-05-07 22:10:27.021 7 WARNING neutron.scheduler.dhcp_agent_scheduler [None req-890a881f-c57f-40cf-aee2-f759ea2bf032 e01123bc6a624f4bac006022165d5433 fa53d875768f4d42a351f2c5104b67af - - default default] No more DHCP agents
2026-05-07 22:10:27.022 7 WARNING neutron.api.rpc.agentnotifiers.dhcp_rpc_agent_api [None req-890a881f-c57f-40cf-aee2-f759ea2bf032 e01123bc6a624f4bac006022165d5433 fa53d875768f4d42a351f2c5104b67af - - default default] Unable to schedule network 65f1c694-05f3-4fd2-8a62-59924dae494c: no agents available; will retry on subsequent port and subnet creation events.
2026-05-07 22:10:27.046 8 WARNING neutron.scheduler.dhcp_agent_scheduler [None req-95d210b5-eb1b-4747-8767-e6543b8108cc 3e9b45589dac40b491c52df765572e2d 622a3ec1fa954cc7b0304a5045c90fb8 - - default default] No more DHCP agents
2026-05-07 22:10:27.047 8 WARNING neutron.api.rpc.agentnotifiers.dhcp_rpc_agent_api [None req-95d210b5-eb1b-4747-8767-e6543b8108cc 3e9b45589dac40b491c52df765572e2d 622a3ec1fa954cc7b0304a5045c90fb8 - - default default] Unable to schedule network 238dd386-4e30-433f-abe8-79bbb0f6f990: no agents available; will retry on subsequent port and subnet creation events.
2026-05-07 22:10:27.111 7 INFO neutron.plugins.ml2.drivers.ovn.mech_driver.mech_driver [None req-bb036a1a-5dd7-4cec-92ac-9b693f1673b5 - - - - - -] OVN reports status down for port: 2a099985-4879-49ac-9cd8-b5f556d9bb6e
2026-05-07 22:10:27.124 8 INFO neutron.db.ovn_revision_numbers_db [None req-95d210b5-eb1b-4747-8767-e6543b8108cc 3e9b45589dac40b491c52df765572e2d 622a3ec1fa954cc7b0304a5045c90fb8 - - default default] Successfully bumped revision number for resource 2a099985-4879-49ac-9cd8-b5f556d9bb6e (type: ports) to 1 [pid: 8|app: 0|req: 1066/2188] 10.0.0.134 () {34 vars in 670 bytes} [Thu May 7 22:10:26 2026] POST /v2.0/networks => generated 672 bytes in 508 msecs (HTTP/1.1 201) 4 headers in 162 bytes (1 switches on core 0)
2026-05-07 22:10:27.352 8 WARNING neutron.scheduler.dhcp_agent_scheduler [None req-c96c8ed4-aa6b-476e-9d7f-e5cfad2602d8 3e9b45589dac40b491c52df765572e2d 622a3ec1fa954cc7b0304a5045c90fb8 - - default default] No more DHCP agents
2026-05-07 22:10:27.353 8 WARNING neutron.api.rpc.agentnotifiers.dhcp_rpc_agent_api [None req-c96c8ed4-aa6b-476e-9d7f-e5cfad2602d8 3e9b45589dac40b491c52df765572e2d 622a3ec1fa954cc7b0304a5045c90fb8 - - default default] Unable to schedule network 238dd386-4e30-433f-abe8-79bbb0f6f990: no agents available; will retry on subsequent port and subnet creation events.
2026-05-07 22:10:27.384 8 INFO neutron.db.ovn_revision_numbers_db [None req-c96c8ed4-aa6b-476e-9d7f-e5cfad2602d8 3e9b45589dac40b491c52df765572e2d 622a3ec1fa954cc7b0304a5045c90fb8 - - default default] Successfully bumped revision number for resource 07ee59ad-7f20-491a-b953-19f27ef9aa24 (type: subnets) to 0 [pid: 8|app: 0|req: 1067/2189] 10.0.0.134 () {34 vars in 669 bytes} [Thu May 7 22:10:27 2026] POST /v2.0/subnets => generated 646 bytes in 248 msecs (HTTP/1.1 201) 4 headers in 162 bytes (1 switches on core 0)
2026-05-07 22:10:27.528 8 INFO neutron.db.ovn_revision_numbers_db [None req-a52e97db-c25c-4a07-991a-1d408e54a514 3e9b45589dac40b491c52df765572e2d 622a3ec1fa954cc7b0304a5045c90fb8 - - default default] Successfully bumped revision number for resource fb190374-e38d-400e-a61d-b5193e1bfbca (type: routers) to 1 [pid: 8|app: 0|req: 1068/2190] 10.0.0.134 () {34 vars in 669 bytes} [Thu May 7 22:10:27 2026] POST /v2.0/routers => generated 627 bytes in 138 msecs (HTTP/1.1 201) 4 headers in 162 bytes (1 switches on core 0)
2026-05-07 22:10:27.600 7 INFO neutron.db.ovn_revision_numbers_db [None req-890a881f-c57f-40cf-aee2-f759ea2bf032 e01123bc6a624f4bac006022165d5433 fa53d875768f4d42a351f2c5104b67af - - default default] Successfully bumped revision number for resource 9560bbec-fe7f-4276-9111-2e8cf0b8b9d6 (type: ports) to 2
2026-05-07 22:10:27.642 7 INFO neutron.db.ovn_revision_numbers_db [None req-890a881f-c57f-40cf-aee2-f759ea2bf032 e01123bc6a624f4bac006022165d5433 fa53d875768f4d42a351f2c5104b67af - - default default] Successfully bumped revision number for resource 635e4ef8-31f5-48dc-acf0-2013d9b95031 (type: subnets) to 0 [pid: 7|app: 0|req: 1123/2191] 10.0.0.134 () {34 vars in 669 bytes} [Thu May 7 22:10:26 2026] POST /v2.0/subnets => generated 629 bytes in 837 msecs (HTTP/1.1 201) 4 headers in 162 bytes (1 switches on core 0)
2026-05-07 22:10:27.784 7 INFO neutron.db.segments_db [None req-7ccead16-1689-445c-b9ba-50d0fdf99e12 e01123bc6a624f4bac006022165d5433 fa53d875768f4d42a351f2c5104b67af - - default default] Added segment 4843772e-8bc3-46c9-8b1d-fa9f641c5767 of type geneve for network 82f2e73d-59f3-4289-a79c-018e7ee1cd9a
2026-05-07 22:10:27.865 8 WARNING neutron.scheduler.dhcp_agent_scheduler [None req-bef73890-4a67-44a5-a023-7bdbb0ac6654 3e9b45589dac40b491c52df765572e2d 622a3ec1fa954cc7b0304a5045c90fb8 - - default default] No more DHCP agents
2026-05-07 22:10:27.867 8 WARNING neutron.api.rpc.agentnotifiers.dhcp_rpc_agent_api [None req-bef73890-4a67-44a5-a023-7bdbb0ac6654 3e9b45589dac40b491c52df765572e2d 622a3ec1fa954cc7b0304a5045c90fb8 - - default default] Unable to schedule network 238dd386-4e30-433f-abe8-79bbb0f6f990: no agents available; will retry on subsequent port and subnet creation events.
2026-05-07 22:10:27.910 7 INFO neutron.db.ovn_revision_numbers_db [None req-7ccead16-1689-445c-b9ba-50d0fdf99e12 e01123bc6a624f4bac006022165d5433 fa53d875768f4d42a351f2c5104b67af - - default default] Successfully bumped revision number for resource 82f2e73d-59f3-4289-a79c-018e7ee1cd9a (type: networks) to 1
2026-05-07 22:10:27.991 7 INFO neutron.plugins.ml2.drivers.ovn.mech_driver.mech_driver [None req-bb036a1a-5dd7-4cec-92ac-9b693f1673b5 - - - - - -] OVN reports status down for port: 12993e21-1b6d-4914-b955-8f1bd3db24e1
2026-05-07 22:10:28.001 8 INFO neutron.db.ovn_revision_numbers_db [None req-bef73890-4a67-44a5-a023-7bdbb0ac6654 3e9b45589dac40b491c52df765572e2d 622a3ec1fa954cc7b0304a5045c90fb8 - - default default] Successfully bumped revision number for resource 12993e21-1b6d-4914-b955-8f1bd3db24e1 (type: ports) to 1 [pid: 8|app: 0|req: 1069/2192] 10.0.0.134 () {34 vars in 665 bytes} [Thu May 7 22:10:27 2026] POST /v2.0/ports => generated 963 bytes in 488 msecs (HTTP/1.1 201) 4 headers in 162 bytes (1 switches on core 0) /var/lib/openstack/lib/python3.12/site-packages/pycadf/identifier.py:70: UserWarning: Invalid uuid: neutron. To ensure interoperability, identifiers should be a valid uuid. warnings.warn(('Invalid uuid: %s. To ensure interoperability, '
2026-05-07 22:10:28.201 7 WARNING neutron.scheduler.dhcp_agent_scheduler [None req-7ccead16-1689-445c-b9ba-50d0fdf99e12 e01123bc6a624f4bac006022165d5433 fa53d875768f4d42a351f2c5104b67af - - default default] No more DHCP agents
2026-05-07 22:10:28.203 7 WARNING neutron.api.rpc.agentnotifiers.dhcp_rpc_agent_api [None req-7ccead16-1689-445c-b9ba-50d0fdf99e12 e01123bc6a624f4bac006022165d5433 fa53d875768f4d42a351f2c5104b67af - - default default] Unable to schedule network 82f2e73d-59f3-4289-a79c-018e7ee1cd9a: no agents available; will retry on subsequent port and subnet creation events. [pid: 8|app: 0|req: 1070/2193] 10.0.0.134 () {34 vars in 678 bytes} [Thu May 7 22:10:28 2026] POST /v2.0/qos/policies => generated 359 bytes in 175 msecs (HTTP/1.1 201) 4 headers in 162 bytes (1 switches on core 0)
2026-05-07 22:10:28.266 7 INFO neutron.plugins.ml2.drivers.ovn.mech_driver.mech_driver [None req-bb036a1a-5dd7-4cec-92ac-9b693f1673b5 - - - - - -] OVN reports status down for port: 8831f30a-ffc4-4237-92f2-baa8a5ffd50b
2026-05-07 22:10:28.279 8 INFO neutron.services.segments.plugin [-] Segment fb0a501a-774d-4f61-876c-976c4a8a6378 resource provider aggregate not found
2026-05-07 22:10:28.284 8 INFO neutron.services.segments.plugin [-] Segment fb0a501a-774d-4f61-876c-976c4a8a6378 resource provider aggregate not found
2026-05-07 22:10:28.310 8 INFO neutron.services.segments.plugin [-] Segment fb0a501a-774d-4f61-876c-976c4a8a6378 resource provider not found; error: Placement Client Error (4xx): {"errors": [{"status": 404, "title": "Not Found", "detail": "The resource could not be found.\n\n No resource provider with uuid fb0a501a-774d-4f61-876c-976c4a8a6378 found for delete ", "request_id": "req-831bbc8e-6b5b-4044-ae76-a15df6ee6b88"}]}
2026-05-07 22:10:28.313 8 INFO neutron.services.segments.plugin [-] Segment fb0a501a-774d-4f61-876c-976c4a8a6378 resource provider not found; error: Placement Client Error (4xx): {"errors": [{"status": 404, "title": "Not Found", "detail": "The resource could not be found.\n\n No resource provider with uuid fb0a501a-774d-4f61-876c-976c4a8a6378 found for delete ", "request_id": "req-9d3abf97-bbb2-4419-b847-59e1289303b6"}]}
2026-05-07 22:10:28.323 7 INFO neutron.db.ovn_revision_numbers_db [None req-7ccead16-1689-445c-b9ba-50d0fdf99e12 e01123bc6a624f4bac006022165d5433 fa53d875768f4d42a351f2c5104b67af - - default default] Successfully bumped revision number for resource 8831f30a-ffc4-4237-92f2-baa8a5ffd50b (type: ports) to 1 [pid: 7|app: 0|req: 1124/2194] 10.0.0.134 () {34 vars in 670 bytes} [Thu May 7 22:10:27 2026] POST /v2.0/networks => generated 669 bytes in 681 msecs (HTTP/1.1 201) 4 headers in 162 bytes (1 switches on core 0)
2026-05-07 22:10:28.416 7 WARNING tagging [None req-ef35e99f-5302-4328-b5f9-316dd5aa1840 335adcaed9654f0590f158f257d53e67 cd34bdeb589b462bb2c20f20e353ce9a - - default default] project_id key not found in request, using tenant_id instead. This support has been deprecated and will be removed in a future release. [pid: 7|app: 0|req: 1125/2195] 10.0.0.134 () {34 vars in 753 bytes} [Thu May 7 22:10:28 2026] PUT /v2.0/policies/1cffe0d0-1efe-4b76-bec4-c2ba4b192acf/tags => generated 25 bytes in 78 msecs (HTTP/1.1 200) 4 headers in 156 bytes (1 switches on core 0)
2026-05-07 22:10:28.624 7 WARNING neutron.scheduler.dhcp_agent_scheduler [None req-2cb7aef1-45fc-49a6-9831-53bcc52785ee e01123bc6a624f4bac006022165d5433 fa53d875768f4d42a351f2c5104b67af - - default default] No more DHCP agents
2026-05-07 22:10:28.625 7 WARNING neutron.api.rpc.agentnotifiers.dhcp_rpc_agent_api [None req-2cb7aef1-45fc-49a6-9831-53bcc52785ee e01123bc6a624f4bac006022165d5433 fa53d875768f4d42a351f2c5104b67af - - default default] Unable to schedule network 82f2e73d-59f3-4289-a79c-018e7ee1cd9a: no agents available; will retry on subsequent port and subnet creation events.
2026-05-07 22:10:28.791 8 INFO neutron.db.ovn_revision_numbers_db [None req-e1248041-fef0-4233-97bc-126b09676efe 3e9b45589dac40b491c52df765572e2d 622a3ec1fa954cc7b0304a5045c90fb8 - - default default] Successfully bumped revision number for resource 12993e21-1b6d-4914-b955-8f1bd3db24e1 (type: ports) to 2
2026-05-07 22:10:28.824 7 INFO neutron.plugins.ml2.drivers.ovn.mech_driver.mech_driver [None req-bb036a1a-5dd7-4cec-92ac-9b693f1673b5 - - - - - -] OVN reports status up for port: 12993e21-1b6d-4914-b955-8f1bd3db24e1
2026-05-07 22:10:28.845 8 WARNING neutron.plugins.ml2.drivers.ovn.mech_driver.ovsdb.ovn_client [None req-808579f1-8d3c-4c46-be46-853f1dc05509 - - - - - -] No port found with ID a0cf1ef3-f7a5-48c4-9db4-f3b0d4e9ab52: RuntimeError: No port found with ID a0cf1ef3-f7a5-48c4-9db4-f3b0d4e9ab52
2026-05-07 22:10:28.853 7 INFO neutron.plugins.ml2.plugin [None req-bb036a1a-5dd7-4cec-92ac-9b693f1673b5 - - - - - -] Attempt 1 to provision port 12993e21-1b6d-4914-b955-8f1bd3db24e1
2026-05-07 22:10:28.893 8 INFO neutron.plugins.ml2.drivers.ovn.mech_driver.mech_driver [None req-808579f1-8d3c-4c46-be46-853f1dc05509 - - - - - -] OVN reports status down for port: 6fcca8e2-e9fc-4f2b-8192-a7c2da28b110
2026-05-07 22:10:29.378 7 INFO neutron.db.ovn_revision_numbers_db [None req-2cb7aef1-45fc-49a6-9831-53bcc52785ee e01123bc6a624f4bac006022165d5433 fa53d875768f4d42a351f2c5104b67af - - default default] Successfully bumped revision number for resource 8831f30a-ffc4-4237-92f2-baa8a5ffd50b (type: ports) to 2
2026-05-07 22:10:29.462 7 INFO neutron.db.ovn_revision_numbers_db [None req-2cb7aef1-45fc-49a6-9831-53bcc52785ee e01123bc6a624f4bac006022165d5433 fa53d875768f4d42a351f2c5104b67af - - default default] Successfully bumped revision number for resource 9d6b75a2-74de-45cb-b4cd-20f485ab9859 (type: subnets) to 0
2026-05-07 22:10:29.469 7 INFO neutron.db.ovn_revision_numbers_db [None req-bb036a1a-5dd7-4cec-92ac-9b693f1673b5 - - - - - -] Successfully bumped revision number for resource 12993e21-1b6d-4914-b955-8f1bd3db24e1 (type: ports) to 3 [pid: 7|app: 0|req: 1126/2196] 10.0.0.134 () {34 vars in 669 bytes} [Thu May 7 22:10:28 2026] POST /v2.0/subnets => generated 629 bytes in 1051 msecs (HTTP/1.1 201) 4 headers in 162 bytes (1 switches on core 0)
2026-05-07 22:10:29.547 7 WARNING tagging [None req-e1fa70bd-5b1f-4f09-a82c-830d1188b797 335adcaed9654f0590f158f257d53e67 cd34bdeb589b462bb2c20f20e353ce9a - - default default] project_id key not found in request, using tenant_id instead. This support has been deprecated and will be removed in a future release. [pid: 7|app: 0|req: 1127/2197] 10.0.0.134 () {32 vars in 733 bytes} [Thu May 7 22:10:29 2026] GET /v2.0/policies/1cffe0d0-1efe-4b76-bec4-c2ba4b192acf/tags => generated 25 bytes in 78 msecs (HTTP/1.1 200) 4 headers in 156 bytes (1 switches on core 0) /var/lib/openstack/lib/python3.12/site-packages/pycadf/identifier.py:70: UserWarning: Invalid uuid: neutron. To ensure interoperability, identifiers should be a valid uuid. warnings.warn(('Invalid uuid: %s. To ensure interoperability, ' [pid: 7|app: 0|req: 1128/2198] 10.0.0.134 () {34 vars in 751 bytes} [Thu May 7 22:10:29 2026] PUT /v2.0/subnets/d0e4699f-f2a0-4303-bd92-17525ddc4015/tags => generated 17 bytes in 68 msecs (HTTP/1.1 200) 4 headers in 156 bytes (1 switches on core 0)
2026-05-07 22:10:29.657 7 WARNING tagging [None req-750381d5-d6de-4887-9601-0e108eca00d3 335adcaed9654f0590f158f257d53e67 cd34bdeb589b462bb2c20f20e353ce9a - - default default] project_id key not found in request, using tenant_id instead. This support has been deprecated and will be removed in a future release. [pid: 7|app: 0|req: 1129/2199] 10.0.0.134 () {34 vars in 764 bytes} [Thu May 7 22:10:29 2026] PUT /v2.0/policies/1cffe0d0-1efe-4b76-bec4-c2ba4b192acf/tags/green => generated 4 bytes in 46 msecs (HTTP/1.1 201) 4 headers in 160 bytes (1 switches on core 0) [pid: 7|app: 0|req: 1130/2200] 10.0.0.134 () {34 vars in 751 bytes} [Thu May 7 22:10:29 2026] PUT /v2.0/subnets/0d1103bc-9db6-45f5-9e36-cacbcf86b747/tags => generated 25 bytes in 45 msecs (HTTP/1.1 200) 4 headers in 156 bytes (1 switches on core 0)
2026-05-07 22:10:29.746 7 WARNING tagging [None req-81ac45c2-c404-4c5c-8054-965e5e6d8c66 335adcaed9654f0590f158f257d53e67 cd34bdeb589b462bb2c20f20e353ce9a - - default default] project_id key not found in request, using tenant_id instead. This support has been deprecated and will be removed in a future release. [pid: 7|app: 0|req: 1131/2201] 10.0.0.134 () {32 vars in 733 bytes} [Thu May 7 22:10:29 2026] GET /v2.0/policies/1cffe0d0-1efe-4b76-bec4-c2ba4b192acf/tags => generated 34 bytes in 29 msecs (HTTP/1.1 200) 4 headers in 156 bytes (1 switches on core 0) [pid: 7|app: 0|req: 1132/2202] 10.0.0.134 () {34 vars in 751 bytes} [Thu May 7 22:10:29 2026] PUT /v2.0/subnets/3c352d28-2b5d-43f5-b48e-0ffd47356261/tags => generated 34 bytes in 47 msecs (HTTP/1.1 200) 4 headers in 156 bytes (1 switches on core 0)
2026-05-07 22:10:29.823 7 WARNING tagging [None req-85aba01e-44b8-450a-9d66-caeb464d3a8c 335adcaed9654f0590f158f257d53e67 cd34bdeb589b462bb2c20f20e353ce9a - - default default] project_id key not found in request, using tenant_id instead. This support has been deprecated and will be removed in a future release. [pid: 7|app: 0|req: 1133/2203] 10.0.0.134 () {34 vars in 760 bytes} [Thu May 7 22:10:29 2026] PUT /v2.0/policies/1cffe0d0-1efe-4b76-bec4-c2ba4b192acf/tags/red => generated 4 bytes in 38 msecs (HTTP/1.1 201) 4 headers in 160 bytes (1 switches on core 0) [pid: 7|app: 0|req: 1134/2204] 10.0.0.134 () {34 vars in 751 bytes} [Thu May 7 22:10:29 2026] PUT /v2.0/subnets/635e4ef8-31f5-48dc-acf0-2013d9b95031/tags => generated 19 bytes in 50 msecs (HTTP/1.1 200) 4 headers in 156 bytes (1 switches on core 0)
2026-05-07 22:10:29.912 7 WARNING tagging [None req-b66908bd-5f89-4a9a-9155-a999aae23f2e 335adcaed9654f0590f158f257d53e67 cd34bdeb589b462bb2c20f20e353ce9a - - default default] project_id key not found in request, using tenant_id instead. This support has been deprecated and will be removed in a future release. [pid: 7|app: 0|req: 1135/2205] 10.0.0.134 () {32 vars in 733 bytes} [Thu May 7 22:10:29 2026] GET /v2.0/policies/1cffe0d0-1efe-4b76-bec4-c2ba4b192acf/tags => generated 34 bytes in 29 msecs (HTTP/1.1 200) 4 headers in 156 bytes (1 switches on core 0) [pid: 7|app: 0|req: 1136/2206] 10.0.0.134 () {32 vars in 664 bytes} [Thu May 7 22:10:29 2026] GET /v2.0/subnets?tags=red => generated 1904 bytes in 41 msecs (HTTP/1.1 200) 4 headers in 158 bytes (1 switches on core 0)
2026-05-07 22:10:30.004 7 WARNING tagging [None req-74d095a9-3b25-45e5-9c58-def4297269fb 335adcaed9654f0590f158f257d53e67 cd34bdeb589b462bb2c20f20e353ce9a - - default default] project_id key not found in request, using tenant_id instead. This support has been deprecated and will be removed in a future release. [pid: 7|app: 0|req: 1137/2207] 10.0.0.134 () {34 vars in 782 bytes} [Thu May 7 22:10:29 2026] PUT /v2.0/policies/1cffe0d0-1efe-4b76-bec4-c2ba4b192acf/tags/black.or.white => generated 4 bytes in 72 msecs (HTTP/1.1 201) 4 headers in 160 bytes (1 switches on core 0)
2026-05-07 22:10:30.084 8 WARNING neutron.scheduler.dhcp_agent_scheduler [None req-e1248041-fef0-4233-97bc-126b09676efe 3e9b45589dac40b491c52df765572e2d 622a3ec1fa954cc7b0304a5045c90fb8 - - default default] No more DHCP agents
2026-05-07 22:10:30.087 8 WARNING neutron.api.rpc.agentnotifiers.dhcp_rpc_agent_api [None req-e1248041-fef0-4233-97bc-126b09676efe 3e9b45589dac40b491c52df765572e2d 622a3ec1fa954cc7b0304a5045c90fb8 - - default default] Unable to schedule network 238dd386-4e30-433f-abe8-79bbb0f6f990: no agents available; will retry on subsequent port and subnet creation events. [pid: 7|app: 0|req: 1138/2208] 10.0.0.134 () {32 vars in 678 bytes} [Thu May 7 22:10:30 2026] GET /v2.0/subnets?tags=red%2Cblue => generated 1283 bytes in 54 msecs (HTTP/1.1 200) 4 headers in 158 bytes (1 switches on core 0)
2026-05-07 22:10:30.114 7 WARNING tagging [None req-9115599a-bd09-4612-aa60-35772c89f67a 335adcaed9654f0590f158f257d53e67 cd34bdeb589b462bb2c20f20e353ce9a - - default default] project_id key not found in request, using tenant_id instead. This support has been deprecated and will be removed in a future release. [pid: 7|app: 0|req: 1139/2209] 10.0.0.134 () {32 vars in 733 bytes} [Thu May 7 22:10:30 2026] GET /v2.0/policies/1cffe0d0-1efe-4b76-bec4-c2ba4b192acf/tags => generated 52 bytes in 32 msecs (HTTP/1.1 200) 4 headers in 156 bytes (1 switches on core 0) [pid: 7|app: 0|req: 1140/2210] 10.0.0.134 () {32 vars in 674 bytes} [Thu May 7 22:10:30 2026] GET /v2.0/subnets?tags-any=blue => generated 1283 bytes in 48 msecs (HTTP/1.1 200) 4 headers in 158 bytes (1 switches on core 0)
2026-05-07 22:10:30.195 7 WARNING tagging [None req-feffcfe5-129e-42b8-bb3d-44dff5edcc31 335adcaed9654f0590f158f257d53e67 cd34bdeb589b462bb2c20f20e353ce9a - - default default] project_id key not found in request, using tenant_id instead. This support has been deprecated and will be removed in a future release. [pid: 7|app: 0|req: 1141/2211] 10.0.0.134 () {34 vars in 753 bytes} [Thu May 7 22:10:30 2026] PUT /v2.0/policies/1cffe0d0-1efe-4b76-bec4-c2ba4b192acf/tags => generated 37 bytes in 50 msecs (HTTP/1.1 200) 4 headers in 156 bytes (1 switches on core 0) [pid: 7|app: 0|req: 1142/2212] 10.0.0.134 () {32 vars in 686 bytes} [Thu May 7 22:10:30 2026] GET /v2.0/subnets?tags-any=red%2Cblue => generated 1904 bytes in 52 msecs (HTTP/1.1 200) 4 headers in 158 bytes (1 switches on core 0)
2026-05-07 22:10:30.317 8 INFO neutron.db.ovn_revision_numbers_db [None req-e1248041-fef0-4233-97bc-126b09676efe 3e9b45589dac40b491c52df765572e2d 622a3ec1fa954cc7b0304a5045c90fb8 - - default default] Successfully bumped revision number for resource 12993e21-1b6d-4914-b955-8f1bd3db24e1 (type: router_ports) to 3 [pid: 8|app: 0|req: 1071/2213] 10.0.0.134 () {34 vars in 783 bytes} [Thu May 7 22:10:28 2026] PUT /v2.0/routers/fb190374-e38d-400e-a61d-b5193e1bfbca/add_router_interface => generated 310 bytes in 2107 msecs (HTTP/1.1 200) 4 headers in 157 bytes (1 switches on core 0) /var/lib/openstack/lib/python3.12/site-packages/pycadf/identifier.py:70: UserWarning: Invalid uuid: neutron. To ensure interoperability, identifiers should be a valid uuid. warnings.warn(('Invalid uuid: %s. To ensure interoperability, '
2026-05-07 22:10:30.350 7 WARNING tagging [None req-323c89cb-6dfa-4431-9dd2-4002feba167b 335adcaed9654f0590f158f257d53e67 cd34bdeb589b462bb2c20f20e353ce9a - - default default] project_id key not found in request, using tenant_id instead. This support has been deprecated and will be removed in a future release. [pid: 8|app: 0|req: 1072/2214] 10.0.0.134 () {32 vars in 672 bytes} [Thu May 7 22:10:30 2026] GET /v2.0/subnets?not-tags=red => generated 1894 bytes in 44 msecs (HTTP/1.1 200) 4 headers in 158 bytes (1 switches on core 0) [pid: 7|app: 0|req: 1143/2215] 10.0.0.134 () {32 vars in 733 bytes} [Thu May 7 22:10:30 2026] GET /v2.0/policies/1cffe0d0-1efe-4b76-bec4-c2ba4b192acf/tags => generated 37 bytes in 93 msecs (HTTP/1.1 200) 4 headers in 156 bytes (1 switches on core 0) [pid: 8|app: 0|req: 1073/2216] 10.0.0.134 () {32 vars in 717 bytes} [Thu May 7 22:10:30 2026] GET /v2.0/ports/12993e21-1b6d-4914-b955-8f1bd3db24e1 => generated 1025 bytes in 37 msecs (HTTP/1.1 200) 4 headers in 158 bytes (1 switches on core 0)
2026-05-07 22:10:30.430 8 WARNING tagging [None req-61105ecf-5d52-43d3-96f7-b03cfc84cc0f 335adcaed9654f0590f158f257d53e67 cd34bdeb589b462bb2c20f20e353ce9a - - default default] project_id key not found in request, using tenant_id instead. This support has been deprecated and will be removed in a future release. [pid: 7|app: 0|req: 1144/2217] 10.0.0.134 () {32 vars in 686 bytes} [Thu May 7 22:10:30 2026] GET /v2.0/subnets?not-tags=red%2Cblue => generated 2515 bytes in 64 msecs (HTTP/1.1 200) 4 headers in 158 bytes (1 switches on core 0) [pid: 8|app: 0|req: 1074/2218] 10.0.0.134 () {32 vars in 741 bytes} [Thu May 7 22:10:30 2026] GET /v2.0/policies/1cffe0d0-1efe-4b76-bec4-c2ba4b192acf/tags/red => generated 0 bytes in 33 msecs (HTTP/1.1 204) 2 headers in 112 bytes (1 switches on core 0) [pid: 8|app: 0|req: 1075/2219] 10.0.0.134 () {32 vars in 682 bytes} [Thu May 7 22:10:30 2026] GET /v2.0/subnets?not-tags-any=blue => generated 2515 bytes in 47 msecs (HTTP/1.1 200) 4 headers in 158 bytes (1 switches on core 0)
2026-05-07 22:10:30.514 8 WARNING tagging [None req-c4237a6d-7304-4799-800d-666068babda4 335adcaed9654f0590f158f257d53e67 cd34bdeb589b462bb2c20f20e353ce9a - - default default] project_id key not found in request, using tenant_id instead. This support has been deprecated and will be removed in a future release.
2026-05-07 22:10:30.521 8 INFO neutron.api.v2.resource [None req-c4237a6d-7304-4799-800d-666068babda4 335adcaed9654f0590f158f257d53e67 cd34bdeb589b462bb2c20f20e353ce9a - - default default] show failed (client error): The resource could not be found. [pid: 8|app: 0|req: 1076/2220] 10.0.0.134 () {32 vars in 745 bytes} [Thu May 7 22:10:30 2026] GET /v2.0/policies/1cffe0d0-1efe-4b76-bec4-c2ba4b192acf/tags/green => generated 99 bytes in 35 msecs (HTTP/1.1 404) 4 headers in 163 bytes (1 switches on core 0) [pid: 8|app: 0|req: 1077/2221] 10.0.0.134 () {32 vars in 694 bytes} [Thu May 7 22:10:30 2026] GET /v2.0/subnets?not-tags-any=red%2Cblue => generated 1894 bytes in 35 msecs (HTTP/1.1 200) 4 headers in 158 bytes (1 switches on core 0)
2026-05-07 22:10:30.585 8 WARNING tagging [None req-250aac12-ab97-41d3-be53-53ac14469a18 335adcaed9654f0590f158f257d53e67 cd34bdeb589b462bb2c20f20e353ce9a - - default default] project_id key not found in request, using tenant_id instead. This support has been deprecated and will be removed in a future release. [pid: 8|app: 0|req: 1078/2222] 10.0.0.134 () {32 vars in 744 bytes} [Thu May 7 22:10:30 2026] DELETE /v2.0/policies/1cffe0d0-1efe-4b76-bec4-c2ba4b192acf/tags/red => generated 0 bytes in 55 msecs (HTTP/1.1 204) 2 headers in 112 bytes (1 switches on core 0)
2026-05-07 22:10:30.729 7 INFO neutron_taas.services.taas.taas_plugin [None req-82caabcf-12cb-4b6a-a511-ee4a0ac44868 3e9b45589dac40b491c52df765572e2d 622a3ec1fa954cc7b0304a5045c90fb8 - - default default] TaaS: Handle Delete Port: 12993e21-1b6d-4914-b955-8f1bd3db24e1
2026-05-07 22:10:30.733 7 INFO neutron_taas.services.taas.tap_mirror_plugin [None req-82caabcf-12cb-4b6a-a511-ee4a0ac44868 3e9b45589dac40b491c52df765572e2d 622a3ec1fa954cc7b0304a5045c90fb8 - - default default] Tap Mirror: Handle Delete Port: 12993e21-1b6d-4914-b955-8f1bd3db24e1 [pid: 8|app: 0|req: 1079/2223] 10.0.0.134 () {32 vars in 724 bytes} [Thu May 7 22:10:30 2026] DELETE /v2.0/subnets/d0e4699f-f2a0-4303-bd92-17525ddc4015 => generated 0 bytes in 171 msecs (HTTP/1.1 204) 3 headers in 131 bytes (1 switches on core 0)
2026-05-07 22:10:30.808 8 WARNING tagging [None req-b2a80d34-2bc0-456c-a727-ccb1d7a06ee8 335adcaed9654f0590f158f257d53e67 cd34bdeb589b462bb2c20f20e353ce9a - - default default] project_id key not found in request, using tenant_id instead. This support has been deprecated and will be removed in a future release. [pid: 8|app: 0|req: 1080/2224] 10.0.0.134 () {32 vars in 733 bytes} [Thu May 7 22:10:30 2026] GET /v2.0/policies/1cffe0d0-1efe-4b76-bec4-c2ba4b192acf/tags => generated 30 bytes in 31 msecs (HTTP/1.1 200) 4 headers in 156 bytes (1 switches on core 0) [pid: 7|app: 0|req: 1145/2225] 10.0.0.134 () {34 vars in 789 bytes} [Thu May 7 22:10:30 2026] PUT /v2.0/routers/fb190374-e38d-400e-a61d-b5193e1bfbca/remove_router_interface => generated 310 bytes in 586 msecs (HTTP/1.1 200) 4 headers in 157 bytes (1 switches on core 0) [pid: 8|app: 0|req: 1081/2226] 10.0.0.134 () {32 vars in 724 bytes} [Thu May 7 22:10:30 2026] DELETE /v2.0/subnets/0d1103bc-9db6-45f5-9e36-cacbcf86b747 => generated 0 bytes in 206 msecs (HTTP/1.1 204) 3 headers in 131 bytes (1 switches on core 0) /var/lib/openstack/lib/python3.12/site-packages/pycadf/identifier.py:70: UserWarning: Invalid uuid: neutron. To ensure interoperability, identifiers should be a valid uuid. warnings.warn(('Invalid uuid: %s. To ensure interoperability, '
2026-05-07 22:10:31.055 7 WARNING tagging [None req-f51a35fd-f351-4894-84af-7b6d2c79eaa1 335adcaed9654f0590f158f257d53e67 cd34bdeb589b462bb2c20f20e353ce9a - - default default] project_id key not found in request, using tenant_id instead. This support has been deprecated and will be removed in a future release.
2026-05-07 22:10:31.067 7 INFO neutron.api.v2.resource [None req-f51a35fd-f351-4894-84af-7b6d2c79eaa1 335adcaed9654f0590f158f257d53e67 cd34bdeb589b462bb2c20f20e353ce9a - - default default] delete failed (client error): The resource could not be found. [pid: 7|app: 0|req: 1147/2229] 10.0.0.134 () {32 vars in 748 bytes} [Thu May 7 22:10:31 2026] DELETE /v2.0/policies/1cffe0d0-1efe-4b76-bec4-c2ba4b192acf/tags/green => generated 99 bytes in 44 msecs (HTTP/1.1 404) 4 headers in 163 bytes (1 switches on core 0)
2026-05-07 22:10:31.090 8 INFO neutron.api.v2.resource [None req-df7b1156-6800-4a2e-87ef-def80de3fd10 3e9b45589dac40b491c52df765572e2d 622a3ec1fa954cc7b0304a5045c90fb8 - - default default] remove_router_interface failed (client error): The resource could not be found. [pid: 8|app: 0|req: 1083/2230] 10.0.0.134 () {34 vars in 789 bytes} [Thu May 7 22:10:31 2026] PUT /v2.0/routers/fb190374-e38d-400e-a61d-b5193e1bfbca/remove_router_interface => generated 197 bytes in 61 msecs (HTTP/1.1 404) 4 headers in 164 bytes (1 switches on core 0)
