May 05 01:31:11.549382 np0000171612 devstack@g-api.service[115039]: DEBUG glance.image_cache.drivers.centralized_db [None req-ac33ab24-bfc1-4271-be76-d85be73b8b03 None None] Node reference is already recorded, ignoring it {{(pid=115039) configure /opt/stack/glance/glance/image_cache/drivers/centralized_db.py:71}}
May 05 01:31:11.555365 np0000171612 devstack@g-api.service[115041]: INFO glance.image_cache [None req-793260a7-0d2d-47fe-b8f6-096bb810de20 None None] Image cache loaded driver 'centralized_db'.
May 05 01:31:11.555553 np0000171612 devstack@g-api.service[115039]: DEBUG glance.api.v2.cached_images [None req-ac33ab24-bfc1-4271-be76-d85be73b8b03 None None] Started cache worker thread {{(pid=115039) __init__ /opt/stack/glance/glance/api/v2/cached_images.py:69}}
May 05 01:31:11.556483 np0000171612 devstack@g-api.service[115039]: INFO glance.image_cache [None req-ac33ab24-bfc1-4271-be76-d85be73b8b03 None None] Image cache loaded driver 'centralized_db'.
May 05 01:31:11.559614 np0000171612 devstack@g-api.service[115040]: DEBUG glance.image_cache.drivers.centralized_db [None req-1e0142f7-6f52-41e8-930b-7a05e3b8b13a None None] Node reference is already recorded, ignoring it {{(pid=115040) configure /opt/stack/glance/glance/image_cache/drivers/centralized_db.py:71}}
May 05 01:31:11.565129 np0000171612 devstack@g-api.service[115040]: DEBUG glance.api.v2.cached_images [None req-1e0142f7-6f52-41e8-930b-7a05e3b8b13a None None] Started cache worker thread {{(pid=115040) __init__ /opt/stack/glance/glance/api/v2/cached_images.py:69}}
May 05 01:31:11.565784 np0000171612 devstack@g-api.service[115040]: INFO glance.image_cache [None req-1e0142f7-6f52-41e8-930b-7a05e3b8b13a None None] Image cache loaded driver 'centralized_db'.
May 05 01:31:11.566438 np0000171612 devstack@g-api.service[115041]: DEBUG glance.image_cache.drivers.centralized_db [None req-793260a7-0d2d-47fe-b8f6-096bb810de20 None None] Node reference is already recorded, ignoring it {{(pid=115041) configure /opt/stack/glance/glance/image_cache/drivers/centralized_db.py:71}}
May 05 01:31:11.567178 np0000171612 devstack@g-api.service[115039]: DEBUG glance.image_cache.drivers.centralized_db [None req-ac33ab24-bfc1-4271-be76-d85be73b8b03 None None] Node reference is already recorded, ignoring it {{(pid=115039) configure /opt/stack/glance/glance/image_cache/drivers/centralized_db.py:71}}
May 05 01:31:11.571684 np0000171612 devstack@g-api.service[115038]: DEBUG dbcounter [-] [115038] Writer thread running {{(pid=115038) stat_writer /opt/stack/data/venv/lib/python3.12/site-packages/dbcounter.py:102}}
May 05 01:31:11.573662 np0000171612 devstack@g-api.service[115039]: INFO glance.api.middleware.cache_manage [None req-ac33ab24-bfc1-4271-be76-d85be73b8b03 None None] Initialized image cache management middleware
May 05 01:31:11.573867 np0000171612 devstack@g-api.service[115039]: INFO glance.image_cache [None req-ac33ab24-bfc1-4271-be76-d85be73b8b03 None None] Image cache loaded driver 'centralized_db'.
May 05 01:31:11.574255 np0000171612 devstack@g-api.service[115041]: DEBUG glance.api.v2.cached_images [None req-793260a7-0d2d-47fe-b8f6-096bb810de20 None None] Started cache worker thread {{(pid=115041) __init__ /opt/stack/glance/glance/api/v2/cached_images.py:69}}
May 05 01:31:11.575359 np0000171612 devstack@g-api.service[115041]: INFO glance.image_cache [None req-793260a7-0d2d-47fe-b8f6-096bb810de20 None None] Image cache loaded driver 'centralized_db'.
May 05 01:31:11.576707 np0000171612 devstack@g-api.service[115038]: DEBUG glance.image_cache.drivers.centralized_db [None req-ea09f93f-10ac-4d89-bffc-75d9d536cbbc None None] Node reference is already recorded, ignoring it {{(pid=115038) configure /opt/stack/glance/glance/image_cache/drivers/centralized_db.py:71}}
May 05 01:31:11.580008 np0000171612 devstack@g-api.service[115040]: DEBUG glance.image_cache.drivers.centralized_db [None req-1e0142f7-6f52-41e8-930b-7a05e3b8b13a None None] Node reference is already recorded, ignoring it {{(pid=115040) configure /opt/stack/glance/glance/image_cache/drivers/centralized_db.py:71}}
May 05 01:31:11.584243 np0000171612 devstack@g-api.service[115039]: DEBUG glance.image_cache.drivers.centralized_db [None req-ac33ab24-bfc1-4271-be76-d85be73b8b03 None None] Node reference is already recorded, ignoring it {{(pid=115039) configure /opt/stack/glance/glance/image_cache/drivers/centralized_db.py:71}}
May 05 01:31:11.584614 np0000171612 devstack@g-api.service[115038]: INFO glance.image_cache [None req-ea09f93f-10ac-4d89-bffc-75d9d536cbbc None None] Image cache loaded driver 'centralized_db'.
May 05 01:31:11.585955 np0000171612 devstack@g-api.service[115040]: INFO glance.api.middleware.cache_manage [None req-1e0142f7-6f52-41e8-930b-7a05e3b8b13a None None] Initialized image cache management middleware
May 05 01:31:11.586155 np0000171612 devstack@g-api.service[115040]: INFO glance.image_cache [None req-1e0142f7-6f52-41e8-930b-7a05e3b8b13a None None] Image cache loaded driver 'centralized_db'.
May 05 01:31:11.586876 np0000171612 devstack@g-api.service[115041]: DEBUG glance.image_cache.drivers.centralized_db [None req-793260a7-0d2d-47fe-b8f6-096bb810de20 None None] Node reference is already recorded, ignoring it {{(pid=115041) configure /opt/stack/glance/glance/image_cache/drivers/centralized_db.py:71}}
May 05 01:31:11.588243 np0000171612 devstack@g-api.service[115039]: INFO glance.api.middleware.cache [None req-ac33ab24-bfc1-4271-be76-d85be73b8b03 None None] Initialized image cache middleware
May 05 01:31:11.594516 np0000171612 devstack@g-api.service[115038]: DEBUG glance.image_cache.drivers.centralized_db [None req-ea09f93f-10ac-4d89-bffc-75d9d536cbbc None None] Node reference is already recorded, ignoring it {{(pid=115038) configure /opt/stack/glance/glance/image_cache/drivers/centralized_db.py:71}}
May 05 01:31:11.596743 np0000171612 devstack@g-api.service[115039]: WARNING keystonemiddleware.auth_token [None req-ac33ab24-bfc1-4271-be76-d85be73b8b03 None None] AuthToken middleware is set with keystone_authtoken.service_token_roles_required set to False. This is backwards compatible but deprecated behaviour. Please set this to True.
May 05 01:31:11.597166 np0000171612 devstack@g-api.service[115040]: DEBUG glance.image_cache.drivers.centralized_db [None req-1e0142f7-6f52-41e8-930b-7a05e3b8b13a None None] Node reference is already recorded, ignoring it {{(pid=115040) configure /opt/stack/glance/glance/image_cache/drivers/centralized_db.py:71}}
May 05 01:31:11.598954 np0000171612 devstack@g-api.service[115041]: INFO glance.api.middleware.cache_manage [None req-793260a7-0d2d-47fe-b8f6-096bb810de20 None None] Initialized image cache management middleware
May 05 01:31:11.599121 np0000171612 devstack@g-api.service[115041]: INFO glance.image_cache [None req-793260a7-0d2d-47fe-b8f6-096bb810de20 None None] Image cache loaded driver 'centralized_db'.
May 05 01:31:11.600773 np0000171612 devstack@g-api.service[115038]: DEBUG glance.api.v2.cached_images [None req-ea09f93f-10ac-4d89-bffc-75d9d536cbbc None None] Started cache worker thread {{(pid=115038) __init__ /opt/stack/glance/glance/api/v2/cached_images.py:69}}
May 05 01:31:11.601413 np0000171612 devstack@g-api.service[115038]: INFO glance.image_cache [None req-ea09f93f-10ac-4d89-bffc-75d9d536cbbc None None] Image cache loaded driver 'centralized_db'.
May 05 01:31:11.602438 np0000171612 devstack@g-api.service[115040]: INFO glance.api.middleware.cache [None req-1e0142f7-6f52-41e8-930b-7a05e3b8b13a None None] Initialized image cache middleware
May 05 01:31:11.602583 np0000171612 devstack@g-api.service[115039]: DEBUG glance.common.config [None req-ac33ab24-bfc1-4271-be76-d85be73b8b03 None None] ******************************************************************************** {{(pid=115039) log_opt_values /opt/stack/data/venv/lib/python3.12/site-packages/oslo_config/cfg.py:2979}}
May 05 01:31:11.602707 np0000171612 devstack@g-api.service[115039]: DEBUG glance.common.config [None req-ac33ab24-bfc1-4271-be76-d85be73b8b03 None None] Configuration options gathered from: {{(pid=115039) log_opt_values /opt/stack/data/venv/lib/python3.12/site-packages/oslo_config/cfg.py:2980}}
May 05 01:31:11.602923 np0000171612 devstack@g-api.service[115039]: DEBUG glance.common.config [None req-ac33ab24-bfc1-4271-be76-d85be73b8b03 None None] command line args: [] {{(pid=115039) log_opt_values /opt/stack/data/venv/lib/python3.12/site-packages/oslo_config/cfg.py:2981}}
May 05 01:31:11.603036 np0000171612 devstack@g-api.service[115039]: DEBUG glance.common.config [None req-ac33ab24-bfc1-4271-be76-d85be73b8b03 None None] config files: ['/etc/glance/glance-image-import.conf', '/etc/glance/glance-api.conf'] {{(pid=115039) log_opt_values /opt/stack/data/venv/lib/python3.12/site-packages/oslo_config/cfg.py:2982}}
May 05 01:31:11.603124 np0000171612 devstack@g-api.service[115039]: DEBUG glance.common.config [None req-ac33ab24-bfc1-4271-be76-d85be73b8b03 None None] ================================================================================ {{(pid=115039) log_opt_values /opt/stack/data/venv/lib/python3.12/site-packages/oslo_config/cfg.py:2987}}
May 05 01:31:11.603209 np0000171612 devstack@g-api.service[115039]: DEBUG glance.common.config [None req-ac33ab24-bfc1-4271-be76-d85be73b8b03 None None] allow_anonymous_access = False {{(pid=115039) log_opt_values /opt/stack/data/venv/lib/python3.12/site-packages/oslo_config/cfg.py:2995}}
May 05 01:31:11.603335 np0000171612 devstack@g-api.service[115039]: DEBUG glance.common.config [None req-ac33ab24-bfc1-4271-be76-d85be73b8b03 None None] api_limit_max = 1000 {{(pid=115039) log_opt_values /opt/stack/data/venv/lib/python3.12/site-packages/oslo_config/cfg.py:2995}}
May 05 01:31:11.603443 np0000171612 devstack@g-api.service[115039]: DEBUG glance.common.config [None req-ac33ab24-bfc1-4271-be76-d85be73b8b03 None None] backlog = 4096 {{(pid=115039) log_opt_values /opt/stack/data/venv/lib/python3.12/site-packages/oslo_config/cfg.py:2995}}
May 05 01:31:11.603577 np0000171612 devstack@g-api.service[115039]: DEBUG glance.common.config [None req-ac33ab24-bfc1-4271-be76-d85be73b8b03 None None] bind_host = 0.0.0.0 {{(pid=115039) log_opt_values /opt/stack/data/venv/lib/python3.12/site-packages/oslo_config/cfg.py:2995}}
May 05 01:31:11.603688 np0000171612 devstack@g-api.service[115039]: DEBUG glance.common.config [None req-ac33ab24-bfc1-4271-be76-d85be73b8b03 None None] bind_port = 19292 {{(pid=115039) log_opt_values /opt/stack/data/venv/lib/python3.12/site-packages/oslo_config/cfg.py:2995}}
May 05 01:31:11.603844 np0000171612 devstack@g-api.service[115039]: DEBUG glance.common.config [None req-ac33ab24-bfc1-4271-be76-d85be73b8b03 None None] client_socket_timeout = 900 {{(pid=115039) log_opt_values /opt/stack/data/venv/lib/python3.12/site-packages/oslo_config/cfg.py:2995}}
May 05 01:31:11.603937 np0000171612 devstack@g-api.service[115039]: DEBUG glance.common.config [None req-ac33ab24-bfc1-4271-be76-d85be73b8b03 None None] config_dir = [] {{(pid=115039) log_opt_values /opt/stack/data/venv/lib/python3.12/site-packages/oslo_config/cfg.py:2995}}
May 05 01:31:11.604039 np0000171612 devstack@g-api.service[115039]: DEBUG glance.common.config [None req-ac33ab24-bfc1-4271-be76-d85be73b8b03 None None] config_file = ['/etc/glance/glance-image-import.conf', '/etc/glance/glance-api.conf'] {{(pid=115039) log_opt_values /opt/stack/data/venv/lib/python3.12/site-packages/oslo_config/cfg.py:2995}}
May 05 01:31:11.604125 np0000171612 devstack@g-api.service[115039]: DEBUG glance.common.config [None req-ac33ab24-bfc1-4271-be76-d85be73b8b03 None None] config_source = [] {{(pid=115039) log_opt_values /opt/stack/data/venv/lib/python3.12/site-packages/oslo_config/cfg.py:2995}}
May 05 01:31:11.604205 np0000171612 devstack@g-api.service[115039]: DEBUG glance.common.config [None req-ac33ab24-bfc1-4271-be76-d85be73b8b03 None None] control_exchange = glance {{(pid=115039) log_opt_values /opt/stack/data/venv/lib/python3.12/site-packages/oslo_config/cfg.py:2995}}
May 05 01:31:11.604284 np0000171612 devstack@g-api.service[115039]: DEBUG glance.common.config [None req-ac33ab24-bfc1-4271-be76-d85be73b8b03 None None] debug = True {{(pid=115039) log_opt_values /opt/stack/data/venv/lib/python3.12/site-packages/oslo_config/cfg.py:2995}}
May 05 01:31:11.604474 np0000171612 devstack@g-api.service[115039]: DEBUG glance.common.config [None req-ac33ab24-bfc1-4271-be76-d85be73b8b03 None None] default_log_levels = ['amqp=WARN', 'boto=WARN', 'sqlalchemy=WARN', 'suds=INFO', 'oslo.messaging=INFO', 'oslo_messaging=INFO', 'iso8601=WARN', 'requests.packages.urllib3.connectionpool=WARN', 'urllib3.connectionpool=WARN', 'websocket=WARN', 'requests.packages.urllib3.util.retry=WARN', 'urllib3.util.retry=WARN', 'keystonemiddleware=WARN', 'routes.middleware=WARN', 'stevedore=WARN', 'taskflow=WARN', 'keystoneauth=WARN', 'oslo.cache=INFO', 'oslo_policy=INFO', 'dogpile.core.dogpile=INFO'] {{(pid=115039) log_opt_values /opt/stack/data/venv/lib/python3.12/site-packages/oslo_config/cfg.py:2995}}
May 05 01:31:11.604685 np0000171612 devstack@g-api.service[115039]: DEBUG glance.common.config [None req-ac33ab24-bfc1-4271-be76-d85be73b8b03 None None] default_publisher_id = image.localhost {{(pid=115039) log_opt_values /opt/stack/data/venv/lib/python3.12/site-packages/oslo_config/cfg.py:2995}}
May 05 01:31:11.604685 np0000171612 devstack@g-api.service[115039]: DEBUG glance.common.config [None req-ac33ab24-bfc1-4271-be76-d85be73b8b03 None None] delayed_delete = False {{(pid=115039) log_opt_values /opt/stack/data/venv/lib/python3.12/site-packages/oslo_config/cfg.py:2995}}
May 05 01:31:11.604882 np0000171612 devstack@g-api.service[115039]: DEBUG glance.common.config [None req-ac33ab24-bfc1-4271-be76-d85be73b8b03 None None] digest_algorithm = sha256 {{(pid=115039) log_opt_values /opt/stack/data/venv/lib/python3.12/site-packages/oslo_config/cfg.py:2995}}
May 05 01:31:11.604882 np0000171612 devstack@g-api.service[115039]: DEBUG glance.common.config [None req-ac33ab24-bfc1-4271-be76-d85be73b8b03 None None] disabled_notifications = [] {{(pid=115039) log_opt_values /opt/stack/data/venv/lib/python3.12/site-packages/oslo_config/cfg.py:2995}}
May 05 01:31:11.605051 np0000171612 devstack@g-api.service[115039]: DEBUG glance.common.config [None req-ac33ab24-bfc1-4271-be76-d85be73b8b03 None None] do_secure_hash = True {{(pid=115039) log_opt_values /opt/stack/data/venv/lib/python3.12/site-packages/oslo_config/cfg.py:2995}}
May 05 01:31:11.605051 np0000171612 devstack@g-api.service[115039]: DEBUG glance.common.config [None req-ac33ab24-bfc1-4271-be76-d85be73b8b03 None None] enabled_backends = None {{(pid=115039) log_opt_values /opt/stack/data/venv/lib/python3.12/site-packages/oslo_config/cfg.py:2995}}
May 05 01:31:11.605217 np0000171612 devstack@g-api.service[115039]: DEBUG glance.common.config [None req-ac33ab24-bfc1-4271-be76-d85be73b8b03 None None] enabled_import_methods = ['glance-direct', 'web-download', 'copy-image'] {{(pid=115039) log_opt_values /opt/stack/data/venv/lib/python3.12/site-packages/oslo_config/cfg.py:2995}}
May 05 01:31:11.605300 np0000171612 devstack@g-api.service[115039]: DEBUG glance.common.config [None req-ac33ab24-bfc1-4271-be76-d85be73b8b03 None None] hashing_algorithm = sha512 {{(pid=115039) log_opt_values /opt/stack/data/venv/lib/python3.12/site-packages/oslo_config/cfg.py:2995}}
May 05 01:31:11.605546 np0000171612 devstack@g-api.service[115039]: DEBUG glance.common.config [None req-ac33ab24-bfc1-4271-be76-d85be73b8b03 None None] http_keepalive = True {{(pid=115039) log_opt_values /opt/stack/data/venv/lib/python3.12/site-packages/oslo_config/cfg.py:2995}}
May 05 01:31:11.605546 np0000171612 devstack@g-api.service[115039]: DEBUG glance.common.config [None req-ac33ab24-bfc1-4271-be76-d85be73b8b03 None None] http_retries = 3 {{(pid=115039) log_opt_values /opt/stack/data/venv/lib/python3.12/site-packages/oslo_config/cfg.py:2995}}
May 05 01:31:11.605546 np0000171612 devstack@g-api.service[115039]: DEBUG glance.common.config [None req-ac33ab24-bfc1-4271-be76-d85be73b8b03 None None] image_cache_dir = /opt/stack/data/glance/cache/ {{(pid=115039) log_opt_values /opt/stack/data/venv/lib/python3.12/site-packages/oslo_config/cfg.py:2995}}
May 05 01:31:11.605817 np0000171612 devstack@g-api.service[115039]: DEBUG glance.common.config [None req-ac33ab24-bfc1-4271-be76-d85be73b8b03 None None] image_cache_driver = centralized_db {{(pid=115039) log_opt_values /opt/stack/data/venv/lib/python3.12/site-packages/oslo_config/cfg.py:2995}}
May 05 01:31:11.605817 np0000171612 devstack@g-api.service[115039]: DEBUG glance.common.config [None req-ac33ab24-bfc1-4271-be76-d85be73b8b03 None None] image_cache_max_size = 10737418240 {{(pid=115039) log_opt_values /opt/stack/data/venv/lib/python3.12/site-packages/oslo_config/cfg.py:2995}}
May 05 01:31:11.605988 np0000171612 devstack@g-api.service[115039]: DEBUG glance.common.config [None req-ac33ab24-bfc1-4271-be76-d85be73b8b03 None None] image_cache_sqlite_db = cache.db {{(pid=115039) log_opt_values /opt/stack/data/venv/lib/python3.12/site-packages/oslo_config/cfg.py:2995}}
May 05 01:31:11.605988 np0000171612 devstack@g-api.service[115039]: DEBUG glance.common.config [None req-ac33ab24-bfc1-4271-be76-d85be73b8b03 None None] image_cache_stall_time = 86400 {{(pid=115039) log_opt_values /opt/stack/data/venv/lib/python3.12/site-packages/oslo_config/cfg.py:2995}}
May 05 01:31:11.606143 np0000171612 devstack@g-api.service[115039]: DEBUG glance.common.config [None req-ac33ab24-bfc1-4271-be76-d85be73b8b03 None None] image_location_quota = 10 {{(pid=115039) log_opt_values /opt/stack/data/venv/lib/python3.12/site-packages/oslo_config/cfg.py:2995}}
May 05 01:31:11.606143 np0000171612 devstack@g-api.service[115039]: DEBUG glance.common.config [None req-ac33ab24-bfc1-4271-be76-d85be73b8b03 None None] image_member_quota = 128 {{(pid=115039) log_opt_values /opt/stack/data/venv/lib/python3.12/site-packages/oslo_config/cfg.py:2995}}
May 05 01:31:11.606316 np0000171612 devstack@g-api.service[115039]: DEBUG glance.common.config [None req-ac33ab24-bfc1-4271-be76-d85be73b8b03 None None] image_property_quota = 128 {{(pid=115039) log_opt_values /opt/stack/data/venv/lib/python3.12/site-packages/oslo_config/cfg.py:2995}}
May 05 01:31:11.606398 np0000171612 devstack@g-api.service[115039]: DEBUG glance.common.config [None req-ac33ab24-bfc1-4271-be76-d85be73b8b03 None None] image_size_cap = 1099511627776 {{(pid=115039) log_opt_values /opt/stack/data/venv/lib/python3.12/site-packages/oslo_config/cfg.py:2995}}
May 05 01:31:11.606490 np0000171612 devstack@g-api.service[115039]: DEBUG glance.common.config [None req-ac33ab24-bfc1-4271-be76-d85be73b8b03 None None] image_tag_quota = 128 {{(pid=115039) log_opt_values /opt/stack/data/venv/lib/python3.12/site-packages/oslo_config/cfg.py:2995}}
May 05 01:31:11.606581 np0000171612 devstack@g-api.service[115039]: DEBUG glance.common.config [None req-ac33ab24-bfc1-4271-be76-d85be73b8b03 None None] instance_format = [instance: %(uuid)s] {{(pid=115039) log_opt_values /opt/stack/data/venv/lib/python3.12/site-packages/oslo_config/cfg.py:2995}}
May 05 01:31:11.606662 np0000171612 devstack@g-api.service[115039]: DEBUG glance.common.config [None req-ac33ab24-bfc1-4271-be76-d85be73b8b03 None None] instance_uuid_format = [instance: %(uuid)s] {{(pid=115039) log_opt_values /opt/stack/data/venv/lib/python3.12/site-packages/oslo_config/cfg.py:2995}}
May 05 01:31:11.606749 np0000171612 devstack@g-api.service[115039]: DEBUG glance.common.config [None req-ac33ab24-bfc1-4271-be76-d85be73b8b03 None None] limit_param_default = 25 {{(pid=115039) log_opt_values /opt/stack/data/venv/lib/python3.12/site-packages/oslo_config/cfg.py:2995}}
May 05 01:31:11.606857 np0000171612 devstack@g-api.service[115039]: DEBUG glance.common.config [None req-ac33ab24-bfc1-4271-be76-d85be73b8b03 None None] log_color = False {{(pid=115039) log_opt_values /opt/stack/data/venv/lib/python3.12/site-packages/oslo_config/cfg.py:2995}}
May 05 01:31:11.606959 np0000171612 devstack@g-api.service[115039]: DEBUG glance.common.config [None req-ac33ab24-bfc1-4271-be76-d85be73b8b03 None None] log_config_append = None {{(pid=115039) log_opt_values /opt/stack/data/venv/lib/python3.12/site-packages/oslo_config/cfg.py:2995}}
May 05 01:31:11.607082 np0000171612 devstack@g-api.service[115039]: DEBUG glance.common.config [None req-ac33ab24-bfc1-4271-be76-d85be73b8b03 None None] log_date_format = %Y-%m-%d %H:%M:%S {{(pid=115039) log_opt_values /opt/stack/data/venv/lib/python3.12/site-packages/oslo_config/cfg.py:2995}}
May 05 01:31:11.607164 np0000171612 devstack@g-api.service[115039]: DEBUG glance.common.config [None req-ac33ab24-bfc1-4271-be76-d85be73b8b03 None None] log_dir = None {{(pid=115039) log_opt_values /opt/stack/data/venv/lib/python3.12/site-packages/oslo_config/cfg.py:2995}}
May 05 01:31:11.607274 np0000171612 devstack@g-api.service[115039]: DEBUG glance.common.config [None req-ac33ab24-bfc1-4271-be76-d85be73b8b03 None None] log_file = None {{(pid=115039) log_opt_values /opt/stack/data/venv/lib/python3.12/site-packages/oslo_config/cfg.py:2995}}
May 05 01:31:11.607372 np0000171612 devstack@g-api.service[115039]: DEBUG glance.common.config [None req-ac33ab24-bfc1-4271-be76-d85be73b8b03 None None] log_rotate_interval = 1 {{(pid=115039) log_opt_values /opt/stack/data/venv/lib/python3.12/site-packages/oslo_config/cfg.py:2995}}
May 05 01:31:11.607485 np0000171612 devstack@g-api.service[115039]: DEBUG glance.common.config [None req-ac33ab24-bfc1-4271-be76-d85be73b8b03 None None] log_rotate_interval_type = days {{(pid=115039) log_opt_values /opt/stack/data/venv/lib/python3.12/site-packages/oslo_config/cfg.py:2995}}
May 05 01:31:11.607581 np0000171612 devstack@g-api.service[115039]: DEBUG glance.common.config [None req-ac33ab24-bfc1-4271-be76-d85be73b8b03 None None] log_rotation_type = none {{(pid=115039) log_opt_values /opt/stack/data/venv/lib/python3.12/site-packages/oslo_config/cfg.py:2995}}
May 05 01:31:11.607672 np0000171612 devstack@g-api.service[115039]: DEBUG glance.common.config [None req-ac33ab24-bfc1-4271-be76-d85be73b8b03 None None] logging_context_format_string = %(color)s%(levelname)s %(name)s [%(global_request_id)s %(request_id)s %(project_name)s %(user_name)s%(color)s] %(instance)s%(color)s%(message)s {{(pid=115039) log_opt_values /opt/stack/data/venv/lib/python3.12/site-packages/oslo_config/cfg.py:2995}}
May 05 01:31:11.608007 np0000171612 devstack@g-api.service[115039]: DEBUG glance.common.config [None req-ac33ab24-bfc1-4271-be76-d85be73b8b03 None None] logging_debug_format_suffix = {{(pid=%(process)d) %(funcName)s %(pathname)s:%(lineno)d}} {{(pid=115039) log_opt_values /opt/stack/data/venv/lib/python3.12/site-packages/oslo_config/cfg.py:2995}}
May 05 01:31:11.608007 np0000171612 devstack@g-api.service[115039]: DEBUG glance.common.config [None req-ac33ab24-bfc1-4271-be76-d85be73b8b03 None None] logging_default_format_string = %(color)s%(levelname)s %(name)s [-%(color)s] %(instance)s%(color)s%(message)s {{(pid=115039) log_opt_values /opt/stack/data/venv/lib/python3.12/site-packages/oslo_config/cfg.py:2995}}
May 05 01:31:11.608007 np0000171612 devstack@g-api.service[115039]: DEBUG glance.common.config [None req-ac33ab24-bfc1-4271-be76-d85be73b8b03 None None] logging_exception_prefix = ERROR %(name)s %(instance)s {{(pid=115039) log_opt_values /opt/stack/data/venv/lib/python3.12/site-packages/oslo_config/cfg.py:2995}}
May 05 01:31:11.608256 np0000171612 devstack@g-api.service[115039]: DEBUG glance.common.config [None req-ac33ab24-bfc1-4271-be76-d85be73b8b03 None None] logging_user_identity_format = %(user)s %(project)s %(domain)s %(system_scope)s %(user_domain)s %(project_domain)s {{(pid=115039) log_opt_values /opt/stack/data/venv/lib/python3.12/site-packages/oslo_config/cfg.py:2995}}
May 05 01:31:11.608256 np0000171612 devstack@g-api.service[115039]: DEBUG glance.common.config [None req-ac33ab24-bfc1-4271-be76-d85be73b8b03 None None] max_header_line = 16384 {{(pid=115039) log_opt_values /opt/stack/data/venv/lib/python3.12/site-packages/oslo_config/cfg.py:2995}}
May 05 01:31:11.608256 np0000171612 devstack@g-api.service[115039]: DEBUG glance.common.config [None req-ac33ab24-bfc1-4271-be76-d85be73b8b03 None None] max_logfile_count = 30 {{(pid=115039) log_opt_values /opt/stack/data/venv/lib/python3.12/site-packages/oslo_config/cfg.py:2995}}
May 05 01:31:11.608431 np0000171612 devstack@g-api.service[115041]: DEBUG glance.image_cache.drivers.centralized_db [None req-793260a7-0d2d-47fe-b8f6-096bb810de20 None None] Node reference is already recorded, ignoring it {{(pid=115041) configure /opt/stack/glance/glance/image_cache/drivers/centralized_db.py:71}}
May 05 01:31:11.608501 np0000171612 devstack@g-api.service[115039]: DEBUG glance.common.config [None req-ac33ab24-bfc1-4271-be76-d85be73b8b03 None None] max_logfile_size_mb = 200 {{(pid=115039) log_opt_values /opt/stack/data/venv/lib/python3.12/site-packages/oslo_config/cfg.py:2995}}
May 05 01:31:11.608501 np0000171612 devstack@g-api.service[115039]: DEBUG glance.common.config [None req-ac33ab24-bfc1-4271-be76-d85be73b8b03 None None] max_request_id_length = 64 {{(pid=115039) log_opt_values /opt/stack/data/venv/lib/python3.12/site-packages/oslo_config/cfg.py:2995}}
May 05 01:31:11.608637 np0000171612 devstack@g-api.service[115039]: DEBUG glance.common.config [None req-ac33ab24-bfc1-4271-be76-d85be73b8b03 None None] metadata_encryption_key = **** {{(pid=115039) log_opt_values /opt/stack/data/venv/lib/python3.12/site-packages/oslo_config/cfg.py:2995}}
May 05 01:31:11.608637 np0000171612 devstack@g-api.service[115039]: DEBUG glance.common.config [None req-ac33ab24-bfc1-4271-be76-d85be73b8b03 None None] node_staging_uri = file:///tmp/staging/ {{(pid=115039) log_opt_values /opt/stack/data/venv/lib/python3.12/site-packages/oslo_config/cfg.py:2995}}
May 05 01:31:11.608795 np0000171612 devstack@g-api.service[115039]: DEBUG glance.common.config [None req-ac33ab24-bfc1-4271-be76-d85be73b8b03 None None] property_protection_file = None {{(pid=115039) log_opt_values /opt/stack/data/venv/lib/python3.12/site-packages/oslo_config/cfg.py:2995}}
May 05 01:31:11.608881 np0000171612 devstack@g-api.service[115039]: DEBUG glance.common.config [None req-ac33ab24-bfc1-4271-be76-d85be73b8b03 None None] property_protection_rule_format = roles {{(pid=115039) log_opt_values /opt/stack/data/venv/lib/python3.12/site-packages/oslo_config/cfg.py:2995}}
May 05 01:31:11.608936 np0000171612 devstack@g-api.service[115039]: DEBUG glance.common.config [None req-ac33ab24-bfc1-4271-be76-d85be73b8b03 None None] public_endpoint = https://199.204.45.78/image {{(pid=115039) log_opt_values /opt/stack/data/venv/lib/python3.12/site-packages/oslo_config/cfg.py:2995}}
May 05 01:31:11.609459 np0000171612 devstack@g-api.service[115039]: DEBUG glance.common.config [None req-ac33ab24-bfc1-4271-be76-d85be73b8b03 None None] publish_errors = False {{(pid=115039) log_opt_values /opt/stack/data/venv/lib/python3.12/site-packages/oslo_config/cfg.py:2995}}
May 05 01:31:11.609459 np0000171612 devstack@g-api.service[115039]: DEBUG glance.common.config [None req-ac33ab24-bfc1-4271-be76-d85be73b8b03 None None] pydev_worker_debug_host = None {{(pid=115039) log_opt_values /opt/stack/data/venv/lib/python3.12/site-packages/oslo_config/cfg.py:2995}}
May 05 01:31:11.609459 np0000171612 devstack@g-api.service[115039]: DEBUG glance.common.config [None req-ac33ab24-bfc1-4271-be76-d85be73b8b03 None None] pydev_worker_debug_port = 5678 {{(pid=115039) log_opt_values /opt/stack/data/venv/lib/python3.12/site-packages/oslo_config/cfg.py:2995}}
May 05 01:31:11.609459 np0000171612 devstack@g-api.service[115039]: DEBUG glance.common.config [None req-ac33ab24-bfc1-4271-be76-d85be73b8b03 None None] rate_limit_burst = 0 {{(pid=115039) log_opt_values /opt/stack/data/venv/lib/python3.12/site-packages/oslo_config/cfg.py:2995}}
May 05 01:31:11.609459 np0000171612 devstack@g-api.service[115039]: DEBUG glance.common.config [None req-ac33ab24-bfc1-4271-be76-d85be73b8b03 None None] rate_limit_except_level = CRITICAL {{(pid=115039) log_opt_values /opt/stack/data/venv/lib/python3.12/site-packages/oslo_config/cfg.py:2995}}
May 05 01:31:11.609750 np0000171612 devstack@g-api.service[115039]: DEBUG glance.common.config [None req-ac33ab24-bfc1-4271-be76-d85be73b8b03 None None] rate_limit_interval = 0 {{(pid=115039) log_opt_values /opt/stack/data/venv/lib/python3.12/site-packages/oslo_config/cfg.py:2995}}
May 05 01:31:11.609750 np0000171612 devstack@g-api.service[115039]: DEBUG glance.common.config [None req-ac33ab24-bfc1-4271-be76-d85be73b8b03 None None] scrub_pool_size = 1 {{(pid=115039) log_opt_values /opt/stack/data/venv/lib/python3.12/site-packages/oslo_config/cfg.py:2995}}
May 05 01:31:11.609750 np0000171612 devstack@g-api.service[115039]: DEBUG glance.common.config [None req-ac33ab24-bfc1-4271-be76-d85be73b8b03 None None] scrub_time = 0 {{(pid=115039) log_opt_values /opt/stack/data/venv/lib/python3.12/site-packages/oslo_config/cfg.py:2995}}
May 05 01:31:11.609990 np0000171612 devstack@g-api.service[115039]: DEBUG glance.common.config [None req-ac33ab24-bfc1-4271-be76-d85be73b8b03 None None] shell_completion = None {{(pid=115039) log_opt_values /opt/stack/data/venv/lib/python3.12/site-packages/oslo_config/cfg.py:2995}}
May 05 01:31:11.609990 np0000171612 devstack@g-api.service[115039]: DEBUG glance.common.config [None req-ac33ab24-bfc1-4271-be76-d85be73b8b03 None None] show_image_direct_url = False {{(pid=115039) log_opt_values /opt/stack/data/venv/lib/python3.12/site-packages/oslo_config/cfg.py:2995}}
May 05 01:31:11.610110 np0000171612 devstack@g-api.service[115039]: WARNING oslo_config.cfg [None req-ac33ab24-bfc1-4271-be76-d85be73b8b03 None None] Deprecated: Option "show_multiple_locations" from group "DEFAULT" is deprecated for removal (Use of this option, deprecated since Newton, is a security risk and will be removed once we figure out a way to satisfy those use cases that currently require it. An earlier announcement that the same functionality can be achieved with greater granularity by using policies is incorrect. You cannot work around this option via policy configuration at the present time, though that is the direction we believe the fix will take. Please keep an eye on the Glance release notes to stay up to date on progress in addressing this issue.). Its value may be silently ignored in the future.
May 05 01:31:11.610244 np0000171612 devstack@g-api.service[115039]: DEBUG glance.common.config [None req-ac33ab24-bfc1-4271-be76-d85be73b8b03 None None] show_multiple_locations = False {{(pid=115039) log_opt_values /opt/stack/data/venv/lib/python3.12/site-packages/oslo_config/cfg.py:2995}}
May 05 01:31:11.610354 np0000171612 devstack@g-api.service[115039]: DEBUG glance.common.config [None req-ac33ab24-bfc1-4271-be76-d85be73b8b03 None None] syslog_log_facility = LOG_USER {{(pid=115039) log_opt_values /opt/stack/data/venv/lib/python3.12/site-packages/oslo_config/cfg.py:2995}}
May 05 01:31:11.610439 np0000171612 devstack@g-api.service[115039]: DEBUG glance.common.config [None req-ac33ab24-bfc1-4271-be76-d85be73b8b03 None None] tcp_keepidle = 600 {{(pid=115039) log_opt_values /opt/stack/data/venv/lib/python3.12/site-packages/oslo_config/cfg.py:2995}}
May 05 01:31:11.610575 np0000171612 devstack@g-api.service[115039]: DEBUG glance.common.config [None req-ac33ab24-bfc1-4271-be76-d85be73b8b03 None None] transport_url = **** {{(pid=115039) log_opt_values /opt/stack/data/venv/lib/python3.12/site-packages/oslo_config/cfg.py:2995}}
May 05 01:31:11.610665 np0000171612 devstack@g-api.service[115039]: DEBUG glance.common.config [None req-ac33ab24-bfc1-4271-be76-d85be73b8b03 None None] use_journal = False {{(pid=115039) log_opt_values /opt/stack/data/venv/lib/python3.12/site-packages/oslo_config/cfg.py:2995}}
May 05 01:31:11.610775 np0000171612 devstack@g-api.service[115039]: DEBUG glance.common.config [None req-ac33ab24-bfc1-4271-be76-d85be73b8b03 None None] use_json = False {{(pid=115039) log_opt_values /opt/stack/data/venv/lib/python3.12/site-packages/oslo_config/cfg.py:2995}}
May 05 01:31:11.610896 np0000171612 devstack@g-api.service[115039]: DEBUG glance.common.config [None req-ac33ab24-bfc1-4271-be76-d85be73b8b03 None None] use_keystone_limits = True {{(pid=115039) log_opt_values /opt/stack/data/venv/lib/python3.12/site-packages/oslo_config/cfg.py:2995}}
May 05 01:31:11.610990 np0000171612 devstack@g-api.service[115039]: DEBUG glance.common.config [None req-ac33ab24-bfc1-4271-be76-d85be73b8b03 None None] use_stderr = False {{(pid=115039) log_opt_values /opt/stack/data/venv/lib/python3.12/site-packages/oslo_config/cfg.py:2995}}
May 05 01:31:11.611094 np0000171612 devstack@g-api.service[115039]: DEBUG glance.common.config [None req-ac33ab24-bfc1-4271-be76-d85be73b8b03 None None] use_syslog = False {{(pid=115039) log_opt_values /opt/stack/data/venv/lib/python3.12/site-packages/oslo_config/cfg.py:2995}}
May 05 01:31:11.611163 np0000171612 devstack@g-api.service[115038]: DEBUG glance.image_cache.drivers.centralized_db [None req-ea09f93f-10ac-4d89-bffc-75d9d536cbbc None None] Node reference is already recorded, ignoring it {{(pid=115038) configure /opt/stack/glance/glance/image_cache/drivers/centralized_db.py:71}}
May 05 01:31:11.611206 np0000171612 devstack@g-api.service[115039]: DEBUG glance.common.config [None req-ac33ab24-bfc1-4271-be76-d85be73b8b03 None None] user_storage_quota = 0 {{(pid=115039) log_opt_values /opt/stack/data/venv/lib/python3.12/site-packages/oslo_config/cfg.py:2995}}
May 05 01:31:11.611295 np0000171612 devstack@g-api.service[115039]: DEBUG glance.common.config [None req-ac33ab24-bfc1-4271-be76-d85be73b8b03 None None] worker_self_reference_url = http://127.0.0.1:60999 {{(pid=115039) log_opt_values /opt/stack/data/venv/lib/python3.12/site-packages/oslo_config/cfg.py:2995}}
May 05 01:31:11.611392 np0000171612 devstack@g-api.service[115039]: DEBUG glance.common.config [None req-ac33ab24-bfc1-4271-be76-d85be73b8b03 None None] workers = None {{(pid=115039) log_opt_values /opt/stack/data/venv/lib/python3.12/site-packages/oslo_config/cfg.py:2995}}
May 05 01:31:11.611512 np0000171612 devstack@g-api.service[115039]: DEBUG glance.common.config [None req-ac33ab24-bfc1-4271-be76-d85be73b8b03 None None] oslo_concurrency.disable_process_locking = False {{(pid=115039) log_opt_values /opt/stack/data/venv/lib/python3.12/site-packages/oslo_config/cfg.py:3006}}
May 05 01:31:11.611631 np0000171612 devstack@g-api.service[115039]: DEBUG glance.common.config [None req-ac33ab24-bfc1-4271-be76-d85be73b8b03 None None] oslo_concurrency.lock_path = /opt/stack/data/glance/locks {{(pid=115039) log_opt_values /opt/stack/data/venv/lib/python3.12/site-packages/oslo_config/cfg.py:3006}}
May 05 01:31:11.611739 np0000171612 devstack@g-api.service[115039]: DEBUG glance.common.config [None req-ac33ab24-bfc1-4271-be76-d85be73b8b03 None None] oslo_middleware.enable_proxy_headers_parsing = False {{(pid=115039) log_opt_values /opt/stack/data/venv/lib/python3.12/site-packages/oslo_config/cfg.py:3006}}
May 05 01:31:11.611880 np0000171612 devstack@g-api.service[115039]: DEBUG glance.common.config [None req-ac33ab24-bfc1-4271-be76-d85be73b8b03 None None] oslo_middleware.http_basic_auth_user_file = /etc/htpasswd {{(pid=115039) log_opt_values /opt/stack/data/venv/lib/python3.12/site-packages/oslo_config/cfg.py:3006}}
May 05 01:31:11.611987 np0000171612 devstack@g-api.service[115039]: DEBUG glance.common.config [None req-ac33ab24-bfc1-4271-be76-d85be73b8b03 None None] paste_deploy.config_file = None {{(pid=115039) log_opt_values /opt/stack/data/venv/lib/python3.12/site-packages/oslo_config/cfg.py:3006}}
May 05 01:31:11.612094 np0000171612 devstack@g-api.service[115039]: DEBUG glance.common.config [None req-ac33ab24-bfc1-4271-be76-d85be73b8b03 None None] paste_deploy.flavor = keystone+cachemanagement {{(pid=115039) log_opt_values /opt/stack/data/venv/lib/python3.12/site-packages/oslo_config/cfg.py:3006}}
May 05 01:31:11.612220 np0000171612 devstack@g-api.service[115040]: WARNING keystonemiddleware.auth_token [None req-1e0142f7-6f52-41e8-930b-7a05e3b8b13a None None] AuthToken middleware is set with keystone_authtoken.service_token_roles_required set to False. This is backwards compatible but deprecated behaviour. Please set this to True.
May 05 01:31:11.612271 np0000171612 devstack@g-api.service[115039]: DEBUG glance.common.config [None req-ac33ab24-bfc1-4271-be76-d85be73b8b03 None None] image_format.container_formats = ['ami', 'ari', 'aki', 'bare', 'ovf', 'ova', 'docker', 'compressed'] {{(pid=115039) log_opt_values /opt/stack/data/venv/lib/python3.12/site-packages/oslo_config/cfg.py:3006}}
May 05 01:31:11.612375 np0000171612 devstack@g-api.service[115039]: DEBUG glance.common.config [None req-ac33ab24-bfc1-4271-be76-d85be73b8b03 None None] image_format.disk_formats = ['ami', 'ari', 'aki', 'vhd', 'vhdx', 'vmdk', 'raw', 'qcow2', 'vdi', 'iso', 'ploop'] {{(pid=115039) log_opt_values /opt/stack/data/venv/lib/python3.12/site-packages/oslo_config/cfg.py:3006}}
May 05 01:31:11.612479 np0000171612 devstack@g-api.service[115039]: DEBUG glance.common.config [None req-ac33ab24-bfc1-4271-be76-d85be73b8b03 None None] image_format.gpt_safety_checks_nonfatal = [] {{(pid=115039) log_opt_values /opt/stack/data/venv/lib/python3.12/site-packages/oslo_config/cfg.py:3006}}
May 05 01:31:11.612604 np0000171612 devstack@g-api.service[115039]: DEBUG glance.common.config [None req-ac33ab24-bfc1-4271-be76-d85be73b8b03 None None] image_format.require_image_format_match = True {{(pid=115039) log_opt_values /opt/stack/data/venv/lib/python3.12/site-packages/oslo_config/cfg.py:3006}}
May 05 01:31:11.612719 np0000171612 devstack@g-api.service[115039]: DEBUG glance.common.config [None req-ac33ab24-bfc1-4271-be76-d85be73b8b03 None None] image_format.vmdk_allowed_types = ['streamOptimized', 'monolithicSparse'] {{(pid=115039) log_opt_values /opt/stack/data/venv/lib/python3.12/site-packages/oslo_config/cfg.py:3006}}
May 05 01:31:11.612863 np0000171612 devstack@g-api.service[115039]: DEBUG glance.common.config [None req-ac33ab24-bfc1-4271-be76-d85be73b8b03 None None] task.task_executor = taskflow {{(pid=115039) log_opt_values /opt/stack/data/venv/lib/python3.12/site-packages/oslo_config/cfg.py:3006}}
May 05 01:31:11.612953 np0000171612 devstack@g-api.service[115039]: DEBUG glance.common.config [None req-ac33ab24-bfc1-4271-be76-d85be73b8b03 None None] task.task_time_to_live = 48 {{(pid=115039) log_opt_values /opt/stack/data/venv/lib/python3.12/site-packages/oslo_config/cfg.py:3006}}
May 05 01:31:11.613055 np0000171612 devstack@g-api.service[115039]: DEBUG glance.common.config [None req-ac33ab24-bfc1-4271-be76-d85be73b8b03 None None] task.work_dir = None {{(pid=115039) log_opt_values /opt/stack/data/venv/lib/python3.12/site-packages/oslo_config/cfg.py:3006}}
May 05 01:31:11.613123 np0000171612 devstack@g-api.service[115041]: INFO glance.api.middleware.cache [None req-793260a7-0d2d-47fe-b8f6-096bb810de20 None None] Initialized image cache middleware
May 05 01:31:11.613169 np0000171612 devstack@g-api.service[115039]: DEBUG glance.common.config [None req-ac33ab24-bfc1-4271-be76-d85be73b8b03 None None] wsgi.python_interpreter = /opt/stack/data/venv/bin/python3 {{(pid=115039) log_opt_values /opt/stack/data/venv/lib/python3.12/site-packages/oslo_config/cfg.py:3006}}
May 05 01:31:11.613263 np0000171612 devstack@g-api.service[115039]: DEBUG glance.common.config [None req-ac33ab24-bfc1-4271-be76-d85be73b8b03 None None] wsgi.task_pool_threads = 16 {{(pid=115039) log_opt_values /opt/stack/data/venv/lib/python3.12/site-packages/oslo_config/cfg.py:3006}}
May 05 01:31:11.613373 np0000171612 devstack@g-api.service[115039]: DEBUG glance.common.config [None req-ac33ab24-bfc1-4271-be76-d85be73b8b03 None None] profiler.connection_string = messaging:// {{(pid=115039) log_opt_values /opt/stack/data/venv/lib/python3.12/site-packages/oslo_config/cfg.py:3006}}
May 05 01:31:11.613477 np0000171612 devstack@g-api.service[115039]: DEBUG glance.common.config [None req-ac33ab24-bfc1-4271-be76-d85be73b8b03 None None] profiler.enabled = False {{(pid=115039) log_opt_values /opt/stack/data/venv/lib/python3.12/site-packages/oslo_config/cfg.py:3006}}
May 05 01:31:11.613599 np0000171612 devstack@g-api.service[115039]: DEBUG glance.common.config [None req-ac33ab24-bfc1-4271-be76-d85be73b8b03 None None] profiler.es_doc_type = notification {{(pid=115039) log_opt_values /opt/stack/data/venv/lib/python3.12/site-packages/oslo_config/cfg.py:3006}}
May 05 01:31:11.613705 np0000171612 devstack@g-api.service[115039]: DEBUG glance.common.config [None req-ac33ab24-bfc1-4271-be76-d85be73b8b03 None None] profiler.es_scroll_size = 10000 {{(pid=115039) log_opt_values /opt/stack/data/venv/lib/python3.12/site-packages/oslo_config/cfg.py:3006}}
May 05 01:31:11.613835 np0000171612 devstack@g-api.service[115039]: DEBUG glance.common.config [None req-ac33ab24-bfc1-4271-be76-d85be73b8b03 None None] profiler.es_scroll_time = 2m {{(pid=115039) log_opt_values /opt/stack/data/venv/lib/python3.12/site-packages/oslo_config/cfg.py:3006}}
May 05 01:31:11.613932 np0000171612 devstack@g-api.service[115039]: DEBUG glance.common.config [None req-ac33ab24-bfc1-4271-be76-d85be73b8b03 None None] profiler.filter_error_trace = False {{(pid=115039) log_opt_values /opt/stack/data/venv/lib/python3.12/site-packages/oslo_config/cfg.py:3006}}
May 05 01:31:11.614036 np0000171612 devstack@g-api.service[115039]: DEBUG glance.common.config [None req-ac33ab24-bfc1-4271-be76-d85be73b8b03 None None] profiler.hmac_keys = **** {{(pid=115039) log_opt_values /opt/stack/data/venv/lib/python3.12/site-packages/oslo_config/cfg.py:3006}}
May 05 01:31:11.614142 np0000171612 devstack@g-api.service[115039]: DEBUG glance.common.config [None req-ac33ab24-bfc1-4271-be76-d85be73b8b03 None None] profiler.sentinel_service_name = mymaster {{(pid=115039) log_opt_values /opt/stack/data/venv/lib/python3.12/site-packages/oslo_config/cfg.py:3006}}
May 05 01:31:11.614263 np0000171612 devstack@g-api.service[115039]: DEBUG glance.common.config [None req-ac33ab24-bfc1-4271-be76-d85be73b8b03 None None] profiler.socket_timeout = 0.1 {{(pid=115039) log_opt_values /opt/stack/data/venv/lib/python3.12/site-packages/oslo_config/cfg.py:3006}}
May 05 01:31:11.614358 np0000171612 devstack@g-api.service[115039]: DEBUG glance.common.config [None req-ac33ab24-bfc1-4271-be76-d85be73b8b03 None None] profiler.trace_requests = False {{(pid=115039) log_opt_values /opt/stack/data/venv/lib/python3.12/site-packages/oslo_config/cfg.py:3006}}
May 05 01:31:11.614462 np0000171612 devstack@g-api.service[115039]: DEBUG glance.common.config [None req-ac33ab24-bfc1-4271-be76-d85be73b8b03 None None] profiler.trace_sqlalchemy = False {{(pid=115039) log_opt_values /opt/stack/data/venv/lib/python3.12/site-packages/oslo_config/cfg.py:3006}}
May 05 01:31:11.614594 np0000171612 devstack@g-api.service[115039]: DEBUG glance.common.config [None req-ac33ab24-bfc1-4271-be76-d85be73b8b03 None None] profiler_jaeger.process_tags = {} {{(pid=115039) log_opt_values /opt/stack/data/venv/lib/python3.12/site-packages/oslo_config/cfg.py:3006}}
May 05 01:31:11.614692 np0000171612 devstack@g-api.service[115039]: DEBUG glance.common.config [None req-ac33ab24-bfc1-4271-be76-d85be73b8b03 None None] profiler_jaeger.service_name_prefix = None {{(pid=115039) log_opt_values /opt/stack/data/venv/lib/python3.12/site-packages/oslo_config/cfg.py:3006}}
May 05 01:31:11.614821 np0000171612 devstack@g-api.service[115039]: DEBUG glance.common.config [None req-ac33ab24-bfc1-4271-be76-d85be73b8b03 None None] profiler_otlp.service_name_prefix = None {{(pid=115039) log_opt_values /opt/stack/data/venv/lib/python3.12/site-packages/oslo_config/cfg.py:3006}}
May 05 01:31:11.614921 np0000171612 devstack@g-api.service[115039]: DEBUG glance.common.config [None req-ac33ab24-bfc1-4271-be76-d85be73b8b03 None None] import_filtering_opts.allowed_hosts = [] {{(pid=115039) log_opt_values /opt/stack/data/venv/lib/python3.12/site-packages/oslo_config/cfg.py:3006}}
May 05 01:31:11.615031 np0000171612 devstack@g-api.service[115039]: DEBUG glance.common.config [None req-ac33ab24-bfc1-4271-be76-d85be73b8b03 None None] import_filtering_opts.allowed_ports = [80, 443] {{(pid=115039) log_opt_values /opt/stack/data/venv/lib/python3.12/site-packages/oslo_config/cfg.py:3006}}
May 05 01:31:11.615146 np0000171612 devstack@g-api.service[115039]: DEBUG glance.common.config [None req-ac33ab24-bfc1-4271-be76-d85be73b8b03 None None] import_filtering_opts.allowed_schemes = ['http', 'https'] {{(pid=115039) log_opt_values /opt/stack/data/venv/lib/python3.12/site-packages/oslo_config/cfg.py:3006}}
May 05 01:31:11.615251 np0000171612 devstack@g-api.service[115039]: DEBUG glance.common.config [None req-ac33ab24-bfc1-4271-be76-d85be73b8b03 None None] import_filtering_opts.disallowed_hosts = [] {{(pid=115039) log_opt_values /opt/stack/data/venv/lib/python3.12/site-packages/oslo_config/cfg.py:3006}}
May 05 01:31:11.615353 np0000171612 devstack@g-api.service[115039]: DEBUG glance.common.config [None req-ac33ab24-bfc1-4271-be76-d85be73b8b03 None None] import_filtering_opts.disallowed_ports = [] {{(pid=115039) log_opt_values /opt/stack/data/venv/lib/python3.12/site-packages/oslo_config/cfg.py:3006}}
May 05 01:31:11.615454 np0000171612 devstack@g-api.service[115039]: DEBUG glance.common.config [None req-ac33ab24-bfc1-4271-be76-d85be73b8b03 None None] import_filtering_opts.disallowed_schemes = [] {{(pid=115039) log_opt_values /opt/stack/data/venv/lib/python3.12/site-packages/oslo_config/cfg.py:3006}}
May 05 01:31:11.615567 np0000171612 devstack@g-api.service[115039]: DEBUG glance.common.config [None req-ac33ab24-bfc1-4271-be76-d85be73b8b03 None None] oslo_messaging_metrics.metrics_buffer_size = 1000 {{(pid=115039) log_opt_values /opt/stack/data/venv/lib/python3.12/site-packages/oslo_config/cfg.py:3006}}
May 05 01:31:11.615680 np0000171612 devstack@g-api.service[115039]: DEBUG glance.common.config [None req-ac33ab24-bfc1-4271-be76-d85be73b8b03 None None] oslo_messaging_metrics.metrics_enabled = False {{(pid=115039) log_opt_values /opt/stack/data/venv/lib/python3.12/site-packages/oslo_config/cfg.py:3006}}
May 05 01:31:11.615852 np0000171612 devstack@g-api.service[115039]: DEBUG glance.common.config [None req-ac33ab24-bfc1-4271-be76-d85be73b8b03 None None] oslo_messaging_metrics.metrics_process_name = {{(pid=115039) log_opt_values /opt/stack/data/venv/lib/python3.12/site-packages/oslo_config/cfg.py:3006}}
May 05 01:31:11.615952 np0000171612 devstack@g-api.service[115039]: DEBUG glance.common.config [None req-ac33ab24-bfc1-4271-be76-d85be73b8b03 None None] oslo_messaging_metrics.metrics_socket_file = /var/tmp/metrics_collector.sock {{(pid=115039) log_opt_values /opt/stack/data/venv/lib/python3.12/site-packages/oslo_config/cfg.py:3006}}
May 05 01:31:11.616065 np0000171612 devstack@g-api.service[115039]: DEBUG glance.common.config [None req-ac33ab24-bfc1-4271-be76-d85be73b8b03 None None] oslo_messaging_metrics.metrics_thread_stop_timeout = 10 {{(pid=115039) log_opt_values /opt/stack/data/venv/lib/python3.12/site-packages/oslo_config/cfg.py:3006}}
May 05 01:31:11.616208 np0000171612 devstack@g-api.service[115039]: DEBUG glance.common.config [None req-ac33ab24-bfc1-4271-be76-d85be73b8b03 None None] os_brick.lightos_discovery_client_address = localhost {{(pid=115039) log_opt_values /opt/stack/data/venv/lib/python3.12/site-packages/oslo_config/cfg.py:3006}}
May 05 01:31:11.616316 np0000171612 devstack@g-api.service[115039]: DEBUG glance.common.config [None req-ac33ab24-bfc1-4271-be76-d85be73b8b03 None None] os_brick.lightos_discovery_client_dir_path = /etc/discovery-client/discovery.d/ {{(pid=115039) log_opt_values /opt/stack/data/venv/lib/python3.12/site-packages/oslo_config/cfg.py:3006}}
May 05 01:31:11.616420 np0000171612 devstack@g-api.service[115039]: DEBUG glance.common.config [None req-ac33ab24-bfc1-4271-be76-d85be73b8b03 None None] os_brick.lightos_discovery_client_port = 6060 {{(pid=115039) log_opt_values /opt/stack/data/venv/lib/python3.12/site-packages/oslo_config/cfg.py:3006}}
May 05 01:31:11.616526 np0000171612 devstack@g-api.service[115039]: DEBUG glance.common.config [None req-ac33ab24-bfc1-4271-be76-d85be73b8b03 None None] os_brick.lock_path = /opt/stack/data/os_brick {{(pid=115039) log_opt_values /opt/stack/data/venv/lib/python3.12/site-packages/oslo_config/cfg.py:3006}}
May 05 01:31:11.616664 np0000171612 devstack@g-api.service[115039]: DEBUG glance.common.config [None req-ac33ab24-bfc1-4271-be76-d85be73b8b03 None None] os_brick.wait_mpath_device_attempts = 4 {{(pid=115039) log_opt_values /opt/stack/data/venv/lib/python3.12/site-packages/oslo_config/cfg.py:3006}}
May 05 01:31:11.616826 np0000171612 devstack@g-api.service[115039]: DEBUG glance.common.config [None req-ac33ab24-bfc1-4271-be76-d85be73b8b03 None None] os_brick.wait_mpath_device_interval = 1 {{(pid=115039) log_opt_values /opt/stack/data/venv/lib/python3.12/site-packages/oslo_config/cfg.py:3006}}
May 05 01:31:11.616939 np0000171612 devstack@g-api.service[115039]: DEBUG glance.common.config [None req-ac33ab24-bfc1-4271-be76-d85be73b8b03 None None] privsep_osbrick.capabilities = [21, 2] {{(pid=115039) log_opt_values /opt/stack/data/venv/lib/python3.12/site-packages/oslo_config/cfg.py:3006}}
May 05 01:31:11.617036 np0000171612 devstack@g-api.service[115039]: DEBUG glance.common.config [None req-ac33ab24-bfc1-4271-be76-d85be73b8b03 None None] privsep_osbrick.group = None {{(pid=115039) log_opt_values /opt/stack/data/venv/lib/python3.12/site-packages/oslo_config/cfg.py:3006}}
May 05 01:31:11.617135 np0000171612 devstack@g-api.service[115039]: DEBUG glance.common.config [None req-ac33ab24-bfc1-4271-be76-d85be73b8b03 None None] privsep_osbrick.helper_command = None {{(pid=115039) log_opt_values /opt/stack/data/venv/lib/python3.12/site-packages/oslo_config/cfg.py:3006}}
