May 05 01:30:07.554881 np0000171612 neutron-periodic-workers[104912]: DEBUG cotyledon.oslo_config_glue [-] database.backend = sqlalchemy {{(pid=104912) log_opt_values /opt/stack/data/venv/lib/python3.12/site-packages/oslo_config/cfg.py:3006}}
May 05 01:30:07.554927 np0000171612 neutron-periodic-workers[104912]: DEBUG cotyledon.oslo_config_glue [-] database.connection = **** {{(pid=104912) log_opt_values /opt/stack/data/venv/lib/python3.12/site-packages/oslo_config/cfg.py:3006}}
May 05 01:30:07.554971 np0000171612 neutron-periodic-workers[104912]: DEBUG cotyledon.oslo_config_glue [-] database.connection_debug = 0 {{(pid=104912) log_opt_values /opt/stack/data/venv/lib/python3.12/site-packages/oslo_config/cfg.py:3006}}
May 05 01:30:07.555017 np0000171612 neutron-periodic-workers[104912]: DEBUG cotyledon.oslo_config_glue [-] database.connection_parameters = {{(pid=104912) log_opt_values /opt/stack/data/venv/lib/python3.12/site-packages/oslo_config/cfg.py:3006}}
May 05 01:30:07.555066 np0000171612 neutron-periodic-workers[104912]: DEBUG cotyledon.oslo_config_glue [-] database.connection_recycle_time = 3600 {{(pid=104912) log_opt_values /opt/stack/data/venv/lib/python3.12/site-packages/oslo_config/cfg.py:3006}}
May 05 01:30:07.555108 np0000171612 neutron-periodic-workers[104912]: DEBUG cotyledon.oslo_config_glue [-] database.connection_trace = False {{(pid=104912) log_opt_values /opt/stack/data/venv/lib/python3.12/site-packages/oslo_config/cfg.py:3006}}
May 05 01:30:07.555151 np0000171612 neutron-periodic-workers[104912]: DEBUG cotyledon.oslo_config_glue [-] database.db_inc_retry_interval = True {{(pid=104912) log_opt_values /opt/stack/data/venv/lib/python3.12/site-packages/oslo_config/cfg.py:3006}}
May 05 01:30:07.555191 np0000171612 neutron-periodic-workers[104912]: DEBUG cotyledon.oslo_config_glue [-] database.db_max_retries = 20 {{(pid=104912) log_opt_values /opt/stack/data/venv/lib/python3.12/site-packages/oslo_config/cfg.py:3006}}
May 05 01:30:07.555231 np0000171612 neutron-periodic-workers[104912]: DEBUG cotyledon.oslo_config_glue [-] database.db_max_retry_interval = 10 {{(pid=104912) log_opt_values /opt/stack/data/venv/lib/python3.12/site-packages/oslo_config/cfg.py:3006}}
May 05 01:30:07.555271 np0000171612 neutron-periodic-workers[104912]: DEBUG cotyledon.oslo_config_glue [-] database.db_retry_interval = 1 {{(pid=104912) log_opt_values /opt/stack/data/venv/lib/python3.12/site-packages/oslo_config/cfg.py:3006}}
May 05 01:30:07.555307 np0000171612 neutron-periodic-workers[104912]: DEBUG cotyledon.oslo_config_glue [-] database.max_overflow = 50 {{(pid=104912) log_opt_values /opt/stack/data/venv/lib/python3.12/site-packages/oslo_config/cfg.py:3006}}
May 05 01:30:07.555347 np0000171612 neutron-periodic-workers[104912]: DEBUG cotyledon.oslo_config_glue [-] database.max_pool_size = 5 {{(pid=104912) log_opt_values /opt/stack/data/venv/lib/python3.12/site-packages/oslo_config/cfg.py:3006}}
May 05 01:30:07.555394 np0000171612 neutron-periodic-workers[104912]: DEBUG cotyledon.oslo_config_glue [-] database.max_retries = 10 {{(pid=104912) log_opt_values /opt/stack/data/venv/lib/python3.12/site-packages/oslo_config/cfg.py:3006}}
May 05 01:30:07.555429 np0000171612 neutron-periodic-workers[104912]: DEBUG cotyledon.oslo_config_glue [-] database.mysql_sql_mode = TRADITIONAL {{(pid=104912) log_opt_values /opt/stack/data/venv/lib/python3.12/site-packages/oslo_config/cfg.py:3006}}
May 05 01:30:07.555470 np0000171612 neutron-periodic-workers[104912]: DEBUG cotyledon.oslo_config_glue [-] database.mysql_wsrep_sync_wait = None {{(pid=104912) log_opt_values /opt/stack/data/venv/lib/python3.12/site-packages/oslo_config/cfg.py:3006}}
May 05 01:30:07.555510 np0000171612 neutron-periodic-workers[104912]: DEBUG cotyledon.oslo_config_glue [-] database.pool_timeout = None {{(pid=104912) log_opt_values /opt/stack/data/venv/lib/python3.12/site-packages/oslo_config/cfg.py:3006}}
May 05 01:30:07.555550 np0000171612 neutron-periodic-workers[104912]: DEBUG cotyledon.oslo_config_glue [-] database.retry_interval = 10 {{(pid=104912) log_opt_values /opt/stack/data/venv/lib/python3.12/site-packages/oslo_config/cfg.py:3006}}
May 05 01:30:07.555603 np0000171612 neutron-periodic-workers[104912]: DEBUG cotyledon.oslo_config_glue [-] database.slave_connection = **** {{(pid=104912) log_opt_values /opt/stack/data/venv/lib/python3.12/site-packages/oslo_config/cfg.py:3006}}
May 05 01:30:07.555644 np0000171612 neutron-periodic-workers[104912]: DEBUG cotyledon.oslo_config_glue [-] database.sqlite_synchronous = True {{(pid=104912) log_opt_values /opt/stack/data/venv/lib/python3.12/site-packages/oslo_config/cfg.py:3006}}
May 05 01:30:07.555691 np0000171612 neutron-periodic-workers[104912]: DEBUG cotyledon.oslo_config_glue [-] database.synchronous_reader = True {{(pid=104912) log_opt_values /opt/stack/data/venv/lib/python3.12/site-packages/oslo_config/cfg.py:3006}}
May 05 01:30:07.555747 np0000171612 neutron-periodic-workers[104912]: DEBUG cotyledon.oslo_config_glue [-] database.use_db_reconnect = False {{(pid=104912) log_opt_values /opt/stack/data/venv/lib/python3.12/site-packages/oslo_config/cfg.py:3006}}
May 05 01:30:07.555860 np0000171612 neutron-periodic-workers[104912]: DEBUG cotyledon.oslo_config_glue [-] ovn.bfd_min_rx = 1000 {{(pid=104912) log_opt_values /opt/stack/data/venv/lib/python3.12/site-packages/oslo_config/cfg.py:3006}}
May 05 01:30:07.555913 np0000171612 neutron-periodic-workers[104912]: DEBUG cotyledon.oslo_config_glue [-] ovn.bfd_min_tx = 100 {{(pid=104912) log_opt_values /opt/stack/data/venv/lib/python3.12/site-packages/oslo_config/cfg.py:3006}}
May 05 01:30:07.555957 np0000171612 neutron-periodic-workers[104912]: DEBUG cotyledon.oslo_config_glue [-] ovn.bfd_mult = 3 {{(pid=104912) log_opt_values /opt/stack/data/venv/lib/python3.12/site-packages/oslo_config/cfg.py:3006}}
May 05 01:30:07.556006 np0000171612 neutron-periodic-workers[104912]: DEBUG cotyledon.oslo_config_glue [-] ovn.broadcast_arps_to_all_routers = True {{(pid=104912) log_opt_values /opt/stack/data/venv/lib/python3.12/site-packages/oslo_config/cfg.py:3006}}
May 05 01:30:07.556047 np0000171612 neutron-periodic-workers[104912]: DEBUG cotyledon.oslo_config_glue [-] ovn.dhcp_default_lease_time = 43200 {{(pid=104912) log_opt_values /opt/stack/data/venv/lib/python3.12/site-packages/oslo_config/cfg.py:3006}}
May 05 01:30:07.556087 np0000171612 neutron-periodic-workers[104912]: DEBUG cotyledon.oslo_config_glue [-] ovn.disable_ovn_dhcp_for_baremetal_ports = False {{(pid=104912) log_opt_values /opt/stack/data/venv/lib/python3.12/site-packages/oslo_config/cfg.py:3006}}
May 05 01:30:07.556128 np0000171612 neutron-periodic-workers[104912]: DEBUG cotyledon.oslo_config_glue [-] ovn.dns_records_ovn_owned = False {{(pid=104912) log_opt_values /opt/stack/data/venv/lib/python3.12/site-packages/oslo_config/cfg.py:3006}}
May 05 01:30:07.556175 np0000171612 neutron-periodic-workers[104912]: DEBUG cotyledon.oslo_config_glue [-] ovn.dns_servers = [] {{(pid=104912) log_opt_values /opt/stack/data/venv/lib/python3.12/site-packages/oslo_config/cfg.py:3006}}
May 05 01:30:07.556216 np0000171612 neutron-periodic-workers[104912]: DEBUG cotyledon.oslo_config_glue [-] ovn.enable_distributed_floating_ip = False {{(pid=104912) log_opt_values /opt/stack/data/venv/lib/python3.12/site-packages/oslo_config/cfg.py:3006}}
May 05 01:30:07.556256 np0000171612 neutron-periodic-workers[104912]: DEBUG cotyledon.oslo_config_glue [-] ovn.fdb_age_threshold = 300 {{(pid=104912) log_opt_values /opt/stack/data/venv/lib/python3.12/site-packages/oslo_config/cfg.py:3006}}
May 05 01:30:07.556291 np0000171612 neutron-periodic-workers[104912]: DEBUG cotyledon.oslo_config_glue [-] ovn.ha_failover_strategy = normal {{(pid=104912) log_opt_values /opt/stack/data/venv/lib/python3.12/site-packages/oslo_config/cfg.py:3006}}
May 05 01:30:07.556334 np0000171612 neutron-periodic-workers[104912]: DEBUG cotyledon.oslo_config_glue [-] ovn.live_migration_activation_strategy = rarp {{(pid=104912) log_opt_values /opt/stack/data/venv/lib/python3.12/site-packages/oslo_config/cfg.py:3006}}
May 05 01:30:07.556374 np0000171612 neutron-periodic-workers[104912]: DEBUG cotyledon.oslo_config_glue [-] ovn.localnet_learn_fdb = False {{(pid=104912) log_opt_values /opt/stack/data/venv/lib/python3.12/site-packages/oslo_config/cfg.py:3006}}
May 05 01:30:07.556413 np0000171612 neutron-periodic-workers[104912]: DEBUG cotyledon.oslo_config_glue [-] ovn.mac_binding_age_threshold = 300 {{(pid=104912) log_opt_values /opt/stack/data/venv/lib/python3.12/site-packages/oslo_config/cfg.py:3006}}
May 05 01:30:07.556477 np0000171612 neutron-periodic-workers[104912]: DEBUG cotyledon.oslo_config_glue [-] ovn.neutron_sync_mode = log {{(pid=104912) log_opt_values /opt/stack/data/venv/lib/python3.12/site-packages/oslo_config/cfg.py:3006}}
May 05 01:30:07.556508 np0000171612 neutron-periodic-workers[104912]: DEBUG cotyledon.oslo_config_glue [-] ovn.ovn_dhcp4_global_options = {} {{(pid=104912) log_opt_values /opt/stack/data/venv/lib/python3.12/site-packages/oslo_config/cfg.py:3006}}
May 05 01:30:07.556534 np0000171612 neutron-periodic-workers[104912]: DEBUG cotyledon.oslo_config_glue [-] ovn.ovn_dhcp6_global_options = {} {{(pid=104912) log_opt_values /opt/stack/data/venv/lib/python3.12/site-packages/oslo_config/cfg.py:3006}}
May 05 01:30:07.556562 np0000171612 neutron-periodic-workers[104912]: DEBUG cotyledon.oslo_config_glue [-] ovn.ovn_l3_scheduler = leastloaded {{(pid=104912) log_opt_values /opt/stack/data/venv/lib/python3.12/site-packages/oslo_config/cfg.py:3006}}
May 05 01:30:07.556615 np0000171612 neutron-periodic-workers[104912]: DEBUG cotyledon.oslo_config_glue [-] ovn.ovn_metadata_enabled = True {{(pid=104912) log_opt_values /opt/stack/data/venv/lib/python3.12/site-packages/oslo_config/cfg.py:3006}}
May 05 01:30:07.556664 np0000171612 neutron-periodic-workers[104912]: DEBUG cotyledon.oslo_config_glue [-] ovn.ovn_nb_ca_cert = /opt/stack/data/CA/int-ca/ca-chain.pem {{(pid=104912) log_opt_values /opt/stack/data/venv/lib/python3.12/site-packages/oslo_config/cfg.py:3006}}
May 05 01:30:07.556697 np0000171612 neutron-periodic-workers[104912]: DEBUG cotyledon.oslo_config_glue [-] ovn.ovn_nb_certificate = /opt/stack/data/CA/int-ca/devstack-cert.crt {{(pid=104912) log_opt_values /opt/stack/data/venv/lib/python3.12/site-packages/oslo_config/cfg.py:3006}}
May 05 01:30:07.556743 np0000171612 neutron-periodic-workers[104912]: DEBUG cotyledon.oslo_config_glue [-] ovn.ovn_nb_connection = ['ssl:199.204.45.78:6641'] {{(pid=104912) log_opt_values /opt/stack/data/venv/lib/python3.12/site-packages/oslo_config/cfg.py:3006}}
May 05 01:30:07.556799 np0000171612 neutron-periodic-workers[104912]: DEBUG cotyledon.oslo_config_glue [-] ovn.ovn_nb_private_key = /opt/stack/data/CA/int-ca/private/devstack-cert.key {{(pid=104912) log_opt_values /opt/stack/data/venv/lib/python3.12/site-packages/oslo_config/cfg.py:3006}}
May 05 01:30:07.556841 np0000171612 neutron-periodic-workers[104912]: DEBUG cotyledon.oslo_config_glue [-] ovn.ovn_router_indirect_snat = False {{(pid=104912) log_opt_values /opt/stack/data/venv/lib/python3.12/site-packages/oslo_config/cfg.py:3006}}
May 05 01:30:07.556903 np0000171612 neutron-periodic-workers[104912]: DEBUG cotyledon.oslo_config_glue [-] ovn.ovn_sb_ca_cert = /opt/stack/data/CA/int-ca/ca-chain.pem {{(pid=104912) log_opt_values /opt/stack/data/venv/lib/python3.12/site-packages/oslo_config/cfg.py:3006}}
May 05 01:30:07.556929 np0000171612 neutron-periodic-workers[104912]: DEBUG cotyledon.oslo_config_glue [-] ovn.ovn_sb_certificate = /opt/stack/data/CA/int-ca/devstack-cert.crt {{(pid=104912) log_opt_values /opt/stack/data/venv/lib/python3.12/site-packages/oslo_config/cfg.py:3006}}
May 05 01:30:07.556976 np0000171612 neutron-periodic-workers[104912]: DEBUG cotyledon.oslo_config_glue [-] ovn.ovn_sb_connection = ['ssl:199.204.45.78:6642'] {{(pid=104912) log_opt_values /opt/stack/data/venv/lib/python3.12/site-packages/oslo_config/cfg.py:3006}}
May 05 01:30:07.557012 np0000171612 neutron-periodic-workers[104912]: DEBUG cotyledon.oslo_config_glue [-] ovn.ovn_sb_private_key = /opt/stack/data/CA/int-ca/private/devstack-cert.key {{(pid=104912) log_opt_values /opt/stack/data/venv/lib/python3.12/site-packages/oslo_config/cfg.py:3006}}
May 05 01:30:07.557056 np0000171612 neutron-periodic-workers[104912]: DEBUG cotyledon.oslo_config_glue [-] ovn.ovs_create_tap = False {{(pid=104912) log_opt_values /opt/stack/data/venv/lib/python3.12/site-packages/oslo_config/cfg.py:3006}}
May 05 01:30:07.557098 np0000171612 neutron-periodic-workers[104912]: DEBUG cotyledon.oslo_config_glue [-] ovn.ovsdb_connection_timeout = 180 {{(pid=104912) log_opt_values /opt/stack/data/venv/lib/python3.12/site-packages/oslo_config/cfg.py:3006}}
May 05 01:30:07.557138 np0000171612 neutron-periodic-workers[104912]: DEBUG cotyledon.oslo_config_glue [-] ovn.ovsdb_log_level = INFO {{(pid=104912) log_opt_values /opt/stack/data/venv/lib/python3.12/site-packages/oslo_config/cfg.py:3006}}
May 05 01:30:07.557178 np0000171612 neutron-periodic-workers[104912]: DEBUG cotyledon.oslo_config_glue [-] ovn.ovsdb_probe_interval = 60000 {{(pid=104912) log_opt_values /opt/stack/data/venv/lib/python3.12/site-packages/oslo_config/cfg.py:3006}}
May 05 01:30:07.557218 np0000171612 neutron-periodic-workers[104912]: DEBUG cotyledon.oslo_config_glue [-] ovn.ovsdb_retry_max_interval = 180 {{(pid=104912) log_opt_values /opt/stack/data/venv/lib/python3.12/site-packages/oslo_config/cfg.py:3006}}
May 05 01:30:07.557250 np0000171612 neutron-periodic-workers[104912]: DEBUG cotyledon.oslo_config_glue [-] ovn.stateless_nat_enabled = False {{(pid=104912) log_opt_values /opt/stack/data/venv/lib/python3.12/site-packages/oslo_config/cfg.py:3006}}
May 05 01:30:07.557303 np0000171612 neutron-periodic-workers[104912]: DEBUG cotyledon.oslo_config_glue [-] ovn.vhost_sock_dir = /var/run/openvswitch {{(pid=104912) log_opt_values /opt/stack/data/venv/lib/python3.12/site-packages/oslo_config/cfg.py:3006}}
May 05 01:30:07.557355 np0000171612 neutron-periodic-workers[104912]: DEBUG cotyledon.oslo_config_glue [-] OVS.bridge_mac_table_size = 50000 {{(pid=104912) log_opt_values /opt/stack/data/venv/lib/python3.12/site-packages/oslo_config/cfg.py:3006}}
May 05 01:30:07.557403 np0000171612 neutron-periodic-workers[104912]: DEBUG cotyledon.oslo_config_glue [-] OVS.igmp_flood = False {{(pid=104912) log_opt_values /opt/stack/data/venv/lib/python3.12/site-packages/oslo_config/cfg.py:3006}}
May 05 01:30:07.557449 np0000171612 neutron-periodic-workers[104912]: DEBUG cotyledon.oslo_config_glue [-] OVS.igmp_flood_reports = True {{(pid=104912) log_opt_values /opt/stack/data/venv/lib/python3.12/site-packages/oslo_config/cfg.py:3006}}
May 05 01:30:07.557494 np0000171612 neutron-periodic-workers[104912]: DEBUG cotyledon.oslo_config_glue [-] OVS.igmp_flood_unregistered = False {{(pid=104912) log_opt_values /opt/stack/data/venv/lib/python3.12/site-packages/oslo_config/cfg.py:3006}}
May 05 01:30:07.557541 np0000171612 neutron-periodic-workers[104912]: DEBUG cotyledon.oslo_config_glue [-] OVS.igmp_snooping_enable = False {{(pid=104912) log_opt_values /opt/stack/data/venv/lib/python3.12/site-packages/oslo_config/cfg.py:3006}}
May 05 01:30:07.557582 np0000171612 neutron-periodic-workers[104912]: DEBUG cotyledon.oslo_config_glue [-] OVS.ovsdb_timeout = 10 {{(pid=104912) log_opt_values /opt/stack/data/venv/lib/python3.12/site-packages/oslo_config/cfg.py:3006}}
May 05 01:30:07.557636 np0000171612 neutron-periodic-workers[104912]: DEBUG cotyledon.oslo_config_glue [-] ovn_nb_global.fdb_removal_limit = 0 {{(pid=104912) log_opt_values /opt/stack/data/venv/lib/python3.12/site-packages/oslo_config/cfg.py:3006}}
May 05 01:30:07.557682 np0000171612 neutron-periodic-workers[104912]: DEBUG cotyledon.oslo_config_glue [-] ovn_nb_global.ignore_lsp_down = False {{(pid=104912) log_opt_values /opt/stack/data/venv/lib/python3.12/site-packages/oslo_config/cfg.py:3006}}
May 05 01:30:07.557728 np0000171612 neutron-periodic-workers[104912]: DEBUG cotyledon.oslo_config_glue [-] ovn_nb_global.mac_binding_removal_limit = 0 {{(pid=104912) log_opt_values /opt/stack/data/venv/lib/python3.12/site-packages/oslo_config/cfg.py:3006}}
May 05 01:30:07.557793 np0000171612 neutron-periodic-workers[104912]: DEBUG cotyledon.oslo_config_glue [-] ******************************************************************************** {{(pid=104912) log_opt_values /opt/stack/data/venv/lib/python3.12/site-packages/oslo_config/cfg.py:3013}}
May 05 01:30:07.557979 np0000171612 neutron-periodic-workers[104912]: DEBUG cotyledon._service_worker [-] Run service ServiceWrapper(0) [104912] {{(pid=104912) wait_forever /opt/stack/data/venv/lib/python3.12/site-packages/cotyledon/_service_worker.py:218}}
May 05 01:30:17.178087 np0000171612 neutron-periodic-workers[104095]: DEBUG dbcounter [-] [104095] Writing DB stats neutron:SELECT=4 {{(pid=104095) stat_writer /opt/stack/data/venv/lib/python3.12/site-packages/dbcounter.py:115}}
May 05 01:31:04.511591 np0000171612 neutron-periodic-workers[104879]: DEBUG oslo_db.sqlalchemy.engines [None req-f9e4c1e5-1e92-4705-9f64-59a5b925c754 None None] Parent process 104095 forked (104879) with an open database connection, which is being discarded and recreated. {{(pid=104879) checkout /opt/stack/data/venv/lib/python3.12/site-packages/oslo_db/sqlalchemy/engines.py:402}}
May 05 01:31:04.540921 np0000171612 neutron-periodic-workers[104879]: DEBUG dbcounter [-] [104879] Writer thread running {{(pid=104879) stat_writer /opt/stack/data/venv/lib/python3.12/site-packages/dbcounter.py:102}}
May 05 01:31:04.558682 np0000171612 neutron-periodic-workers[104879]: DEBUG oslo.service.backend._threading.loopingcall [None req-f9e4c1e5-1e92-4705-9f64-59a5b925c754 None None] Fixed interval looping call 'neutron.services.ovn_l3.plugin.L3_NAT_dbonly_mixin._clean_garbage' sleeping for 299.95 seconds {{(pid=104879) _run_loop /opt/stack/data/venv/lib/python3.12/site-packages/oslo_service/backend/_threading/loopingcall.py:125}}
May 05 01:31:14.541734 np0000171612 neutron-periodic-workers[104879]: DEBUG dbcounter [-] [104879] Writing DB stats neutron:SELECT=1 {{(pid=104879) stat_writer /opt/stack/data/venv/lib/python3.12/site-packages/dbcounter.py:115}}
May 05 01:31:19.541477 np0000171612 neutron-periodic-workers[104888]: DEBUG dbcounter [-] [104888] Writer thread running {{(pid=104888) stat_writer /opt/stack/data/venv/lib/python3.12/site-packages/dbcounter.py:102}}
May 05 01:31:19.549934 np0000171612 neutron-periodic-workers[104888]: DEBUG oslo.service.backend._threading.loopingcall [None req-e4e9a81f-5ab3-4e11-b0d3-3227210b5a00 None None] Fixed interval looping call 'neutron.plugins.ml2.plugin.DhcpAgentSchedulerDbMixin.remove_networks_from_down_agents' sleeping for 36.98 seconds {{(pid=104888) _run_loop /opt/stack/data/venv/lib/python3.12/site-packages/oslo_service/backend/_threading/loopingcall.py:125}}
May 05 01:31:20.562431 np0000171612 neutron-periodic-workers[104898]: DEBUG dbcounter [-] [104898] Writer thread running {{(pid=104898) stat_writer /opt/stack/data/venv/lib/python3.12/site-packages/dbcounter.py:102}}
May 05 01:31:20.565610 np0000171612 neutron-periodic-workers[104898]: DEBUG neutron.db.agents_db [None req-dea02cb6-6bcf-4d2f-9e7d-dc1ab33392e5 None None] Agent healthcheck: found 0 active agents {{(pid=104898) agent_health_check /opt/stack/neutron/neutron/db/agents_db.py:317}}
May 05 01:31:20.565794 np0000171612 neutron-periodic-workers[104898]: DEBUG oslo.service.backend._threading.loopingcall [None req-dea02cb6-6bcf-4d2f-9e7d-dc1ab33392e5 None None] Fixed interval looping call 'neutron.plugins.ml2.plugin.AgentDbMixin.agent_health_check' sleeping for 36.98 seconds {{(pid=104898) _run_loop /opt/stack/data/venv/lib/python3.12/site-packages/oslo_service/backend/_threading/loopingcall.py:125}}
May 05 01:31:29.549011 np0000171612 neutron-periodic-workers[104888]: DEBUG dbcounter [-] [104888] Writing DB stats neutron:SELECT=3 {{(pid=104888) stat_writer /opt/stack/data/venv/lib/python3.12/site-packages/dbcounter.py:115}}
May 05 01:31:30.562933 np0000171612 neutron-periodic-workers[104898]: DEBUG dbcounter [-] [104898] Writing DB stats neutron:SELECT=1 {{(pid=104898) stat_writer /opt/stack/data/venv/lib/python3.12/site-packages/dbcounter.py:115}}
May 05 01:31:56.539965 np0000171612 neutron-periodic-workers[104888]: DEBUG oslo.service.backend._threading.loopingcall [None req-e4e9a81f-5ab3-4e11-b0d3-3227210b5a00 None None] Fixed interval looping call 'neutron.plugins.ml2.plugin.DhcpAgentSchedulerDbMixin.remove_networks_from_down_agents' sleeping for 36.99 seconds {{(pid=104888) _run_loop /opt/stack/data/venv/lib/python3.12/site-packages/oslo_service/backend/_threading/loopingcall.py:125}}
May 05 01:31:57.551866 np0000171612 neutron-periodic-workers[104898]: DEBUG neutron.db.agents_db [None req-dea02cb6-6bcf-4d2f-9e7d-dc1ab33392e5 None None] Agent healthcheck: found 0 active agents {{(pid=104898) agent_health_check /opt/stack/neutron/neutron/db/agents_db.py:317}}
May 05 01:31:57.552448 np0000171612 neutron-periodic-workers[104898]: DEBUG oslo.service.backend._threading.loopingcall [None req-dea02cb6-6bcf-4d2f-9e7d-dc1ab33392e5 None None] Fixed interval looping call 'neutron.plugins.ml2.plugin.AgentDbMixin.agent_health_check' sleeping for 36.99 seconds {{(pid=104898) _run_loop /opt/stack/data/venv/lib/python3.12/site-packages/oslo_service/backend/_threading/loopingcall.py:125}}
May 05 01:32:06.538553 np0000171612 neutron-periodic-workers[104888]: DEBUG dbcounter [-] [104888] Writing DB stats neutron:SELECT=3 {{(pid=104888) stat_writer /opt/stack/data/venv/lib/python3.12/site-packages/dbcounter.py:115}}
May 05 01:32:07.549902 np0000171612 neutron-periodic-workers[104898]: DEBUG dbcounter [-] [104898] Writing DB stats neutron:SELECT=1 {{(pid=104898) stat_writer /opt/stack/data/venv/lib/python3.12/site-packages/dbcounter.py:115}}
May 05 01:32:07.575642 np0000171612 neutron-periodic-workers[104912]: DEBUG dbcounter [-] [104912] Writer thread running {{(pid=104912) stat_writer /opt/stack/data/venv/lib/python3.12/site-packages/dbcounter.py:102}}
May 05 01:32:07.578216 np0000171612 neutron-periodic-workers[104912]: DEBUG oslo.service.backend._threading.loopingcall [None req-dabe959e-7a5b-4607-b520-9f5de407a5dc None None] Fixed interval looping call 'neutron.db.quota.driver_nolock.DbQuotaNoLockDriver._remove_expired_reservations' sleeping for 119.98 seconds {{(pid=104912) _run_loop /opt/stack/data/venv/lib/python3.12/site-packages/oslo_service/backend/_threading/loopingcall.py:125}}
May 05 01:32:17.576655 np0000171612 neutron-periodic-workers[104912]: DEBUG dbcounter [-] [104912] Writing DB stats neutron:DELETE=1 {{(pid=104912) stat_writer /opt/stack/data/venv/lib/python3.12/site-packages/dbcounter.py:115}}
May 05 01:32:33.541685 np0000171612 neutron-periodic-workers[104888]: DEBUG oslo.service.backend._threading.loopingcall [None req-e4e9a81f-5ab3-4e11-b0d3-3227210b5a00 None None] Fixed interval looping call 'neutron.plugins.ml2.plugin.DhcpAgentSchedulerDbMixin.remove_networks_from_down_agents' sleeping for 36.99 seconds {{(pid=104888) _run_loop /opt/stack/data/venv/lib/python3.12/site-packages/oslo_service/backend/_threading/loopingcall.py:125}}
May 05 01:32:34.547972 np0000171612 neutron-periodic-workers[104898]: DEBUG neutron.db.agents_db [None req-dea02cb6-6bcf-4d2f-9e7d-dc1ab33392e5 None None] Agent healthcheck: found 0 active agents {{(pid=104898) agent_health_check /opt/stack/neutron/neutron/db/agents_db.py:317}}
May 05 01:32:34.548602 np0000171612 neutron-periodic-workers[104898]: DEBUG oslo.service.backend._threading.loopingcall [None req-dea02cb6-6bcf-4d2f-9e7d-dc1ab33392e5 None None] Fixed interval looping call 'neutron.plugins.ml2.plugin.AgentDbMixin.agent_health_check' sleeping for 36.99 seconds {{(pid=104898) _run_loop /opt/stack/data/venv/lib/python3.12/site-packages/oslo_service/backend/_threading/loopingcall.py:125}}
May 05 01:32:43.540285 np0000171612 neutron-periodic-workers[104888]: DEBUG dbcounter [-] [104888] Writing DB stats neutron:SELECT=3 {{(pid=104888) stat_writer /opt/stack/data/venv/lib/python3.12/site-packages/dbcounter.py:115}}
May 05 01:32:44.546984 np0000171612 neutron-periodic-workers[104898]: DEBUG dbcounter [-] [104898] Writing DB stats neutron:SELECT=1 {{(pid=104898) stat_writer /opt/stack/data/venv/lib/python3.12/site-packages/dbcounter.py:115}}
May 05 01:33:10.541710 np0000171612 neutron-periodic-workers[104888]: DEBUG oslo.service.backend._threading.loopingcall [None req-e4e9a81f-5ab3-4e11-b0d3-3227210b5a00 None None] Fixed interval looping call 'neutron.plugins.ml2.plugin.DhcpAgentSchedulerDbMixin.remove_networks_from_down_agents' sleeping for 36.99 seconds {{(pid=104888) _run_loop /opt/stack/data/venv/lib/python3.12/site-packages/oslo_service/backend/_threading/loopingcall.py:125}}
May 05 01:33:11.543008 np0000171612 neutron-periodic-workers[104898]: DEBUG neutron.db.agents_db [None req-dea02cb6-6bcf-4d2f-9e7d-dc1ab33392e5 None None] Agent healthcheck: found 0 active agents {{(pid=104898) agent_health_check /opt/stack/neutron/neutron/db/agents_db.py:317}}
May 05 01:33:11.543833 np0000171612 neutron-periodic-workers[104898]: DEBUG oslo.service.backend._threading.loopingcall [None req-dea02cb6-6bcf-4d2f-9e7d-dc1ab33392e5 None None] Fixed interval looping call 'neutron.plugins.ml2.plugin.AgentDbMixin.agent_health_check' sleeping for 37.00 seconds {{(pid=104898) _run_loop /opt/stack/data/venv/lib/python3.12/site-packages/oslo_service/backend/_threading/loopingcall.py:125}}
May 05 01:33:20.540934 np0000171612 neutron-periodic-workers[104888]: DEBUG dbcounter [-] [104888] Writing DB stats neutron:SELECT=3 {{(pid=104888) stat_writer /opt/stack/data/venv/lib/python3.12/site-packages/dbcounter.py:115}}
May 05 01:33:21.541427 np0000171612 neutron-periodic-workers[104898]: DEBUG dbcounter [-] [104898] Writing DB stats neutron:SELECT=1 {{(pid=104898) stat_writer /opt/stack/data/venv/lib/python3.12/site-packages/dbcounter.py:115}}
May 05 01:33:47.543384 np0000171612 neutron-periodic-workers[104888]: DEBUG oslo.service.backend._threading.loopingcall [None req-e4e9a81f-5ab3-4e11-b0d3-3227210b5a00 None None] Fixed interval looping call 'neutron.plugins.ml2.plugin.DhcpAgentSchedulerDbMixin.remove_networks_from_down_agents' sleeping for 36.99 seconds {{(pid=104888) _run_loop /opt/stack/data/venv/lib/python3.12/site-packages/oslo_service/backend/_threading/loopingcall.py:125}}
May 05 01:33:48.548087 np0000171612 neutron-periodic-workers[104898]: DEBUG neutron.db.agents_db [None req-dea02cb6-6bcf-4d2f-9e7d-dc1ab33392e5 None None] Agent healthcheck: found 0 active agents {{(pid=104898) agent_health_check /opt/stack/neutron/neutron/db/agents_db.py:317}}
May 05 01:33:48.548329 np0000171612 neutron-periodic-workers[104898]: DEBUG oslo.service.backend._threading.loopingcall [None req-dea02cb6-6bcf-4d2f-9e7d-dc1ab33392e5 None None] Fixed interval looping call 'neutron.plugins.ml2.plugin.AgentDbMixin.agent_health_check' sleeping for 37.00 seconds {{(pid=104898) _run_loop /opt/stack/data/venv/lib/python3.12/site-packages/oslo_service/backend/_threading/loopingcall.py:125}}
May 05 01:33:57.541504 np0000171612 neutron-periodic-workers[104888]: DEBUG dbcounter [-] [104888] Writing DB stats neutron:SELECT=3 {{(pid=104888) stat_writer /opt/stack/data/venv/lib/python3.12/site-packages/dbcounter.py:115}}
May 05 01:33:58.546724 np0000171612 neutron-periodic-workers[104898]: DEBUG dbcounter [-] [104898] Writing DB stats neutron:SELECT=1 {{(pid=104898) stat_writer /opt/stack/data/venv/lib/python3.12/site-packages/dbcounter.py:115}}
May 05 01:34:07.563729 np0000171612 neutron-periodic-workers[104912]: DEBUG oslo.service.backend._threading.loopingcall [None req-dabe959e-7a5b-4607-b520-9f5de407a5dc None None] Fixed interval looping call 'neutron.db.quota.driver_nolock.DbQuotaNoLockDriver._remove_expired_reservations' sleeping for 120.00 seconds {{(pid=104912) _run_loop /opt/stack/data/venv/lib/python3.12/site-packages/oslo_service/backend/_threading/loopingcall.py:125}}
May 05 01:34:17.563245 np0000171612 neutron-periodic-workers[104912]: DEBUG dbcounter [-] [104912] Writing DB stats neutron:DELETE=1 {{(pid=104912) stat_writer /opt/stack/data/venv/lib/python3.12/site-packages/dbcounter.py:115}}
May 05 01:34:24.542917 np0000171612 neutron-periodic-workers[104888]: DEBUG oslo.service.backend._threading.loopingcall [None req-e4e9a81f-5ab3-4e11-b0d3-3227210b5a00 None None] Fixed interval looping call 'neutron.plugins.ml2.plugin.DhcpAgentSchedulerDbMixin.remove_networks_from_down_agents' sleeping for 36.99 seconds {{(pid=104888) _run_loop /opt/stack/data/venv/lib/python3.12/site-packages/oslo_service/backend/_threading/loopingcall.py:125}}
May 05 01:34:25.555445 np0000171612 neutron-periodic-workers[104898]: DEBUG neutron.db.agents_db [None req-dea02cb6-6bcf-4d2f-9e7d-dc1ab33392e5 None None] Agent healthcheck: found 0 active agents {{(pid=104898) agent_health_check /opt/stack/neutron/neutron/db/agents_db.py:317}}
May 05 01:34:25.556095 np0000171612 neutron-periodic-workers[104898]: DEBUG oslo.service.backend._threading.loopingcall [None req-dea02cb6-6bcf-4d2f-9e7d-dc1ab33392e5 None None] Fixed interval looping call 'neutron.plugins.ml2.plugin.AgentDbMixin.agent_health_check' sleeping for 36.99 seconds {{(pid=104898) _run_loop /opt/stack/data/venv/lib/python3.12/site-packages/oslo_service/backend/_threading/loopingcall.py:125}}
May 05 01:34:34.541832 np0000171612 neutron-periodic-workers[104888]: DEBUG dbcounter [-] [104888] Writing DB stats neutron:SELECT=3 {{(pid=104888) stat_writer /opt/stack/data/venv/lib/python3.12/site-packages/dbcounter.py:115}}
May 05 01:34:35.553582 np0000171612 neutron-periodic-workers[104898]: DEBUG dbcounter [-] [104898] Writing DB stats neutron:SELECT=1 {{(pid=104898) stat_writer /opt/stack/data/venv/lib/python3.12/site-packages/dbcounter.py:115}}
May 05 01:35:01.543445 np0000171612 neutron-periodic-workers[104888]: DEBUG oslo.service.backend._threading.loopingcall [None req-e4e9a81f-5ab3-4e11-b0d3-3227210b5a00 None None] Fixed interval looping call 'neutron.plugins.ml2.plugin.DhcpAgentSchedulerDbMixin.remove_networks_from_down_agents' sleeping for 36.99 seconds {{(pid=104888) _run_loop /opt/stack/data/venv/lib/python3.12/site-packages/oslo_service/backend/_threading/loopingcall.py:125}}
May 05 01:35:02.550446 np0000171612 neutron-periodic-workers[104898]: DEBUG neutron.db.agents_db [None req-dea02cb6-6bcf-4d2f-9e7d-dc1ab33392e5 None None] Agent healthcheck: found 0 active agents {{(pid=104898) agent_health_check /opt/stack/neutron/neutron/db/agents_db.py:317}}
May 05 01:35:02.551237 np0000171612 neutron-periodic-workers[104898]: DEBUG oslo.service.backend._threading.loopingcall [None req-dea02cb6-6bcf-4d2f-9e7d-dc1ab33392e5 None None] Fixed interval looping call 'neutron.plugins.ml2.plugin.AgentDbMixin.agent_health_check' sleeping for 37.00 seconds {{(pid=104898) _run_loop /opt/stack/data/venv/lib/python3.12/site-packages/oslo_service/backend/_threading/loopingcall.py:125}}
May 05 01:35:11.541915 np0000171612 neutron-periodic-workers[104888]: DEBUG dbcounter [-] [104888] Writing DB stats neutron:SELECT=3 {{(pid=104888) stat_writer /opt/stack/data/venv/lib/python3.12/site-packages/dbcounter.py:115}}
May 05 01:35:12.549352 np0000171612 neutron-periodic-workers[104898]: DEBUG dbcounter [-] [104898] Writing DB stats neutron:SELECT=1 {{(pid=104898) stat_writer /opt/stack/data/venv/lib/python3.12/site-packages/dbcounter.py:115}}
May 05 01:35:38.542498 np0000171612 neutron-periodic-workers[104888]: DEBUG oslo.service.backend._threading.loopingcall [None req-e4e9a81f-5ab3-4e11-b0d3-3227210b5a00 None None] Fixed interval looping call 'neutron.plugins.ml2.plugin.DhcpAgentSchedulerDbMixin.remove_networks_from_down_agents' sleeping for 36.99 seconds {{(pid=104888) _run_loop /opt/stack/data/venv/lib/python3.12/site-packages/oslo_service/backend/_threading/loopingcall.py:125}}
May 05 01:35:39.556189 np0000171612 neutron-periodic-workers[104898]: DEBUG neutron.db.agents_db [None req-dea02cb6-6bcf-4d2f-9e7d-dc1ab33392e5 None None] Agent healthcheck: found 0 active agents {{(pid=104898) agent_health_check /opt/stack/neutron/neutron/db/agents_db.py:317}}
May 05 01:35:39.556710 np0000171612 neutron-periodic-workers[104898]: DEBUG oslo.service.backend._threading.loopingcall [None req-dea02cb6-6bcf-4d2f-9e7d-dc1ab33392e5 None None] Fixed interval looping call 'neutron.plugins.ml2.plugin.AgentDbMixin.agent_health_check' sleeping for 36.99 seconds {{(pid=104898) _run_loop /opt/stack/data/venv/lib/python3.12/site-packages/oslo_service/backend/_threading/loopingcall.py:125}}
May 05 01:35:48.541560 np0000171612 neutron-periodic-workers[104888]: DEBUG dbcounter [-] [104888] Writing DB stats neutron:SELECT=3 {{(pid=104888) stat_writer /opt/stack/data/venv/lib/python3.12/site-packages/dbcounter.py:115}}
May 05 01:35:49.554434 np0000171612 neutron-periodic-workers[104898]: DEBUG dbcounter [-] [104898] Writing DB stats neutron:SELECT=1 {{(pid=104898) stat_writer /opt/stack/data/venv/lib/python3.12/site-packages/dbcounter.py:115}}
May 05 01:36:04.518444 np0000171612 neutron-periodic-workers[104879]: DEBUG oslo.service.backend._threading.loopingcall [None req-f9e4c1e5-1e92-4705-9f64-59a5b925c754 None None] Fixed interval looping call 'neutron.services.ovn_l3.plugin.L3_NAT_dbonly_mixin._clean_garbage' sleeping for 299.99 seconds {{(pid=104879) _run_loop /opt/stack/data/venv/lib/python3.12/site-packages/oslo_service/backend/_threading/loopingcall.py:125}}
May 05 01:36:07.569661 np0000171612 neutron-periodic-workers[104912]: DEBUG oslo.service.backend._threading.loopingcall [None req-dabe959e-7a5b-4607-b520-9f5de407a5dc None None] Fixed interval looping call 'neutron.db.quota.driver_nolock.DbQuotaNoLockDriver._remove_expired_reservations' sleeping for 119.99 seconds {{(pid=104912) _run_loop /opt/stack/data/venv/lib/python3.12/site-packages/oslo_service/backend/_threading/loopingcall.py:125}}
May 05 01:36:14.512582 np0000171612 neutron-periodic-workers[104879]: DEBUG dbcounter [-] [104879] Writing DB stats neutron:SELECT=1 {{(pid=104879) stat_writer /opt/stack/data/venv/lib/python3.12/site-packages/dbcounter.py:115}}
May 05 01:36:15.541515 np0000171612 neutron-periodic-workers[104888]: DEBUG oslo.service.backend._threading.loopingcall [None req-e4e9a81f-5ab3-4e11-b0d3-3227210b5a00 None None] Fixed interval looping call 'neutron.plugins.ml2.plugin.DhcpAgentSchedulerDbMixin.remove_networks_from_down_agents' sleeping for 36.99 seconds {{(pid=104888) _run_loop /opt/stack/data/venv/lib/python3.12/site-packages/oslo_service/backend/_threading/loopingcall.py:125}}
May 05 01:36:16.552808 np0000171612 neutron-periodic-workers[104898]: DEBUG neutron.db.agents_db [None req-dea02cb6-6bcf-4d2f-9e7d-dc1ab33392e5 None None] Agent healthcheck: found 0 active agents {{(pid=104898) agent_health_check /opt/stack/neutron/neutron/db/agents_db.py:317}}
May 05 01:36:16.553457 np0000171612 neutron-periodic-workers[104898]: DEBUG oslo.service.backend._threading.loopingcall [None req-dea02cb6-6bcf-4d2f-9e7d-dc1ab33392e5 None None] Fixed interval looping call 'neutron.plugins.ml2.plugin.AgentDbMixin.agent_health_check' sleeping for 36.99 seconds {{(pid=104898) _run_loop /opt/stack/data/venv/lib/python3.12/site-packages/oslo_service/backend/_threading/loopingcall.py:125}}
May 05 01:36:17.568078 np0000171612 neutron-periodic-workers[104912]: DEBUG dbcounter [-] [104912] Writing DB stats neutron:DELETE=1 {{(pid=104912) stat_writer /opt/stack/data/venv/lib/python3.12/site-packages/dbcounter.py:115}}
May 05 01:36:25.541319 np0000171612 neutron-periodic-workers[104888]: DEBUG dbcounter [-] [104888] Writing DB stats neutron:SELECT=3 {{(pid=104888) stat_writer /opt/stack/data/venv/lib/python3.12/site-packages/dbcounter.py:115}}
May 05 01:36:26.550280 np0000171612 neutron-periodic-workers[104898]: DEBUG dbcounter [-] [104898] Writing DB stats neutron:SELECT=1 {{(pid=104898) stat_writer /opt/stack/data/venv/lib/python3.12/site-packages/dbcounter.py:115}}
May 05 01:36:52.539414 np0000171612 neutron-periodic-workers[104888]: DEBUG oslo.service.backend._threading.loopingcall [None req-e4e9a81f-5ab3-4e11-b0d3-3227210b5a00 None None] Fixed interval looping call 'neutron.plugins.ml2.plugin.DhcpAgentSchedulerDbMixin.remove_networks_from_down_agents' sleeping for 36.99 seconds {{(pid=104888) _run_loop /opt/stack/data/venv/lib/python3.12/site-packages/oslo_service/backend/_threading/loopingcall.py:125}}
May 05 01:36:53.548581 np0000171612 neutron-periodic-workers[104898]: DEBUG neutron.db.agents_db [None req-dea02cb6-6bcf-4d2f-9e7d-dc1ab33392e5 None None] Agent healthcheck: found 0 active agents {{(pid=104898) agent_health_check /opt/stack/neutron/neutron/db/agents_db.py:317}}
May 05 01:36:53.549278 np0000171612 neutron-periodic-workers[104898]: DEBUG oslo.service.backend._threading.loopingcall [None req-dea02cb6-6bcf-4d2f-9e7d-dc1ab33392e5 None None] Fixed interval looping call 'neutron.plugins.ml2.plugin.AgentDbMixin.agent_health_check' sleeping for 36.99 seconds {{(pid=104898) _run_loop /opt/stack/data/venv/lib/python3.12/site-packages/oslo_service/backend/_threading/loopingcall.py:125}}
May 05 01:37:02.538607 np0000171612 neutron-periodic-workers[104888]: DEBUG dbcounter [-] [104888] Writing DB stats neutron:SELECT=3 {{(pid=104888) stat_writer /opt/stack/data/venv/lib/python3.12/site-packages/dbcounter.py:115}}
May 05 01:37:03.546796 np0000171612 neutron-periodic-workers[104898]: DEBUG dbcounter [-] [104898] Writing DB stats neutron:SELECT=1 {{(pid=104898) stat_writer /opt/stack/data/venv/lib/python3.12/site-packages/dbcounter.py:115}}
May 05 01:37:29.538030 np0000171612 neutron-periodic-workers[104888]: DEBUG oslo.service.backend._threading.loopingcall [None req-e4e9a81f-5ab3-4e11-b0d3-3227210b5a00 None None] Fixed interval looping call 'neutron.plugins.ml2.plugin.DhcpAgentSchedulerDbMixin.remove_networks_from_down_agents' sleeping for 36.99 seconds {{(pid=104888) _run_loop /opt/stack/data/venv/lib/python3.12/site-packages/oslo_service/backend/_threading/loopingcall.py:125}}
May 05 01:37:30.544315 np0000171612 neutron-periodic-workers[104898]: DEBUG neutron.db.agents_db [None req-dea02cb6-6bcf-4d2f-9e7d-dc1ab33392e5 None None] Agent healthcheck: found 0 active agents {{(pid=104898) agent_health_check /opt/stack/neutron/neutron/db/agents_db.py:317}}
May 05 01:37:30.545004 np0000171612 neutron-periodic-workers[104898]: DEBUG oslo.service.backend._threading.loopingcall [None req-dea02cb6-6bcf-4d2f-9e7d-dc1ab33392e5 None None] Fixed interval looping call 'neutron.plugins.ml2.plugin.AgentDbMixin.agent_health_check' sleeping for 36.99 seconds {{(pid=104898) _run_loop /opt/stack/data/venv/lib/python3.12/site-packages/oslo_service/backend/_threading/loopingcall.py:125}}
May 05 01:37:39.537266 np0000171612 neutron-periodic-workers[104888]: DEBUG dbcounter [-] [104888] Writing DB stats neutron:SELECT=3 {{(pid=104888) stat_writer /opt/stack/data/venv/lib/python3.12/site-packages/dbcounter.py:115}}
May 05 01:37:40.542644 np0000171612 neutron-periodic-workers[104898]: DEBUG dbcounter [-] [104898] Writing DB stats neutron:SELECT=1 {{(pid=104898) stat_writer /opt/stack/data/venv/lib/python3.12/site-packages/dbcounter.py:115}}
May 05 01:38:06.541887 np0000171612 neutron-periodic-workers[104888]: DEBUG oslo.service.backend._threading.loopingcall [None req-e4e9a81f-5ab3-4e11-b0d3-3227210b5a00 None None] Fixed interval looping call 'neutron.plugins.ml2.plugin.DhcpAgentSchedulerDbMixin.remove_networks_from_down_agents' sleeping for 36.99 seconds {{(pid=104888) _run_loop /opt/stack/data/venv/lib/python3.12/site-packages/oslo_service/backend/_threading/loopingcall.py:125}}
May 05 01:38:07.539793 np0000171612 neutron-periodic-workers[104898]: DEBUG neutron.db.agents_db [None req-dea02cb6-6bcf-4d2f-9e7d-dc1ab33392e5 None None] Agent healthcheck: found 0 active agents {{(pid=104898) agent_health_check /opt/stack/neutron/neutron/db/agents_db.py:317}}
May 05 01:38:07.540291 np0000171612 neutron-periodic-workers[104898]: DEBUG oslo.service.backend._threading.loopingcall [None req-dea02cb6-6bcf-4d2f-9e7d-dc1ab33392e5 None None] Fixed interval looping call 'neutron.plugins.ml2.plugin.AgentDbMixin.agent_health_check' sleeping for 36.99 seconds {{(pid=104898) _run_loop /opt/stack/data/venv/lib/python3.12/site-packages/oslo_service/backend/_threading/loopingcall.py:125}}
May 05 01:38:07.562866 np0000171612 neutron-periodic-workers[104912]: DEBUG oslo.service.backend._threading.loopingcall [None req-dabe959e-7a5b-4607-b520-9f5de407a5dc None None] Fixed interval looping call 'neutron.db.quota.driver_nolock.DbQuotaNoLockDriver._remove_expired_reservations' sleeping for 120.00 seconds {{(pid=104912) _run_loop /opt/stack/data/venv/lib/python3.12/site-packages/oslo_service/backend/_threading/loopingcall.py:125}}
May 05 01:38:16.540632 np0000171612 neutron-periodic-workers[104888]: DEBUG dbcounter [-] [104888] Writing DB stats neutron:SELECT=3 {{(pid=104888) stat_writer /opt/stack/data/venv/lib/python3.12/site-packages/dbcounter.py:115}}
May 05 01:38:17.538689 np0000171612 neutron-periodic-workers[104898]: DEBUG dbcounter [-] [104898] Writing DB stats neutron:SELECT=1 {{(pid=104898) stat_writer /opt/stack/data/venv/lib/python3.12/site-packages/dbcounter.py:115}}
May 05 01:38:17.562510 np0000171612 neutron-periodic-workers[104912]: DEBUG dbcounter [-] [104912] Writing DB stats neutron:DELETE=1 {{(pid=104912) stat_writer /opt/stack/data/venv/lib/python3.12/site-packages/dbcounter.py:115}}
May 05 01:38:43.541127 np0000171612 neutron-periodic-workers[104888]: DEBUG oslo.service.backend._threading.loopingcall [None req-e4e9a81f-5ab3-4e11-b0d3-3227210b5a00 None None] Fixed interval looping call 'neutron.plugins.ml2.plugin.DhcpAgentSchedulerDbMixin.remove_networks_from_down_agents' sleeping for 36.99 seconds {{(pid=104888) _run_loop /opt/stack/data/venv/lib/python3.12/site-packages/oslo_service/backend/_threading/loopingcall.py:125}}
May 05 01:38:44.534551 np0000171612 neutron-periodic-workers[104898]: DEBUG neutron.db.agents_db [None req-dea02cb6-6bcf-4d2f-9e7d-dc1ab33392e5 None None] Agent healthcheck: found 0 active agents {{(pid=104898) agent_health_check /opt/stack/neutron/neutron/db/agents_db.py:317}}
May 05 01:38:44.535299 np0000171612 neutron-periodic-workers[104898]: DEBUG oslo.service.backend._threading.loopingcall [None req-dea02cb6-6bcf-4d2f-9e7d-dc1ab33392e5 None None] Fixed interval looping call 'neutron.plugins.ml2.plugin.AgentDbMixin.agent_health_check' sleeping for 37.00 seconds {{(pid=104898) _run_loop /opt/stack/data/venv/lib/python3.12/site-packages/oslo_service/backend/_threading/loopingcall.py:125}}
May 05 01:38:53.540287 np0000171612 neutron-periodic-workers[104888]: DEBUG dbcounter [-] [104888] Writing DB stats neutron:SELECT=3 {{(pid=104888) stat_writer /opt/stack/data/venv/lib/python3.12/site-packages/dbcounter.py:115}}
May 05 01:38:54.534914 np0000171612 neutron-periodic-workers[104898]: DEBUG dbcounter [-] [104898] Writing DB stats neutron:SELECT=1 {{(pid=104898) stat_writer /opt/stack/data/venv/lib/python3.12/site-packages/dbcounter.py:115}}
May 05 01:39:20.543405 np0000171612 neutron-periodic-workers[104888]: DEBUG oslo.service.backend._threading.loopingcall [None req-e4e9a81f-5ab3-4e11-b0d3-3227210b5a00 None None] Fixed interval looping call 'neutron.plugins.ml2.plugin.DhcpAgentSchedulerDbMixin.remove_networks_from_down_agents' sleeping for 36.99 seconds {{(pid=104888) _run_loop /opt/stack/data/venv/lib/python3.12/site-packages/oslo_service/backend/_threading/loopingcall.py:125}}
May 05 01:39:21.539992 np0000171612 neutron-periodic-workers[104898]: DEBUG neutron.db.agents_db [None req-dea02cb6-6bcf-4d2f-9e7d-dc1ab33392e5 None None] Agent healthcheck: found 0 active agents {{(pid=104898) agent_health_check /opt/stack/neutron/neutron/db/agents_db.py:317}}
May 05 01:39:21.540664 np0000171612 neutron-periodic-workers[104898]: DEBUG oslo.service.backend._threading.loopingcall [None req-dea02cb6-6bcf-4d2f-9e7d-dc1ab33392e5 None None] Fixed interval looping call 'neutron.plugins.ml2.plugin.AgentDbMixin.agent_health_check' sleeping for 36.99 seconds {{(pid=104898) _run_loop /opt/stack/data/venv/lib/python3.12/site-packages/oslo_service/backend/_threading/loopingcall.py:125}}
May 05 01:39:30.541802 np0000171612 neutron-periodic-workers[104888]: DEBUG dbcounter [-] [104888] Writing DB stats neutron:SELECT=3 {{(pid=104888) stat_writer /opt/stack/data/venv/lib/python3.12/site-packages/dbcounter.py:115}}
May 05 01:39:31.538140 np0000171612 neutron-periodic-workers[104898]: DEBUG dbcounter [-] [104898] Writing DB stats neutron:SELECT=1 {{(pid=104898) stat_writer /opt/stack/data/venv/lib/python3.12/site-packages/dbcounter.py:115}}
May 05 01:39:57.545574 np0000171612 neutron-periodic-workers[104888]: DEBUG oslo.service.backend._threading.loopingcall [None req-e4e9a81f-5ab3-4e11-b0d3-3227210b5a00 None None] Fixed interval looping call 'neutron.plugins.ml2.plugin.DhcpAgentSchedulerDbMixin.remove_networks_from_down_agents' sleeping for 36.99 seconds {{(pid=104888) _run_loop /opt/stack/data/venv/lib/python3.12/site-packages/oslo_service/backend/_threading/loopingcall.py:125}}
May 05 01:39:58.537261 np0000171612 neutron-periodic-workers[104898]: DEBUG neutron.db.agents_db [None req-dea02cb6-6bcf-4d2f-9e7d-dc1ab33392e5 None None] Agent healthcheck: found 0 active agents {{(pid=104898) agent_health_check /opt/stack/neutron/neutron/db/agents_db.py:317}}
May 05 01:39:58.537859 np0000171612 neutron-periodic-workers[104898]: DEBUG oslo.service.backend._threading.loopingcall [None req-dea02cb6-6bcf-4d2f-9e7d-dc1ab33392e5 None None] Fixed interval looping call 'neutron.plugins.ml2.plugin.AgentDbMixin.agent_health_check' sleeping for 36.99 seconds {{(pid=104898) _run_loop /opt/stack/data/venv/lib/python3.12/site-packages/oslo_service/backend/_threading/loopingcall.py:125}}
May 05 01:40:07.543956 np0000171612 neutron-periodic-workers[104888]: DEBUG dbcounter [-] [104888] Writing DB stats neutron:SELECT=3 {{(pid=104888) stat_writer /opt/stack/data/venv/lib/python3.12/site-packages/dbcounter.py:115}}
May 05 01:40:07.565577 np0000171612 neutron-periodic-workers[104912]: DEBUG oslo.service.backend._threading.loopingcall [None req-dabe959e-7a5b-4607-b520-9f5de407a5dc None None] Fixed interval looping call 'neutron.db.quota.driver_nolock.DbQuotaNoLockDriver._remove_expired_reservations' sleeping for 120.00 seconds {{(pid=104912) _run_loop /opt/stack/data/venv/lib/python3.12/site-packages/oslo_service/backend/_threading/loopingcall.py:125}}
May 05 01:40:08.534165 np0000171612 neutron-periodic-workers[104898]: DEBUG dbcounter [-] [104898] Writing DB stats neutron:SELECT=1 {{(pid=104898) stat_writer /opt/stack/data/venv/lib/python3.12/site-packages/dbcounter.py:115}}
May 05 01:40:17.565524 np0000171612 neutron-periodic-workers[104912]: DEBUG dbcounter [-] [104912] Writing DB stats neutron:DELETE=1 {{(pid=104912) stat_writer /opt/stack/data/venv/lib/python3.12/site-packages/dbcounter.py:115}}
May 05 01:40:34.543845 np0000171612 neutron-periodic-workers[104888]: DEBUG oslo.service.backend._threading.loopingcall [None req-e4e9a81f-5ab3-4e11-b0d3-3227210b5a00 None None] Fixed interval looping call 'neutron.plugins.ml2.plugin.DhcpAgentSchedulerDbMixin.remove_networks_from_down_agents' sleeping for 36.99 seconds {{(pid=104888) _run_loop /opt/stack/data/venv/lib/python3.12/site-packages/oslo_service/backend/_threading/loopingcall.py:125}}
May 05 01:40:35.531254 np0000171612 neutron-periodic-workers[104898]: DEBUG neutron.db.agents_db [None req-dea02cb6-6bcf-4d2f-9e7d-dc1ab33392e5 None None] Agent healthcheck: found 0 active agents {{(pid=104898) agent_health_check /opt/stack/neutron/neutron/db/agents_db.py:317}}
May 05 01:40:35.531987 np0000171612 neutron-periodic-workers[104898]: DEBUG oslo.service.backend._threading.loopingcall [None req-dea02cb6-6bcf-4d2f-9e7d-dc1ab33392e5 None None] Fixed interval looping call 'neutron.plugins.ml2.plugin.AgentDbMixin.agent_health_check' sleeping for 37.00 seconds {{(pid=104898) _run_loop /opt/stack/data/venv/lib/python3.12/site-packages/oslo_service/backend/_threading/loopingcall.py:125}}
May 05 01:40:44.544089 np0000171612 neutron-periodic-workers[104888]: DEBUG dbcounter [-] [104888] Writing DB stats neutron:SELECT=3 {{(pid=104888) stat_writer /opt/stack/data/venv/lib/python3.12/site-packages/dbcounter.py:115}}
May 05 01:40:45.529889 np0000171612 neutron-periodic-workers[104898]: DEBUG dbcounter [-] [104898] Writing DB stats neutron:SELECT=1 {{(pid=104898) stat_writer /opt/stack/data/venv/lib/python3.12/site-packages/dbcounter.py:115}}
May 05 01:41:04.522903 np0000171612 neutron-periodic-workers[104879]: DEBUG oslo.service.backend._threading.loopingcall [None req-f9e4c1e5-1e92-4705-9f64-59a5b925c754 None None] Fixed interval looping call 'neutron.services.ovn_l3.plugin.L3_NAT_dbonly_mixin._clean_garbage' sleeping for 299.99 seconds {{(pid=104879) _run_loop /opt/stack/data/venv/lib/python3.12/site-packages/oslo_service/backend/_threading/loopingcall.py:125}}
May 05 01:41:11.539211 np0000171612 neutron-periodic-workers[104888]: DEBUG oslo.service.backend._threading.loopingcall [None req-e4e9a81f-5ab3-4e11-b0d3-3227210b5a00 None None] Fixed interval looping call 'neutron.plugins.ml2.plugin.DhcpAgentSchedulerDbMixin.remove_networks_from_down_agents' sleeping for 36.99 seconds {{(pid=104888) _run_loop /opt/stack/data/venv/lib/python3.12/site-packages/oslo_service/backend/_threading/loopingcall.py:125}}
May 05 01:41:12.535513 np0000171612 neutron-periodic-workers[104898]: DEBUG neutron.db.agents_db [None req-dea02cb6-6bcf-4d2f-9e7d-dc1ab33392e5 None None] Agent healthcheck: found 0 active agents {{(pid=104898) agent_health_check /opt/stack/neutron/neutron/db/agents_db.py:317}}
