May 12 19:10:24.390905 np0000173793 devstack@neutron-api.service[103158]: DEBUG dbcounter [-] [103158] Writing DB stats neutron:UPDATE=1,neutron:SELECT=1 {{(pid=103158) stat_writer /opt/stack/data/venv/lib/python3.12/site-packages/dbcounter.py:115}}
May 12 19:10:24.391564 np0000173793 devstack@neutron-api.service[103159]: DEBUG dbcounter [-] [103159] Writing DB stats neutron:UPDATE=1,neutron:SELECT=1 {{(pid=103159) stat_writer /opt/stack/data/venv/lib/python3.12/site-packages/dbcounter.py:115}}
May 12 19:10:28.069467 np0000173793 devstack@neutron-api.service[103160]: DEBUG futurist.periodics [-] Submitting periodic callback 'neutron.plugins.ml2.drivers.ovn.mech_driver.ovsdb.maintenance.HashRingHealthCheckPeriodics.touch_hash_ring_node' {{(pid=103160) _process_scheduled /opt/stack/data/venv/lib/python3.12/site-packages/futurist/periodics.py:784}}
May 12 19:10:28.070141 np0000173793 devstack@neutron-api.service[103160]: DEBUG neutron.plugins.ml2.drivers.ovn.mech_driver.ovsdb.maintenance [-] Touching Hash Ring node "0f0c875df1ab5c58a4192311a0fed0ee" from periodic health check thread {{(pid=103160) touch_hash_ring_node /opt/stack/neutron/neutron/plugins/ml2/drivers/ovn/mech_driver/ovsdb/maintenance.py:1466}}
May 12 19:10:28.813038 np0000173793 devstack@neutron-api.service[103161]: DEBUG futurist.periodics [-] Submitting periodic callback 'neutron.plugins.ml2.drivers.ovn.mech_driver.ovsdb.maintenance.HashRingHealthCheckPeriodics.touch_hash_ring_node' {{(pid=103161) _process_scheduled /opt/stack/data/venv/lib/python3.12/site-packages/futurist/periodics.py:784}}
May 12 19:10:28.814355 np0000173793 devstack@neutron-api.service[103161]: DEBUG neutron.plugins.ml2.drivers.ovn.mech_driver.ovsdb.maintenance [-] Touching Hash Ring node "ec116b7ee9ab56da8f299a680dc15080" from periodic health check thread {{(pid=103161) touch_hash_ring_node /opt/stack/neutron/neutron/plugins/ml2/drivers/ovn/mech_driver/ovsdb/maintenance.py:1466}}
May 12 19:10:28.837554 np0000173793 devstack@neutron-api.service[103159]: DEBUG futurist.periodics [-] Submitting periodic callback 'neutron.plugins.ml2.drivers.ovn.mech_driver.ovsdb.maintenance.HashRingHealthCheckPeriodics.touch_hash_ring_node' {{(pid=103159) _process_scheduled /opt/stack/data/venv/lib/python3.12/site-packages/futurist/periodics.py:784}}
May 12 19:10:28.838839 np0000173793 devstack@neutron-api.service[103159]: DEBUG neutron.plugins.ml2.drivers.ovn.mech_driver.ovsdb.maintenance [-] Touching Hash Ring node "0bddd176594c509ba4bbf2bde5a27f34" from periodic health check thread {{(pid=103159) touch_hash_ring_node /opt/stack/neutron/neutron/plugins/ml2/drivers/ovn/mech_driver/ovsdb/maintenance.py:1466}}
May 12 19:10:28.863441 np0000173793 devstack@neutron-api.service[103158]: DEBUG futurist.periodics [-] Submitting periodic callback 'neutron.plugins.ml2.drivers.ovn.mech_driver.ovsdb.maintenance.HashRingHealthCheckPeriodics.touch_hash_ring_node' {{(pid=103158) _process_scheduled /opt/stack/data/venv/lib/python3.12/site-packages/futurist/periodics.py:784}}
May 12 19:10:28.865451 np0000173793 devstack@neutron-api.service[103158]: DEBUG neutron.plugins.ml2.drivers.ovn.mech_driver.ovsdb.maintenance [-] Touching Hash Ring node "2e4d82e96abc5fd0990069ea7a015412" from periodic health check thread {{(pid=103158) touch_hash_ring_node /opt/stack/neutron/neutron/plugins/ml2/drivers/ovn/mech_driver/ovsdb/maintenance.py:1466}}
May 12 19:10:38.080611 np0000173793 devstack@neutron-api.service[103160]: DEBUG dbcounter [-] [103160] Writing DB stats neutron:UPDATE=1,neutron:SELECT=1 {{(pid=103160) stat_writer /opt/stack/data/venv/lib/python3.12/site-packages/dbcounter.py:115}}
May 12 19:10:38.825236 np0000173793 devstack@neutron-api.service[103161]: DEBUG dbcounter [-] [103161] Writing DB stats neutron:UPDATE=1,neutron:SELECT=1 {{(pid=103161) stat_writer /opt/stack/data/venv/lib/python3.12/site-packages/dbcounter.py:115}}
May 12 19:10:38.848305 np0000173793 devstack@neutron-api.service[103159]: DEBUG dbcounter [-] [103159] Writing DB stats neutron:UPDATE=1,neutron:SELECT=1 {{(pid=103159) stat_writer /opt/stack/data/venv/lib/python3.12/site-packages/dbcounter.py:115}}
May 12 19:10:38.874690 np0000173793 devstack@neutron-api.service[103158]: DEBUG dbcounter [-] [103158] Writing DB stats neutron:UPDATE=1,neutron:SELECT=1 {{(pid=103158) stat_writer /opt/stack/data/venv/lib/python3.12/site-packages/dbcounter.py:115}}
May 12 19:10:43.070152 np0000173793 devstack@neutron-api.service[103160]: DEBUG futurist.periodics [-] Submitting periodic callback 'neutron.plugins.ml2.drivers.ovn.mech_driver.ovsdb.maintenance.HashRingHealthCheckPeriodics.touch_hash_ring_node' {{(pid=103160) _process_scheduled /opt/stack/data/venv/lib/python3.12/site-packages/futurist/periodics.py:784}}
May 12 19:10:43.070708 np0000173793 devstack@neutron-api.service[103160]: DEBUG neutron.plugins.ml2.drivers.ovn.mech_driver.ovsdb.maintenance [-] Touching Hash Ring node "0f0c875df1ab5c58a4192311a0fed0ee" from periodic health check thread {{(pid=103160) touch_hash_ring_node /opt/stack/neutron/neutron/plugins/ml2/drivers/ovn/mech_driver/ovsdb/maintenance.py:1466}}
May 12 19:10:43.814936 np0000173793 devstack@neutron-api.service[103161]: DEBUG futurist.periodics [-] Submitting periodic callback 'neutron.plugins.ml2.drivers.ovn.mech_driver.ovsdb.maintenance.HashRingHealthCheckPeriodics.touch_hash_ring_node' {{(pid=103161) _process_scheduled /opt/stack/data/venv/lib/python3.12/site-packages/futurist/periodics.py:784}}
May 12 19:10:43.815710 np0000173793 devstack@neutron-api.service[103161]: DEBUG neutron.plugins.ml2.drivers.ovn.mech_driver.ovsdb.maintenance [-] Touching Hash Ring node "ec116b7ee9ab56da8f299a680dc15080" from periodic health check thread {{(pid=103161) touch_hash_ring_node /opt/stack/neutron/neutron/plugins/ml2/drivers/ovn/mech_driver/ovsdb/maintenance.py:1466}}
May 12 19:10:43.839251 np0000173793 devstack@neutron-api.service[103159]: DEBUG futurist.periodics [-] Submitting periodic callback 'neutron.plugins.ml2.drivers.ovn.mech_driver.ovsdb.maintenance.HashRingHealthCheckPeriodics.touch_hash_ring_node' {{(pid=103159) _process_scheduled /opt/stack/data/venv/lib/python3.12/site-packages/futurist/periodics.py:784}}
May 12 19:10:43.839753 np0000173793 devstack@neutron-api.service[103159]: DEBUG neutron.plugins.ml2.drivers.ovn.mech_driver.ovsdb.maintenance [-] Touching Hash Ring node "0bddd176594c509ba4bbf2bde5a27f34" from periodic health check thread {{(pid=103159) touch_hash_ring_node /opt/stack/neutron/neutron/plugins/ml2/drivers/ovn/mech_driver/ovsdb/maintenance.py:1466}}
May 12 19:10:43.864893 np0000173793 devstack@neutron-api.service[103158]: DEBUG futurist.periodics [-] Submitting periodic callback 'neutron.plugins.ml2.drivers.ovn.mech_driver.ovsdb.maintenance.HashRingHealthCheckPeriodics.touch_hash_ring_node' {{(pid=103158) _process_scheduled /opt/stack/data/venv/lib/python3.12/site-packages/futurist/periodics.py:784}}
May 12 19:10:43.865482 np0000173793 devstack@neutron-api.service[103158]: DEBUG neutron.plugins.ml2.drivers.ovn.mech_driver.ovsdb.maintenance [-] Touching Hash Ring node "2e4d82e96abc5fd0990069ea7a015412" from periodic health check thread {{(pid=103158) touch_hash_ring_node /opt/stack/neutron/neutron/plugins/ml2/drivers/ovn/mech_driver/ovsdb/maintenance.py:1466}}
May 12 19:10:53.081067 np0000173793 devstack@neutron-api.service[103160]: DEBUG dbcounter [-] [103160] Writing DB stats neutron:UPDATE=1,neutron:SELECT=1 {{(pid=103160) stat_writer /opt/stack/data/venv/lib/python3.12/site-packages/dbcounter.py:115}}
May 12 19:10:53.827924 np0000173793 devstack@neutron-api.service[103161]: DEBUG dbcounter [-] [103161] Writing DB stats neutron:UPDATE=1,neutron:SELECT=1 {{(pid=103161) stat_writer /opt/stack/data/venv/lib/python3.12/site-packages/dbcounter.py:115}}
May 12 19:10:53.849027 np0000173793 devstack@neutron-api.service[103159]: DEBUG dbcounter [-] [103159] Writing DB stats neutron:UPDATE=1,neutron:SELECT=1 {{(pid=103159) stat_writer /opt/stack/data/venv/lib/python3.12/site-packages/dbcounter.py:115}}
May 12 19:10:53.876118 np0000173793 devstack@neutron-api.service[103158]: DEBUG dbcounter [-] [103158] Writing DB stats neutron:UPDATE=1,neutron:SELECT=1 {{(pid=103158) stat_writer /opt/stack/data/venv/lib/python3.12/site-packages/dbcounter.py:115}}
May 12 19:10:58.070989 np0000173793 devstack@neutron-api.service[103160]: DEBUG futurist.periodics [-] Submitting periodic callback 'neutron.plugins.ml2.drivers.ovn.mech_driver.ovsdb.maintenance.HashRingHealthCheckPeriodics.touch_hash_ring_node' {{(pid=103160) _process_scheduled /opt/stack/data/venv/lib/python3.12/site-packages/futurist/periodics.py:784}}
May 12 19:10:58.073640 np0000173793 devstack@neutron-api.service[103160]: DEBUG neutron.plugins.ml2.drivers.ovn.mech_driver.ovsdb.maintenance [-] Touching Hash Ring node "0f0c875df1ab5c58a4192311a0fed0ee" from periodic health check thread {{(pid=103160) touch_hash_ring_node /opt/stack/neutron/neutron/plugins/ml2/drivers/ovn/mech_driver/ovsdb/maintenance.py:1466}}
May 12 19:10:58.816229 np0000173793 devstack@neutron-api.service[103161]: DEBUG futurist.periodics [-] Submitting periodic callback 'neutron.plugins.ml2.drivers.ovn.mech_driver.ovsdb.maintenance.HashRingHealthCheckPeriodics.touch_hash_ring_node' {{(pid=103161) _process_scheduled /opt/stack/data/venv/lib/python3.12/site-packages/futurist/periodics.py:784}}
May 12 19:10:58.817013 np0000173793 devstack@neutron-api.service[103161]: DEBUG neutron.plugins.ml2.drivers.ovn.mech_driver.ovsdb.maintenance [-] Touching Hash Ring node "ec116b7ee9ab56da8f299a680dc15080" from periodic health check thread {{(pid=103161) touch_hash_ring_node /opt/stack/neutron/neutron/plugins/ml2/drivers/ovn/mech_driver/ovsdb/maintenance.py:1466}}
May 12 19:10:58.840056 np0000173793 devstack@neutron-api.service[103159]: DEBUG futurist.periodics [-] Submitting periodic callback 'neutron.plugins.ml2.drivers.ovn.mech_driver.ovsdb.maintenance.HashRingHealthCheckPeriodics.touch_hash_ring_node' {{(pid=103159) _process_scheduled /opt/stack/data/venv/lib/python3.12/site-packages/futurist/periodics.py:784}}
May 12 19:10:58.840713 np0000173793 devstack@neutron-api.service[103159]: DEBUG neutron.plugins.ml2.drivers.ovn.mech_driver.ovsdb.maintenance [-] Touching Hash Ring node "0bddd176594c509ba4bbf2bde5a27f34" from periodic health check thread {{(pid=103159) touch_hash_ring_node /opt/stack/neutron/neutron/plugins/ml2/drivers/ovn/mech_driver/ovsdb/maintenance.py:1466}}
May 12 19:10:58.865611 np0000173793 devstack@neutron-api.service[103158]: DEBUG futurist.periodics [-] Submitting periodic callback 'neutron.plugins.ml2.drivers.ovn.mech_driver.ovsdb.maintenance.HashRingHealthCheckPeriodics.touch_hash_ring_node' {{(pid=103158) _process_scheduled /opt/stack/data/venv/lib/python3.12/site-packages/futurist/periodics.py:784}}
May 12 19:10:58.866142 np0000173793 devstack@neutron-api.service[103158]: DEBUG neutron.plugins.ml2.drivers.ovn.mech_driver.ovsdb.maintenance [-] Touching Hash Ring node "2e4d82e96abc5fd0990069ea7a015412" from periodic health check thread {{(pid=103158) touch_hash_ring_node /opt/stack/neutron/neutron/plugins/ml2/drivers/ovn/mech_driver/ovsdb/maintenance.py:1466}}
May 12 19:11:04.348434 np0000173793 devstack@neutron-api.service[103161]: INFO neutron.pecan_wsgi.hooks.translation [None req-49c7a9d4-1680-48dd-bf09-bc8f28433777 admin admin] GET failed (client error): The resource could not be found.
May 12 19:11:04.349176 np0000173793 devstack@neutron-api.service[103161]: [pid: 103161|app: 0|req: 23/91] 199.204.45.25 () {64 vars in 1327 bytes} [Tue May 12 19:11:04 2026] GET /networking/v2.0/networks/admin_net => generated 111 bytes in 12 msecs (HTTP/1.1 404) 4 headers in 164 bytes (1 switches on core 0)
May 12 19:11:04.380160 np0000173793 devstack@neutron-api.service[103160]: [pid: 103160|app: 0|req: 24/92] 199.204.45.25 () {64 vars in 1339 bytes} [Tue May 12 19:11:04 2026] GET /networking/v2.0/networks?name=admin_net => generated 15 bytes in 20 msecs (HTTP/1.1 200) 4 headers in 156 bytes (1 switches on core 0)
May 12 19:11:04.629628 np0000173793 devstack@neutron-api.service[103159]: DEBUG neutron.api.v2.base [None req-02cef4b7-0bb8-4388-879d-a303ef7a0826 admin admin] Request body: {'network': {'project_id': '8b1ea5f14f32484586a2a47d5d24ae70', 'name': 'admin_net', 'admin_state_up': True}} {{(pid=103159) prepare_request_body /opt/stack/neutron/neutron/api/v2/base.py:727}}
May 12 19:11:04.644913 np0000173793 devstack@neutron-api.service[103159]: DEBUG neutron.pecan_wsgi.hooks.quota_enforcement [None req-02cef4b7-0bb8-4388-879d-a303ef7a0826 admin admin] Made reservation on behalf of 8b1ea5f14f32484586a2a47d5d24ae70 for: {'network': 1} {{(pid=103159) before /opt/stack/neutron/neutron/pecan_wsgi/hooks/quota_enforcement.py:66}}
May 12 19:11:04.650192 np0000173793 devstack@neutron-api.service[103159]: DEBUG neutron_lib.callbacks.manager [None req-02cef4b7-0bb8-4388-879d-a303ef7a0826 admin admin] Publish callbacks ['neutron.plugins.ml2.plugin.SecurityGroupDbMixin._ensure_default_security_group_handler-1450534'] for network (None), before_create {{(pid=103159) _notify_loop /opt/stack/data/venv/lib/python3.12/site-packages/neutron_lib/callbacks/manager.py:184}}
May 12 19:11:04.654913 np0000173793 devstack@neutron-api.service[103159]: DEBUG neutron_lib.callbacks.manager [None req-02cef4b7-0bb8-4388-879d-a303ef7a0826 admin admin] Publish callbacks [] for security_group (None), before_create {{(pid=103159) _notify_loop /opt/stack/data/venv/lib/python3.12/site-packages/neutron_lib/callbacks/manager.py:184}}
May 12 19:11:04.713435 np0000173793 devstack@neutron-api.service[103159]: DEBUG neutron_lib.callbacks.manager [None req-02cef4b7-0bb8-4388-879d-a303ef7a0826 admin admin] Publish callbacks ['neutron.plugins.ml2.drivers.ovn.mech_driver.mech_driver.OVNMechanismDriver._create_security_group_precommit-202565'] for security_group (acd58cb5-bba9-4bea-8ef1-5632069e80ef), precommit_create {{(pid=103159) _notify_loop /opt/stack/data/venv/lib/python3.12/site-packages/neutron_lib/callbacks/manager.py:184}}
May 12 19:11:04.713815 np0000173793 devstack@neutron-api.service[103159]: DEBUG neutron.db.ovn_revision_numbers_db [None req-02cef4b7-0bb8-4388-879d-a303ef7a0826 admin admin] create_initial_revision uuid=acd58cb5-bba9-4bea-8ef1-5632069e80ef, type=security_groups, rev=-1 {{(pid=103159) create_initial_revision /opt/stack/neutron/neutron/db/ovn_revision_numbers_db.py:98}}
May 12 19:11:04.714747 np0000173793 devstack@neutron-api.service[103159]: DEBUG neutron.db.ovn_revision_numbers_db [None req-02cef4b7-0bb8-4388-879d-a303ef7a0826 admin admin] create_initial_revision uuid=1ef27c64-445a-4c77-8898-f6c03de8fb62, type=security_group_rules, rev=-1 {{(pid=103159) create_initial_revision /opt/stack/neutron/neutron/db/ovn_revision_numbers_db.py:98}}
May 12 19:11:04.715727 np0000173793 devstack@neutron-api.service[103159]: DEBUG neutron.db.ovn_revision_numbers_db [None req-02cef4b7-0bb8-4388-879d-a303ef7a0826 admin admin] create_initial_revision uuid=66db8be5-61c7-40fe-b4e6-c3a34eff65c5, type=security_group_rules, rev=-1 {{(pid=103159) create_initial_revision /opt/stack/neutron/neutron/db/ovn_revision_numbers_db.py:98}}
May 12 19:11:04.716704 np0000173793 devstack@neutron-api.service[103159]: DEBUG neutron.db.ovn_revision_numbers_db [None req-02cef4b7-0bb8-4388-879d-a303ef7a0826 admin admin] create_initial_revision uuid=8badcad2-0f92-47a5-bc8a-21b5c4a8f492, type=security_group_rules, rev=-1 {{(pid=103159) create_initial_revision /opt/stack/neutron/neutron/db/ovn_revision_numbers_db.py:98}}
May 12 19:11:04.717625 np0000173793 devstack@neutron-api.service[103159]: DEBUG neutron.db.ovn_revision_numbers_db [None req-02cef4b7-0bb8-4388-879d-a303ef7a0826 admin admin] create_initial_revision uuid=d8327a14-deaa-4bff-9ce3-e7b459b3e886, type=security_group_rules, rev=-1 {{(pid=103159) create_initial_revision /opt/stack/neutron/neutron/db/ovn_revision_numbers_db.py:98}}
May 12 19:11:04.724194 np0000173793 devstack@neutron-api.service[103159]: DEBUG neutron_lib.callbacks.manager [None req-02cef4b7-0bb8-4388-879d-a303ef7a0826 admin admin] Publish callbacks ['neutron.plugins.ml2.drivers.ovn.mech_driver.mech_driver.OVNMechanismDriver._create_security_group-202591', 'neutron.plugins.ml2.ovo_rpc._ObjectChangeHandler.handle_event-8112005'] for security_group (acd58cb5-bba9-4bea-8ef1-5632069e80ef), after_create {{(pid=103159) _notify_loop /opt/stack/data/venv/lib/python3.12/site-packages/neutron_lib/callbacks/manager.py:184}}
May 12 19:11:04.724852 np0000173793 devstack@neutron-api.service[103159]: DEBUG ovsdbapp.backend.ovs_idl.transaction [None req-85a01e6f-e71a-4701-ae14-654f43535892 None None] Running txn n=1 command(idx=0): PgAddCommand(_result=None, name=pg_acd58cb5_bba9_4bea_8ef1_5632069e80ef, may_exist=False, columns={'acls': [], 'external_ids': {'neutron:security_group_id': 'acd58cb5-bba9-4bea-8ef1-5632069e80ef'}}) {{(pid=103159) do_commit /opt/stack/data/venv/lib/python3.12/site-packages/ovsdbapp/backend/ovs_idl/transaction.py:89}}
May 12 19:11:04.725235 np0000173793 devstack@neutron-api.service[103159]: DEBUG ovsdbapp.backend.ovs_idl.transaction [None req-85a01e6f-e71a-4701-ae14-654f43535892 None None] Running txn n=1 command(idx=1): PgAclAddCommand(_result=None, entity=pg_acd58cb5_bba9_4bea_8ef1_5632069e80ef, direction=from-lport, priority=1002, match=inport == @pg_acd58cb5_bba9_4bea_8ef1_5632069e80ef && ip6, action=allow-related, log=False, may_exist=True, severity=[], name=[], meter=[], external_ids={'neutron:security_group_rule_id': '1ef27c64-445a-4c77-8898-f6c03de8fb62'}) {{(pid=103159) do_commit /opt/stack/data/venv/lib/python3.12/site-packages/ovsdbapp/backend/ovs_idl/transaction.py:89}}
May 12 19:11:04.725728 np0000173793 devstack@neutron-api.service[103159]: DEBUG ovsdbapp.backend.ovs_idl.transaction [None req-85a01e6f-e71a-4701-ae14-654f43535892 None None] Running txn n=1 command(idx=2): PgAclAddCommand(_result=None, entity=pg_acd58cb5_bba9_4bea_8ef1_5632069e80ef, direction=from-lport, priority=1002, match=inport == @pg_acd58cb5_bba9_4bea_8ef1_5632069e80ef && ip4, action=allow-related, log=False, may_exist=True, severity=[], name=[], meter=[], external_ids={'neutron:security_group_rule_id': '66db8be5-61c7-40fe-b4e6-c3a34eff65c5'}) {{(pid=103159) do_commit /opt/stack/data/venv/lib/python3.12/site-packages/ovsdbapp/backend/ovs_idl/transaction.py:89}}
May 12 19:11:04.726166 np0000173793 devstack@neutron-api.service[103159]: DEBUG ovsdbapp.backend.ovs_idl.transaction [None req-85a01e6f-e71a-4701-ae14-654f43535892 None None] Running txn n=1 command(idx=3): PgAclAddCommand(_result=None, entity=pg_acd58cb5_bba9_4bea_8ef1_5632069e80ef, direction=to-lport, priority=1002, match=outport == @pg_acd58cb5_bba9_4bea_8ef1_5632069e80ef && ip6 && ip6.src == $pg_acd58cb5_bba9_4bea_8ef1_5632069e80ef_ip6, action=allow-related, log=False, may_exist=True, severity=[], name=[], meter=[], external_ids={'neutron:security_group_rule_id': '8badcad2-0f92-47a5-bc8a-21b5c4a8f492'}) {{(pid=103159) do_commit /opt/stack/data/venv/lib/python3.12/site-packages/ovsdbapp/backend/ovs_idl/transaction.py:89}}
May 12 19:11:04.726563 np0000173793 devstack@neutron-api.service[103159]: DEBUG ovsdbapp.backend.ovs_idl.transaction [None req-85a01e6f-e71a-4701-ae14-654f43535892 None None] Running txn n=1 command(idx=4): PgAclAddCommand(_result=None, entity=pg_acd58cb5_bba9_4bea_8ef1_5632069e80ef, direction=to-lport, priority=1002, match=outport == @pg_acd58cb5_bba9_4bea_8ef1_5632069e80ef && ip4 && ip4.src == $pg_acd58cb5_bba9_4bea_8ef1_5632069e80ef_ip4, action=allow-related, log=False, may_exist=True, severity=[], name=[], meter=[], external_ids={'neutron:security_group_rule_id': 'd8327a14-deaa-4bff-9ce3-e7b459b3e886'}) {{(pid=103159) do_commit /opt/stack/data/venv/lib/python3.12/site-packages/ovsdbapp/backend/ovs_idl/transaction.py:89}}
May 12 19:11:04.739415 np0000173793 devstack@neutron-api.service[103159]: DEBUG neutron.common.ovn.hash_ring_manager [None req-85a01e6f-e71a-4701-ae14-654f43535892 None None] Hash Ring loaded. 4 active nodes. 0 offline nodes {{(pid=103159) _load_hash_ring /opt/stack/neutron/neutron/common/ovn/hash_ring_manager.py:102}}
May 12 19:11:04.741575 np0000173793 devstack@neutron-api.service[103160]: DEBUG neutron.common.ovn.hash_ring_manager [None req-000fc5fe-e3fc-465a-8457-24b32182a1ee None None] Hash Ring loaded. 4 active nodes. 0 offline nodes {{(pid=103160) _load_hash_ring /opt/stack/neutron/neutron/common/ovn/hash_ring_manager.py:102}}
May 12 19:11:04.741632 np0000173793 devstack@neutron-api.service[103158]: DEBUG neutron.common.ovn.hash_ring_manager [None req-52e6754e-ed9a-4eec-aec5-04365adc20ad None None] Hash Ring loaded. 4 active nodes. 0 offline nodes {{(pid=103158) _load_hash_ring /opt/stack/neutron/neutron/common/ovn/hash_ring_manager.py:102}}
May 12 19:11:04.741923 np0000173793 devstack@neutron-api.service[103158]: DEBUG neutron.plugins.ml2.drivers.ovn.mech_driver.ovsdb.ovsdb_monitor [None req-52e6754e-ed9a-4eec-aec5-04365adc20ad None None] Hash Ring: Node 2e4d82e96abc5fd0990069ea7a015412 (host: np0000173793) handling event "create" for row 92894345-8fcd-4824-b149-e60d4b02c804 (table: ACL) {{(pid=103158) notify /opt/stack/neutron/neutron/plugins/ml2/drivers/ovn/mech_driver/ovsdb/ovsdb_monitor.py:942}}
May 12 19:11:04.741970 np0000173793 devstack@neutron-api.service[103160]: DEBUG neutron.plugins.ml2.drivers.ovn.mech_driver.ovsdb.ovsdb_monitor [None req-000fc5fe-e3fc-465a-8457-24b32182a1ee None None] Hash Ring: Node 0f0c875df1ab5c58a4192311a0fed0ee (host: np0000173793) handling event "create" for row d00208f6-7f0f-4a3d-b834-b74eb83ce126 (table: ACL) {{(pid=103160) notify /opt/stack/neutron/neutron/plugins/ml2/drivers/ovn/mech_driver/ovsdb/ovsdb_monitor.py:942}}
May 12 19:11:04.742005 np0000173793 devstack@neutron-api.service[103161]: DEBUG neutron.common.ovn.hash_ring_manager [None req-42d0ba49-de3c-4d78-9165-a4db416369b7 None None] Hash Ring loaded. 4 active nodes. 0 offline nodes {{(pid=103161) _load_hash_ring /opt/stack/neutron/neutron/common/ovn/hash_ring_manager.py:102}}
May 12 19:11:04.742039 np0000173793 devstack@neutron-api.service[103158]: DEBUG neutron.plugins.ml2.drivers.ovn.mech_driver.ovsdb.ovsdb_monitor [None req-52e6754e-ed9a-4eec-aec5-04365adc20ad None None] Hash Ring: Node 2e4d82e96abc5fd0990069ea7a015412 (host: np0000173793) handling event "create" for row c8b66b9e-311e-4923-9200-eee3228c0765 (table: ACL) {{(pid=103158) notify /opt/stack/neutron/neutron/plugins/ml2/drivers/ovn/mech_driver/ovsdb/ovsdb_monitor.py:942}}
May 12 19:11:04.742186 np0000173793 devstack@neutron-api.service[103160]: DEBUG neutron.plugins.ml2.drivers.ovn.mech_driver.ovsdb.ovsdb_monitor [None req-000fc5fe-e3fc-465a-8457-24b32182a1ee None None] Hash Ring: Node 0f0c875df1ab5c58a4192311a0fed0ee (host: np0000173793) handling event "create" for row 79e1dce1-3311-42df-9b3a-49cabd4edf89 (table: Port_Group) {{(pid=103160) notify /opt/stack/neutron/neutron/plugins/ml2/drivers/ovn/mech_driver/ovsdb/ovsdb_monitor.py:942}}
May 12 19:11:04.742255 np0000173793 devstack@neutron-api.service[103161]: DEBUG neutron.plugins.ml2.drivers.ovn.mech_driver.ovsdb.ovsdb_monitor [None req-42d0ba49-de3c-4d78-9165-a4db416369b7 None None] Hash Ring: Node ec116b7ee9ab56da8f299a680dc15080 (host: np0000173793) handling event "create" for row d2bc9150-eb11-440b-8f30-1c6b40c55cbe (table: ACL) {{(pid=103161) notify /opt/stack/neutron/neutron/plugins/ml2/drivers/ovn/mech_driver/ovsdb/ovsdb_monitor.py:942}}
May 12 19:11:04.758237 np0000173793 devstack@neutron-api.service[103159]: INFO neutron.db.ovn_revision_numbers_db [None req-02cef4b7-0bb8-4388-879d-a303ef7a0826 admin admin] Successfully bumped revision number for resource acd58cb5-bba9-4bea-8ef1-5632069e80ef (type: security_groups) to 1
May 12 19:11:04.770007 np0000173793 devstack@neutron-api.service[103159]: INFO neutron.db.ovn_revision_numbers_db [None req-02cef4b7-0bb8-4388-879d-a303ef7a0826 admin admin] Successfully bumped revision number for resource 1ef27c64-445a-4c77-8898-f6c03de8fb62 (type: security_group_rules) to 0
May 12 19:11:04.782022 np0000173793 devstack@neutron-api.service[103159]: INFO neutron.db.ovn_revision_numbers_db [None req-02cef4b7-0bb8-4388-879d-a303ef7a0826 admin admin] Successfully bumped revision number for resource 66db8be5-61c7-40fe-b4e6-c3a34eff65c5 (type: security_group_rules) to 0
May 12 19:11:04.798714 np0000173793 devstack@neutron-api.service[103159]: INFO neutron.db.ovn_revision_numbers_db [None req-02cef4b7-0bb8-4388-879d-a303ef7a0826 admin admin] Successfully bumped revision number for resource 8badcad2-0f92-47a5-bc8a-21b5c4a8f492 (type: security_group_rules) to 0
May 12 19:11:04.811250 np0000173793 devstack@neutron-api.service[103159]: INFO neutron.db.ovn_revision_numbers_db [None req-02cef4b7-0bb8-4388-879d-a303ef7a0826 admin admin] Successfully bumped revision number for resource d8327a14-deaa-4bff-9ce3-e7b459b3e886 (type: security_group_rules) to 0
May 12 19:11:04.835044 np0000173793 devstack@neutron-api.service[103159]: DEBUG neutron.api.rpc.handlers.resources_rpc [None req-02cef4b7-0bb8-4388-879d-a303ef7a0826 admin admin] Pushing event updated for resources: {'SecurityGroup': ['ID=acd58cb5-bba9-4bea-8ef1-5632069e80ef,revision_number=1']} {{(pid=103159) push /opt/stack/neutron/neutron/api/rpc/handlers/resources_rpc.py:237}}
May 12 19:11:04.840343 np0000173793 devstack@neutron-api.service[103159]: DEBUG ovsdbapp.backend.ovs_idl.transaction [None req-85a01e6f-e71a-4701-ae14-654f43535892 None None] Running txn n=1 command(idx=0): CheckLivenessCommand(_result=None) {{(pid=103159) do_commit /opt/stack/data/venv/lib/python3.12/site-packages/ovsdbapp/backend/ovs_idl/transaction.py:89}}
May 12 19:11:04.845169 np0000173793 devstack@neutron-api.service[103161]: DEBUG neutron.plugins.ml2.drivers.ovn.mech_driver.ovsdb.ovsdb_monitor [None req-42d0ba49-de3c-4d78-9165-a4db416369b7 None None] Hash Ring: Node ec116b7ee9ab56da8f299a680dc15080 (host: np0000173793) handling event "update" for row d3d3df51-4b85-498b-b7a6-e2f4704fdbd9 (table: NB_Global) {{(pid=103161) notify /opt/stack/neutron/neutron/plugins/ml2/drivers/ovn/mech_driver/ovsdb/ovsdb_monitor.py:942}}
May 12 19:11:04.849649 np0000173793 devstack@neutron-api.service[103161]: DEBUG neutron.plugins.ml2.drivers.ovn.mech_driver.ovsdb.ovsdb_monitor [None req-42d0ba49-de3c-4d78-9165-a4db416369b7 None None] Hash Ring: Node ec116b7ee9ab56da8f299a680dc15080 (host: np0000173793) handling event "update" for row d3d3df51-4b85-498b-b7a6-e2f4704fdbd9 (table: NB_Global) {{(pid=103161) notify /opt/stack/neutron/neutron/plugins/ml2/drivers/ovn/mech_driver/ovsdb/ovsdb_monitor.py:942}}
May 12 19:11:04.849649 np0000173793 devstack@neutron-api.service[103161]: DEBUG neutron.plugins.ml2.drivers.ovn.mech_driver.ovsdb.ovsdb_monitor [None req-42d0ba49-de3c-4d78-9165-a4db416369b7 None None] Hash Ring: Node ec116b7ee9ab56da8f299a680dc15080 (host: np0000173793) handling event "update" for row d3d3df51-4b85-498b-b7a6-e2f4704fdbd9 (table: NB_Global) {{(pid=103161) notify /opt/stack/neutron/neutron/plugins/ml2/drivers/ovn/mech_driver/ovsdb/ovsdb_monitor.py:942}}
May 12 19:11:04.850913 np0000173793 devstack@neutron-api.service[103161]: DEBUG neutron.plugins.ml2.drivers.ovn.mech_driver.ovsdb.ovsdb_monitor [None req-42d0ba49-de3c-4d78-9165-a4db416369b7 None None] Hash Ring: Node ec116b7ee9ab56da8f299a680dc15080 (host: np0000173793) handling event "update" for row d3d3df51-4b85-498b-b7a6-e2f4704fdbd9 (table: NB_Global) {{(pid=103161) notify /opt/stack/neutron/neutron/plugins/ml2/drivers/ovn/mech_driver/ovsdb/ovsdb_monitor.py:942}}
May 12 19:11:04.851899 np0000173793 devstack@neutron-api.service[103158]: DEBUG neutron.plugins.ml2.drivers.ovn.mech_driver.ovsdb.ovsdb_monitor [-] ChassisAgentWriteEvent : Matched Chassis_Private, update, None None {{(pid=103158) matches /opt/stack/neutron/neutron/plugins/ml2/drivers/ovn/mech_driver/ovsdb/ovsdb_monitor.py:64}}
May 12 19:11:04.852012 np0000173793 devstack@neutron-api.service[103161]: DEBUG neutron.plugins.ml2.drivers.ovn.mech_driver.ovsdb.ovsdb_monitor [None req-459c2a95-5a6b-47df-bb45-ddf85f4b2342 None None] ChassisAgentWriteEvent : Matched Chassis_Private, update, None None {{(pid=103161) matches /opt/stack/neutron/neutron/plugins/ml2/drivers/ovn/mech_driver/ovsdb/ovsdb_monitor.py:64}}
May 12 19:11:04.853002 np0000173793 devstack@neutron-api.service[103160]: DEBUG neutron.plugins.ml2.drivers.ovn.mech_driver.ovsdb.ovsdb_monitor [None req-5b587741-1653-4a7a-82ed-cfdc5e798670 None None] ChassisAgentWriteEvent : Matched Chassis_Private, update, None None {{(pid=103160) matches /opt/stack/neutron/neutron/plugins/ml2/drivers/ovn/mech_driver/ovsdb/ovsdb_monitor.py:64}}
May 12 19:11:04.859549 np0000173793 devstack@neutron-api.service[103159]: DEBUG neutron.plugins.ml2.drivers.ovn.mech_driver.ovsdb.ovsdb_monitor [None req-1fb9a0c6-df6c-458f-91b4-77a6c4eb908b None None] ChassisAgentWriteEvent : Matched Chassis_Private, update, None None {{(pid=103159) matches /opt/stack/neutron/neutron/plugins/ml2/drivers/ovn/mech_driver/ovsdb/ovsdb_monitor.py:64}}
May 12 19:11:04.861932 np0000173793 devstack@neutron-api.service[103161]: DEBUG neutron.common.ovn.hash_ring_manager [None req-459c2a95-5a6b-47df-bb45-ddf85f4b2342 None None] Hash Ring loaded. 4 active nodes. 0 offline nodes {{(pid=103161) _load_hash_ring /opt/stack/neutron/neutron/common/ovn/hash_ring_manager.py:102}}
May 12 19:11:04.862308 np0000173793 devstack@neutron-api.service[103160]: DEBUG neutron.common.ovn.hash_ring_manager [None req-5b587741-1653-4a7a-82ed-cfdc5e798670 None None] Hash Ring loaded. 4 active nodes. 0 offline nodes {{(pid=103160) _load_hash_ring /opt/stack/neutron/neutron/common/ovn/hash_ring_manager.py:102}}
May 12 19:11:04.862531 np0000173793 devstack@neutron-api.service[103160]: DEBUG neutron.plugins.ml2.drivers.ovn.mech_driver.ovsdb.ovsdb_monitor [None req-5b587741-1653-4a7a-82ed-cfdc5e798670 None None] Hash Ring: Node 0f0c875df1ab5c58a4192311a0fed0ee (host: np0000173793) handling event "update" for row db3c5cb3-06c1-40ea-88ee-00da5f8926cd (table: Chassis_Private) {{(pid=103160) notify /opt/stack/neutron/neutron/plugins/ml2/drivers/ovn/mech_driver/ovsdb/ovsdb_monitor.py:942}}
May 12 19:11:04.862714 np0000173793 devstack@neutron-api.service[103158]: DEBUG neutron.common.ovn.hash_ring_manager [-] Hash Ring loaded. 4 active nodes. 0 offline nodes {{(pid=103158) _load_hash_ring /opt/stack/neutron/neutron/common/ovn/hash_ring_manager.py:102}}
May 12 19:11:04.866414 np0000173793 devstack@neutron-api.service[103159]: DEBUG neutron.common.ovn.hash_ring_manager [None req-1fb9a0c6-df6c-458f-91b4-77a6c4eb908b None None] Hash Ring loaded. 4 active nodes. 0 offline nodes {{(pid=103159) _load_hash_ring /opt/stack/neutron/neutron/common/ovn/hash_ring_manager.py:102}}
May 12 19:11:04.893075 np0000173793 devstack@neutron-api.service[103159]: DEBUG neutron.plugins.ml2.drivers.helpers [None req-02cef4b7-0bb8-4388-879d-a303ef7a0826 admin admin] geneve segment allocate from pool success with {'geneve_vni': 5748} {{(pid=103159) allocate_partially_specified_segment /opt/stack/neutron/neutron/plugins/ml2/drivers/helpers.py:142}}
May 12 19:11:04.903961 np0000173793 devstack@neutron-api.service[103159]: DEBUG neutron_lib.callbacks.manager [None req-02cef4b7-0bb8-4388-879d-a303ef7a0826 admin admin] Publish callbacks ['neutron.services.segments.db._add_segment_host_mapping_for_segment-7941701449228', 'neutron.plugins.ml2.plugin.Ml2Plugin._handle_segment_change-1726710'] for segment (1aac266a-8f88-4f5e-8f4a-0358dde90fa7), precommit_create {{(pid=103159) _notify_loop /opt/stack/data/venv/lib/python3.12/site-packages/neutron_lib/callbacks/manager.py:184}}
May 12 19:11:04.903961 np0000173793 devstack@neutron-api.service[103159]: INFO neutron.db.segments_db [None req-02cef4b7-0bb8-4388-879d-a303ef7a0826 admin admin] Added segment 1aac266a-8f88-4f5e-8f4a-0358dde90fa7 of type geneve for network 8d468261-0168-4432-98c8-524589840f20
May 12 19:11:04.917204 np0000173793 devstack@neutron-api.service[103159]: DEBUG neutron_lib.callbacks.manager [None req-02cef4b7-0bb8-4388-879d-a303ef7a0826 admin admin] Publish callbacks ['neutron.services.auto_allocate.db._ensure_external_network_default_value_callback-7941699739188'] for network (8d468261-0168-4432-98c8-524589840f20), precommit_create {{(pid=103159) _notify_loop /opt/stack/data/venv/lib/python3.12/site-packages/neutron_lib/callbacks/manager.py:184}}
May 12 19:11:04.927839 np0000173793 devstack@neutron-api.service[103159]: DEBUG neutron.plugins.ml2.drivers.ovn.mech_driver.mech_driver [None req-02cef4b7-0bb8-4388-879d-a303ef7a0826 admin admin] Validating network segment with type geneve, segmentation ID 5748, physical network None {{(pid=103159) _validate_network_segments /opt/stack/neutron/neutron/plugins/ml2/drivers/ovn/mech_driver/mech_driver.py:641}}
May 12 19:11:04.928047 np0000173793 devstack@neutron-api.service[103159]: DEBUG neutron.db.ovn_revision_numbers_db [None req-02cef4b7-0bb8-4388-879d-a303ef7a0826 admin admin] create_initial_revision uuid=8d468261-0168-4432-98c8-524589840f20, type=networks, rev=-1 {{(pid=103159) create_initial_revision /opt/stack/neutron/neutron/db/ovn_revision_numbers_db.py:98}}
May 12 19:11:04.937620 np0000173793 devstack@neutron-api.service[103159]: DEBUG neutron_lib.callbacks.manager [None req-02cef4b7-0bb8-4388-879d-a303ef7a0826 admin admin] Publish callbacks ['neutron.plugins.ml2.ovo_rpc._ObjectChangeHandler.handle_event-8112024'] for network (8d468261-0168-4432-98c8-524589840f20), after_create {{(pid=103159) _notify_loop /opt/stack/data/venv/lib/python3.12/site-packages/neutron_lib/callbacks/manager.py:184}}
May 12 19:11:04.955660 np0000173793 devstack@neutron-api.service[103159]: DEBUG neutron.api.rpc.handlers.resources_rpc [None req-02cef4b7-0bb8-4388-879d-a303ef7a0826 admin admin] Pushing event updated for resources: {'Network': ['ID=8d468261-0168-4432-98c8-524589840f20,revision_number=1']} {{(pid=103159) push /opt/stack/neutron/neutron/api/rpc/handlers/resources_rpc.py:237}}
May 12 19:11:04.962209 np0000173793 devstack@neutron-api.service[103159]: DEBUG ovsdbapp.backend.ovs_idl.transaction [None req-85a01e6f-e71a-4701-ae14-654f43535892 None None] Running txn n=1 command(idx=0): AddNetworkCommand(_result=None, network_uuid=8d468261-0168-4432-98c8-524589840f20, may_exist=True, columns={'external_ids': {'neutron:network_name': 'admin_net', 'neutron:mtu': '1372', 'neutron:revision_number': '1', 'neutron:availability_zone_hints': '', 'neutron:provnet-network-type': 'geneve'}, 'other_config': {'mcast_snoop': 'false', 'mcast_flood_unregistered': 'false', 'vlan-passthru': 'false'}}) {{(pid=103159) do_commit /opt/stack/data/venv/lib/python3.12/site-packages/ovsdbapp/backend/ovs_idl/transaction.py:89}}
May 12 19:11:04.967639 np0000173793 devstack@neutron-api.service[103160]: DEBUG neutron.plugins.ml2.drivers.ovn.mech_driver.ovsdb.ovsdb_monitor [None req-000fc5fe-e3fc-465a-8457-24b32182a1ee None None] Hash Ring: Node 0f0c875df1ab5c58a4192311a0fed0ee (host: np0000173793) handling event "create" for row 8d468261-0168-4432-98c8-524589840f20 (table: Logical_Switch) {{(pid=103160) notify /opt/stack/neutron/neutron/plugins/ml2/drivers/ovn/mech_driver/ovsdb/ovsdb_monitor.py:942}}
May 12 19:11:04.972085 np0000173793 devstack@neutron-api.service[103158]: DEBUG neutron.plugins.ml2.drivers.ovn.mech_driver.ovsdb.ovsdb_monitor [-] Hash Ring: Node 2e4d82e96abc5fd0990069ea7a015412 (host: np0000173793) handling event "create" for row 30f6ff7a-4ac7-4920-8c9e-27d813bc6fc0 (table: Datapath_Binding) {{(pid=103158) notify /opt/stack/neutron/neutron/plugins/ml2/drivers/ovn/mech_driver/ovsdb/ovsdb_monitor.py:942}}
May 12 19:11:04.990096 np0000173793 devstack@neutron-api.service[103159]: INFO neutron.db.ovn_revision_numbers_db [None req-02cef4b7-0bb8-4388-879d-a303ef7a0826 admin admin] Successfully bumped revision number for resource 8d468261-0168-4432-98c8-524589840f20 (type: networks) to 1
May 12 19:11:05.003177 np0000173793 devstack@neutron-api.service[103159]: DEBUG neutron_lib.callbacks.manager [None req-02cef4b7-0bb8-4388-879d-a303ef7a0826 admin admin] Publish callbacks ['neutron.plugins.ml2.plugin.SecurityGroupDbMixin._ensure_default_security_group_handler-1450534'] for port (None), before_create {{(pid=103159) _notify_loop /opt/stack/data/venv/lib/python3.12/site-packages/neutron_lib/callbacks/manager.py:184}}
May 12 19:11:05.065195 np0000173793 devstack@neutron-api.service[103159]: DEBUG neutron_lib.callbacks.manager [None req-02cef4b7-0bb8-4388-879d-a303ef7a0826 admin admin] Publish callbacks ['neutron.plugins.ml2.drivers.ovn.mech_driver.mech_driver.OVNMechanismDriver._validate_allowed_address_pairs-202701'] for allowed_address_pair (3841fd8f-dec6-403a-9730-e06bfa101ae2), before_create {{(pid=103159) _notify_loop /opt/stack/data/venv/lib/python3.12/site-packages/neutron_lib/callbacks/manager.py:184}}
May 12 19:11:05.065581 np0000173793 devstack@neutron-api.service[103159]: DEBUG neutron_lib.callbacks.manager [None req-02cef4b7-0bb8-4388-879d-a303ef7a0826 admin admin] Publish callbacks [] for port (3841fd8f-dec6-403a-9730-e06bfa101ae2), precommit_create {{(pid=103159) _notify_loop /opt/stack/data/venv/lib/python3.12/site-packages/neutron_lib/callbacks/manager.py:184}}
May 12 19:11:05.065758 np0000173793 devstack@neutron-api.service[103159]: DEBUG neutron.plugins.ml2.drivers.ovn.mech_driver.mech_driver [None req-02cef4b7-0bb8-4388-879d-a303ef7a0826 admin admin] No provisioning block for port 3841fd8f-dec6-403a-9730-e06bfa101ae2 since it does not have a host {{(pid=103159) _is_port_provisioning_required /opt/stack/neutron/neutron/plugins/ml2/drivers/ovn/mech_driver/mech_driver.py:894}}
May 12 19:11:05.065758 np0000173793 devstack@neutron-api.service[103159]: DEBUG neutron.db.ovn_revision_numbers_db [None req-02cef4b7-0bb8-4388-879d-a303ef7a0826 admin admin] create_initial_revision uuid=3841fd8f-dec6-403a-9730-e06bfa101ae2, type=ports, rev=-1 {{(pid=103159) create_initial_revision /opt/stack/neutron/neutron/db/ovn_revision_numbers_db.py:98}}
May 12 19:11:05.092248 np0000173793 devstack@neutron-api.service[103159]: DEBUG neutron_lib.callbacks.manager [None req-02cef4b7-0bb8-4388-879d-a303ef7a0826 admin admin] Publish callbacks ['neutron.plugins.ml2.ovo_rpc._ObjectChangeHandler.handle_event-8111723'] for port (3841fd8f-dec6-403a-9730-e06bfa101ae2), after_create {{(pid=103159) _notify_loop /opt/stack/data/venv/lib/python3.12/site-packages/neutron_lib/callbacks/manager.py:184}}
May 12 19:11:05.122792 np0000173793 devstack@neutron-api.service[103159]: DEBUG neutron.api.rpc.handlers.resources_rpc [None req-02cef4b7-0bb8-4388-879d-a303ef7a0826 admin admin] Pushing event updated for resources: {'Port': ['ID=3841fd8f-dec6-403a-9730-e06bfa101ae2,revision_number=1']} {{(pid=103159) push /opt/stack/neutron/neutron/api/rpc/handlers/resources_rpc.py:237}}
May 12 19:11:05.129957 np0000173793 devstack@neutron-api.service[103159]: DEBUG ovsdbapp.backend.ovs_idl.transaction [None req-85a01e6f-e71a-4701-ae14-654f43535892 None None] Running txn n=1 command(idx=0): AddLSwitchPortCommand(_result=None, lport=3841fd8f-dec6-403a-9730-e06bfa101ae2, lswitch=neutron-8d468261-0168-4432-98c8-524589840f20, may_exist=True, network_uuid=8d468261-0168-4432-98c8-524589840f20, columns={'addresses': ['fa:16:3e:8a:a6:75'], 'external_ids': {'neutron:port_name': '', 'neutron:device_id': 'ovnmeta-8d468261-0168-4432-98c8-524589840f20', 'neutron:project_id': '8b1ea5f14f32484586a2a47d5d24ae70', 'neutron:cidrs': '', 'neutron:device_owner': 'network:distributed', 'neutron:subnet_pool_addr_scope4': '', 'neutron:subnet_pool_addr_scope6': '', 'neutron:network_name': 'neutron-8d468261-0168-4432-98c8-524589840f20', 'neutron:security_group_ids': '', 'neutron:revision_number': '1', 'neutron:vnic_type': 'normal', 'neutron:port_capabilities': '', 'neutron:mtu': ''}, 'parent_name': [], 'tag': [], 'enabled': True, 'options': {}, 'type': 'localport', 'port_security': [], 'dhcpv4_options': [], 'dhcpv6_options': []}) {{(pid=103159) do_commit /opt/stack/data/venv/lib/python3.12/site-packages/ovsdbapp/backend/ovs_idl/transaction.py:89}}
May 12 19:11:05.130631 np0000173793 devstack@neutron-api.service[103159]: DEBUG ovsdbapp.backend.ovs_idl.transaction [None req-85a01e6f-e71a-4701-ae14-654f43535892 None None] Running txn n=1 command(idx=1): QoSDelCommand(_result=None, switch=neutron-8d468261-0168-4432-98c8-524589840f20, conditions=[('direction', '=', 'to-lport'), ('priority', '=', 2002), ('match', '=', 'outport == "3841fd8f-dec6-403a-9730-e06bfa101ae2"')], if_exists=True) {{(pid=103159) do_commit /opt/stack/data/venv/lib/python3.12/site-packages/ovsdbapp/backend/ovs_idl/transaction.py:89}}
May 12 19:11:05.130860 np0000173793 devstack@neutron-api.service[103159]: DEBUG ovsdbapp.backend.ovs_idl.transaction [None req-85a01e6f-e71a-4701-ae14-654f43535892 None None] Running txn n=1 command(idx=2): QoSDelCommand(_result=None, switch=neutron-8d468261-0168-4432-98c8-524589840f20, conditions=[('direction', '=', 'from-lport'), ('priority', '=', 2002), ('match', '=', 'inport == "3841fd8f-dec6-403a-9730-e06bfa101ae2"')], if_exists=True) {{(pid=103159) do_commit /opt/stack/data/venv/lib/python3.12/site-packages/ovsdbapp/backend/ovs_idl/transaction.py:89}}
May 12 19:11:05.138272 np0000173793 devstack@neutron-api.service[103160]: DEBUG neutron.plugins.ml2.drivers.ovn.mech_driver.ovsdb.ovsdb_monitor [None req-000fc5fe-e3fc-465a-8457-24b32182a1ee None None] Hash Ring: Node 0f0c875df1ab5c58a4192311a0fed0ee (host: np0000173793) handling event "update" for row 8d468261-0168-4432-98c8-524589840f20 (table: Logical_Switch) {{(pid=103160) notify /opt/stack/neutron/neutron/plugins/ml2/drivers/ovn/mech_driver/ovsdb/ovsdb_monitor.py:942}}
May 12 19:11:05.138972 np0000173793 devstack@neutron-api.service[103160]: DEBUG neutron.plugins.ml2.drivers.ovn.mech_driver.ovsdb.ovsdb_monitor [None req-000fc5fe-e3fc-465a-8457-24b32182a1ee None None] Hash Ring: Node 0f0c875df1ab5c58a4192311a0fed0ee (host: np0000173793) handling event "create" for row 9c17a83c-08d3-44ba-a6a7-52ba2b0c85fb (table: Logical_Switch_Port) {{(pid=103160) notify /opt/stack/neutron/neutron/plugins/ml2/drivers/ovn/mech_driver/ovsdb/ovsdb_monitor.py:942}}
May 12 19:11:05.142168 np0000173793 devstack@neutron-api.service[103160]: DEBUG ovsdbapp.backend.ovs_idl.event [None req-000fc5fe-e3fc-465a-8457-24b32182a1ee None None] Matched CREATE: LogicalSwitchPortCreateEvent(events=('create',), table='Logical_Switch_Port', conditions=[], old_conditions=None), priority=20 to row=Logical_Switch_Port(uuid=9c17a83c-08d3-44ba-a6a7-52ba2b0c85fb, addresses=['fa:16:3e:8a:a6:75'], dhcpv4_options=[], dhcpv6_options=[], dynamic_addresses=[], enabled=True, external_ids={'neutron:cidrs': '', 'neutron:device_id': 'ovnmeta-8d468261-0168-4432-98c8-524589840f20', 'neutron:device_owner': 'network:distributed', 'neutron:mtu': '', 'neutron:network_name': 'neutron-8d468261-0168-4432-98c8-524589840f20', 'neutron:port_capabilities': '', 'neutron:port_name': '', 'neutron:project_id': '8b1ea5f14f32484586a2a47d5d24ae70', 'neutron:revision_number': '1', 'neutron:security_group_ids': '', 'neutron:subnet_pool_addr_scope4': '', 'neutron:subnet_pool_addr_scope6': '', 'neutron:vnic_type': 'normal'}, ha_chassis_group=[], mirror_rules=[], name='3841fd8f-dec6-403a-9730-e06bfa101ae2', options={}, parent_name=[], port_security=[], tag=[], tag_request=[], type='localport', up=[]) old= {{(pid=103160) matches /opt/stack/data/venv/lib/python3.12/site-packages/ovsdbapp/backend/ovs_idl/event.py:55}}
May 12 19:11:05.144184 np0000173793 devstack@neutron-api.service[103160]: INFO neutron.plugins.ml2.drivers.ovn.mech_driver.mech_driver [None req-50bf8cb7-bc7a-4df6-adc9-84d1684b04c9 None None] OVN reports status down for port: 3841fd8f-dec6-403a-9730-e06bfa101ae2
May 12 19:11:05.146831 np0000173793 devstack@neutron-api.service[103159]: DEBUG neutron.plugins.ml2.drivers.ovn.mech_driver.ovsdb.ovsdb_monitor [None req-1fb9a0c6-df6c-458f-91b4-77a6c4eb908b None None] Hash Ring: Node 0bddd176594c509ba4bbf2bde5a27f34 (host: np0000173793) handling event "create" for row 8dd88959-db7e-442a-9b99-6af5669f1042 (table: Port_Binding) {{(pid=103159) notify /opt/stack/neutron/neutron/plugins/ml2/drivers/ovn/mech_driver/ovsdb/ovsdb_monitor.py:942}}
May 12 19:11:05.147521 np0000173793 devstack@neutron-api.service[103160]: DEBUG neutron.plugins.ml2.drivers.ovn.mech_driver.ovsdb.ovsdb_monitor [None req-000fc5fe-e3fc-465a-8457-24b32182a1ee None None] Hash Ring: Node 0f0c875df1ab5c58a4192311a0fed0ee (host: np0000173793) handling event "update" for row 9c17a83c-08d3-44ba-a6a7-52ba2b0c85fb (table: Logical_Switch_Port) {{(pid=103160) notify /opt/stack/neutron/neutron/plugins/ml2/drivers/ovn/mech_driver/ovsdb/ovsdb_monitor.py:942}}
May 12 19:11:05.167869 np0000173793 devstack@neutron-api.service[103159]: INFO neutron.db.ovn_revision_numbers_db [None req-02cef4b7-0bb8-4388-879d-a303ef7a0826 admin admin] Successfully bumped revision number for resource 3841fd8f-dec6-403a-9730-e06bfa101ae2 (type: ports) to 1
May 12 19:11:05.172413 np0000173793 devstack@neutron-api.service[103160]: DEBUG neutron.db.provisioning_blocks [None req-50bf8cb7-bc7a-4df6-adc9-84d1684b04c9 None None] Transition to ACTIVE for port object 3841fd8f-dec6-403a-9730-e06bfa101ae2 will not be triggered until provisioned by entity L2. {{(pid=103160) add_provisioning_component /opt/stack/neutron/neutron/db/provisioning_blocks.py:74}}
May 12 19:11:05.174710 np0000173793 devstack@neutron-api.service[103159]: DEBUG neutron.pecan_wsgi.hooks.policy_enforcement [None req-02cef4b7-0bb8-4388-879d-a303ef7a0826 admin admin] Attributes excluded by policy engine: ['standard_attr_id'] {{(pid=103159) _exclude_attributes_by_policy /opt/stack/neutron/neutron/pecan_wsgi/hooks/policy_enforcement.py:256}}
May 12 19:11:05.175033 np0000173793 devstack@neutron-api.service[103159]: DEBUG neutron_lib.callbacks.manager [None req-02cef4b7-0bb8-4388-879d-a303ef7a0826 admin admin] Publish callbacks [] for network (None), before_response {{(pid=103159) _notify_loop /opt/stack/data/venv/lib/python3.12/site-packages/neutron_lib/callbacks/manager.py:184}}
May 12 19:11:05.188791 np0000173793 devstack@neutron-api.service[103159]: [pid: 103159|app: 0|req: 23/93] 199.204.45.25 () {68 vars in 1351 bytes} [Tue May 12 19:11:04 2026] POST /networking/v2.0/networks => generated 682 bytes in 564 msecs (HTTP/1.1 201) 4 headers in 162 bytes (1 switches on core 0)
May 12 19:11:05.197458 np0000173793 devstack@neutron-api.service[103160]: DEBUG neutron.plugins.ml2.plugin [None req-50bf8cb7-bc7a-4df6-adc9-84d1684b04c9 None None] Current status of the port 3841fd8f-dec6-403a-9730-e06bfa101ae2 is: DOWN; New status is: DOWN {{(pid=103160) _update_individual_port_db_status /opt/stack/neutron/neutron/plugins/ml2/plugin.py:2466}}
May 12 19:11:05.198634 np0000173793 devstack@neutron-api.service[103160]: DEBUG ovsdbapp.backend.ovs_idl.transaction [None req-000fc5fe-e3fc-465a-8457-24b32182a1ee None None] Running txn n=1 command(idx=0): DbRemoveCommand(_result=None, table=Logical_Switch_Port, record=3841fd8f-dec6-403a-9730-e06bfa101ae2, column=external_ids, values=('neutron:host_id',), keyvalues={}, if_exists=True) {{(pid=103160) do_commit /opt/stack/data/venv/lib/python3.12/site-packages/ovsdbapp/backend/ovs_idl/transaction.py:89}}
May 12 19:11:05.382344 np0000173793 devstack@neutron-api.service[103158]: INFO neutron.pecan_wsgi.hooks.translation [None req-df723fd5-51f0-49ca-8082-995724d11ca2 admin admin] GET failed (client error): The resource could not be found.
May 12 19:11:05.382925 np0000173793 devstack@neutron-api.service[103158]: [pid: 103158|app: 0|req: 24/94] 199.204.45.25 () {64 vars in 1327 bytes} [Tue May 12 19:11:05 2026] GET /networking/v2.0/networks/admin_net => generated 111 bytes in 13 msecs (HTTP/1.1 404) 4 headers in 164 bytes (1 switches on core 0)
May 12 19:11:05.429707 np0000173793 devstack@neutron-api.service[103161]: DEBUG neutron.pecan_wsgi.hooks.policy_enforcement [None req-038a4620-0826-49e2-8286-fd15933cfbef admin admin] Attributes excluded by policy engine: ['standard_attr_id'] {{(pid=103161) _exclude_attributes_by_policy /opt/stack/neutron/neutron/pecan_wsgi/hooks/policy_enforcement.py:256}}
May 12 19:11:05.430575 np0000173793 devstack@neutron-api.service[103161]: [pid: 103161|app: 0|req: 24/95] 199.204.45.25 () {64 vars in 1339 bytes} [Tue May 12 19:11:05 2026] GET /networking/v2.0/networks?name=admin_net => generated 666 bytes in 36 msecs (HTTP/1.1 200) 4 headers in 157 bytes (1 switches on core 0)
May 12 19:11:05.638575 np0000173793 devstack@neutron-api.service[103160]: INFO neutron.pecan_wsgi.hooks.translation [None req-662b19c7-0fa3-4078-8b18-0cd57b6b1a4f admin admin] GET failed (client error): The resource could not be found.
May 12 19:11:05.639125 np0000173793 devstack@neutron-api.service[103160]: [pid: 103160|app: 0|req: 25/96] 199.204.45.25 () {64 vars in 1333 bytes} [Tue May 12 19:11:05 2026] GET /networking/v2.0/subnets/admin_subnet => generated 112 bytes in 10 msecs (HTTP/1.1 404) 4 headers in 164 bytes (1 switches on core 0)
May 12 19:11:05.669414 np0000173793 devstack@neutron-api.service[103159]: [pid: 103159|app: 0|req: 24/97] 199.204.45.25 () {64 vars in 1342 bytes} [Tue May 12 19:11:05 2026] GET /networking/v2.0/subnets?name=admin_subnet => generated 14 bytes in 20 msecs (HTTP/1.1 200) 4 headers in 156 bytes (1 switches on core 0)
May 12 19:11:05.937499 np0000173793 devstack@neutron-api.service[103158]: DEBUG neutron.pecan_wsgi.hooks.policy_enforcement [None req-7e9f17fe-d385-4dbb-b21b-17457fe97906 admin admin] Attributes excluded by policy engine: ['standard_attr_id'] {{(pid=103158) _exclude_attributes_by_policy /opt/stack/neutron/neutron/pecan_wsgi/hooks/policy_enforcement.py:256}}
