2026-02-24 05:04:43.611 7 INFO cinder.api.openstack.wsgi [req-55df1be8-e29a-445d-89e4-42dcb3f94c1d req-3b22b5a6-2172-4f1b-940d-edd103b73280 caa9cfd29ddb408db6228edec5832b3e b96d1afe2cdb4df284471f3f56230bfc - - default default] POST http://cinder-api.openstack.svc.cluster.local:8776/v3/b96d1afe2cdb4df284471f3f56230bfc/attachments /var/lib/openstack/lib/python3.12/site-packages/oslo_context/context.py:101: DeprecationWarning: Policy enforcement is depending on the value of is_admin. This key is deprecated. Please update your policy file to use the standard policy values. warnings.warn(
2026-02-24 05:04:43.683 7 INFO cinder.api.openstack.wsgi [req-55df1be8-e29a-445d-89e4-42dcb3f94c1d req-3b22b5a6-2172-4f1b-940d-edd103b73280 caa9cfd29ddb408db6228edec5832b3e b96d1afe2cdb4df284471f3f56230bfc - - default default] http://cinder-api.openstack.svc.cluster.local:8776/v3/b96d1afe2cdb4df284471f3f56230bfc/attachments returned with HTTP 200 [pid: 7|app: 0|req: 335/675] 172.24.0.110 () {40 vars in 1059 bytes} [Tue Feb 24 05:04:43 2026] POST /v3/b96d1afe2cdb4df284471f3f56230bfc/attachments => generated 273 bytes in 84 msecs (HTTP/1.1 200) 7 headers in 286 bytes (1 switches on core 0) /var/lib/openstack/lib/python3.12/site-packages/pycadf/identifier.py:70: UserWarning: Invalid uuid: cinderv3. To ensure interoperability, identifiers should be a valid uuid. warnings.warn(('Invalid uuid: %s. To ensure interoperability, '
2026-02-24 05:04:48.081 8 INFO cinder.api.openstack.wsgi [None req-34d7342d-3894-42e0-9237-42feb821eefc a31c902c87164a3699b2114b149be9cf 05a8660f9e364453859fd88a7662a435 - - default default] GET http://cinder-api.openstack.svc.cluster.local:8776/v3/05a8660f9e364453859fd88a7662a435/snapshots?all_tenants=true
2026-02-24 05:04:48.088 8 INFO cinder.volume.api [None req-34d7342d-3894-42e0-9237-42feb821eefc a31c902c87164a3699b2114b149be9cf 05a8660f9e364453859fd88a7662a435 - - default default] Get all snapshots completed successfully.
2026-02-24 05:04:48.089 8 INFO cinder.api.openstack.wsgi [None req-34d7342d-3894-42e0-9237-42feb821eefc a31c902c87164a3699b2114b149be9cf 05a8660f9e364453859fd88a7662a435 - - default default] http://cinder-api.openstack.svc.cluster.local:8776/v3/05a8660f9e364453859fd88a7662a435/snapshots?all_tenants=true returned with HTTP 200 [pid: 8|app: 0|req: 341/676] 172.24.0.175 () {28 vars in 676 bytes} [Tue Feb 24 05:04:47 2026] GET /v3/05a8660f9e364453859fd88a7662a435/snapshots?all_tenants=true => generated 17 bytes in 168 msecs (HTTP/1.1 200) 7 headers in 284 bytes (1 switches on core 0) /var/lib/openstack/lib/python3.12/site-packages/pycadf/identifier.py:70: UserWarning: Invalid uuid: cinderv3. To ensure interoperability, identifiers should be a valid uuid. warnings.warn(('Invalid uuid: %s. To ensure interoperability, '
2026-02-24 05:04:48.107 7 INFO cinder.api.openstack.wsgi [None req-b48cde56-baac-46d5-820b-f8cfc7d66e1c a31c902c87164a3699b2114b149be9cf 05a8660f9e364453859fd88a7662a435 - - default default] GET http://cinder-api.openstack.svc.cluster.local:8776/v3/05a8660f9e364453859fd88a7662a435/volumes/detail?all_tenants=true /var/lib/openstack/lib/python3.12/site-packages/oslo_context/context.py:101: DeprecationWarning: Policy enforcement is depending on the value of is_admin. This key is deprecated. Please update your policy file to use the standard policy values. warnings.warn(
2026-02-24 05:04:48.126 7 INFO cinder.volume.api [None req-b48cde56-baac-46d5-820b-f8cfc7d66e1c a31c902c87164a3699b2114b149be9cf 05a8660f9e364453859fd88a7662a435 - - default default] Get all volumes completed successfully. /var/lib/openstack/lib/python3.12/site-packages/oslo_context/context.py:101: DeprecationWarning: Policy enforcement is depending on the value of is_admin. This key is deprecated. Please update your policy file to use the standard policy values. warnings.warn(
2026-02-24 05:04:48.132 7 INFO cinder.api.openstack.wsgi [None req-b48cde56-baac-46d5-820b-f8cfc7d66e1c a31c902c87164a3699b2114b149be9cf 05a8660f9e364453859fd88a7662a435 - - default default] http://cinder-api.openstack.svc.cluster.local:8776/v3/05a8660f9e364453859fd88a7662a435/volumes/detail?all_tenants=true returned with HTTP 200 [pid: 7|app: 0|req: 336/677] 172.24.0.175 () {28 vars in 686 bytes} [Tue Feb 24 05:04:48 2026] GET /v3/05a8660f9e364453859fd88a7662a435/volumes/detail?all_tenants=true => generated 1509 bytes in 34 msecs (HTTP/1.1 200) 7 headers in 286 bytes (1 switches on core 0)
2026-02-24 05:04:48.155 8 INFO cinder.api.openstack.wsgi [None req-dc9c93dd-c750-45c9-b668-89ca661c54c9 a31c902c87164a3699b2114b149be9cf 05a8660f9e364453859fd88a7662a435 - - default default] GET http://cinder-api.openstack.svc.cluster.local:8776/v3/05a8660f9e364453859fd88a7662a435/volumes/detail?all_tenants=true
2026-02-24 05:04:48.187 8 INFO cinder.volume.api [None req-dc9c93dd-c750-45c9-b668-89ca661c54c9 a31c902c87164a3699b2114b149be9cf 05a8660f9e364453859fd88a7662a435 - - default default] Get all volumes completed successfully. /var/lib/openstack/lib/python3.12/site-packages/oslo_context/context.py:101: DeprecationWarning: Policy enforcement is depending on the value of is_admin. This key is deprecated. Please update your policy file to use the standard policy values. warnings.warn(
2026-02-24 05:04:48.203 8 INFO cinder.api.openstack.wsgi [None req-dc9c93dd-c750-45c9-b668-89ca661c54c9 a31c902c87164a3699b2114b149be9cf 05a8660f9e364453859fd88a7662a435 - - default default] http://cinder-api.openstack.svc.cluster.local:8776/v3/05a8660f9e364453859fd88a7662a435/volumes/detail?all_tenants=true returned with HTTP 200 [pid: 8|app: 0|req: 342/678] 172.24.0.175 () {28 vars in 686 bytes} [Tue Feb 24 05:04:48 2026] GET /v3/05a8660f9e364453859fd88a7662a435/volumes/detail?all_tenants=true => generated 1509 bytes in 59 msecs (HTTP/1.1 200) 7 headers in 286 bytes (1 switches on core 0) /var/lib/openstack/lib/python3.12/site-packages/pycadf/identifier.py:70: UserWarning: Invalid uuid: cinderv3. To ensure interoperability, identifiers should be a valid uuid. warnings.warn(('Invalid uuid: %s. To ensure interoperability, '
2026-02-24 05:04:48.274 7 INFO cinder.api.openstack.wsgi [None req-422786a3-0b3e-405d-a4a8-3c6210ce2545 a31c902c87164a3699b2114b149be9cf 05a8660f9e364453859fd88a7662a435 - - default default] GET http://cinder-api.openstack.svc.cluster.local:8776/v3/05a8660f9e364453859fd88a7662a435/os-quota-sets/05a8660f9e364453859fd88a7662a435?usage=true
2026-02-24 05:04:48.304 7 INFO cinder.api.openstack.wsgi [None req-422786a3-0b3e-405d-a4a8-3c6210ce2545 a31c902c87164a3699b2114b149be9cf 05a8660f9e364453859fd88a7662a435 - - default default] http://cinder-api.openstack.svc.cluster.local:8776/v3/05a8660f9e364453859fd88a7662a435/os-quota-sets/05a8660f9e364453859fd88a7662a435?usage=true returned with HTTP 200 [pid: 7|app: 0|req: 337/679] 172.24.0.175 () {28 vars in 738 bytes} [Tue Feb 24 05:04:48 2026] GET /v3/05a8660f9e364453859fd88a7662a435/os-quota-sets/05a8660f9e364453859fd88a7662a435?usage=true => generated 845 bytes in 37 msecs (HTTP/1.1 200) 7 headers in 285 bytes (1 switches on core 0) /var/lib/openstack/lib/python3.12/site-packages/pycadf/identifier.py:70: UserWarning: Invalid uuid: cinderv3. To ensure interoperability, identifiers should be a valid uuid. warnings.warn(('Invalid uuid: %s. To ensure interoperability, '
2026-02-24 05:04:48.320 8 INFO cinder.api.openstack.wsgi [None req-bd762451-eb14-4240-8aa4-d7884f774784 a31c902c87164a3699b2114b149be9cf 05a8660f9e364453859fd88a7662a435 - - default default] GET http://cinder-api.openstack.svc.cluster.local:8776/v3/05a8660f9e364453859fd88a7662a435/os-quota-sets/5d7f65ce77914036b904ca487ec446a2?usage=true
2026-02-24 05:04:48.333 7 INFO cinder.api.openstack.wsgi [None req-422786a3-0b3e-405d-a4a8-3c6210ce2545 a31c902c87164a3699b2114b149be9cf 05a8660f9e364453859fd88a7662a435 - - default default] GET http://172.24.0.129:8776/
2026-02-24 05:04:48.336 7 INFO cinder.api.openstack.wsgi [None req-422786a3-0b3e-405d-a4a8-3c6210ce2545 a31c902c87164a3699b2114b149be9cf 05a8660f9e364453859fd88a7662a435 - - default default] http://172.24.0.129:8776/ returned with HTTP 300
2026-02-24 05:04:48.343 7 INFO cinder.api.openstack.wsgi [None req-422786a3-0b3e-405d-a4a8-3c6210ce2545 a31c902c87164a3699b2114b149be9cf 05a8660f9e364453859fd88a7662a435 - - default default] GET http://172.24.0.129:8776/
2026-02-24 05:04:48.344 7 INFO cinder.api.openstack.wsgi [None req-422786a3-0b3e-405d-a4a8-3c6210ce2545 a31c902c87164a3699b2114b149be9cf 05a8660f9e364453859fd88a7662a435 - - default default] http://172.24.0.129:8776/ returned with HTTP 300
2026-02-24 05:04:48.350 8 INFO cinder.api.openstack.wsgi [None req-bd762451-eb14-4240-8aa4-d7884f774784 a31c902c87164a3699b2114b149be9cf 05a8660f9e364453859fd88a7662a435 - - default default] http://cinder-api.openstack.svc.cluster.local:8776/v3/05a8660f9e364453859fd88a7662a435/os-quota-sets/5d7f65ce77914036b904ca487ec446a2?usage=true returned with HTTP 200 [pid: 8|app: 0|req: 343/682] 172.24.0.175 () {28 vars in 738 bytes} [Tue Feb 24 05:04:48 2026] GET /v3/05a8660f9e364453859fd88a7662a435/os-quota-sets/5d7f65ce77914036b904ca487ec446a2?usage=true => generated 847 bytes in 37 msecs (HTTP/1.1 200) 7 headers in 285 bytes (1 switches on core 0)
2026-02-24 05:04:48.371 7 INFO cinder.api.openstack.wsgi [None req-d1d7597f-8770-4588-9d6c-22576040f764 a31c902c87164a3699b2114b149be9cf 05a8660f9e364453859fd88a7662a435 - - default default] GET http://cinder-api.openstack.svc.cluster.local:8776/v3/05a8660f9e364453859fd88a7662a435/os-quota-sets/76dd72683d0c4b70be8ff4d0219ca98c?usage=true
2026-02-24 05:04:48.397 7 INFO cinder.api.openstack.wsgi [None req-d1d7597f-8770-4588-9d6c-22576040f764 a31c902c87164a3699b2114b149be9cf 05a8660f9e364453859fd88a7662a435 - - default default] http://cinder-api.openstack.svc.cluster.local:8776/v3/05a8660f9e364453859fd88a7662a435/os-quota-sets/76dd72683d0c4b70be8ff4d0219ca98c?usage=true returned with HTTP 200 [pid: 7|app: 0|req: 340/683] 172.24.0.175 () {28 vars in 738 bytes} [Tue Feb 24 05:04:48 2026] GET /v3/05a8660f9e364453859fd88a7662a435/os-quota-sets/76dd72683d0c4b70be8ff4d0219ca98c?usage=true => generated 847 bytes in 36 msecs (HTTP/1.1 200) 7 headers in 285 bytes (1 switches on core 0)
2026-02-24 05:04:48.413 8 INFO cinder.api.openstack.wsgi [None req-705e2fc5-8892-49ec-8a69-67cb0225e830 a31c902c87164a3699b2114b149be9cf 05a8660f9e364453859fd88a7662a435 - - default default] GET http://cinder-api.openstack.svc.cluster.local:8776/v3/05a8660f9e364453859fd88a7662a435/os-quota-sets/a797abf644f34aa5a5b0c7585c06d6b0?usage=true
2026-02-24 05:04:48.438 8 INFO cinder.api.openstack.wsgi [None req-705e2fc5-8892-49ec-8a69-67cb0225e830 a31c902c87164a3699b2114b149be9cf 05a8660f9e364453859fd88a7662a435 - - default default] http://cinder-api.openstack.svc.cluster.local:8776/v3/05a8660f9e364453859fd88a7662a435/os-quota-sets/a797abf644f34aa5a5b0c7585c06d6b0?usage=true returned with HTTP 200 [pid: 8|app: 0|req: 344/684] 172.24.0.175 () {28 vars in 738 bytes} [Tue Feb 24 05:04:48 2026] GET /v3/05a8660f9e364453859fd88a7662a435/os-quota-sets/a797abf644f34aa5a5b0c7585c06d6b0?usage=true => generated 845 bytes in 33 msecs (HTTP/1.1 200) 7 headers in 285 bytes (1 switches on core 0)
2026-02-24 05:04:48.450 7 INFO cinder.api.openstack.wsgi [None req-ed488e28-10e7-4c00-bbf5-3b92f36b8df0 a31c902c87164a3699b2114b149be9cf 05a8660f9e364453859fd88a7662a435 - - default default] GET http://cinder-api.openstack.svc.cluster.local:8776/v3/05a8660f9e364453859fd88a7662a435/os-quota-sets/b96d1afe2cdb4df284471f3f56230bfc?usage=true
2026-02-24 05:04:48.477 7 INFO cinder.api.openstack.wsgi [None req-ed488e28-10e7-4c00-bbf5-3b92f36b8df0 a31c902c87164a3699b2114b149be9cf 05a8660f9e364453859fd88a7662a435 - - default default] http://cinder-api.openstack.svc.cluster.local:8776/v3/05a8660f9e364453859fd88a7662a435/os-quota-sets/b96d1afe2cdb4df284471f3f56230bfc?usage=true returned with HTTP 200 [pid: 7|app: 0|req: 341/685] 172.24.0.175 () {28 vars in 738 bytes} [Tue Feb 24 05:04:48 2026] GET /v3/05a8660f9e364453859fd88a7662a435/os-quota-sets/b96d1afe2cdb4df284471f3f56230bfc?usage=true => generated 847 bytes in 36 msecs (HTTP/1.1 200) 7 headers in 285 bytes (1 switches on core 0)
2026-02-24 05:04:48.491 8 INFO cinder.api.openstack.wsgi [None req-36599cfa-f8e9-4008-8c0e-4ab2f17d17d8 a31c902c87164a3699b2114b149be9cf 05a8660f9e364453859fd88a7662a435 - - default default] GET http://cinder-api.openstack.svc.cluster.local:8776/v3/05a8660f9e364453859fd88a7662a435/os-quota-sets/df83f0eb9369418088711f91e5a731a9?usage=true
2026-02-24 05:04:48.520 8 INFO cinder.api.openstack.wsgi [None req-36599cfa-f8e9-4008-8c0e-4ab2f17d17d8 a31c902c87164a3699b2114b149be9cf 05a8660f9e364453859fd88a7662a435 - - default default] http://cinder-api.openstack.svc.cluster.local:8776/v3/05a8660f9e364453859fd88a7662a435/os-quota-sets/df83f0eb9369418088711f91e5a731a9?usage=true returned with HTTP 200 [pid: 8|app: 0|req: 345/686] 172.24.0.175 () {28 vars in 738 bytes} [Tue Feb 24 05:04:48 2026] GET /v3/05a8660f9e364453859fd88a7662a435/os-quota-sets/df83f0eb9369418088711f91e5a731a9?usage=true => generated 847 bytes in 39 msecs (HTTP/1.1 200) 7 headers in 285 bytes (1 switches on core 0)
2026-02-24 05:04:48.532 7 INFO cinder.api.openstack.wsgi [None req-c19154a2-6b6f-4267-b30c-859836f7474b a31c902c87164a3699b2114b149be9cf 05a8660f9e364453859fd88a7662a435 - - default default] GET http://cinder-api.openstack.svc.cluster.local:8776/v3/05a8660f9e364453859fd88a7662a435/os-quota-sets/eff3a70bdb794da384d8b328b174def9?usage=true
2026-02-24 05:04:48.555 7 INFO cinder.api.openstack.wsgi [None req-c19154a2-6b6f-4267-b30c-859836f7474b a31c902c87164a3699b2114b149be9cf 05a8660f9e364453859fd88a7662a435 - - default default] http://cinder-api.openstack.svc.cluster.local:8776/v3/05a8660f9e364453859fd88a7662a435/os-quota-sets/eff3a70bdb794da384d8b328b174def9?usage=true returned with HTTP 200 [pid: 7|app: 0|req: 342/687] 172.24.0.175 () {28 vars in 738 bytes} [Tue Feb 24 05:04:48 2026] GET /v3/05a8660f9e364453859fd88a7662a435/os-quota-sets/eff3a70bdb794da384d8b328b174def9?usage=true => generated 847 bytes in 32 msecs (HTTP/1.1 200) 7 headers in 285 bytes (1 switches on core 0)
2026-02-24 05:04:48.574 8 INFO cinder.api.openstack.wsgi [None req-12c5f7f4-649b-4a75-b0d6-c5e21a2fa7b0 a31c902c87164a3699b2114b149be9cf 05a8660f9e364453859fd88a7662a435 - - default default] GET http://cinder-api.openstack.svc.cluster.local:8776/v3/05a8660f9e364453859fd88a7662a435/scheduler-stats/get_pools?detail=true
2026-02-24 05:04:49.079 8 INFO cinder.api.openstack.wsgi [None req-12c5f7f4-649b-4a75-b0d6-c5e21a2fa7b0 a31c902c87164a3699b2114b149be9cf 05a8660f9e364453859fd88a7662a435 - - default default] http://cinder-api.openstack.svc.cluster.local:8776/v3/05a8660f9e364453859fd88a7662a435/scheduler-stats/get_pools?detail=true returned with HTTP 200 [pid: 8|app: 0|req: 346/688] 172.24.0.175 () {28 vars in 698 bytes} [Tue Feb 24 05:04:48 2026] GET /v3/05a8660f9e364453859fd88a7662a435/scheduler-stats/get_pools?detail=true => generated 670 bytes in 514 msecs (HTTP/1.1 200) 7 headers in 285 bytes (1 switches on core 0)
2026-02-24 05:04:49.092 7 INFO cinder.api.openstack.wsgi [None req-dc71d2ec-cac3-4eb7-b704-94b37c473c9b a31c902c87164a3699b2114b149be9cf 05a8660f9e364453859fd88a7662a435 - - default default] GET http://cinder-api.openstack.svc.cluster.local:8776/v3/05a8660f9e364453859fd88a7662a435/os-services
2026-02-24 05:04:49.110 7 INFO cinder.api.openstack.wsgi [None req-dc71d2ec-cac3-4eb7-b704-94b37c473c9b a31c902c87164a3699b2114b149be9cf 05a8660f9e364453859fd88a7662a435 - - default default] http://cinder-api.openstack.svc.cluster.local:8776/v3/05a8660f9e364453859fd88a7662a435/os-services returned with HTTP 200 [pid: 7|app: 0|req: 343/689] 172.24.0.175 () {28 vars in 647 bytes} [Tue Feb 24 05:04:49 2026] GET /v3/05a8660f9e364453859fd88a7662a435/os-services => generated 646 bytes in 24 msecs (HTTP/1.1 200) 7 headers in 285 bytes (1 switches on core 0)
2026-02-24 05:04:49.680 8 INFO cinder.api.openstack.wsgi [None req-12c5f7f4-649b-4a75-b0d6-c5e21a2fa7b0 a31c902c87164a3699b2114b149be9cf 05a8660f9e364453859fd88a7662a435 - - default default] GET http://cinder-api.openstack.svc.cluster.local:8776/
2026-02-24 05:04:49.680 8 INFO cinder.api.openstack.wsgi [None req-12c5f7f4-649b-4a75-b0d6-c5e21a2fa7b0 a31c902c87164a3699b2114b149be9cf 05a8660f9e364453859fd88a7662a435 - - default default] http://cinder-api.openstack.svc.cluster.local:8776/ returned with HTTP 300 [pid: 8|app: 0|req: 347/690] 162.253.55.207 () {32 vars in 840 bytes} [Tue Feb 24 05:04:49 2026] GET / => generated 411 bytes in 1 msecs (HTTP/1.1 300) 5 headers in 169 bytes (1 switches on core 0)
2026-02-24 05:04:49.725 7 INFO cinder.api.openstack.wsgi [req-55df1be8-e29a-445d-89e4-42dcb3f94c1d req-0c4fbc9a-bccd-4f40-9999-83623ecfe638 caa9cfd29ddb408db6228edec5832b3e b96d1afe2cdb4df284471f3f56230bfc - - default default] GET http://cinder-api.openstack.svc.cluster.local:8776/v3/b96d1afe2cdb4df284471f3f56230bfc/volumes/9f6a47d6-8f87-4b38-b3f4-e41e06d397f3 /var/lib/openstack/lib/python3.12/site-packages/oslo_context/context.py:101: DeprecationWarning: Policy enforcement is depending on the value of is_admin. This key is deprecated. Please update your policy file to use the standard policy values. warnings.warn(
2026-02-24 05:04:49.768 7 INFO cinder.volume.api [req-55df1be8-e29a-445d-89e4-42dcb3f94c1d req-0c4fbc9a-bccd-4f40-9999-83623ecfe638 caa9cfd29ddb408db6228edec5832b3e b96d1afe2cdb4df284471f3f56230bfc - - default default] Volume info retrieved successfully.
2026-02-24 05:04:49.777 7 INFO cinder.api.openstack.wsgi [req-55df1be8-e29a-445d-89e4-42dcb3f94c1d req-0c4fbc9a-bccd-4f40-9999-83623ecfe638 caa9cfd29ddb408db6228edec5832b3e b96d1afe2cdb4df284471f3f56230bfc - - default default] http://cinder-api.openstack.svc.cluster.local:8776/v3/b96d1afe2cdb4df284471f3f56230bfc/volumes/9f6a47d6-8f87-4b38-b3f4-e41e06d397f3 returned with HTTP 200 [pid: 7|app: 0|req: 344/691] 162.253.55.207 () {36 vars in 1073 bytes} [Tue Feb 24 05:04:49 2026] GET /v3/b96d1afe2cdb4df284471f3f56230bfc/volumes/9f6a47d6-8f87-4b38-b3f4-e41e06d397f3 => generated 1522 bytes in 60 msecs (HTTP/1.1 200) 7 headers in 287 bytes (1 switches on core 0)
2026-02-24 05:04:51.799 8 INFO cinder.api.openstack.wsgi [req-55df1be8-e29a-445d-89e4-42dcb3f94c1d req-301b3345-1a40-48c4-bdf2-27b23cd49e23 caa9cfd29ddb408db6228edec5832b3e b96d1afe2cdb4df284471f3f56230bfc - - default default] PUT http://cinder-api.openstack.svc.cluster.local:8776/v3/b96d1afe2cdb4df284471f3f56230bfc/attachments/34245a89-40c8-49ff-b0ba-bdd690d98e99 /var/lib/openstack/lib/python3.12/site-packages/oslo_context/context.py:101: DeprecationWarning: Policy enforcement is depending on the value of is_admin. This key is deprecated. Please update your policy file to use the standard policy values. warnings.warn(
2026-02-24 05:04:52.872 8 INFO cinder.api.openstack.wsgi [req-55df1be8-e29a-445d-89e4-42dcb3f94c1d req-301b3345-1a40-48c4-bdf2-27b23cd49e23 caa9cfd29ddb408db6228edec5832b3e b96d1afe2cdb4df284471f3f56230bfc - - default default] http://cinder-api.openstack.svc.cluster.local:8776/v3/b96d1afe2cdb4df284471f3f56230bfc/attachments/34245a89-40c8-49ff-b0ba-bdd690d98e99 returned with HTTP 200 [pid: 8|app: 0|req: 348/692] 162.253.55.207 () {40 vars in 1135 bytes} [Tue Feb 24 05:04:51 2026] PUT /v3/b96d1afe2cdb4df284471f3f56230bfc/attachments/34245a89-40c8-49ff-b0ba-bdd690d98e99 => generated 802 bytes in 1082 msecs (HTTP/1.1 200) 7 headers in 286 bytes (1 switches on core 0) /var/lib/openstack/lib/python3.12/site-packages/pycadf/identifier.py:70: UserWarning: Invalid uuid: cinderv3. To ensure interoperability, identifiers should be a valid uuid. warnings.warn(('Invalid uuid: %s. To ensure interoperability, '
2026-02-24 05:04:53.387 7 INFO cinder.api.openstack.wsgi [req-55df1be8-e29a-445d-89e4-42dcb3f94c1d req-551806b3-5683-4ad0-b23b-b79ed33fa5c5 caa9cfd29ddb408db6228edec5832b3e b96d1afe2cdb4df284471f3f56230bfc - - default default] POST http://cinder-api.openstack.svc.cluster.local:8776/v3/b96d1afe2cdb4df284471f3f56230bfc/attachments/34245a89-40c8-49ff-b0ba-bdd690d98e99/action /var/lib/openstack/lib/python3.12/site-packages/oslo_context/context.py:101: DeprecationWarning: Policy enforcement is depending on the value of is_admin. This key is deprecated. Please update your policy file to use the standard policy values. warnings.warn(
2026-02-24 05:04:53.435 7 INFO cinder.api.openstack.wsgi [req-55df1be8-e29a-445d-89e4-42dcb3f94c1d req-551806b3-5683-4ad0-b23b-b79ed33fa5c5 caa9cfd29ddb408db6228edec5832b3e b96d1afe2cdb4df284471f3f56230bfc - - default default] http://cinder-api.openstack.svc.cluster.local:8776/v3/b96d1afe2cdb4df284471f3f56230bfc/attachments/34245a89-40c8-49ff-b0ba-bdd690d98e99/action returned with HTTP 204 [pid: 7|app: 0|req: 345/693] 162.253.55.207 () {40 vars in 1148 bytes} [Tue Feb 24 05:04:53 2026] POST /v3/b96d1afe2cdb4df284471f3f56230bfc/attachments/34245a89-40c8-49ff-b0ba-bdd690d98e99/action => generated 0 bytes in 56 msecs (HTTP/1.1 204) 7 headers in 292 bytes (1 switches on core 0)
2026-02-24 05:04:58.332 7 INFO cinder.api.openstack.wsgi [req-55df1be8-e29a-445d-89e4-42dcb3f94c1d req-551806b3-5683-4ad0-b23b-b79ed33fa5c5 caa9cfd29ddb408db6228edec5832b3e b96d1afe2cdb4df284471f3f56230bfc - - default default] GET http://172.24.0.129:8776/
2026-02-24 05:04:58.333 7 INFO cinder.api.openstack.wsgi [req-55df1be8-e29a-445d-89e4-42dcb3f94c1d req-551806b3-5683-4ad0-b23b-b79ed33fa5c5 caa9cfd29ddb408db6228edec5832b3e b96d1afe2cdb4df284471f3f56230bfc - - default default] http://172.24.0.129:8776/ returned with HTTP 300
2026-02-24 05:04:58.332 8 INFO cinder.api.openstack.wsgi [req-55df1be8-e29a-445d-89e4-42dcb3f94c1d req-301b3345-1a40-48c4-bdf2-27b23cd49e23 caa9cfd29ddb408db6228edec5832b3e b96d1afe2cdb4df284471f3f56230bfc - - default default] GET http://172.24.0.129:8776/
2026-02-24 05:04:58.335 8 INFO cinder.api.openstack.wsgi [req-55df1be8-e29a-445d-89e4-42dcb3f94c1d req-301b3345-1a40-48c4-bdf2-27b23cd49e23 caa9cfd29ddb408db6228edec5832b3e b96d1afe2cdb4df284471f3f56230bfc - - default default] http://172.24.0.129:8776/ returned with HTTP 300 /var/lib/openstack/lib/python3.12/site-packages/pycadf/identifier.py:70: UserWarning: Invalid uuid: cinderv3. To ensure interoperability, identifiers should be a valid uuid. warnings.warn(('Invalid uuid: %s. To ensure interoperability, '
2026-02-24 05:05:07.191 7 INFO cinder.api.openstack.wsgi [req-f1f8ff7f-6c94-435b-975c-6fe9cf2a51b7 req-81e007f1-4fb2-4c15-9561-bf95baa19138 caa9cfd29ddb408db6228edec5832b3e b96d1afe2cdb4df284471f3f56230bfc - - default default] DELETE http://cinder-api.openstack.svc.cluster.local:8776/v3/b96d1afe2cdb4df284471f3f56230bfc/attachments/34245a89-40c8-49ff-b0ba-bdd690d98e99 /var/lib/openstack/lib/python3.12/site-packages/oslo_context/context.py:101: DeprecationWarning: Policy enforcement is depending on the value of is_admin. This key is deprecated. Please update your policy file to use the standard policy values. warnings.warn(
2026-02-24 05:05:07.760 7 INFO cinder.api.openstack.wsgi [req-f1f8ff7f-6c94-435b-975c-6fe9cf2a51b7 req-81e007f1-4fb2-4c15-9561-bf95baa19138 caa9cfd29ddb408db6228edec5832b3e b96d1afe2cdb4df284471f3f56230bfc - - default default] http://cinder-api.openstack.svc.cluster.local:8776/v3/b96d1afe2cdb4df284471f3f56230bfc/attachments/34245a89-40c8-49ff-b0ba-bdd690d98e99 returned with HTTP 200 [pid: 7|app: 0|req: 347/696] 162.253.55.207 () {38 vars in 1103 bytes} [Tue Feb 24 05:05:07 2026] DELETE /v3/b96d1afe2cdb4df284471f3f56230bfc/attachments/34245a89-40c8-49ff-b0ba-bdd690d98e99 => generated 19 bytes in 592 msecs (HTTP/1.1 200) 7 headers in 285 bytes (1 switches on core 0) /var/lib/openstack/lib/python3.12/site-packages/pycadf/identifier.py:70: UserWarning: Invalid uuid: cinderv3. To ensure interoperability, identifiers should be a valid uuid. warnings.warn(('Invalid uuid: %s. To ensure interoperability, '
2026-02-24 05:05:07.780 8 INFO cinder.api.openstack.wsgi [req-f1f8ff7f-6c94-435b-975c-6fe9cf2a51b7 req-6c20e2a8-83f0-4ccd-981b-9d2dabe3fdbd caa9cfd29ddb408db6228edec5832b3e b96d1afe2cdb4df284471f3f56230bfc - - default default] DELETE http://cinder-api.openstack.svc.cluster.local:8776/v3/b96d1afe2cdb4df284471f3f56230bfc/volumes/9f6a47d6-8f87-4b38-b3f4-e41e06d397f3
2026-02-24 05:05:07.780 8 INFO cinder.api.v3.volumes [req-f1f8ff7f-6c94-435b-975c-6fe9cf2a51b7 req-6c20e2a8-83f0-4ccd-981b-9d2dabe3fdbd caa9cfd29ddb408db6228edec5832b3e b96d1afe2cdb4df284471f3f56230bfc - - default default] Delete volume with id: 9f6a47d6-8f87-4b38-b3f4-e41e06d397f3 /var/lib/openstack/lib/python3.12/site-packages/oslo_context/context.py:101: DeprecationWarning: Policy enforcement is depending on the value of is_admin. This key is deprecated. Please update your policy file to use the standard policy values. warnings.warn(
2026-02-24 05:05:07.794 8 INFO cinder.volume.api [req-f1f8ff7f-6c94-435b-975c-6fe9cf2a51b7 req-6c20e2a8-83f0-4ccd-981b-9d2dabe3fdbd caa9cfd29ddb408db6228edec5832b3e b96d1afe2cdb4df284471f3f56230bfc - - default default] Volume info retrieved successfully.
2026-02-24 05:05:07.829 8 INFO cinder.volume.api [req-f1f8ff7f-6c94-435b-975c-6fe9cf2a51b7 req-6c20e2a8-83f0-4ccd-981b-9d2dabe3fdbd caa9cfd29ddb408db6228edec5832b3e b96d1afe2cdb4df284471f3f56230bfc - - default default] Delete volume request issued successfully.
2026-02-24 05:05:07.829 8 INFO cinder.api.openstack.wsgi [req-f1f8ff7f-6c94-435b-975c-6fe9cf2a51b7 req-6c20e2a8-83f0-4ccd-981b-9d2dabe3fdbd caa9cfd29ddb408db6228edec5832b3e b96d1afe2cdb4df284471f3f56230bfc - - default default] http://cinder-api.openstack.svc.cluster.local:8776/v3/b96d1afe2cdb4df284471f3f56230bfc/volumes/9f6a47d6-8f87-4b38-b3f4-e41e06d397f3 returned with HTTP 202 [pid: 8|app: 0|req: 350/697] 162.253.55.207 () {36 vars in 1054 bytes} [Tue Feb 24 05:05:07 2026] DELETE /v3/b96d1afe2cdb4df284471f3f56230bfc/volumes/9f6a47d6-8f87-4b38-b3f4-e41e06d397f3 => generated 0 bytes in 61 msecs (HTTP/1.1 202) 6 headers in 233 bytes (1 switches on core 0)
2026-02-24 05:05:08.332 7 INFO cinder.api.openstack.wsgi [req-f1f8ff7f-6c94-435b-975c-6fe9cf2a51b7 req-81e007f1-4fb2-4c15-9561-bf95baa19138 caa9cfd29ddb408db6228edec5832b3e b96d1afe2cdb4df284471f3f56230bfc - - default default] GET http://172.24.0.129:8776/
2026-02-24 05:05:08.333 8 INFO cinder.api.openstack.wsgi [req-f1f8ff7f-6c94-435b-975c-6fe9cf2a51b7 req-6c20e2a8-83f0-4ccd-981b-9d2dabe3fdbd caa9cfd29ddb408db6228edec5832b3e b96d1afe2cdb4df284471f3f56230bfc - - default default] GET http://172.24.0.129:8776/
2026-02-24 05:05:08.334 7 INFO cinder.api.openstack.wsgi [req-f1f8ff7f-6c94-435b-975c-6fe9cf2a51b7 req-81e007f1-4fb2-4c15-9561-bf95baa19138 caa9cfd29ddb408db6228edec5832b3e b96d1afe2cdb4df284471f3f56230bfc - - default default] http://172.24.0.129:8776/ returned with HTTP 300
2026-02-24 05:05:08.334 8 INFO cinder.api.openstack.wsgi [req-f1f8ff7f-6c94-435b-975c-6fe9cf2a51b7 req-6c20e2a8-83f0-4ccd-981b-9d2dabe3fdbd caa9cfd29ddb408db6228edec5832b3e b96d1afe2cdb4df284471f3f56230bfc - - default default] http://172.24.0.129:8776/ returned with HTTP 300
2026-02-24 05:05:18.332 8 INFO cinder.api.openstack.wsgi [req-f1f8ff7f-6c94-435b-975c-6fe9cf2a51b7 req-6c20e2a8-83f0-4ccd-981b-9d2dabe3fdbd caa9cfd29ddb408db6228edec5832b3e b96d1afe2cdb4df284471f3f56230bfc - - default default] GET http://172.24.0.129:8776/
2026-02-24 05:05:18.333 8 INFO cinder.api.openstack.wsgi [req-f1f8ff7f-6c94-435b-975c-6fe9cf2a51b7 req-6c20e2a8-83f0-4ccd-981b-9d2dabe3fdbd caa9cfd29ddb408db6228edec5832b3e b96d1afe2cdb4df284471f3f56230bfc - - default default] http://172.24.0.129:8776/ returned with HTTP 300
2026-02-24 05:05:18.333 7 INFO cinder.api.openstack.wsgi [req-f1f8ff7f-6c94-435b-975c-6fe9cf2a51b7 req-81e007f1-4fb2-4c15-9561-bf95baa19138 caa9cfd29ddb408db6228edec5832b3e b96d1afe2cdb4df284471f3f56230bfc - - default default] GET http://172.24.0.129:8776/
2026-02-24 05:05:18.335 7 INFO cinder.api.openstack.wsgi [req-f1f8ff7f-6c94-435b-975c-6fe9cf2a51b7 req-81e007f1-4fb2-4c15-9561-bf95baa19138 caa9cfd29ddb408db6228edec5832b3e b96d1afe2cdb4df284471f3f56230bfc - - default default] http://172.24.0.129:8776/ returned with HTTP 300
2026-02-24 05:05:28.333 8 INFO cinder.api.openstack.wsgi [req-f1f8ff7f-6c94-435b-975c-6fe9cf2a51b7 req-6c20e2a8-83f0-4ccd-981b-9d2dabe3fdbd caa9cfd29ddb408db6228edec5832b3e b96d1afe2cdb4df284471f3f56230bfc - - default default] GET http://172.24.0.129:8776/
2026-02-24 05:05:28.333 7 INFO cinder.api.openstack.wsgi [req-f1f8ff7f-6c94-435b-975c-6fe9cf2a51b7 req-81e007f1-4fb2-4c15-9561-bf95baa19138 caa9cfd29ddb408db6228edec5832b3e b96d1afe2cdb4df284471f3f56230bfc - - default default] GET http://172.24.0.129:8776/
2026-02-24 05:05:28.334 8 INFO cinder.api.openstack.wsgi [req-f1f8ff7f-6c94-435b-975c-6fe9cf2a51b7 req-6c20e2a8-83f0-4ccd-981b-9d2dabe3fdbd caa9cfd29ddb408db6228edec5832b3e b96d1afe2cdb4df284471f3f56230bfc - - default default] http://172.24.0.129:8776/ returned with HTTP 300
2026-02-24 05:05:28.334 7 INFO cinder.api.openstack.wsgi [req-f1f8ff7f-6c94-435b-975c-6fe9cf2a51b7 req-81e007f1-4fb2-4c15-9561-bf95baa19138 caa9cfd29ddb408db6228edec5832b3e b96d1afe2cdb4df284471f3f56230bfc - - default default] http://172.24.0.129:8776/ returned with HTTP 300
2026-02-24 05:05:38.332 8 INFO cinder.api.openstack.wsgi [req-f1f8ff7f-6c94-435b-975c-6fe9cf2a51b7 req-6c20e2a8-83f0-4ccd-981b-9d2dabe3fdbd caa9cfd29ddb408db6228edec5832b3e b96d1afe2cdb4df284471f3f56230bfc - - default default] GET http://172.24.0.129:8776/
2026-02-24 05:05:38.332 7 INFO cinder.api.openstack.wsgi [req-f1f8ff7f-6c94-435b-975c-6fe9cf2a51b7 req-81e007f1-4fb2-4c15-9561-bf95baa19138 caa9cfd29ddb408db6228edec5832b3e b96d1afe2cdb4df284471f3f56230bfc - - default default] GET http://172.24.0.129:8776/
2026-02-24 05:05:38.333 8 INFO cinder.api.openstack.wsgi [req-f1f8ff7f-6c94-435b-975c-6fe9cf2a51b7 req-6c20e2a8-83f0-4ccd-981b-9d2dabe3fdbd caa9cfd29ddb408db6228edec5832b3e b96d1afe2cdb4df284471f3f56230bfc - - default default] http://172.24.0.129:8776/ returned with HTTP 300
2026-02-24 05:05:38.334 7 INFO cinder.api.openstack.wsgi [req-f1f8ff7f-6c94-435b-975c-6fe9cf2a51b7 req-81e007f1-4fb2-4c15-9561-bf95baa19138 caa9cfd29ddb408db6228edec5832b3e b96d1afe2cdb4df284471f3f56230bfc - - default default] http://172.24.0.129:8776/ returned with HTTP 300
2026-02-24 05:05:48.332 7 INFO cinder.api.openstack.wsgi [req-f1f8ff7f-6c94-435b-975c-6fe9cf2a51b7 req-81e007f1-4fb2-4c15-9561-bf95baa19138 caa9cfd29ddb408db6228edec5832b3e b96d1afe2cdb4df284471f3f56230bfc - - default default] GET http://172.24.0.129:8776/
2026-02-24 05:05:48.333 7 INFO cinder.api.openstack.wsgi [req-f1f8ff7f-6c94-435b-975c-6fe9cf2a51b7 req-81e007f1-4fb2-4c15-9561-bf95baa19138 caa9cfd29ddb408db6228edec5832b3e b96d1afe2cdb4df284471f3f56230bfc - - default default] http://172.24.0.129:8776/ returned with HTTP 300
2026-02-24 05:05:48.334 7 INFO cinder.api.openstack.wsgi [req-f1f8ff7f-6c94-435b-975c-6fe9cf2a51b7 req-81e007f1-4fb2-4c15-9561-bf95baa19138 caa9cfd29ddb408db6228edec5832b3e b96d1afe2cdb4df284471f3f56230bfc - - default default] GET http://172.24.0.129:8776/
2026-02-24 05:05:48.334 7 INFO cinder.api.openstack.wsgi [req-f1f8ff7f-6c94-435b-975c-6fe9cf2a51b7 req-81e007f1-4fb2-4c15-9561-bf95baa19138 caa9cfd29ddb408db6228edec5832b3e b96d1afe2cdb4df284471f3f56230bfc - - default default] http://172.24.0.129:8776/ returned with HTTP 300 /var/lib/openstack/lib/python3.12/site-packages/pycadf/identifier.py:70: UserWarning: Invalid uuid: cinderv3. To ensure interoperability, identifiers should be a valid uuid. warnings.warn(('Invalid uuid: %s. To ensure interoperability, '
2026-02-24 05:05:48.562 8 INFO cinder.api.openstack.wsgi [None req-3e8f8f4d-247e-4664-9ca9-85ec294e320d a31c902c87164a3699b2114b149be9cf 05a8660f9e364453859fd88a7662a435 - - default default] GET http://cinder-api.openstack.svc.cluster.local:8776/v3/05a8660f9e364453859fd88a7662a435/os-services
2026-02-24 05:05:48.574 8 INFO cinder.api.openstack.wsgi [None req-3e8f8f4d-247e-4664-9ca9-85ec294e320d a31c902c87164a3699b2114b149be9cf 05a8660f9e364453859fd88a7662a435 - - default default] http://cinder-api.openstack.svc.cluster.local:8776/v3/05a8660f9e364453859fd88a7662a435/os-services returned with HTTP 200 [pid: 8|app: 0|req: 355/708] 172.24.0.175 () {28 vars in 647 bytes} [Tue Feb 24 05:05:48 2026] GET /v3/05a8660f9e364453859fd88a7662a435/os-services => generated 646 bytes in 365 msecs (HTTP/1.1 200) 7 headers in 285 bytes (1 switches on core 0) /var/lib/openstack/lib/python3.12/site-packages/pycadf/identifier.py:70: UserWarning: Invalid uuid: cinderv3. To ensure interoperability, identifiers should be a valid uuid. warnings.warn(('Invalid uuid: %s. To ensure interoperability, '
2026-02-24 05:05:48.593 7 INFO cinder.api.openstack.wsgi [None req-67318363-22ff-4335-826c-1ea41f9aeb01 a31c902c87164a3699b2114b149be9cf 05a8660f9e364453859fd88a7662a435 - - default default] GET http://cinder-api.openstack.svc.cluster.local:8776/v3/05a8660f9e364453859fd88a7662a435/volumes/detail?all_tenants=true /var/lib/openstack/lib/python3.12/site-packages/oslo_context/context.py:101: DeprecationWarning: Policy enforcement is depending on the value of is_admin. This key is deprecated. Please update your policy file to use the standard policy values. warnings.warn(
2026-02-24 05:05:48.610 7 INFO cinder.volume.api [None req-67318363-22ff-4335-826c-1ea41f9aeb01 a31c902c87164a3699b2114b149be9cf 05a8660f9e364453859fd88a7662a435 - - default default] Get all volumes completed successfully.
2026-02-24 05:05:48.612 7 INFO cinder.api.openstack.wsgi [None req-67318363-22ff-4335-826c-1ea41f9aeb01 a31c902c87164a3699b2114b149be9cf 05a8660f9e364453859fd88a7662a435 - - default default] http://cinder-api.openstack.svc.cluster.local:8776/v3/05a8660f9e364453859fd88a7662a435/volumes/detail?all_tenants=true returned with HTTP 200 [pid: 7|app: 0|req: 354/709] 172.24.0.175 () {28 vars in 686 bytes} [Tue Feb 24 05:05:48 2026] GET /v3/05a8660f9e364453859fd88a7662a435/volumes/detail?all_tenants=true => generated 15 bytes in 27 msecs (HTTP/1.1 200) 7 headers in 284 bytes (1 switches on core 0)
2026-02-24 05:05:48.761 8 INFO cinder.api.openstack.wsgi [None req-592ebab8-4b22-4383-a8b6-e5c2e72ae1ec a31c902c87164a3699b2114b149be9cf 05a8660f9e364453859fd88a7662a435 - - default default] GET http://cinder-api.openstack.svc.cluster.local:8776/v3/05a8660f9e364453859fd88a7662a435/os-quota-sets/05a8660f9e364453859fd88a7662a435?usage=true
2026-02-24 05:05:48.790 8 INFO cinder.api.openstack.wsgi [None req-592ebab8-4b22-4383-a8b6-e5c2e72ae1ec a31c902c87164a3699b2114b149be9cf 05a8660f9e364453859fd88a7662a435 - - default default] http://cinder-api.openstack.svc.cluster.local:8776/v3/05a8660f9e364453859fd88a7662a435/os-quota-sets/05a8660f9e364453859fd88a7662a435?usage=true returned with HTTP 200 [pid: 8|app: 0|req: 356/710] 172.24.0.175 () {28 vars in 738 bytes} [Tue Feb 24 05:05:48 2026] GET /v3/05a8660f9e364453859fd88a7662a435/os-quota-sets/05a8660f9e364453859fd88a7662a435?usage=true => generated 845 bytes in 36 msecs (HTTP/1.1 200) 7 headers in 285 bytes (1 switches on core 0)
2026-02-24 05:05:48.806 7 INFO cinder.api.openstack.wsgi [None req-023cf77a-880f-4eaa-8fc4-07d978579637 a31c902c87164a3699b2114b149be9cf 05a8660f9e364453859fd88a7662a435 - - default default] GET http://cinder-api.openstack.svc.cluster.local:8776/v3/05a8660f9e364453859fd88a7662a435/os-quota-sets/5eee8a0efb6449eb9dcb5ac632dae22b?usage=true
2026-02-24 05:05:48.836 7 INFO cinder.api.openstack.wsgi [None req-023cf77a-880f-4eaa-8fc4-07d978579637 a31c902c87164a3699b2114b149be9cf 05a8660f9e364453859fd88a7662a435 - - default default] http://cinder-api.openstack.svc.cluster.local:8776/v3/05a8660f9e364453859fd88a7662a435/os-quota-sets/5eee8a0efb6449eb9dcb5ac632dae22b?usage=true returned with HTTP 200 [pid: 7|app: 0|req: 355/711] 172.24.0.175 () {28 vars in 738 bytes} [Tue Feb 24 05:05:48 2026] GET /v3/05a8660f9e364453859fd88a7662a435/os-quota-sets/5eee8a0efb6449eb9dcb5ac632dae22b?usage=true => generated 847 bytes in 40 msecs (HTTP/1.1 200) 7 headers in 285 bytes (1 switches on core 0)
2026-02-24 05:05:48.852 8 INFO cinder.api.openstack.wsgi [None req-e43e35be-b053-4afe-91d2-b817bc34fb6a a31c902c87164a3699b2114b149be9cf 05a8660f9e364453859fd88a7662a435 - - default default] GET http://cinder-api.openstack.svc.cluster.local:8776/v3/05a8660f9e364453859fd88a7662a435/os-quota-sets/76dd72683d0c4b70be8ff4d0219ca98c?usage=true
2026-02-24 05:05:48.897 8 INFO cinder.api.openstack.wsgi [None req-e43e35be-b053-4afe-91d2-b817bc34fb6a a31c902c87164a3699b2114b149be9cf 05a8660f9e364453859fd88a7662a435 - - default default] http://cinder-api.openstack.svc.cluster.local:8776/v3/05a8660f9e364453859fd88a7662a435/os-quota-sets/76dd72683d0c4b70be8ff4d0219ca98c?usage=true returned with HTTP 200 [pid: 8|app: 0|req: 357/712] 172.24.0.175 () {28 vars in 738 bytes} [Tue Feb 24 05:05:48 2026] GET /v3/05a8660f9e364453859fd88a7662a435/os-quota-sets/76dd72683d0c4b70be8ff4d0219ca98c?usage=true => generated 847 bytes in 54 msecs (HTTP/1.1 200) 7 headers in 285 bytes (1 switches on core 0)
2026-02-24 05:05:48.909 7 INFO cinder.api.openstack.wsgi [None req-acc4129f-6e98-4de7-b82f-2888af7cc9c4 a31c902c87164a3699b2114b149be9cf 05a8660f9e364453859fd88a7662a435 - - default default] GET http://cinder-api.openstack.svc.cluster.local:8776/v3/05a8660f9e364453859fd88a7662a435/os-quota-sets/a6627ba7e66c48aca903f8e108dea847?usage=true
2026-02-24 05:05:48.945 7 INFO cinder.api.openstack.wsgi [None req-acc4129f-6e98-4de7-b82f-2888af7cc9c4 a31c902c87164a3699b2114b149be9cf 05a8660f9e364453859fd88a7662a435 - - default default] http://cinder-api.openstack.svc.cluster.local:8776/v3/05a8660f9e364453859fd88a7662a435/os-quota-sets/a6627ba7e66c48aca903f8e108dea847?usage=true returned with HTTP 200 [pid: 7|app: 0|req: 356/713] 172.24.0.175 () {28 vars in 738 bytes} [Tue Feb 24 05:05:48 2026] GET /v3/05a8660f9e364453859fd88a7662a435/os-quota-sets/a6627ba7e66c48aca903f8e108dea847?usage=true => generated 847 bytes in 46 msecs (HTTP/1.1 200) 7 headers in 285 bytes (1 switches on core 0)
2026-02-24 05:05:48.974 8 INFO cinder.api.openstack.wsgi [None req-0b430aad-5d9d-498a-8d47-0f46075a4f84 a31c902c87164a3699b2114b149be9cf 05a8660f9e364453859fd88a7662a435 - - default default] GET http://cinder-api.openstack.svc.cluster.local:8776/v3/05a8660f9e364453859fd88a7662a435/os-quota-sets/a797abf644f34aa5a5b0c7585c06d6b0?usage=true
2026-02-24 05:05:49.015 8 INFO cinder.api.openstack.wsgi [None req-0b430aad-5d9d-498a-8d47-0f46075a4f84 a31c902c87164a3699b2114b149be9cf 05a8660f9e364453859fd88a7662a435 - - default default] http://cinder-api.openstack.svc.cluster.local:8776/v3/05a8660f9e364453859fd88a7662a435/os-quota-sets/a797abf644f34aa5a5b0c7585c06d6b0?usage=true returned with HTTP 200 [pid: 8|app: 0|req: 358/714] 172.24.0.175 () {28 vars in 738 bytes} [Tue Feb 24 05:05:48 2026] GET /v3/05a8660f9e364453859fd88a7662a435/os-quota-sets/a797abf644f34aa5a5b0c7585c06d6b0?usage=true => generated 845 bytes in 59 msecs (HTTP/1.1 200) 7 headers in 285 bytes (1 switches on core 0)
2026-02-24 05:05:49.030 7 INFO cinder.api.openstack.wsgi [None req-93c6ae73-0564-4607-85e9-943a9c7d7f0d a31c902c87164a3699b2114b149be9cf 05a8660f9e364453859fd88a7662a435 - - default default] GET http://cinder-api.openstack.svc.cluster.local:8776/v3/05a8660f9e364453859fd88a7662a435/os-quota-sets/cdaf850a5d004f59932567c35c3fffee?usage=true
2026-02-24 05:05:49.069 7 INFO cinder.api.openstack.wsgi [None req-93c6ae73-0564-4607-85e9-943a9c7d7f0d a31c902c87164a3699b2114b149be9cf 05a8660f9e364453859fd88a7662a435 - - default default] http://cinder-api.openstack.svc.cluster.local:8776/v3/05a8660f9e364453859fd88a7662a435/os-quota-sets/cdaf850a5d004f59932567c35c3fffee?usage=true returned with HTTP 200 [pid: 7|app: 0|req: 357/715] 172.24.0.175 () {28 vars in 738 bytes} [Tue Feb 24 05:05:49 2026] GET /v3/05a8660f9e364453859fd88a7662a435/os-quota-sets/cdaf850a5d004f59932567c35c3fffee?usage=true => generated 847 bytes in 49 msecs (HTTP/1.1 200) 7 headers in 285 bytes (1 switches on core 0)
2026-02-24 05:05:49.084 8 INFO cinder.api.openstack.wsgi [None req-ae2282d2-cd05-49c9-9521-cc4a93346183 a31c902c87164a3699b2114b149be9cf 05a8660f9e364453859fd88a7662a435 - - default default] GET http://cinder-api.openstack.svc.cluster.local:8776/v3/05a8660f9e364453859fd88a7662a435/os-quota-sets/eff3a70bdb794da384d8b328b174def9?usage=true
2026-02-24 05:05:49.115 8 INFO cinder.api.openstack.wsgi [None req-ae2282d2-cd05-49c9-9521-cc4a93346183 a31c902c87164a3699b2114b149be9cf 05a8660f9e364453859fd88a7662a435 - - default default] http://cinder-api.openstack.svc.cluster.local:8776/v3/05a8660f9e364453859fd88a7662a435/os-quota-sets/eff3a70bdb794da384d8b328b174def9?usage=true returned with HTTP 200 [pid: 8|app: 0|req: 359/716] 172.24.0.175 () {28 vars in 738 bytes} [Tue Feb 24 05:05:49 2026] GET /v3/05a8660f9e364453859fd88a7662a435/os-quota-sets/eff3a70bdb794da384d8b328b174def9?usage=true => generated 847 bytes in 40 msecs (HTTP/1.1 200) 7 headers in 285 bytes (1 switches on core 0)
2026-02-24 05:05:49.126 7 INFO cinder.api.openstack.wsgi [None req-1a1af170-e4a1-4676-bd54-1de46653ed00 a31c902c87164a3699b2114b149be9cf 05a8660f9e364453859fd88a7662a435 - - default default] GET http://cinder-api.openstack.svc.cluster.local:8776/v3/05a8660f9e364453859fd88a7662a435/snapshots?all_tenants=true
2026-02-24 05:05:49.134 7 INFO cinder.volume.api [None req-1a1af170-e4a1-4676-bd54-1de46653ed00 a31c902c87164a3699b2114b149be9cf 05a8660f9e364453859fd88a7662a435 - - default default] Get all snapshots completed successfully.
2026-02-24 05:05:49.135 7 INFO cinder.api.openstack.wsgi [None req-1a1af170-e4a1-4676-bd54-1de46653ed00 a31c902c87164a3699b2114b149be9cf 05a8660f9e364453859fd88a7662a435 - - default default] http://cinder-api.openstack.svc.cluster.local:8776/v3/05a8660f9e364453859fd88a7662a435/snapshots?all_tenants=true returned with HTTP 200 [pid: 7|app: 0|req: 358/717] 172.24.0.175 () {28 vars in 676 bytes} [Tue Feb 24 05:05:49 2026] GET /v3/05a8660f9e364453859fd88a7662a435/snapshots?all_tenants=true => generated 17 bytes in 17 msecs (HTTP/1.1 200) 7 headers in 284 bytes (1 switches on core 0)
2026-02-24 05:05:49.154 8 INFO cinder.api.openstack.wsgi [None req-f547fb29-0ce9-42b4-bf6e-1163db6ed4dc a31c902c87164a3699b2114b149be9cf 05a8660f9e364453859fd88a7662a435 - - default default] GET http://cinder-api.openstack.svc.cluster.local:8776/v3/05a8660f9e364453859fd88a7662a435/scheduler-stats/get_pools?detail=true
2026-02-24 05:05:49.247 7 INFO cinder.api.openstack.wsgi [None req-1a1af170-e4a1-4676-bd54-1de46653ed00 a31c902c87164a3699b2114b149be9cf 05a8660f9e364453859fd88a7662a435 - - default default] GET http://cinder-api.openstack.svc.cluster.local:8776/
2026-02-24 05:05:49.248 7 INFO cinder.api.openstack.wsgi [None req-1a1af170-e4a1-4676-bd54-1de46653ed00 a31c902c87164a3699b2114b149be9cf 05a8660f9e364453859fd88a7662a435 - - default default] http://cinder-api.openstack.svc.cluster.local:8776/ returned with HTTP 300 [pid: 7|app: 0|req: 359/718] 172.24.0.177 () {30 vars in 413 bytes} [Tue Feb 24 05:05:49 2026] GET / => generated 411 bytes in 3 msecs (HTTP/1.1 300) 5 headers in 169 bytes (1 switches on core 0)
2026-02-24 05:05:49.659 8 INFO cinder.api.openstack.wsgi [None req-f547fb29-0ce9-42b4-bf6e-1163db6ed4dc a31c902c87164a3699b2114b149be9cf 05a8660f9e364453859fd88a7662a435 - - default default] http://cinder-api.openstack.svc.cluster.local:8776/v3/05a8660f9e364453859fd88a7662a435/scheduler-stats/get_pools?detail=true returned with HTTP 200 [pid: 8|app: 0|req: 360/719] 172.24.0.175 () {28 vars in 698 bytes} [Tue Feb 24 05:05:49 2026] GET /v3/05a8660f9e364453859fd88a7662a435/scheduler-stats/get_pools?detail=true => generated 670 bytes in 519 msecs (HTTP/1.1 200) 7 headers in 285 bytes (1 switches on core 0)
2026-02-24 05:05:49.672 7 INFO cinder.api.openstack.wsgi [None req-c6e8ce89-3372-4547-8737-473019233d9f a31c902c87164a3699b2114b149be9cf 05a8660f9e364453859fd88a7662a435 - - default default] GET http://cinder-api.openstack.svc.cluster.local:8776/v3/05a8660f9e364453859fd88a7662a435/volumes/detail?all_tenants=true
2026-02-24 05:05:49.682 7 INFO cinder.volume.api [None req-c6e8ce89-3372-4547-8737-473019233d9f a31c902c87164a3699b2114b149be9cf 05a8660f9e364453859fd88a7662a435 - - default default] Get all volumes completed successfully.
2026-02-24 05:05:49.684 7 INFO cinder.api.openstack.wsgi [None req-c6e8ce89-3372-4547-8737-473019233d9f a31c902c87164a3699b2114b149be9cf 05a8660f9e364453859fd88a7662a435 - - default default] http://cinder-api.openstack.svc.cluster.local:8776/v3/05a8660f9e364453859fd88a7662a435/volumes/detail?all_tenants=true returned with HTTP 200 [pid: 7|app: 0|req: 360/720] 172.24.0.175 () {28 vars in 686 bytes} [Tue Feb 24 05:05:49 2026] GET /v3/05a8660f9e364453859fd88a7662a435/volumes/detail?all_tenants=true => generated 15 bytes in 17 msecs (HTTP/1.1 200) 7 headers in 284 bytes (1 switches on core 0)
2026-02-24 05:05:52.213 8 INFO cinder.api.openstack.wsgi [None req-8859cf75-9b2c-4a99-938c-4c32b9fdaff9 1f26bfdbcc6f43c3b025fb5d1ff1e069 c89fb3b5e5a84c10a118616f79a668bc - - default default] POST http://cinder-api.openstack.svc.cluster.local:8776/v3/c89fb3b5e5a84c10a118616f79a668bc/volumes
2026-02-24 05:05:52.216 8 INFO cinder.api.v3.volumes [None req-8859cf75-9b2c-4a99-938c-4c32b9fdaff9 1f26bfdbcc6f43c3b025fb5d1ff1e069 c89fb3b5e5a84c10a118616f79a668bc - - default default] Create volume of 1 GB
2026-02-24 05:05:52.231 8 INFO cinder.volume.api [None req-8859cf75-9b2c-4a99-938c-4c32b9fdaff9 1f26bfdbcc6f43c3b025fb5d1ff1e069 c89fb3b5e5a84c10a118616f79a668bc - - default default] Availability Zones retrieved successfully.
2026-02-24 05:05:52.505 8 INFO cinder.volume.api [None req-8859cf75-9b2c-4a99-938c-4c32b9fdaff9 1f26bfdbcc6f43c3b025fb5d1ff1e069 c89fb3b5e5a84c10a118616f79a668bc - - default default] Create volume request issued successfully.
2026-02-24 05:05:52.507 8 INFO cinder.api.openstack.wsgi [None req-8859cf75-9b2c-4a99-938c-4c32b9fdaff9 1f26bfdbcc6f43c3b025fb5d1ff1e069 c89fb3b5e5a84c10a118616f79a668bc - - default default] http://cinder-api.openstack.svc.cluster.local:8776/v3/c89fb3b5e5a84c10a118616f79a668bc/volumes returned with HTTP 202 [pid: 8|app: 0|req: 361/721] 172.24.0.177 () {34 vars in 725 bytes} [Tue Feb 24 05:05:52 2026] POST /v3/c89fb3b5e5a84c10a118616f79a668bc/volumes => generated 871 bytes in 401 msecs (HTTP/1.1 202) 7 headers in 291 bytes (1 switches on core 0)
2026-02-24 05:05:52.530 7 INFO cinder.api.openstack.wsgi [None req-0e74e660-13ce-4054-8342-8ce96d786658 1f26bfdbcc6f43c3b025fb5d1ff1e069 c89fb3b5e5a84c10a118616f79a668bc - - default default] GET http://cinder-api.openstack.svc.cluster.local:8776/v3/c89fb3b5e5a84c10a118616f79a668bc/volumes/f3c3f6c9-d805-4952-b2fb-f4d85b2e891f /var/lib/openstack/lib/python3.12/site-packages/oslo_context/context.py:101: DeprecationWarning: Policy enforcement is depending on the value of is_admin. This key is deprecated. Please update your policy file to use the standard policy values. warnings.warn(
2026-02-24 05:05:52.547 7 INFO cinder.volume.api [None req-0e74e660-13ce-4054-8342-8ce96d786658 1f26bfdbcc6f43c3b025fb5d1ff1e069 c89fb3b5e5a84c10a118616f79a668bc - - default default] Volume info retrieved successfully.
2026-02-24 05:05:52.554 7 INFO cinder.api.openstack.wsgi [None req-0e74e660-13ce-4054-8342-8ce96d786658 1f26bfdbcc6f43c3b025fb5d1ff1e069 c89fb3b5e5a84c10a118616f79a668bc - - default default] http://cinder-api.openstack.svc.cluster.local:8776/v3/c89fb3b5e5a84c10a118616f79a668bc/volumes/f3c3f6c9-d805-4952-b2fb-f4d85b2e891f returned with HTTP 200 [pid: 7|app: 0|req: 361/722] 172.24.0.177 () {32 vars in 777 bytes} [Tue Feb 24 05:05:52 2026] GET /v3/c89fb3b5e5a84c10a118616f79a668bc/volumes/f3c3f6c9-d805-4952-b2fb-f4d85b2e891f => generated 939 bytes in 32 msecs (HTTP/1.1 200) 7 headers in 285 bytes (1 switches on core 0) /var/lib/openstack/lib/python3.12/site-packages/pycadf/identifier.py:70: UserWarning: Invalid uuid: cinderv3. To ensure interoperability, identifiers should be a valid uuid. warnings.warn(('Invalid uuid: %s. To ensure interoperability, '
2026-02-24 05:05:53.575 8 INFO cinder.api.openstack.wsgi [None req-1d17d304-ce63-435f-aa68-7faf8ba03afd 1f26bfdbcc6f43c3b025fb5d1ff1e069 c89fb3b5e5a84c10a118616f79a668bc - - default default] GET http://cinder-api.openstack.svc.cluster.local:8776/v3/c89fb3b5e5a84c10a118616f79a668bc/volumes/f3c3f6c9-d805-4952-b2fb-f4d85b2e891f /var/lib/openstack/lib/python3.12/site-packages/oslo_context/context.py:101: DeprecationWarning: Policy enforcement is depending on the value of is_admin. This key is deprecated. Please update your policy file to use the standard policy values. warnings.warn(
2026-02-24 05:05:53.593 8 INFO cinder.volume.api [None req-1d17d304-ce63-435f-aa68-7faf8ba03afd 1f26bfdbcc6f43c3b025fb5d1ff1e069 c89fb3b5e5a84c10a118616f79a668bc - - default default] Volume info retrieved successfully.
2026-02-24 05:05:53.599 8 INFO cinder.api.openstack.wsgi [None req-1d17d304-ce63-435f-aa68-7faf8ba03afd 1f26bfdbcc6f43c3b025fb5d1ff1e069 c89fb3b5e5a84c10a118616f79a668bc - - default default] http://cinder-api.openstack.svc.cluster.local:8776/v3/c89fb3b5e5a84c10a118616f79a668bc/volumes/f3c3f6c9-d805-4952-b2fb-f4d85b2e891f returned with HTTP 200 [pid: 8|app: 0|req: 362/723] 172.24.0.177 () {32 vars in 777 bytes} [Tue Feb 24 05:05:53 2026] GET /v3/c89fb3b5e5a84c10a118616f79a668bc/volumes/f3c3f6c9-d805-4952-b2fb-f4d85b2e891f => generated 964 bytes in 30 msecs (HTTP/1.1 200) 7 headers in 285 bytes (1 switches on core 0) /var/lib/openstack/lib/python3.12/site-packages/pycadf/identifier.py:70: UserWarning: Invalid uuid: cinderv3. To ensure interoperability, identifiers should be a valid uuid. warnings.warn(('Invalid uuid: %s. To ensure interoperability, '
