2026-08-10 23:35:33.485 7 INFO placement.requestlog [None req-90861fe6-1b30-420d-9e27-7998532e60d4 - - - - - -] 10.0.0.219 "GET /" status: 200 len: 136 microversion: 1.0
2026-08-10 23:35:43.485 7 INFO placement.requestlog [None req-53ea8a0b-a9f4-4026-8a36-de5814dc27ce - - - - - -] 10.0.0.219 "GET /" status: 200 len: 136 microversion: 1.0
2026-08-10 23:35:43.485 8 INFO placement.requestlog [None req-35fbdc16-7d05-46bf-8321-538fded17a33 - - - - - -] 10.0.0.219 "GET /" status: 200 len: 136 microversion: 1.0
2026-08-10 23:35:49.147 7 INFO placement.requestlog [req-c8dea6c0-c71f-4567-8699-29c3e4f4fd9f req-08813110-a8bb-49ba-b665-b67b6ee5de67 4a5d765ed415416c839a2488729dbb5b 73f696b12c644fadb106ffc90c11e767 - - 05a5c3b593274128acc5812f92dd61d7 05a5c3b593274128acc5812f92dd61d7] 199.204.45.129 "GET /resource_providers/3d51366f-a401-4a5b-a4d7-b3ba77588fbc/allocations" status: 200 len: 54 microversion: 1.0 [pid: 7|app: 0|req: 292/585] 199.204.45.129 () {32 vars in 857 bytes} [Mon Aug 10 23:35:49 2026] GET /resource_providers/3d51366f-a401-4a5b-a4d7-b3ba77588fbc/allocations => generated 54 bytes in 15 msecs (HTTP/1.1 200) 6 headers in 223 bytes (1 switches on core 0)
2026-08-10 23:35:49.173 8 INFO placement.requestlog [req-c8dea6c0-c71f-4567-8699-29c3e4f4fd9f req-e5f41f88-bbdf-4c9f-88a7-3cd295004d82 4a5d765ed415416c839a2488729dbb5b 73f696b12c644fadb106ffc90c11e767 - - 05a5c3b593274128acc5812f92dd61d7 05a5c3b593274128acc5812f92dd61d7] 199.204.45.129 "GET /resource_providers/3d51366f-a401-4a5b-a4d7-b3ba77588fbc/allocations" status: 200 len: 54 microversion: 1.0 [pid: 8|app: 0|req: 294/586] 199.204.45.129 () {32 vars in 857 bytes} [Mon Aug 10 23:35:49 2026] GET /resource_providers/3d51366f-a401-4a5b-a4d7-b3ba77588fbc/allocations => generated 54 bytes in 16 msecs (HTTP/1.1 200) 6 headers in 223 bytes (1 switches on core 0)
2026-08-10 23:35:53.485 7 INFO placement.requestlog [None req-e0ea1f7b-4c91-4d11-ac55-0740a89b5ca4 - - - - - -] 10.0.0.219 "GET /" status: 200 len: 136 microversion: 1.0
2026-08-10 23:35:53.485 8 INFO placement.requestlog [None req-d7f4e3e5-412a-4bf1-8aab-db1074f52c60 - - - - - -] 10.0.0.219 "GET /" status: 200 len: 136 microversion: 1.0
2026-08-10 23:36:03.485 8 INFO placement.requestlog [None req-086ee4af-4bec-4acb-bde5-9169072948d5 - - - - - -] 10.0.0.219 "GET /" status: 200 len: 136 microversion: 1.0
2026-08-10 23:36:03.485 7 INFO placement.requestlog [None req-29d241bb-6864-4191-a7bf-19c831bd22d2 - - - - - -] 10.0.0.219 "GET /" status: 200 len: 136 microversion: 1.0
2026-08-10 23:36:13.488 8 INFO placement.requestlog [None req-aff5cb49-f510-4c6d-ba2e-d7b8bc05e915 - - - - - -] 10.0.0.219 "GET /" status: 200 len: 136 microversion: 1.0
2026-08-10 23:36:13.488 7 INFO placement.requestlog [None req-9cf3d544-dd68-40d6-8e76-90fae0a0d5f2 - - - - - -] 10.0.0.219 "GET /" status: 200 len: 136 microversion: 1.0
2026-08-10 23:36:23.485 8 INFO placement.requestlog [None req-5b737819-3a4c-4311-ab07-648bb0590206 - - - - - -] 10.0.0.219 "GET /" status: 200 len: 136 microversion: 1.0
2026-08-10 23:36:23.485 7 INFO placement.requestlog [None req-67b1dc39-2a40-46ae-aceb-e34267ba8735 - - - - - -] 10.0.0.219 "GET /" status: 200 len: 136 microversion: 1.0
2026-08-10 23:36:33.485 8 INFO placement.requestlog [None req-e50d4e6b-f2e4-4c8f-8ec3-22d8a73503ef - - - - - -] 10.0.0.219 "GET /" status: 200 len: 136 microversion: 1.0
2026-08-10 23:36:33.485 7 INFO placement.requestlog [None req-edd7ce30-c6ea-41be-8ede-dd6a2cb50f5d - - - - - -] 10.0.0.219 "GET /" status: 200 len: 136 microversion: 1.0
2026-08-10 23:36:43.484 8 INFO placement.requestlog [None req-e073cf85-8502-41d6-b046-18013115e387 - - - - - -] 10.0.0.219 "GET /" status: 200 len: 136 microversion: 1.0
2026-08-10 23:36:43.485 7 INFO placement.requestlog [None req-58b522aa-daf4-448f-873e-f69883e144a9 - - - - - -] 10.0.0.219 "GET /" status: 200 len: 136 microversion: 1.0
2026-08-10 23:36:51.151 8 INFO placement.requestlog [req-ab10a334-e618-4f4c-be60-d602ebbebee6 req-7f72fc6f-7e74-40a5-ab2f-d3bb28b3f6f9 4a5d765ed415416c839a2488729dbb5b 73f696b12c644fadb106ffc90c11e767 - - 05a5c3b593274128acc5812f92dd61d7 05a5c3b593274128acc5812f92dd61d7] 199.204.45.129 "GET /resource_providers/3d51366f-a401-4a5b-a4d7-b3ba77588fbc/allocations" status: 200 len: 54 microversion: 1.0 [pid: 8|app: 0|req: 301/599] 199.204.45.129 () {32 vars in 857 bytes} [Mon Aug 10 23:36:51 2026] GET /resource_providers/3d51366f-a401-4a5b-a4d7-b3ba77588fbc/allocations => generated 54 bytes in 16 msecs (HTTP/1.1 200) 6 headers in 223 bytes (1 switches on core 0)
2026-08-10 23:36:51.175 7 INFO placement.requestlog [req-ab10a334-e618-4f4c-be60-d602ebbebee6 req-5cc7be14-c9c2-4a72-adb3-578e0b652de8 4a5d765ed415416c839a2488729dbb5b 73f696b12c644fadb106ffc90c11e767 - - 05a5c3b593274128acc5812f92dd61d7 05a5c3b593274128acc5812f92dd61d7] 199.204.45.129 "GET /resource_providers/3d51366f-a401-4a5b-a4d7-b3ba77588fbc/allocations" status: 200 len: 54 microversion: 1.0 [pid: 7|app: 0|req: 299/600] 199.204.45.129 () {32 vars in 857 bytes} [Mon Aug 10 23:36:51 2026] GET /resource_providers/3d51366f-a401-4a5b-a4d7-b3ba77588fbc/allocations => generated 54 bytes in 16 msecs (HTTP/1.1 200) 6 headers in 223 bytes (1 switches on core 0)
2026-08-10 23:36:53.485 7 INFO placement.requestlog [None req-1cb79df6-3360-49ab-a176-b5a900104c64 - - - - - -] 10.0.0.219 "GET /" status: 200 len: 136 microversion: 1.0
2026-08-10 23:36:53.485 8 INFO placement.requestlog [None req-d62a7eb1-e2db-4d83-b188-03101abfcf63 - - - - - -] 10.0.0.219 "GET /" status: 200 len: 136 microversion: 1.0
2026-08-10 23:37:03.485 7 INFO placement.requestlog [None req-f7373345-5c36-4224-a19e-4a5811387363 - - - - - -] 10.0.0.219 "GET /" status: 200 len: 136 microversion: 1.0
2026-08-10 23:37:03.485 8 INFO placement.requestlog [None req-bcc427f0-d2fe-4a2d-87d6-f1d8d9dfc6a0 - - - - - -] 10.0.0.219 "GET /" status: 200 len: 136 microversion: 1.0
2026-08-10 23:37:13.485 8 INFO placement.requestlog [None req-11c4b748-e685-4b59-8402-b22f80b54a2c - - - - - -] 10.0.0.219 "GET /" status: 200 len: 136 microversion: 1.0
2026-08-10 23:37:13.486 7 INFO placement.requestlog [None req-8fc879cd-cfdc-4f49-ba1c-997a7b47e50b - - - - - -] 10.0.0.219 "GET /" status: 200 len: 136 microversion: 1.0
2026-08-10 23:37:23.484 8 INFO placement.requestlog [None req-ea9416c3-3d09-4953-9542-cc2d25528e37 - - - - - -] 10.0.0.219 "GET /" status: 200 len: 136 microversion: 1.0
2026-08-10 23:37:23.486 7 INFO placement.requestlog [None req-ecee06cb-0f52-424f-9671-8b2a67fb3a31 - - - - - -] 10.0.0.219 "GET /" status: 200 len: 136 microversion: 1.0
2026-08-10 23:37:33.484 8 INFO placement.requestlog [None req-b03d41fd-bcb7-4a32-bcaf-0d71e339b70c - - - - - -] 10.0.0.219 "GET /" status: 200 len: 136 microversion: 1.0
2026-08-10 23:37:33.484 7 INFO placement.requestlog [None req-9668486f-b79e-4a7b-abb1-5f524f635824 - - - - - -] 10.0.0.219 "GET /" status: 200 len: 136 microversion: 1.0
2026-08-10 23:37:43.484 8 INFO placement.requestlog [None req-a9be7c80-575d-4562-99fd-131a78a544f7 - - - - - -] 10.0.0.219 "GET /" status: 200 len: 136 microversion: 1.0
2026-08-10 23:37:43.484 7 INFO placement.requestlog [None req-5a8ff389-a1c9-4bf9-a264-ad021e8a482b - - - - - -] 10.0.0.219 "GET /" status: 200 len: 136 microversion: 1.0
2026-08-10 23:37:51.196 8 INFO placement.requestlog [req-e9693745-f757-4986-bddd-820d8b0e6ea7 req-90c013f0-a4ce-4a49-9ad3-6e389049f376 4a5d765ed415416c839a2488729dbb5b 73f696b12c644fadb106ffc90c11e767 - - 05a5c3b593274128acc5812f92dd61d7 05a5c3b593274128acc5812f92dd61d7] 199.204.45.129 "GET /resource_providers/3d51366f-a401-4a5b-a4d7-b3ba77588fbc/allocations" status: 200 len: 54 microversion: 1.0 [pid: 8|app: 0|req: 308/613] 199.204.45.129 () {32 vars in 857 bytes} [Mon Aug 10 23:37:51 2026] GET /resource_providers/3d51366f-a401-4a5b-a4d7-b3ba77588fbc/allocations => generated 54 bytes in 17 msecs (HTTP/1.1 200) 6 headers in 223 bytes (1 switches on core 0)
2026-08-10 23:37:51.221 7 INFO placement.requestlog [req-e9693745-f757-4986-bddd-820d8b0e6ea7 req-a61e8b4c-e484-40b9-b67e-e6777def65b3 4a5d765ed415416c839a2488729dbb5b 73f696b12c644fadb106ffc90c11e767 - - 05a5c3b593274128acc5812f92dd61d7 05a5c3b593274128acc5812f92dd61d7] 199.204.45.129 "GET /resource_providers/3d51366f-a401-4a5b-a4d7-b3ba77588fbc/allocations" status: 200 len: 54 microversion: 1.0 [pid: 7|app: 0|req: 306/614] 199.204.45.129 () {32 vars in 857 bytes} [Mon Aug 10 23:37:51 2026] GET /resource_providers/3d51366f-a401-4a5b-a4d7-b3ba77588fbc/allocations => generated 54 bytes in 18 msecs (HTTP/1.1 200) 6 headers in 223 bytes (1 switches on core 0)
2026-08-10 23:37:53.485 8 INFO placement.requestlog [None req-7e89a923-ee7c-438f-8904-ca8b99dd30f4 - - - - - -] 10.0.0.219 "GET /" status: 200 len: 136 microversion: 1.0
2026-08-10 23:37:53.485 7 INFO placement.requestlog [None req-74ffa227-15f6-4889-8ffa-e348169553ec - - - - - -] 10.0.0.219 "GET /" status: 200 len: 136 microversion: 1.0
2026-08-10 23:38:03.484 8 INFO placement.requestlog [None req-ccb18ab6-ee95-4be6-bfd5-bdc7781c3cd0 - - - - - -] 10.0.0.219 "GET /" status: 200 len: 136 microversion: 1.0
2026-08-10 23:38:03.484 7 INFO placement.requestlog [None req-11761452-8c87-4f74-845e-052c6f9cec8f - - - - - -] 10.0.0.219 "GET /" status: 200 len: 136 microversion: 1.0
2026-08-10 23:38:13.485 8 INFO placement.requestlog [None req-3b3f47f1-8395-4f07-9cea-947382262d91 - - - - - -] 10.0.0.219 "GET /" status: 200 len: 136 microversion: 1.0
2026-08-10 23:38:13.485 7 INFO placement.requestlog [None req-cde8e9df-4ab7-48ba-8b7f-c54476026ff3 - - - - - -] 10.0.0.219 "GET /" status: 200 len: 136 microversion: 1.0
2026-08-10 23:38:23.485 8 INFO placement.requestlog [None req-1e279344-8f6e-46cc-a915-ce21727e9887 - - - - - -] 10.0.0.219 "GET /" status: 200 len: 136 microversion: 1.0
2026-08-10 23:38:23.489 7 INFO placement.requestlog [None req-3c5b0cb7-3903-46f8-a52d-842ff3b8e528 - - - - - -] 10.0.0.219 "GET /" status: 200 len: 136 microversion: 1.0
2026-08-10 23:38:33.485 8 INFO placement.requestlog [None req-23ad5a07-189c-4cae-af47-9e466cb4777c - - - - - -] 10.0.0.219 "GET /" status: 200 len: 136 microversion: 1.0
2026-08-10 23:38:33.486 7 INFO placement.requestlog [None req-fd6f8ccd-28cc-4b61-967d-8c01ef68fff8 - - - - - -] 10.0.0.219 "GET /" status: 200 len: 136 microversion: 1.0
2026-08-10 23:38:43.485 7 INFO placement.requestlog [None req-ed356c7c-62bb-439c-acaa-0610832f50c1 - - - - - -] 10.0.0.219 "GET /" status: 200 len: 136 microversion: 1.0
2026-08-10 23:38:43.485 8 INFO placement.requestlog [None req-df02dca4-516e-4ca7-acbd-d2e57b0d7864 - - - - - -] 10.0.0.219 "GET /" status: 200 len: 136 microversion: 1.0
2026-08-10 23:38:52.330 7 INFO placement.requestlog [req-4d8b54b0-dbf4-4fa8-9bcc-8c2bc6df149a req-851cb8bc-d67a-45e5-8dab-a0b885e3423a 4a5d765ed415416c839a2488729dbb5b 73f696b12c644fadb106ffc90c11e767 - - 05a5c3b593274128acc5812f92dd61d7 05a5c3b593274128acc5812f92dd61d7] 199.204.45.129 "GET /resource_providers/3d51366f-a401-4a5b-a4d7-b3ba77588fbc/allocations" status: 200 len: 54 microversion: 1.0 [pid: 7|app: 0|req: 313/627] 199.204.45.129 () {32 vars in 857 bytes} [Mon Aug 10 23:38:52 2026] GET /resource_providers/3d51366f-a401-4a5b-a4d7-b3ba77588fbc/allocations => generated 54 bytes in 19 msecs (HTTP/1.1 200) 6 headers in 223 bytes (1 switches on core 0)
2026-08-10 23:38:52.362 8 INFO placement.requestlog [req-4d8b54b0-dbf4-4fa8-9bcc-8c2bc6df149a req-fd04db8c-253a-43bd-8e32-404d3e339ab0 4a5d765ed415416c839a2488729dbb5b 73f696b12c644fadb106ffc90c11e767 - - 05a5c3b593274128acc5812f92dd61d7 05a5c3b593274128acc5812f92dd61d7] 199.204.45.129 "GET /resource_providers/3d51366f-a401-4a5b-a4d7-b3ba77588fbc/allocations" status: 200 len: 54 microversion: 1.0 [pid: 8|app: 0|req: 315/628] 199.204.45.129 () {32 vars in 857 bytes} [Mon Aug 10 23:38:52 2026] GET /resource_providers/3d51366f-a401-4a5b-a4d7-b3ba77588fbc/allocations => generated 54 bytes in 25 msecs (HTTP/1.1 200) 6 headers in 223 bytes (1 switches on core 0)
2026-08-10 23:38:53.486 8 INFO placement.requestlog [None req-7020c75b-7c9b-4bc5-b90d-080d7eb7e56b - - - - - -] 10.0.0.219 "GET /" status: 200 len: 136 microversion: 1.0
2026-08-10 23:38:53.488 7 INFO placement.requestlog [None req-2c6455a1-dee1-43c8-b1af-c37d8997f803 - - - - - -] 10.0.0.219 "GET /" status: 200 len: 136 microversion: 1.0
2026-08-10 23:39:03.485 8 INFO placement.requestlog [None req-771758ee-d843-4ded-a4b1-32db212476c9 - - - - - -] 10.0.0.219 "GET /" status: 200 len: 136 microversion: 1.0
2026-08-10 23:39:03.485 7 INFO placement.requestlog [None req-d323da4c-7797-4846-a12d-ec5375ff750c - - - - - -] 10.0.0.219 "GET /" status: 200 len: 136 microversion: 1.0
2026-08-10 23:39:10.328 7 INFO placement.requestlog [None req-d072ac09-1682-45f6-81f0-7ceee10667bc 3ad205bb629a47bba6cff01347be66cc 73f696b12c644fadb106ffc90c11e767 - - 05a5c3b593274128acc5812f92dd61d7 05a5c3b593274128acc5812f92dd61d7] 10.0.0.186 "GET /resource_providers/76c286b7-c2b2-41ce-8f21-bef561c95422/aggregates" status: 404 len: 235 microversion: 1.1
2026-08-10 23:39:10.328 8 INFO placement.requestlog [None req-1279f874-4541-4389-8824-a1f418e809e5 3ad205bb629a47bba6cff01347be66cc 73f696b12c644fadb106ffc90c11e767 - - 05a5c3b593274128acc5812f92dd61d7 05a5c3b593274128acc5812f92dd61d7] 10.0.0.186 "GET /resource_providers/76c286b7-c2b2-41ce-8f21-bef561c95422/aggregates" status: 404 len: 235 microversion: 1.1 [pid: 8|app: 0|req: 318/634] 10.0.0.186 () {32 vars in 825 bytes} [Mon Aug 10 23:39:10 2026] GET /resource_providers/76c286b7-c2b2-41ce-8f21-bef561c95422/aggregates => generated 235 bytes in 130 msecs (HTTP/1.1 404) 5 headers in 202 bytes (1 switches on core 0) [pid: 7|app: 0|req: 316/634] 10.0.0.186 () {32 vars in 825 bytes} [Mon Aug 10 23:39:10 2026] GET /resource_providers/76c286b7-c2b2-41ce-8f21-bef561c95422/aggregates => generated 235 bytes in 130 msecs (HTTP/1.1 404) 5 headers in 202 bytes (1 switches on core 0)
2026-08-10 23:39:10.363 8 INFO placement.requestlog [None req-812d0d90-c6cd-4566-aaff-19fcc9c32e5a 3ad205bb629a47bba6cff01347be66cc 73f696b12c644fadb106ffc90c11e767 - - 05a5c3b593274128acc5812f92dd61d7 05a5c3b593274128acc5812f92dd61d7] 10.0.0.186 "DELETE /resource_providers/76c286b7-c2b2-41ce-8f21-bef561c95422" status: 404 len: 246 microversion: 1.1 [pid: 8|app: 0|req: 319/635] 10.0.0.186 () {34 vars in 825 bytes} [Mon Aug 10 23:39:10 2026] DELETE /resource_providers/76c286b7-c2b2-41ce-8f21-bef561c95422 => generated 246 bytes in 11 msecs (HTTP/1.1 404) 6 headers in 231 bytes (1 switches on core 0)
2026-08-10 23:39:10.373 7 INFO placement.requestlog [None req-1ac3eb63-2c8d-437c-9217-f7d55beb29b7 3ad205bb629a47bba6cff01347be66cc 73f696b12c644fadb106ffc90c11e767 - - 05a5c3b593274128acc5812f92dd61d7 05a5c3b593274128acc5812f92dd61d7] 10.0.0.186 "DELETE /resource_providers/76c286b7-c2b2-41ce-8f21-bef561c95422" status: 404 len: 246 microversion: 1.1 [pid: 7|app: 0|req: 317/636] 10.0.0.186 () {34 vars in 825 bytes} [Mon Aug 10 23:39:10 2026] DELETE /resource_providers/76c286b7-c2b2-41ce-8f21-bef561c95422 => generated 246 bytes in 19 msecs (HTTP/1.1 404) 6 headers in 231 bytes (1 switches on core 0)
2026-08-10 23:39:11.067 8 INFO placement.requestlog [req-48855619-fb9d-41bd-b330-96bd33e56db0 req-1681ae5d-0678-460b-aaea-08ff58cbe2ae 4a5d765ed415416c839a2488729dbb5b 73f696b12c644fadb106ffc90c11e767 - - 05a5c3b593274128acc5812f92dd61d7 05a5c3b593274128acc5812f92dd61d7] 10.0.0.232 "GET /allocation_candidates?limit=1000&resources=MEMORY_MB%3A512%2CVCPU%3A1&root_required=%21COMPUTE_STATUS_DISABLED" status: 200 len: 2133 microversion: 1.36 [pid: 8|app: 0|req: 320/637] 10.0.0.232 () {34 vars in 984 bytes} [Mon Aug 10 23:39:10 2026] GET /allocation_candidates?limit=1000&resources=MEMORY_MB%3A512%2CVCPU%3A1&root_required=%21COMPUTE_STATUS_DISABLED => generated 2133 bytes in 201 msecs (HTTP/1.1 200) 8 headers in 297 bytes (1 switches on core 0)
2026-08-10 23:39:11.112 7 INFO placement.requestlog [req-48855619-fb9d-41bd-b330-96bd33e56db0 req-d4a4bc6f-7eb6-4c6a-8dee-a842ec588bdc 4a5d765ed415416c839a2488729dbb5b 73f696b12c644fadb106ffc90c11e767 - - 05a5c3b593274128acc5812f92dd61d7 05a5c3b593274128acc5812f92dd61d7] 10.0.0.232 "GET /allocations/facf05d4-d206-47e0-8de9-13beee0b3cc5" status: 200 len: 19 microversion: 1.28 [pid: 7|app: 0|req: 318/638] 10.0.0.232 () {34 vars in 861 bytes} [Mon Aug 10 23:39:11 2026] GET /allocations/facf05d4-d206-47e0-8de9-13beee0b3cc5 => generated 19 bytes in 12 msecs (HTTP/1.1 200) 8 headers in 295 bytes (1 switches on core 0)
2026-08-10 23:39:11.207 8 INFO placement.requestlog [req-48855619-fb9d-41bd-b330-96bd33e56db0 req-ce3192a3-4865-4104-9f43-d7098ace61e2 4a5d765ed415416c839a2488729dbb5b 73f696b12c644fadb106ffc90c11e767 - - 05a5c3b593274128acc5812f92dd61d7 05a5c3b593274128acc5812f92dd61d7] 10.0.0.232 "PUT /allocations/facf05d4-d206-47e0-8de9-13beee0b3cc5" status: 204 len: 0 microversion: 1.36 [pid: 8|app: 0|req: 321/639] 10.0.0.232 () {38 vars in 914 bytes} [Mon Aug 10 23:39:11 2026] PUT /allocations/facf05d4-d206-47e0-8de9-13beee0b3cc5 => generated 0 bytes in 88 msecs (HTTP/1.1 204) 5 headers in 199 bytes (1 switches on core 0)
2026-08-10 23:39:11.698 7 INFO placement.requestlog [req-48855619-fb9d-41bd-b330-96bd33e56db0 req-fbebf3e7-842e-4b47-8a7b-da9ea3dbc61b 4a5d765ed415416c839a2488729dbb5b 73f696b12c644fadb106ffc90c11e767 - - 05a5c3b593274128acc5812f92dd61d7 05a5c3b593274128acc5812f92dd61d7] 199.204.45.129 "GET /allocations/facf05d4-d206-47e0-8de9-13beee0b3cc5" status: 200 len: 243 microversion: 1.28 [pid: 7|app: 0|req: 319/640] 199.204.45.129 () {34 vars in 863 bytes} [Mon Aug 10 23:39:11 2026] GET /allocations/facf05d4-d206-47e0-8de9-13beee0b3cc5 => generated 243 bytes in 20 msecs (HTTP/1.1 200) 8 headers in 296 bytes (1 switches on core 0)
2026-08-10 23:39:11.824 8 INFO placement.requestlog [req-48855619-fb9d-41bd-b330-96bd33e56db0 req-d3e08c85-7559-46b7-9278-8682e9cb1aab 4a5d765ed415416c839a2488729dbb5b 73f696b12c644fadb106ffc90c11e767 - - 05a5c3b593274128acc5812f92dd61d7 05a5c3b593274128acc5812f92dd61d7] 199.204.45.129 "GET /resource_providers/3d51366f-a401-4a5b-a4d7-b3ba77588fbc/allocations" status: 200 len: 138 microversion: 1.0 [pid: 8|app: 0|req: 322/641] 199.204.45.129 () {32 vars in 857 bytes} [Mon Aug 10 23:39:11 2026] GET /resource_providers/3d51366f-a401-4a5b-a4d7-b3ba77588fbc/allocations => generated 138 bytes in 16 msecs (HTTP/1.1 200) 6 headers in 224 bytes (1 switches on core 0)
2026-08-10 23:39:11.848 7 INFO placement.requestlog [req-48855619-fb9d-41bd-b330-96bd33e56db0 req-061c6a25-64cf-44c8-80ba-14bd8c951658 4a5d765ed415416c839a2488729dbb5b 73f696b12c644fadb106ffc90c11e767 - - 05a5c3b593274128acc5812f92dd61d7 05a5c3b593274128acc5812f92dd61d7] 199.204.45.129 "GET /allocations/facf05d4-d206-47e0-8de9-13beee0b3cc5" status: 200 len: 243 microversion: 1.28 [pid: 7|app: 0|req: 320/642] 199.204.45.129 () {34 vars in 863 bytes} [Mon Aug 10 23:39:11 2026] GET /allocations/facf05d4-d206-47e0-8de9-13beee0b3cc5 => generated 243 bytes in 13 msecs (HTTP/1.1 200) 8 headers in 296 bytes (1 switches on core 0)
2026-08-10 23:39:13.023 7 INFO placement.requestlog [None req-65a7ee7a-1e8f-468b-ae41-bd3241356cca 3ad205bb629a47bba6cff01347be66cc 73f696b12c644fadb106ffc90c11e767 - - 05a5c3b593274128acc5812f92dd61d7 05a5c3b593274128acc5812f92dd61d7] 10.0.0.186 "GET /resource_providers/d021e89d-dc80-4d9e-ba3a-2442ae18ea7d/aggregates" status: 404 len: 235 microversion: 1.1 [pid: 7|app: 0|req: 321/643] 10.0.0.186 () {32 vars in 825 bytes} [Mon Aug 10 23:39:12 2026] GET /resource_providers/d021e89d-dc80-4d9e-ba3a-2442ae18ea7d/aggregates => generated 235 bytes in 122 msecs (HTTP/1.1 404) 5 headers in 202 bytes (1 switches on core 0)
2026-08-10 23:39:13.038 7 INFO placement.requestlog [None req-a479c99d-343f-4b2a-93e4-640c1e39e41c 3ad205bb629a47bba6cff01347be66cc 73f696b12c644fadb106ffc90c11e767 - - 05a5c3b593274128acc5812f92dd61d7 05a5c3b593274128acc5812f92dd61d7] 10.0.0.186 "DELETE /resource_providers/d021e89d-dc80-4d9e-ba3a-2442ae18ea7d" status: 404 len: 246 microversion: 1.1 [pid: 7|app: 0|req: 322/644] 10.0.0.186 () {34 vars in 825 bytes} [Mon Aug 10 23:39:13 2026] DELETE /resource_providers/d021e89d-dc80-4d9e-ba3a-2442ae18ea7d => generated 246 bytes in 7 msecs (HTTP/1.1 404) 6 headers in 231 bytes (1 switches on core 0)
2026-08-10 23:39:13.073 8 INFO placement.requestlog [None req-ea94591a-39ad-4bda-aaed-23df74490cd7 3ad205bb629a47bba6cff01347be66cc 73f696b12c644fadb106ffc90c11e767 - - 05a5c3b593274128acc5812f92dd61d7 05a5c3b593274128acc5812f92dd61d7] 10.0.0.186 "GET /resource_providers/d021e89d-dc80-4d9e-ba3a-2442ae18ea7d/aggregates" status: 404 len: 235 microversion: 1.1 [pid: 8|app: 0|req: 323/645] 10.0.0.186 () {32 vars in 825 bytes} [Mon Aug 10 23:39:12 2026] GET /resource_providers/d021e89d-dc80-4d9e-ba3a-2442ae18ea7d/aggregates => generated 235 bytes in 172 msecs (HTTP/1.1 404) 5 headers in 202 bytes (1 switches on core 0)
2026-08-10 23:39:13.096 7 INFO placement.requestlog [None req-b80e731a-aa7d-4570-862a-afd7db60120e 3ad205bb629a47bba6cff01347be66cc 73f696b12c644fadb106ffc90c11e767 - - 05a5c3b593274128acc5812f92dd61d7 05a5c3b593274128acc5812f92dd61d7] 10.0.0.186 "DELETE /resource_providers/d021e89d-dc80-4d9e-ba3a-2442ae18ea7d" status: 404 len: 246 microversion: 1.1 [pid: 7|app: 0|req: 323/646] 10.0.0.186 () {34 vars in 825 bytes} [Mon Aug 10 23:39:13 2026] DELETE /resource_providers/d021e89d-dc80-4d9e-ba3a-2442ae18ea7d => generated 246 bytes in 12 msecs (HTTP/1.1 404) 6 headers in 231 bytes (1 switches on core 0)
2026-08-10 23:39:13.485 8 INFO placement.requestlog [None req-79d5003a-5964-4dea-9a05-dc0dac311122 - - - - - -] 10.0.0.219 "GET /" status: 200 len: 136 microversion: 1.0
2026-08-10 23:39:13.486 7 INFO placement.requestlog [None req-e2a094e3-1f2d-4538-ab80-a6fd7246a546 - - - - - -] 10.0.0.219 "GET /" status: 200 len: 136 microversion: 1.0
2026-08-10 23:39:22.562 8 INFO placement.requestlog [req-c88b094f-6538-403a-a3a7-167dde79d6db req-0b2da1c9-7e89-4fbb-bc1e-b40b701a0259 4a5d765ed415416c839a2488729dbb5b 73f696b12c644fadb106ffc90c11e767 - - 05a5c3b593274128acc5812f92dd61d7 05a5c3b593274128acc5812f92dd61d7] 10.0.0.232 "GET /allocation_candidates?limit=1000&resources=DISK_GB%3A1%2CMEMORY_MB%3A512%2CVCPU%3A1&root_required=%21COMPUTE_STATUS_DISABLED" status: 200 len: 2149 microversion: 1.36 [pid: 8|app: 0|req: 325/649] 10.0.0.232 () {34 vars in 1012 bytes} [Mon Aug 10 23:39:22 2026] GET /allocation_candidates?limit=1000&resources=DISK_GB%3A1%2CMEMORY_MB%3A512%2CVCPU%3A1&root_required=%21COMPUTE_STATUS_DISABLED => generated 2149 bytes in 49 msecs (HTTP/1.1 200) 8 headers in 297 bytes (1 switches on core 0)
2026-08-10 23:39:22.601 7 INFO placement.requestlog [req-c88b094f-6538-403a-a3a7-167dde79d6db req-b881ef33-ecf0-4d7f-98cf-fb85b7620853 4a5d765ed415416c839a2488729dbb5b 73f696b12c644fadb106ffc90c11e767 - - 05a5c3b593274128acc5812f92dd61d7 05a5c3b593274128acc5812f92dd61d7] 10.0.0.232 "GET /allocations/2caeee8d-feb7-4d26-ab80-440217e33f3b" status: 200 len: 19 microversion: 1.28 [pid: 7|app: 0|req: 325/650] 10.0.0.232 () {34 vars in 861 bytes} [Mon Aug 10 23:39:22 2026] GET /allocations/2caeee8d-feb7-4d26-ab80-440217e33f3b => generated 19 bytes in 13 msecs (HTTP/1.1 200) 8 headers in 295 bytes (1 switches on core 0)
2026-08-10 23:39:22.676 8 INFO placement.requestlog [req-c88b094f-6538-403a-a3a7-167dde79d6db req-ba3ffb29-a032-4d77-878f-d79bebe80dd6 4a5d765ed415416c839a2488729dbb5b 73f696b12c644fadb106ffc90c11e767 - - 05a5c3b593274128acc5812f92dd61d7 05a5c3b593274128acc5812f92dd61d7] 10.0.0.232 "PUT /allocations/2caeee8d-feb7-4d26-ab80-440217e33f3b" status: 204 len: 0 microversion: 1.36 [pid: 8|app: 0|req: 326/651] 10.0.0.232 () {38 vars in 914 bytes} [Mon Aug 10 23:39:22 2026] PUT /allocations/2caeee8d-feb7-4d26-ab80-440217e33f3b => generated 0 bytes in 64 msecs (HTTP/1.1 204) 5 headers in 199 bytes (1 switches on core 0)
2026-08-10 23:39:23.073 7 INFO placement.requestlog [req-c88b094f-6538-403a-a3a7-167dde79d6db req-3ee888a3-ee6e-4f2e-bdf0-c8c567d2702e 4a5d765ed415416c839a2488729dbb5b 73f696b12c644fadb106ffc90c11e767 - - 05a5c3b593274128acc5812f92dd61d7 05a5c3b593274128acc5812f92dd61d7] 199.204.45.129 "GET /allocations/2caeee8d-feb7-4d26-ab80-440217e33f3b" status: 200 len: 257 microversion: 1.28 [pid: 7|app: 0|req: 326/652] 199.204.45.129 () {34 vars in 863 bytes} [Mon Aug 10 23:39:23 2026] GET /allocations/2caeee8d-feb7-4d26-ab80-440217e33f3b => generated 257 bytes in 12 msecs (HTTP/1.1 200) 8 headers in 296 bytes (1 switches on core 0)
2026-08-10 23:39:23.167 8 INFO placement.requestlog [req-c88b094f-6538-403a-a3a7-167dde79d6db req-d78a3b83-4942-449e-88d6-86a59dd90a4b 4a5d765ed415416c839a2488729dbb5b 73f696b12c644fadb106ffc90c11e767 - - 05a5c3b593274128acc5812f92dd61d7 05a5c3b593274128acc5812f92dd61d7] 199.204.45.129 "GET /resource_providers/3d51366f-a401-4a5b-a4d7-b3ba77588fbc/allocations" status: 200 len: 238 microversion: 1.0 [pid: 8|app: 0|req: 327/653] 199.204.45.129 () {32 vars in 857 bytes} [Mon Aug 10 23:39:23 2026] GET /resource_providers/3d51366f-a401-4a5b-a4d7-b3ba77588fbc/allocations => generated 238 bytes in 13 msecs (HTTP/1.1 200) 6 headers in 224 bytes (1 switches on core 0)
2026-08-10 23:39:23.188 7 INFO placement.requestlog [req-c88b094f-6538-403a-a3a7-167dde79d6db req-2a456088-69c1-4db4-8a66-f03fd08eaa69 4a5d765ed415416c839a2488729dbb5b 73f696b12c644fadb106ffc90c11e767 - - 05a5c3b593274128acc5812f92dd61d7 05a5c3b593274128acc5812f92dd61d7] 199.204.45.129 "GET /allocations/2caeee8d-feb7-4d26-ab80-440217e33f3b" status: 200 len: 257 microversion: 1.28 [pid: 7|app: 0|req: 327/654] 199.204.45.129 () {34 vars in 863 bytes} [Mon Aug 10 23:39:23 2026] GET /allocations/2caeee8d-feb7-4d26-ab80-440217e33f3b => generated 257 bytes in 12 msecs (HTTP/1.1 200) 8 headers in 296 bytes (1 switches on core 0)
2026-08-10 23:39:23.216 8 INFO placement.requestlog [req-c88b094f-6538-403a-a3a7-167dde79d6db req-cdd608cd-b421-4642-94f4-e479919550a8 4a5d765ed415416c839a2488729dbb5b 73f696b12c644fadb106ffc90c11e767 - - 05a5c3b593274128acc5812f92dd61d7 05a5c3b593274128acc5812f92dd61d7] 199.204.45.129 "GET /allocations/facf05d4-d206-47e0-8de9-13beee0b3cc5" status: 200 len: 243 microversion: 1.28 [pid: 8|app: 0|req: 328/655] 199.204.45.129 () {34 vars in 863 bytes} [Mon Aug 10 23:39:23 2026] GET /allocations/facf05d4-d206-47e0-8de9-13beee0b3cc5 => generated 243 bytes in 19 msecs (HTTP/1.1 200) 8 headers in 296 bytes (1 switches on core 0)
2026-08-10 23:39:23.485 8 INFO placement.requestlog [None req-2eef5a30-6fbd-4b2f-8e48-f09666166293 - - - - - -] 10.0.0.219 "GET /" status: 200 len: 136 microversion: 1.0
2026-08-10 23:39:23.486 7 INFO placement.requestlog [None req-62fdc196-e926-4b65-858b-198c5b75644a - - - - - -] 10.0.0.219 "GET /" status: 200 len: 136 microversion: 1.0
2026-08-10 23:39:25.632 8 INFO placement.requestlog [req-10958e63-79ad-4ba3-bc55-a9a7eaa857a2 req-f0e41dce-9c00-474f-9985-1b160114a137 4a5d765ed415416c839a2488729dbb5b 73f696b12c644fadb106ffc90c11e767 - - 05a5c3b593274128acc5812f92dd61d7 05a5c3b593274128acc5812f92dd61d7] 10.0.0.232 "GET /allocation_candidates?limit=1000&resources=DISK_GB%3A1%2CMEMORY_MB%3A512%2CVCPU%3A1&root_required=%21COMPUTE_STATUS_DISABLED" status: 200 len: 2150 microversion: 1.36 [pid: 8|app: 0|req: 330/658] 10.0.0.232 () {34 vars in 1012 bytes} [Mon Aug 10 23:39:25 2026] GET /allocation_candidates?limit=1000&resources=DISK_GB%3A1%2CMEMORY_MB%3A512%2CVCPU%3A1&root_required=%21COMPUTE_STATUS_DISABLED => generated 2150 bytes in 68 msecs (HTTP/1.1 200) 8 headers in 297 bytes (1 switches on core 0)
2026-08-10 23:39:25.663 7 INFO placement.requestlog [req-10958e63-79ad-4ba3-bc55-a9a7eaa857a2 req-f64fbe67-98e7-4a4b-8dbd-47cf37bd17ae 4a5d765ed415416c839a2488729dbb5b 73f696b12c644fadb106ffc90c11e767 - - 05a5c3b593274128acc5812f92dd61d7 05a5c3b593274128acc5812f92dd61d7] 10.0.0.232 "GET /allocations/a27430a5-0b1e-49fe-892c-2afdb5cf6b98" status: 200 len: 19 microversion: 1.28 [pid: 7|app: 0|req: 329/659] 10.0.0.232 () {34 vars in 861 bytes} [Mon Aug 10 23:39:25 2026] GET /allocations/a27430a5-0b1e-49fe-892c-2afdb5cf6b98 => generated 19 bytes in 12 msecs (HTTP/1.1 200) 8 headers in 295 bytes (1 switches on core 0)
2026-08-10 23:39:25.961 8 INFO placement.requestlog [req-10958e63-79ad-4ba3-bc55-a9a7eaa857a2 req-34cccbd6-e9ed-43ce-8a68-492047efada4 4a5d765ed415416c839a2488729dbb5b 73f696b12c644fadb106ffc90c11e767 - - 05a5c3b593274128acc5812f92dd61d7 05a5c3b593274128acc5812f92dd61d7] 10.0.0.232 "PUT /allocations/a27430a5-0b1e-49fe-892c-2afdb5cf6b98" status: 204 len: 0 microversion: 1.36 [pid: 8|app: 0|req: 331/660] 10.0.0.232 () {38 vars in 914 bytes} [Mon Aug 10 23:39:25 2026] PUT /allocations/a27430a5-0b1e-49fe-892c-2afdb5cf6b98 => generated 0 bytes in 290 msecs (HTTP/1.1 204) 5 headers in 199 bytes (1 switches on core 0)
2026-08-10 23:39:26.292 7 INFO placement.requestlog [req-10958e63-79ad-4ba3-bc55-a9a7eaa857a2 req-0e9775a4-22cc-4f8b-ad27-671e7105808f 4a5d765ed415416c839a2488729dbb5b 73f696b12c644fadb106ffc90c11e767 - - 05a5c3b593274128acc5812f92dd61d7 05a5c3b593274128acc5812f92dd61d7] 199.204.45.129 "GET /allocations/a27430a5-0b1e-49fe-892c-2afdb5cf6b98" status: 200 len: 257 microversion: 1.28 [pid: 7|app: 0|req: 330/661] 199.204.45.129 () {34 vars in 863 bytes} [Mon Aug 10 23:39:26 2026] GET /allocations/a27430a5-0b1e-49fe-892c-2afdb5cf6b98 => generated 257 bytes in 15 msecs (HTTP/1.1 200) 8 headers in 296 bytes (1 switches on core 0)
2026-08-10 23:39:26.442 8 INFO placement.requestlog [req-10958e63-79ad-4ba3-bc55-a9a7eaa857a2 req-fcd4f9c0-2e30-48c9-b59b-b7305eae51f6 4a5d765ed415416c839a2488729dbb5b 73f696b12c644fadb106ffc90c11e767 - - 05a5c3b593274128acc5812f92dd61d7 05a5c3b593274128acc5812f92dd61d7] 199.204.45.129 "GET /resource_providers/3d51366f-a401-4a5b-a4d7-b3ba77588fbc/allocations" status: 200 len: 338 microversion: 1.0 [pid: 8|app: 0|req: 332/662] 199.204.45.129 () {32 vars in 857 bytes} [Mon Aug 10 23:39:26 2026] GET /resource_providers/3d51366f-a401-4a5b-a4d7-b3ba77588fbc/allocations => generated 338 bytes in 20 msecs (HTTP/1.1 200) 6 headers in 224 bytes (1 switches on core 0)
2026-08-10 23:39:26.481 7 INFO placement.requestlog [req-10958e63-79ad-4ba3-bc55-a9a7eaa857a2 req-3393368a-2ffb-4253-ab81-42e77cab52ec 4a5d765ed415416c839a2488729dbb5b 73f696b12c644fadb106ffc90c11e767 - - 05a5c3b593274128acc5812f92dd61d7 05a5c3b593274128acc5812f92dd61d7] 199.204.45.129 "GET /allocations/a27430a5-0b1e-49fe-892c-2afdb5cf6b98" status: 200 len: 257 microversion: 1.28 [pid: 7|app: 0|req: 331/663] 199.204.45.129 () {34 vars in 863 bytes} [Mon Aug 10 23:39:26 2026] GET /allocations/a27430a5-0b1e-49fe-892c-2afdb5cf6b98 => generated 257 bytes in 27 msecs (HTTP/1.1 200) 8 headers in 296 bytes (1 switches on core 0)
2026-08-10 23:39:26.519 8 INFO placement.requestlog [req-10958e63-79ad-4ba3-bc55-a9a7eaa857a2 req-d075996b-3777-43f6-9365-5e072655a53b 4a5d765ed415416c839a2488729dbb5b 73f696b12c644fadb106ffc90c11e767 - - 05a5c3b593274128acc5812f92dd61d7 05a5c3b593274128acc5812f92dd61d7] 199.204.45.129 "GET /allocations/2caeee8d-feb7-4d26-ab80-440217e33f3b" status: 200 len: 257 microversion: 1.28 [pid: 8|app: 0|req: 333/664] 199.204.45.129 () {34 vars in 863 bytes} [Mon Aug 10 23:39:26 2026] GET /allocations/2caeee8d-feb7-4d26-ab80-440217e33f3b => generated 257 bytes in 16 msecs (HTTP/1.1 200) 8 headers in 296 bytes (1 switches on core 0)
2026-08-10 23:39:26.548 7 INFO placement.requestlog [req-10958e63-79ad-4ba3-bc55-a9a7eaa857a2 req-63125118-e992-4e37-b5ae-528c0a68cbc9 4a5d765ed415416c839a2488729dbb5b 73f696b12c644fadb106ffc90c11e767 - - 05a5c3b593274128acc5812f92dd61d7 05a5c3b593274128acc5812f92dd61d7] 199.204.45.129 "GET /allocations/facf05d4-d206-47e0-8de9-13beee0b3cc5" status: 200 len: 243 microversion: 1.28 [pid: 7|app: 0|req: 332/665] 199.204.45.129 () {34 vars in 863 bytes} [Mon Aug 10 23:39:26 2026] GET /allocations/facf05d4-d206-47e0-8de9-13beee0b3cc5 => generated 243 bytes in 17 msecs (HTTP/1.1 200) 8 headers in 296 bytes (1 switches on core 0)
2026-08-10 23:39:28.147 8 INFO placement.requestlog [req-b230dc18-672f-44c3-b703-3a48ec4c4bc0 req-ec25dc8d-3529-4fa1-8dde-86d9021ff27b 4a5d765ed415416c839a2488729dbb5b 73f696b12c644fadb106ffc90c11e767 - - 05a5c3b593274128acc5812f92dd61d7 05a5c3b593274128acc5812f92dd61d7] 199.204.45.129 "GET /resource_providers/3d51366f-a401-4a5b-a4d7-b3ba77588fbc/allocations" status: 200 len: 338 microversion: 1.0 [pid: 8|app: 0|req: 334/666] 199.204.45.129 () {32 vars in 857 bytes} [Mon Aug 10 23:39:28 2026] GET /resource_providers/3d51366f-a401-4a5b-a4d7-b3ba77588fbc/allocations => generated 338 bytes in 24 msecs (HTTP/1.1 200) 6 headers in 224 bytes (1 switches on core 0)
2026-08-10 23:39:28.169 7 INFO placement.requestlog [req-b230dc18-672f-44c3-b703-3a48ec4c4bc0 req-70eb94d5-bb09-4ba3-99d4-096f0690b931 4a5d765ed415416c839a2488729dbb5b 73f696b12c644fadb106ffc90c11e767 - - 05a5c3b593274128acc5812f92dd61d7 05a5c3b593274128acc5812f92dd61d7] 199.204.45.129 "GET /allocations/a27430a5-0b1e-49fe-892c-2afdb5cf6b98" status: 200 len: 257 microversion: 1.28 [pid: 7|app: 0|req: 333/667] 199.204.45.129 () {34 vars in 863 bytes} [Mon Aug 10 23:39:28 2026] GET /allocations/a27430a5-0b1e-49fe-892c-2afdb5cf6b98 => generated 257 bytes in 14 msecs (HTTP/1.1 200) 8 headers in 296 bytes (1 switches on core 0)
2026-08-10 23:39:28.194 8 INFO placement.requestlog [req-b230dc18-672f-44c3-b703-3a48ec4c4bc0 req-b8121950-4e3d-4996-86ab-ffa88542ba18 4a5d765ed415416c839a2488729dbb5b 73f696b12c644fadb106ffc90c11e767 - - 05a5c3b593274128acc5812f92dd61d7 05a5c3b593274128acc5812f92dd61d7] 199.204.45.129 "GET /allocations/2caeee8d-feb7-4d26-ab80-440217e33f3b" status: 200 len: 257 microversion: 1.28 [pid: 8|app: 0|req: 335/668] 199.204.45.129 () {34 vars in 863 bytes} [Mon Aug 10 23:39:28 2026] GET /allocations/2caeee8d-feb7-4d26-ab80-440217e33f3b => generated 257 bytes in 15 msecs (HTTP/1.1 200) 8 headers in 296 bytes (1 switches on core 0)
2026-08-10 23:39:28.227 7 INFO placement.requestlog [req-b230dc18-672f-44c3-b703-3a48ec4c4bc0 req-65fa23e8-82a7-43f9-86f5-1f24527ad07d 4a5d765ed415416c839a2488729dbb5b 73f696b12c644fadb106ffc90c11e767 - - 05a5c3b593274128acc5812f92dd61d7 05a5c3b593274128acc5812f92dd61d7] 199.204.45.129 "GET /allocations/facf05d4-d206-47e0-8de9-13beee0b3cc5" status: 200 len: 243 microversion: 1.28 [pid: 7|app: 0|req: 334/669] 199.204.45.129 () {34 vars in 863 bytes} [Mon Aug 10 23:39:28 2026] GET /allocations/facf05d4-d206-47e0-8de9-13beee0b3cc5 => generated 243 bytes in 25 msecs (HTTP/1.1 200) 8 headers in 296 bytes (1 switches on core 0)
2026-08-10 23:39:28.325 8 INFO placement.requestlog [req-b230dc18-672f-44c3-b703-3a48ec4c4bc0 req-c86b3335-18f2-4615-98aa-bd1aad0db24b 4a5d765ed415416c839a2488729dbb5b 73f696b12c644fadb106ffc90c11e767 - - 05a5c3b593274128acc5812f92dd61d7 05a5c3b593274128acc5812f92dd61d7] 199.204.45.129 "DELETE /allocations/facf05d4-d206-47e0-8de9-13beee0b3cc5" status: 204 len: 0 microversion: 1.0 [pid: 8|app: 0|req: 336/670] 199.204.45.129 () {34 vars in 841 bytes} [Mon Aug 10 23:39:28 2026] DELETE /allocations/facf05d4-d206-47e0-8de9-13beee0b3cc5 => generated 0 bytes in 31 msecs (HTTP/1.1 204) 5 headers in 198 bytes (1 switches on core 0)
2026-08-10 23:39:33.486 7 INFO placement.requestlog [None req-f8c9b1ef-0a21-43cd-9333-6d3712b70db4 - - - - - -] 10.0.0.219 "GET /" status: 200 len: 136 microversion: 1.0
2026-08-10 23:39:33.487 8 INFO placement.requestlog [None req-8097a67c-0144-4586-bb11-e4b280dabc8b - - - - - -] 10.0.0.219 "GET /" status: 200 len: 136 microversion: 1.0
2026-08-10 23:39:34.219 7 INFO placement.requestlog [None req-50af3c8b-4100-4bfc-b46c-4a5309bd201b 3ad205bb629a47bba6cff01347be66cc 73f696b12c644fadb106ffc90c11e767 - - 05a5c3b593274128acc5812f92dd61d7 05a5c3b593274128acc5812f92dd61d7] 10.0.0.186 "GET /resource_providers/8275e0d0-fa8d-42f4-882e-e80eb1703e18/aggregates" status: 404 len: 235 microversion: 1.1 [pid: 7|app: 0|req: 336/673] 10.0.0.186 () {32 vars in 825 bytes} [Mon Aug 10 23:39:34 2026] GET /resource_providers/8275e0d0-fa8d-42f4-882e-e80eb1703e18/aggregates => generated 235 bytes in 11 msecs (HTTP/1.1 404) 5 headers in 202 bytes (1 switches on core 0)
2026-08-10 23:39:34.222 8 INFO placement.requestlog [None req-2b0cecee-22e4-4a6c-9b8a-357ae1b014e4 3ad205bb629a47bba6cff01347be66cc 73f696b12c644fadb106ffc90c11e767 - - 05a5c3b593274128acc5812f92dd61d7 05a5c3b593274128acc5812f92dd61d7] 10.0.0.186 "GET /resource_providers/8275e0d0-fa8d-42f4-882e-e80eb1703e18/aggregates" status: 404 len: 235 microversion: 1.1 [pid: 8|app: 0|req: 338/674] 10.0.0.186 () {32 vars in 825 bytes} [Mon Aug 10 23:39:34 2026] GET /resource_providers/8275e0d0-fa8d-42f4-882e-e80eb1703e18/aggregates => generated 235 bytes in 12 msecs (HTTP/1.1 404) 5 headers in 202 bytes (1 switches on core 0)
2026-08-10 23:39:34.252 7 INFO placement.requestlog [None req-64b9090c-5618-475b-b2fa-578efe6f14cb 3ad205bb629a47bba6cff01347be66cc 73f696b12c644fadb106ffc90c11e767 - - 05a5c3b593274128acc5812f92dd61d7 05a5c3b593274128acc5812f92dd61d7] 10.0.0.186 "DELETE /resource_providers/8275e0d0-fa8d-42f4-882e-e80eb1703e18" status: 404 len: 246 microversion: 1.1 [pid: 7|app: 0|req: 337/675] 10.0.0.186 () {34 vars in 825 bytes} [Mon Aug 10 23:39:34 2026] DELETE /resource_providers/8275e0d0-fa8d-42f4-882e-e80eb1703e18 => generated 246 bytes in 11 msecs (HTTP/1.1 404) 6 headers in 231 bytes (1 switches on core 0)
2026-08-10 23:39:34.256 8 INFO placement.requestlog [None req-cc6109cd-7892-46f6-ba43-3db8c0b9831a 3ad205bb629a47bba6cff01347be66cc 73f696b12c644fadb106ffc90c11e767 - - 05a5c3b593274128acc5812f92dd61d7 05a5c3b593274128acc5812f92dd61d7] 10.0.0.186 "DELETE /resource_providers/8275e0d0-fa8d-42f4-882e-e80eb1703e18" status: 404 len: 246 microversion: 1.1 [pid: 8|app: 0|req: 339/676] 10.0.0.186 () {34 vars in 825 bytes} [Mon Aug 10 23:39:34 2026] DELETE /resource_providers/8275e0d0-fa8d-42f4-882e-e80eb1703e18 => generated 246 bytes in 14 msecs (HTTP/1.1 404) 6 headers in 231 bytes (1 switches on core 0)
2026-08-10 23:39:43.416 7 INFO placement.requestlog [None req-03402296-5e33-4afe-a4ff-d0ec29813e8e 3ad205bb629a47bba6cff01347be66cc 73f696b12c644fadb106ffc90c11e767 - - 05a5c3b593274128acc5812f92dd61d7 05a5c3b593274128acc5812f92dd61d7] 10.0.0.186 "GET /resource_providers/bf2a6c7a-7534-46d8-bf25-2e47e4dd2292/aggregates" status: 404 len: 235 microversion: 1.1 [pid: 7|app: 0|req: 338/677] 10.0.0.186 () {32 vars in 825 bytes} [Mon Aug 10 23:39:43 2026] GET /resource_providers/bf2a6c7a-7534-46d8-bf25-2e47e4dd2292/aggregates => generated 235 bytes in 12 msecs (HTTP/1.1 404) 5 headers in 202 bytes (1 switches on core 0)
2026-08-10 23:39:43.417 8 INFO placement.requestlog [None req-546fd143-6312-4f61-9683-c783bc636715 3ad205bb629a47bba6cff01347be66cc 73f696b12c644fadb106ffc90c11e767 - - 05a5c3b593274128acc5812f92dd61d7 05a5c3b593274128acc5812f92dd61d7] 10.0.0.186 "GET /resource_providers/bf2a6c7a-7534-46d8-bf25-2e47e4dd2292/aggregates" status: 404 len: 235 microversion: 1.1 [pid: 8|app: 0|req: 340/678] 10.0.0.186 () {32 vars in 825 bytes} [Mon Aug 10 23:39:43 2026] GET /resource_providers/bf2a6c7a-7534-46d8-bf25-2e47e4dd2292/aggregates => generated 235 bytes in 13 msecs (HTTP/1.1 404) 5 headers in 202 bytes (1 switches on core 0)
2026-08-10 23:39:43.446 7 INFO placement.requestlog [None req-99673ab8-ee31-4eb4-84ee-0d1396fc2269 3ad205bb629a47bba6cff01347be66cc 73f696b12c644fadb106ffc90c11e767 - - 05a5c3b593274128acc5812f92dd61d7 05a5c3b593274128acc5812f92dd61d7] 10.0.0.186 "DELETE /resource_providers/bf2a6c7a-7534-46d8-bf25-2e47e4dd2292" status: 404 len: 246 microversion: 1.1 [pid: 7|app: 0|req: 339/679] 10.0.0.186 () {34 vars in 825 bytes} [Mon Aug 10 23:39:43 2026] DELETE /resource_providers/bf2a6c7a-7534-46d8-bf25-2e47e4dd2292 => generated 246 bytes in 15 msecs (HTTP/1.1 404) 6 headers in 231 bytes (1 switches on core 0)
2026-08-10 23:39:43.448 8 INFO placement.requestlog [None req-e89eedf5-129d-4d74-bbdc-1c3bee1c5508 3ad205bb629a47bba6cff01347be66cc 73f696b12c644fadb106ffc90c11e767 - - 05a5c3b593274128acc5812f92dd61d7 05a5c3b593274128acc5812f92dd61d7] 10.0.0.186 "DELETE /resource_providers/bf2a6c7a-7534-46d8-bf25-2e47e4dd2292" status: 404 len: 246 microversion: 1.1 [pid: 8|app: 0|req: 341/680] 10.0.0.186 () {34 vars in 825 bytes} [Mon Aug 10 23:39:43 2026] DELETE /resource_providers/bf2a6c7a-7534-46d8-bf25-2e47e4dd2292 => generated 246 bytes in 16 msecs (HTTP/1.1 404) 6 headers in 231 bytes (1 switches on core 0)
2026-08-10 23:39:43.485 8 INFO placement.requestlog [None req-af205df9-7969-4660-a8a9-19a42e20448c - - - - - -] 10.0.0.219 "GET /" status: 200 len: 136 microversion: 1.0
2026-08-10 23:39:43.485 7 INFO placement.requestlog [None req-1900fab4-f7f1-4f33-a929-5c17147471be - - - - - -] 10.0.0.219 "GET /" status: 200 len: 136 microversion: 1.0
2026-08-10 23:39:45.786 8 INFO placement.requestlog [req-b5102665-9c59-4066-a739-7b3b3e65c8e4 req-961a1e7b-2cea-4895-b6ca-f143d7a0a513 4a5d765ed415416c839a2488729dbb5b 73f696b12c644fadb106ffc90c11e767 - - 05a5c3b593274128acc5812f92dd61d7 05a5c3b593274128acc5812f92dd61d7] 10.0.0.232 "GET /allocation_candidates?limit=1000&resources=DISK_GB%3A1%2CMEMORY_MB%3A512%2CVCPU%3A1&root_required=%21COMPUTE_STATUS_DISABLED" status: 200 len: 2150 microversion: 1.36 [pid: 8|app: 0|req: 343/683] 10.0.0.232 () {34 vars in 1012 bytes} [Mon Aug 10 23:39:45 2026] GET /allocation_candidates?limit=1000&resources=DISK_GB%3A1%2CMEMORY_MB%3A512%2CVCPU%3A1&root_required=%21COMPUTE_STATUS_DISABLED => generated 2150 bytes in 35 msecs (HTTP/1.1 200) 8 headers in 297 bytes (1 switches on core 0)
2026-08-10 23:39:45.817 7 INFO placement.requestlog [req-b5102665-9c59-4066-a739-7b3b3e65c8e4 req-a18471c3-d358-4304-8356-6b0a195146b1 4a5d765ed415416c839a2488729dbb5b 73f696b12c644fadb106ffc90c11e767 - - 05a5c3b593274128acc5812f92dd61d7 05a5c3b593274128acc5812f92dd61d7] 10.0.0.232 "GET /allocations/70d1f679-7e3b-427d-82a0-51a9030212f3" status: 200 len: 19 microversion: 1.28 [pid: 7|app: 0|req: 341/684] 10.0.0.232 () {34 vars in 861 bytes} [Mon Aug 10 23:39:45 2026] GET /allocations/70d1f679-7e3b-427d-82a0-51a9030212f3 => generated 19 bytes in 8 msecs (HTTP/1.1 200) 8 headers in 295 bytes (1 switches on core 0)
2026-08-10 23:39:45.890 8 INFO placement.requestlog [req-b5102665-9c59-4066-a739-7b3b3e65c8e4 req-3bb85106-433a-45f9-ace5-7753aeeaa09e 4a5d765ed415416c839a2488729dbb5b 73f696b12c644fadb106ffc90c11e767 - - 05a5c3b593274128acc5812f92dd61d7 05a5c3b593274128acc5812f92dd61d7] 10.0.0.232 "PUT /allocations/70d1f679-7e3b-427d-82a0-51a9030212f3" status: 204 len: 0 microversion: 1.36 [pid: 8|app: 0|req: 344/685] 10.0.0.232 () {38 vars in 914 bytes} [Mon Aug 10 23:39:45 2026] PUT /allocations/70d1f679-7e3b-427d-82a0-51a9030212f3 => generated 0 bytes in 68 msecs (HTTP/1.1 204) 5 headers in 199 bytes (1 switches on core 0)
2026-08-10 23:39:46.189 7 INFO placement.requestlog [req-b5102665-9c59-4066-a739-7b3b3e65c8e4 req-1075fb62-8efd-4fb8-97b9-a5b8202a5905 4a5d765ed415416c839a2488729dbb5b 73f696b12c644fadb106ffc90c11e767 - - 05a5c3b593274128acc5812f92dd61d7 05a5c3b593274128acc5812f92dd61d7] 199.204.45.129 "GET /allocations/70d1f679-7e3b-427d-82a0-51a9030212f3" status: 200 len: 257 microversion: 1.28 [pid: 7|app: 0|req: 342/686] 199.204.45.129 () {34 vars in 863 bytes} [Mon Aug 10 23:39:46 2026] GET /allocations/70d1f679-7e3b-427d-82a0-51a9030212f3 => generated 257 bytes in 16 msecs (HTTP/1.1 200) 8 headers in 296 bytes (1 switches on core 0)
2026-08-10 23:39:46.306 8 INFO placement.requestlog [req-b5102665-9c59-4066-a739-7b3b3e65c8e4 req-a5a1d1bc-d059-430f-b66f-534386fe5285 4a5d765ed415416c839a2488729dbb5b 73f696b12c644fadb106ffc90c11e767 - - 05a5c3b593274128acc5812f92dd61d7 05a5c3b593274128acc5812f92dd61d7] 199.204.45.129 "GET /resource_providers/3d51366f-a401-4a5b-a4d7-b3ba77588fbc/allocations" status: 200 len: 352 microversion: 1.0 [pid: 8|app: 0|req: 345/687] 199.204.45.129 () {32 vars in 857 bytes} [Mon Aug 10 23:39:46 2026] GET /resource_providers/3d51366f-a401-4a5b-a4d7-b3ba77588fbc/allocations => generated 352 bytes in 25 msecs (HTTP/1.1 200) 6 headers in 224 bytes (1 switches on core 0)
2026-08-10 23:39:46.333 7 INFO placement.requestlog [req-b5102665-9c59-4066-a739-7b3b3e65c8e4 req-858af44d-b6b9-4546-87a3-12bf62a8c159 4a5d765ed415416c839a2488729dbb5b 73f696b12c644fadb106ffc90c11e767 - - 05a5c3b593274128acc5812f92dd61d7 05a5c3b593274128acc5812f92dd61d7] 199.204.45.129 "GET /allocations/a27430a5-0b1e-49fe-892c-2afdb5cf6b98" status: 200 len: 257 microversion: 1.28 [pid: 7|app: 0|req: 343/688] 199.204.45.129 () {34 vars in 863 bytes} [Mon Aug 10 23:39:46 2026] GET /allocations/a27430a5-0b1e-49fe-892c-2afdb5cf6b98 => generated 257 bytes in 14 msecs (HTTP/1.1 200) 8 headers in 296 bytes (1 switches on core 0)
2026-08-10 23:39:46.360 8 INFO placement.requestlog [req-b5102665-9c59-4066-a739-7b3b3e65c8e4 req-7131fed2-ba84-4e3b-ba60-14dda3470f3f 4a5d765ed415416c839a2488729dbb5b 73f696b12c644fadb106ffc90c11e767 - - 05a5c3b593274128acc5812f92dd61d7 05a5c3b593274128acc5812f92dd61d7] 199.204.45.129 "GET /allocations/70d1f679-7e3b-427d-82a0-51a9030212f3" status: 200 len: 257 microversion: 1.28 [pid: 8|app: 0|req: 346/689] 199.204.45.129 () {34 vars in 863 bytes} [Mon Aug 10 23:39:46 2026] GET /allocations/70d1f679-7e3b-427d-82a0-51a9030212f3 => generated 257 bytes in 19 msecs (HTTP/1.1 200) 8 headers in 296 bytes (1 switches on core 0)
2026-08-10 23:39:46.384 7 INFO placement.requestlog [req-b5102665-9c59-4066-a739-7b3b3e65c8e4 req-d28522c5-0cf8-404b-bbb5-0b79f0fa8e03 4a5d765ed415416c839a2488729dbb5b 73f696b12c644fadb106ffc90c11e767 - - 05a5c3b593274128acc5812f92dd61d7 05a5c3b593274128acc5812f92dd61d7] 199.204.45.129 "GET /allocations/2caeee8d-feb7-4d26-ab80-440217e33f3b" status: 200 len: 257 microversion: 1.28 [pid: 7|app: 0|req: 344/690] 199.204.45.129 () {34 vars in 863 bytes} [Mon Aug 10 23:39:46 2026] GET /allocations/2caeee8d-feb7-4d26-ab80-440217e33f3b => generated 257 bytes in 14 msecs (HTTP/1.1 200) 8 headers in 296 bytes (1 switches on core 0)
2026-08-10 23:39:48.616 7 INFO placement.requestlog [None req-3f217208-0dee-469f-b57f-3e601f7d7478 3ad205bb629a47bba6cff01347be66cc 73f696b12c644fadb106ffc90c11e767 - - 05a5c3b593274128acc5812f92dd61d7 05a5c3b593274128acc5812f92dd61d7] 10.0.0.186 "GET /resource_providers/3b4159e5-49da-43d9-961e-fd13a50550d1/aggregates" status: 404 len: 235 microversion: 1.1 [pid: 7|app: 0|req: 345/691] 10.0.0.186 () {32 vars in 825 bytes} [Mon Aug 10 23:39:48 2026] GET /resource_providers/3b4159e5-49da-43d9-961e-fd13a50550d1/aggregates => generated 235 bytes in 12 msecs (HTTP/1.1 404) 5 headers in 202 bytes (1 switches on core 0)
2026-08-10 23:39:48.618 8 INFO placement.requestlog [None req-abe6c69c-214c-4b32-bc94-929cc459b148 3ad205bb629a47bba6cff01347be66cc 73f696b12c644fadb106ffc90c11e767 - - 05a5c3b593274128acc5812f92dd61d7 05a5c3b593274128acc5812f92dd61d7] 10.0.0.186 "GET /resource_providers/3b4159e5-49da-43d9-961e-fd13a50550d1/aggregates" status: 404 len: 235 microversion: 1.1 [pid: 8|app: 0|req: 347/692] 10.0.0.186 () {32 vars in 825 bytes} [Mon Aug 10 23:39:48 2026] GET /resource_providers/3b4159e5-49da-43d9-961e-fd13a50550d1/aggregates => generated 235 bytes in 14 msecs (HTTP/1.1 404) 5 headers in 202 bytes (1 switches on core 0)
2026-08-10 23:39:48.642 8 INFO placement.requestlog [None req-a284d680-d826-4ff1-8180-830d0fd791e4 3ad205bb629a47bba6cff01347be66cc 73f696b12c644fadb106ffc90c11e767 - - 05a5c3b593274128acc5812f92dd61d7 05a5c3b593274128acc5812f92dd61d7] 10.0.0.186 "DELETE /resource_providers/3b4159e5-49da-43d9-961e-fd13a50550d1" status: 404 len: 246 microversion: 1.1
2026-08-10 23:39:48.642 7 INFO placement.requestlog [None req-03726ae6-add3-4694-bf49-58bd9b85d843 3ad205bb629a47bba6cff01347be66cc 73f696b12c644fadb106ffc90c11e767 - - 05a5c3b593274128acc5812f92dd61d7 05a5c3b593274128acc5812f92dd61d7] 10.0.0.186 "DELETE /resource_providers/3b4159e5-49da-43d9-961e-fd13a50550d1" status: 404 len: 246 microversion: 1.1 [pid: 8|app: 0|req: 348/693] 10.0.0.186 () {34 vars in 825 bytes} [Mon Aug 10 23:39:48 2026] DELETE /resource_providers/3b4159e5-49da-43d9-961e-fd13a50550d1 => generated 246 bytes in 12 msecs (HTTP/1.1 404) 6 headers in 231 bytes (1 switches on core 0) [pid: 7|app: 0|req: 346/694] 10.0.0.186 () {34 vars in 825 bytes} [Mon Aug 10 23:39:48 2026] DELETE /resource_providers/3b4159e5-49da-43d9-961e-fd13a50550d1 => generated 246 bytes in 12 msecs (HTTP/1.1 404) 6 headers in 231 bytes (1 switches on core 0)
2026-08-10 23:39:49.233 7 INFO placement.requestlog [None req-4baafffd-ea93-4120-9f10-f6c42a5c0d34 3ad205bb629a47bba6cff01347be66cc 73f696b12c644fadb106ffc90c11e767 - - 05a5c3b593274128acc5812f92dd61d7 05a5c3b593274128acc5812f92dd61d7] 10.0.0.186 "GET /resource_providers/14d59f63-b889-4ad1-af34-ed57b7c4d76c/aggregates" status: 404 len: 235 microversion: 1.1 [pid: 7|app: 0|req: 347/695] 10.0.0.186 () {32 vars in 825 bytes} [Mon Aug 10 23:39:49 2026] GET /resource_providers/14d59f63-b889-4ad1-af34-ed57b7c4d76c/aggregates => generated 235 bytes in 12 msecs (HTTP/1.1 404) 5 headers in 202 bytes (1 switches on core 0)
2026-08-10 23:39:49.240 8 INFO placement.requestlog [None req-0c876da3-4938-487f-8e47-c2ebe5089399 3ad205bb629a47bba6cff01347be66cc 73f696b12c644fadb106ffc90c11e767 - - 05a5c3b593274128acc5812f92dd61d7 05a5c3b593274128acc5812f92dd61d7] 10.0.0.186 "GET /resource_providers/14d59f63-b889-4ad1-af34-ed57b7c4d76c/aggregates" status: 404 len: 235 microversion: 1.1 [pid: 8|app: 0|req: 349/696] 10.0.0.186 () {32 vars in 825 bytes} [Mon Aug 10 23:39:49 2026] GET /resource_providers/14d59f63-b889-4ad1-af34-ed57b7c4d76c/aggregates => generated 235 bytes in 19 msecs (HTTP/1.1 404) 5 headers in 202 bytes (1 switches on core 0)
