2026-09-07 12:08:11.053 8 INFO placement.requestlog [None req-7f005842-4eec-4805-a837-35f585d44d83 - - - - - -] 10.0.0.237 "GET /" status: 200 len: 136 microversion: 1.0
2026-09-07 12:08:21.054 7 INFO placement.requestlog [None req-0e555646-5932-412a-97de-d00f0dcc0ab7 - - - - - -] 10.0.0.237 "GET /" status: 200 len: 136 microversion: 1.0
2026-09-07 12:08:21.054 8 INFO placement.requestlog [None req-3afd7504-b347-4986-a1d8-7ca7dbd7cc0c - - - - - -] 10.0.0.237 "GET /" status: 200 len: 136 microversion: 1.0
2026-09-07 12:08:31.054 8 INFO placement.requestlog [None req-9662a5dc-8a48-4806-b05c-3e7626482bc6 - - - - - -] 10.0.0.237 "GET /" status: 200 len: 136 microversion: 1.0
2026-09-07 12:08:31.055 7 INFO placement.requestlog [None req-0e3a6e8f-da91-40e3-a9e3-a90a03b6d6e8 - - - - - -] 10.0.0.237 "GET /" status: 200 len: 136 microversion: 1.0
2026-09-07 12:08:41.053 7 INFO placement.requestlog [None req-3f0c9b2c-549e-4e89-b50b-99701ec78bf7 - - - - - -] 10.0.0.237 "GET /" status: 200 len: 136 microversion: 1.0
2026-09-07 12:08:41.053 8 INFO placement.requestlog [None req-2bbcecad-654a-42d7-b6da-10c0562005d1 - - - - - -] 10.0.0.237 "GET /" status: 200 len: 136 microversion: 1.0
2026-09-07 12:08:44.291 7 INFO placement.requestlog [req-0576620e-eaaf-4502-833c-b59068f2defb req-aade5305-90f8-4816-88b0-0135ed9008a5 2a3a6dad8b81430882b70f50f48fedf9 fbd201f1580142ca962d365ed5e0b72a - - f5435bd56a7d4768b6cc38b863a29c7c f5435bd56a7d4768b6cc38b863a29c7c] 162.253.55.181 "GET /resource_providers/a4722caf-0f14-45e4-87fd-58b63bb9268e/allocations" status: 200 len: 340 microversion: 1.0 [pid: 7|app: 0|req: 621/1230] 162.253.55.181 () {32 vars in 857 bytes} [Mon Sep 7 12:08:44 2026] GET /resource_providers/a4722caf-0f14-45e4-87fd-58b63bb9268e/allocations => generated 340 bytes in 31 msecs (HTTP/1.1 200) 6 headers in 224 bytes (1 switches on core 0)
2026-09-07 12:08:44.338 8 INFO placement.requestlog [req-0576620e-eaaf-4502-833c-b59068f2defb req-26d7e9e8-af5f-439f-af24-5c93313e5b93 2a3a6dad8b81430882b70f50f48fedf9 fbd201f1580142ca962d365ed5e0b72a - - f5435bd56a7d4768b6cc38b863a29c7c f5435bd56a7d4768b6cc38b863a29c7c] 162.253.55.181 "GET /resource_providers/a4722caf-0f14-45e4-87fd-58b63bb9268e/allocations" status: 200 len: 340 microversion: 1.0 [pid: 8|app: 0|req: 610/1231] 162.253.55.181 () {32 vars in 857 bytes} [Mon Sep 7 12:08:44 2026] GET /resource_providers/a4722caf-0f14-45e4-87fd-58b63bb9268e/allocations => generated 340 bytes in 33 msecs (HTTP/1.1 200) 6 headers in 224 bytes (1 switches on core 0)
2026-09-07 12:08:44.371 7 INFO placement.requestlog [req-0576620e-eaaf-4502-833c-b59068f2defb req-1f8b9a66-6231-4de1-9447-a768b6ef718c 2a3a6dad8b81430882b70f50f48fedf9 fbd201f1580142ca962d365ed5e0b72a - - f5435bd56a7d4768b6cc38b863a29c7c f5435bd56a7d4768b6cc38b863a29c7c] 162.253.55.181 "GET /allocations/6de12fa7-b774-4bbc-8015-cd77710ccec4" status: 200 len: 258 microversion: 1.28 [pid: 7|app: 0|req: 622/1232] 162.253.55.181 () {34 vars in 863 bytes} [Mon Sep 7 12:08:44 2026] GET /allocations/6de12fa7-b774-4bbc-8015-cd77710ccec4 => generated 258 bytes in 23 msecs (HTTP/1.1 200) 8 headers in 296 bytes (1 switches on core 0)
2026-09-07 12:08:44.404 8 INFO placement.requestlog [req-0576620e-eaaf-4502-833c-b59068f2defb req-63c17578-ec26-423c-9d18-df15fc04f291 2a3a6dad8b81430882b70f50f48fedf9 fbd201f1580142ca962d365ed5e0b72a - - f5435bd56a7d4768b6cc38b863a29c7c f5435bd56a7d4768b6cc38b863a29c7c] 162.253.55.181 "GET /allocations/b86d9dde-bd43-4a0e-8483-bb43d6a1193e" status: 200 len: 245 microversion: 1.28 [pid: 8|app: 0|req: 611/1233] 162.253.55.181 () {34 vars in 863 bytes} [Mon Sep 7 12:08:44 2026] GET /allocations/b86d9dde-bd43-4a0e-8483-bb43d6a1193e => generated 245 bytes in 25 msecs (HTTP/1.1 200) 8 headers in 296 bytes (1 switches on core 0)
2026-09-07 12:08:44.435 7 INFO placement.requestlog [req-0576620e-eaaf-4502-833c-b59068f2defb req-6f665c9e-44ad-479d-ac3c-1cb69514b301 2a3a6dad8b81430882b70f50f48fedf9 fbd201f1580142ca962d365ed5e0b72a - - f5435bd56a7d4768b6cc38b863a29c7c f5435bd56a7d4768b6cc38b863a29c7c] 162.253.55.181 "GET /allocations/14884956-47b0-4ba9-8baf-30c01cc7fb22" status: 200 len: 258 microversion: 1.28 [pid: 7|app: 0|req: 623/1234] 162.253.55.181 () {34 vars in 863 bytes} [Mon Sep 7 12:08:44 2026] GET /allocations/14884956-47b0-4ba9-8baf-30c01cc7fb22 => generated 258 bytes in 22 msecs (HTTP/1.1 200) 8 headers in 296 bytes (1 switches on core 0)
2026-09-07 12:08:51.053 8 INFO placement.requestlog [None req-f5da04ce-96fa-468f-b22f-e3891767db2a - - - - - -] 10.0.0.237 "GET /" status: 200 len: 136 microversion: 1.0
2026-09-07 12:08:51.053 7 INFO placement.requestlog [None req-2eb21788-114a-4c5d-87a8-18539ad7d5b4 - - - - - -] 10.0.0.237 "GET /" status: 200 len: 136 microversion: 1.0
2026-09-07 12:09:01.054 7 INFO placement.requestlog [None req-41201d81-6c54-48dc-a477-3819639ef4e1 - - - - - -] 10.0.0.237 "GET /" status: 200 len: 136 microversion: 1.0
2026-09-07 12:09:01.055 8 INFO placement.requestlog [None req-4f8055ab-5207-41c1-bc71-47229db53a88 - - - - - -] 10.0.0.237 "GET /" status: 200 len: 136 microversion: 1.0
2026-09-07 12:09:11.053 8 INFO placement.requestlog [None req-0af2ffc3-f6a4-4833-bf80-a9f3cb2b48a8 - - - - - -] 10.0.0.237 "GET /" status: 200 len: 136 microversion: 1.0
2026-09-07 12:09:11.053 7 INFO placement.requestlog [None req-cce09429-e7fe-430c-a90f-651c558e39fc - - - - - -] 10.0.0.237 "GET /" status: 200 len: 136 microversion: 1.0
2026-09-07 12:09:21.053 7 INFO placement.requestlog [None req-15d389bb-51a8-443e-b03f-44cccd6f89bd - - - - - -] 10.0.0.237 "GET /" status: 200 len: 136 microversion: 1.0
2026-09-07 12:09:21.054 8 INFO placement.requestlog [None req-29de2b5b-1250-44ce-bed8-4c221e103db8 - - - - - -] 10.0.0.237 "GET /" status: 200 len: 136 microversion: 1.0
2026-09-07 12:09:31.053 7 INFO placement.requestlog [None req-39e480b3-f88e-442a-a06e-e7e836762e99 - - - - - -] 10.0.0.237 "GET /" status: 200 len: 136 microversion: 1.0
2026-09-07 12:09:31.054 8 INFO placement.requestlog [None req-0d3e498e-8226-498e-96da-13fd48adc5d9 - - - - - -] 10.0.0.237 "GET /" status: 200 len: 136 microversion: 1.0
2026-09-07 12:09:31.999 7 INFO placement.requestlog [req-ee8a3ab2-eefd-4fbb-a081-6442c5a599f2 req-835e8faf-10e7-4d6e-957e-ea3fefc51fe9 2a3a6dad8b81430882b70f50f48fedf9 fbd201f1580142ca962d365ed5e0b72a - - f5435bd56a7d4768b6cc38b863a29c7c f5435bd56a7d4768b6cc38b863a29c7c] 162.253.55.181 "GET /resource_providers/a4722caf-0f14-45e4-87fd-58b63bb9268e/allocations" status: 200 len: 340 microversion: 1.0 [pid: 7|app: 0|req: 629/1245] 162.253.55.181 () {32 vars in 857 bytes} [Mon Sep 7 12:09:31 2026] GET /resource_providers/a4722caf-0f14-45e4-87fd-58b63bb9268e/allocations => generated 340 bytes in 32 msecs (HTTP/1.1 200) 6 headers in 224 bytes (1 switches on core 0)
2026-09-07 12:09:32.019 8 INFO placement.requestlog [req-ee8a3ab2-eefd-4fbb-a081-6442c5a599f2 req-561abb0b-598a-4d1f-bee6-9160b39288ec 2a3a6dad8b81430882b70f50f48fedf9 fbd201f1580142ca962d365ed5e0b72a - - f5435bd56a7d4768b6cc38b863a29c7c f5435bd56a7d4768b6cc38b863a29c7c] 162.253.55.181 "GET /allocations/6de12fa7-b774-4bbc-8015-cd77710ccec4" status: 200 len: 258 microversion: 1.28 [pid: 8|app: 0|req: 617/1246] 162.253.55.181 () {34 vars in 863 bytes} [Mon Sep 7 12:09:32 2026] GET /allocations/6de12fa7-b774-4bbc-8015-cd77710ccec4 => generated 258 bytes in 11 msecs (HTTP/1.1 200) 8 headers in 296 bytes (1 switches on core 0)
2026-09-07 12:09:32.054 7 INFO placement.requestlog [req-ee8a3ab2-eefd-4fbb-a081-6442c5a599f2 req-063505aa-152b-4731-a6b1-aeca55a092a4 2a3a6dad8b81430882b70f50f48fedf9 fbd201f1580142ca962d365ed5e0b72a - - f5435bd56a7d4768b6cc38b863a29c7c f5435bd56a7d4768b6cc38b863a29c7c] 162.253.55.181 "GET /allocations/b86d9dde-bd43-4a0e-8483-bb43d6a1193e" status: 200 len: 245 microversion: 1.28 [pid: 7|app: 0|req: 630/1247] 162.253.55.181 () {34 vars in 863 bytes} [Mon Sep 7 12:09:32 2026] GET /allocations/b86d9dde-bd43-4a0e-8483-bb43d6a1193e => generated 245 bytes in 23 msecs (HTTP/1.1 200) 8 headers in 296 bytes (1 switches on core 0)
2026-09-07 12:09:32.078 8 INFO placement.requestlog [req-ee8a3ab2-eefd-4fbb-a081-6442c5a599f2 req-c9759fb4-f95c-4935-a7ab-dcebe6b60df9 2a3a6dad8b81430882b70f50f48fedf9 fbd201f1580142ca962d365ed5e0b72a - - f5435bd56a7d4768b6cc38b863a29c7c f5435bd56a7d4768b6cc38b863a29c7c] 162.253.55.181 "GET /allocations/14884956-47b0-4ba9-8baf-30c01cc7fb22" status: 200 len: 258 microversion: 1.28 [pid: 8|app: 0|req: 618/1248] 162.253.55.181 () {34 vars in 863 bytes} [Mon Sep 7 12:09:32 2026] GET /allocations/14884956-47b0-4ba9-8baf-30c01cc7fb22 => generated 258 bytes in 15 msecs (HTTP/1.1 200) 8 headers in 296 bytes (1 switches on core 0)
2026-09-07 12:09:32.150 7 INFO placement.requestlog [req-ee8a3ab2-eefd-4fbb-a081-6442c5a599f2 req-076a365e-0f60-4ab9-95d8-5b1d3f184c4b 2a3a6dad8b81430882b70f50f48fedf9 fbd201f1580142ca962d365ed5e0b72a - - f5435bd56a7d4768b6cc38b863a29c7c f5435bd56a7d4768b6cc38b863a29c7c] 162.253.55.181 "DELETE /allocations/b86d9dde-bd43-4a0e-8483-bb43d6a1193e" status: 204 len: 0 microversion: 1.0 [pid: 7|app: 0|req: 631/1249] 162.253.55.181 () {34 vars in 841 bytes} [Mon Sep 7 12:09:32 2026] DELETE /allocations/b86d9dde-bd43-4a0e-8483-bb43d6a1193e => generated 0 bytes in 39 msecs (HTTP/1.1 204) 5 headers in 198 bytes (1 switches on core 0)
2026-09-07 12:09:34.298 8 INFO placement.requestlog [req-f7285bb6-8bd0-463e-9d9b-8d020aa8d372 req-bfaecaa3-c84a-46be-9a31-bd3e5b786ac8 2a3a6dad8b81430882b70f50f48fedf9 fbd201f1580142ca962d365ed5e0b72a - - f5435bd56a7d4768b6cc38b863a29c7c f5435bd56a7d4768b6cc38b863a29c7c] 162.253.55.181 "GET /resource_providers/a4722caf-0f14-45e4-87fd-58b63bb9268e/allocations" status: 200 len: 253 microversion: 1.0 [pid: 8|app: 0|req: 619/1250] 162.253.55.181 () {32 vars in 857 bytes} [Mon Sep 7 12:09:34 2026] GET /resource_providers/a4722caf-0f14-45e4-87fd-58b63bb9268e/allocations => generated 253 bytes in 25 msecs (HTTP/1.1 200) 6 headers in 224 bytes (1 switches on core 0)
2026-09-07 12:09:34.321 7 INFO placement.requestlog [req-f7285bb6-8bd0-463e-9d9b-8d020aa8d372 req-79f79344-3ab4-4524-aee0-b5685d6b33b1 2a3a6dad8b81430882b70f50f48fedf9 fbd201f1580142ca962d365ed5e0b72a - - f5435bd56a7d4768b6cc38b863a29c7c f5435bd56a7d4768b6cc38b863a29c7c] 162.253.55.181 "GET /allocations/6de12fa7-b774-4bbc-8015-cd77710ccec4" status: 200 len: 258 microversion: 1.28 [pid: 7|app: 0|req: 632/1251] 162.253.55.181 () {34 vars in 863 bytes} [Mon Sep 7 12:09:34 2026] GET /allocations/6de12fa7-b774-4bbc-8015-cd77710ccec4 => generated 258 bytes in 14 msecs (HTTP/1.1 200) 8 headers in 296 bytes (1 switches on core 0)
2026-09-07 12:09:34.347 8 INFO placement.requestlog [req-f7285bb6-8bd0-463e-9d9b-8d020aa8d372 req-450e618b-8077-4c87-8334-580467db75ab 2a3a6dad8b81430882b70f50f48fedf9 fbd201f1580142ca962d365ed5e0b72a - - f5435bd56a7d4768b6cc38b863a29c7c f5435bd56a7d4768b6cc38b863a29c7c] 162.253.55.181 "GET /allocations/14884956-47b0-4ba9-8baf-30c01cc7fb22" status: 200 len: 258 microversion: 1.28 [pid: 8|app: 0|req: 620/1252] 162.253.55.181 () {34 vars in 863 bytes} [Mon Sep 7 12:09:34 2026] GET /allocations/14884956-47b0-4ba9-8baf-30c01cc7fb22 => generated 258 bytes in 18 msecs (HTTP/1.1 200) 8 headers in 296 bytes (1 switches on core 0)
2026-09-07 12:09:34.454 7 INFO placement.requestlog [req-f7285bb6-8bd0-463e-9d9b-8d020aa8d372 req-16a82865-acb8-41ce-ae06-e738a4cc23d5 2a3a6dad8b81430882b70f50f48fedf9 fbd201f1580142ca962d365ed5e0b72a - - f5435bd56a7d4768b6cc38b863a29c7c f5435bd56a7d4768b6cc38b863a29c7c] 162.253.55.181 "DELETE /allocations/6de12fa7-b774-4bbc-8015-cd77710ccec4" status: 204 len: 0 microversion: 1.0 [pid: 7|app: 0|req: 633/1253] 162.253.55.181 () {34 vars in 841 bytes} [Mon Sep 7 12:09:34 2026] DELETE /allocations/6de12fa7-b774-4bbc-8015-cd77710ccec4 => generated 0 bytes in 43 msecs (HTTP/1.1 204) 5 headers in 198 bytes (1 switches on core 0)
2026-09-07 12:09:40.638 8 INFO placement.requestlog [req-7654fd3e-4e93-4d49-94d3-aff6a53b39a7 req-10a0f89c-3825-44a4-aad1-a492c9f3781f 2a3a6dad8b81430882b70f50f48fedf9 fbd201f1580142ca962d365ed5e0b72a - - f5435bd56a7d4768b6cc38b863a29c7c f5435bd56a7d4768b6cc38b863a29c7c] 162.253.55.181 "GET /resource_providers/a4722caf-0f14-45e4-87fd-58b63bb9268e/allocations" status: 200 len: 153 microversion: 1.0 [pid: 8|app: 0|req: 621/1254] 162.253.55.181 () {32 vars in 857 bytes} [Mon Sep 7 12:09:40 2026] GET /resource_providers/a4722caf-0f14-45e4-87fd-58b63bb9268e/allocations => generated 153 bytes in 20 msecs (HTTP/1.1 200) 6 headers in 224 bytes (1 switches on core 0)
2026-09-07 12:09:40.682 7 INFO placement.requestlog [req-7654fd3e-4e93-4d49-94d3-aff6a53b39a7 req-c270d179-da59-4071-ad17-4e48dd8fde85 2a3a6dad8b81430882b70f50f48fedf9 fbd201f1580142ca962d365ed5e0b72a - - f5435bd56a7d4768b6cc38b863a29c7c f5435bd56a7d4768b6cc38b863a29c7c] 162.253.55.181 "GET /allocations/14884956-47b0-4ba9-8baf-30c01cc7fb22" status: 200 len: 258 microversion: 1.28 [pid: 7|app: 0|req: 634/1255] 162.253.55.181 () {34 vars in 863 bytes} [Mon Sep 7 12:09:40 2026] GET /allocations/14884956-47b0-4ba9-8baf-30c01cc7fb22 => generated 258 bytes in 29 msecs (HTTP/1.1 200) 8 headers in 296 bytes (1 switches on core 0)
2026-09-07 12:09:40.750 8 INFO placement.requestlog [req-7654fd3e-4e93-4d49-94d3-aff6a53b39a7 req-d9fabfbd-5f9c-4a46-aa96-787ddb49ad8b 2a3a6dad8b81430882b70f50f48fedf9 fbd201f1580142ca962d365ed5e0b72a - - f5435bd56a7d4768b6cc38b863a29c7c f5435bd56a7d4768b6cc38b863a29c7c] 162.253.55.181 "DELETE /allocations/14884956-47b0-4ba9-8baf-30c01cc7fb22" status: 204 len: 0 microversion: 1.0 [pid: 8|app: 0|req: 622/1256] 162.253.55.181 () {34 vars in 841 bytes} [Mon Sep 7 12:09:40 2026] DELETE /allocations/14884956-47b0-4ba9-8baf-30c01cc7fb22 => generated 0 bytes in 32 msecs (HTTP/1.1 204) 5 headers in 198 bytes (1 switches on core 0)
2026-09-07 12:09:41.053 7 INFO placement.requestlog [None req-49147422-cc75-48c0-85d0-1fed2685c6be - - - - - -] 10.0.0.237 "GET /" status: 200 len: 136 microversion: 1.0
2026-09-07 12:09:41.053 8 INFO placement.requestlog [None req-103d8948-f276-4f0e-b159-4918ac7a1644 - - - - - -] 10.0.0.237 "GET /" status: 200 len: 136 microversion: 1.0
2026-09-07 12:09:45.733 7 INFO placement.requestlog [req-60e8354b-b7d8-430c-ba4b-a5e9b9afb1a1 req-1dc3dc80-4ae0-42db-aa78-c9d220092bd7 2a3a6dad8b81430882b70f50f48fedf9 fbd201f1580142ca962d365ed5e0b72a - - f5435bd56a7d4768b6cc38b863a29c7c f5435bd56a7d4768b6cc38b863a29c7c] 162.253.55.181 "GET /resource_providers/a4722caf-0f14-45e4-87fd-58b63bb9268e/allocations" status: 200 len: 55 microversion: 1.0 [pid: 7|app: 0|req: 636/1259] 162.253.55.181 () {32 vars in 857 bytes} [Mon Sep 7 12:09:45 2026] GET /resource_providers/a4722caf-0f14-45e4-87fd-58b63bb9268e/allocations => generated 55 bytes in 23 msecs (HTTP/1.1 200) 6 headers in 223 bytes (1 switches on core 0)
2026-09-07 12:09:45.804 8 INFO placement.requestlog [req-60e8354b-b7d8-430c-ba4b-a5e9b9afb1a1 req-7b66d067-8621-4863-8175-276ecac92281 2a3a6dad8b81430882b70f50f48fedf9 fbd201f1580142ca962d365ed5e0b72a - - f5435bd56a7d4768b6cc38b863a29c7c f5435bd56a7d4768b6cc38b863a29c7c] 162.253.55.181 "GET /resource_providers/a4722caf-0f14-45e4-87fd-58b63bb9268e/allocations" status: 200 len: 55 microversion: 1.0 [pid: 8|app: 0|req: 624/1260] 162.253.55.181 () {32 vars in 857 bytes} [Mon Sep 7 12:09:45 2026] GET /resource_providers/a4722caf-0f14-45e4-87fd-58b63bb9268e/allocations => generated 55 bytes in 24 msecs (HTTP/1.1 200) 6 headers in 223 bytes (1 switches on core 0)
2026-09-07 12:09:51.053 8 INFO placement.requestlog [None req-5172830a-a66a-4de0-bfef-b8acb0170b95 - - - - - -] 10.0.0.237 "GET /" status: 200 len: 136 microversion: 1.0
2026-09-07 12:09:51.053 7 INFO placement.requestlog [None req-13b3983a-b7ff-4b0d-b52f-4902faa76c9c - - - - - -] 10.0.0.237 "GET /" status: 200 len: 136 microversion: 1.0
2026-09-07 12:09:53.199 7 INFO placement.requestlog [None req-430bf54a-bd2a-4aa0-85f9-951fa0eac45b 614991596d5e496eba2b9fc64e414150 fbd201f1580142ca962d365ed5e0b72a - - f5435bd56a7d4768b6cc38b863a29c7c f5435bd56a7d4768b6cc38b863a29c7c] 10.0.0.134 "GET /resource_providers/d26b6203-3798-4e8c-8792-da52da039fc9/aggregates" status: 404 len: 235 microversion: 1.1 [pid: 7|app: 0|req: 638/1263] 10.0.0.134 () {32 vars in 816 bytes} [Mon Sep 7 12:09:53 2026] GET /resource_providers/d26b6203-3798-4e8c-8792-da52da039fc9/aggregates => generated 235 bytes in 68 msecs (HTTP/1.1 404) 5 headers in 202 bytes (1 switches on core 0)
2026-09-07 12:09:53.225 8 INFO placement.requestlog [None req-3153897f-ccc9-4a8b-ae7d-157abb98bed7 614991596d5e496eba2b9fc64e414150 fbd201f1580142ca962d365ed5e0b72a - - f5435bd56a7d4768b6cc38b863a29c7c f5435bd56a7d4768b6cc38b863a29c7c] 10.0.0.134 "GET /resource_providers/d26b6203-3798-4e8c-8792-da52da039fc9/aggregates" status: 404 len: 235 microversion: 1.1 [pid: 8|app: 0|req: 626/1264] 10.0.0.134 () {32 vars in 816 bytes} [Mon Sep 7 12:09:53 2026] GET /resource_providers/d26b6203-3798-4e8c-8792-da52da039fc9/aggregates => generated 235 bytes in 94 msecs (HTTP/1.1 404) 5 headers in 202 bytes (1 switches on core 0)
2026-09-07 12:09:53.291 7 INFO placement.requestlog [None req-b0459969-32df-47ef-8623-db740a90c646 614991596d5e496eba2b9fc64e414150 fbd201f1580142ca962d365ed5e0b72a - - f5435bd56a7d4768b6cc38b863a29c7c f5435bd56a7d4768b6cc38b863a29c7c] 10.0.0.134 "DELETE /resource_providers/d26b6203-3798-4e8c-8792-da52da039fc9" status: 404 len: 246 microversion: 1.1 [pid: 7|app: 0|req: 639/1265] 10.0.0.134 () {34 vars in 816 bytes} [Mon Sep 7 12:09:53 2026] DELETE /resource_providers/d26b6203-3798-4e8c-8792-da52da039fc9 => generated 246 bytes in 17 msecs (HTTP/1.1 404) 6 headers in 231 bytes (1 switches on core 0)
2026-09-07 12:09:53.294 8 INFO placement.requestlog [None req-c4a0c337-3bf0-4bd1-a308-666675771bfc 614991596d5e496eba2b9fc64e414150 fbd201f1580142ca962d365ed5e0b72a - - f5435bd56a7d4768b6cc38b863a29c7c f5435bd56a7d4768b6cc38b863a29c7c] 10.0.0.134 "DELETE /resource_providers/d26b6203-3798-4e8c-8792-da52da039fc9" status: 404 len: 246 microversion: 1.1 [pid: 8|app: 0|req: 627/1266] 10.0.0.134 () {34 vars in 816 bytes} [Mon Sep 7 12:09:53 2026] DELETE /resource_providers/d26b6203-3798-4e8c-8792-da52da039fc9 => generated 246 bytes in 20 msecs (HTTP/1.1 404) 6 headers in 231 bytes (1 switches on core 0)
2026-09-07 12:09:56.128 7 INFO placement.requestlog [None req-fd5b98ee-8a49-4289-afb1-555ffff389a4 614991596d5e496eba2b9fc64e414150 fbd201f1580142ca962d365ed5e0b72a - - f5435bd56a7d4768b6cc38b863a29c7c f5435bd56a7d4768b6cc38b863a29c7c] 10.0.0.134 "GET /resource_providers/903f3fce-4801-4f93-8355-8a99964ef8ba/aggregates" status: 404 len: 235 microversion: 1.1 [pid: 7|app: 0|req: 640/1267] 10.0.0.134 () {32 vars in 816 bytes} [Mon Sep 7 12:09:56 2026] GET /resource_providers/903f3fce-4801-4f93-8355-8a99964ef8ba/aggregates => generated 235 bytes in 10 msecs (HTTP/1.1 404) 5 headers in 202 bytes (1 switches on core 0)
2026-09-07 12:09:56.139 8 INFO placement.requestlog [None req-6ca8dd55-f875-481c-b1e5-501e3ee5c242 614991596d5e496eba2b9fc64e414150 fbd201f1580142ca962d365ed5e0b72a - - f5435bd56a7d4768b6cc38b863a29c7c f5435bd56a7d4768b6cc38b863a29c7c] 10.0.0.134 "GET /resource_providers/903f3fce-4801-4f93-8355-8a99964ef8ba/aggregates" status: 404 len: 235 microversion: 1.1 [pid: 8|app: 0|req: 628/1268] 10.0.0.134 () {32 vars in 816 bytes} [Mon Sep 7 12:09:56 2026] GET /resource_providers/903f3fce-4801-4f93-8355-8a99964ef8ba/aggregates => generated 235 bytes in 21 msecs (HTTP/1.1 404) 5 headers in 202 bytes (1 switches on core 0)
2026-09-07 12:09:56.167 8 INFO placement.requestlog [None req-5e953b22-8670-456b-95e6-f15fcbf701d4 614991596d5e496eba2b9fc64e414150 fbd201f1580142ca962d365ed5e0b72a - - f5435bd56a7d4768b6cc38b863a29c7c f5435bd56a7d4768b6cc38b863a29c7c] 10.0.0.134 "DELETE /resource_providers/903f3fce-4801-4f93-8355-8a99964ef8ba" status: 404 len: 246 microversion: 1.1 [pid: 8|app: 0|req: 629/1269] 10.0.0.134 () {34 vars in 816 bytes} [Mon Sep 7 12:09:56 2026] DELETE /resource_providers/903f3fce-4801-4f93-8355-8a99964ef8ba => generated 246 bytes in 14 msecs (HTTP/1.1 404) 6 headers in 231 bytes (1 switches on core 0)
2026-09-07 12:09:56.175 7 INFO placement.requestlog [None req-f2a0f7d8-4c04-42cf-99ec-1e05edc8e8bf 614991596d5e496eba2b9fc64e414150 fbd201f1580142ca962d365ed5e0b72a - - f5435bd56a7d4768b6cc38b863a29c7c f5435bd56a7d4768b6cc38b863a29c7c] 10.0.0.134 "DELETE /resource_providers/903f3fce-4801-4f93-8355-8a99964ef8ba" status: 404 len: 246 microversion: 1.1 [pid: 7|app: 0|req: 641/1270] 10.0.0.134 () {34 vars in 816 bytes} [Mon Sep 7 12:09:56 2026] DELETE /resource_providers/903f3fce-4801-4f93-8355-8a99964ef8ba => generated 246 bytes in 23 msecs (HTTP/1.1 404) 6 headers in 231 bytes (1 switches on core 0)
2026-09-07 12:09:59.845 8 INFO placement.requestlog [None req-28268758-ec50-4c7f-9ff1-0f68001e7838 614991596d5e496eba2b9fc64e414150 fbd201f1580142ca962d365ed5e0b72a - - f5435bd56a7d4768b6cc38b863a29c7c f5435bd56a7d4768b6cc38b863a29c7c] 10.0.0.134 "GET /resource_providers/08e7fc8a-9890-4d1f-9315-04061a8c1af0/aggregates" status: 404 len: 235 microversion: 1.1 [pid: 8|app: 0|req: 630/1271] 10.0.0.134 () {32 vars in 816 bytes} [Mon Sep 7 12:09:59 2026] GET /resource_providers/08e7fc8a-9890-4d1f-9315-04061a8c1af0/aggregates => generated 235 bytes in 10 msecs (HTTP/1.1 404) 5 headers in 202 bytes (1 switches on core 0)
2026-09-07 12:09:59.852 7 INFO placement.requestlog [None req-4e4738a0-be18-4bab-a336-44c50d98d3a4 614991596d5e496eba2b9fc64e414150 fbd201f1580142ca962d365ed5e0b72a - - f5435bd56a7d4768b6cc38b863a29c7c f5435bd56a7d4768b6cc38b863a29c7c] 10.0.0.134 "GET /resource_providers/08e7fc8a-9890-4d1f-9315-04061a8c1af0/aggregates" status: 404 len: 235 microversion: 1.1 [pid: 7|app: 0|req: 642/1272] 10.0.0.134 () {32 vars in 816 bytes} [Mon Sep 7 12:09:59 2026] GET /resource_providers/08e7fc8a-9890-4d1f-9315-04061a8c1af0/aggregates => generated 235 bytes in 17 msecs (HTTP/1.1 404) 5 headers in 202 bytes (1 switches on core 0)
2026-09-07 12:09:59.872 8 INFO placement.requestlog [None req-6de50b5e-a8a0-4a20-abea-66d57f2dece7 614991596d5e496eba2b9fc64e414150 fbd201f1580142ca962d365ed5e0b72a - - f5435bd56a7d4768b6cc38b863a29c7c f5435bd56a7d4768b6cc38b863a29c7c] 10.0.0.134 "DELETE /resource_providers/08e7fc8a-9890-4d1f-9315-04061a8c1af0" status: 404 len: 246 microversion: 1.1 [pid: 8|app: 0|req: 631/1273] 10.0.0.134 () {34 vars in 816 bytes} [Mon Sep 7 12:09:59 2026] DELETE /resource_providers/08e7fc8a-9890-4d1f-9315-04061a8c1af0 => generated 246 bytes in 10 msecs (HTTP/1.1 404) 6 headers in 231 bytes (1 switches on core 0)
2026-09-07 12:09:59.881 7 INFO placement.requestlog [None req-68382f73-d8a5-4781-bf5c-dcd436a48880 614991596d5e496eba2b9fc64e414150 fbd201f1580142ca962d365ed5e0b72a - - f5435bd56a7d4768b6cc38b863a29c7c f5435bd56a7d4768b6cc38b863a29c7c] 10.0.0.134 "DELETE /resource_providers/08e7fc8a-9890-4d1f-9315-04061a8c1af0" status: 404 len: 246 microversion: 1.1 [pid: 7|app: 0|req: 643/1274] 10.0.0.134 () {34 vars in 816 bytes} [Mon Sep 7 12:09:59 2026] DELETE /resource_providers/08e7fc8a-9890-4d1f-9315-04061a8c1af0 => generated 246 bytes in 19 msecs (HTTP/1.1 404) 6 headers in 231 bytes (1 switches on core 0)
2026-09-07 12:09:59.891 8 INFO placement.requestlog [None req-4945faaf-3ad7-4c58-bd51-8ba12740a735 614991596d5e496eba2b9fc64e414150 fbd201f1580142ca962d365ed5e0b72a - - f5435bd56a7d4768b6cc38b863a29c7c f5435bd56a7d4768b6cc38b863a29c7c] 10.0.0.134 "GET /resource_providers/9d6de3dd-9ef1-45d1-9da8-e200e23109f4/aggregates" status: 404 len: 235 microversion: 1.1 [pid: 8|app: 0|req: 632/1275] 10.0.0.134 () {32 vars in 816 bytes} [Mon Sep 7 12:09:59 2026] GET /resource_providers/9d6de3dd-9ef1-45d1-9da8-e200e23109f4/aggregates => generated 235 bytes in 11 msecs (HTTP/1.1 404) 5 headers in 202 bytes (1 switches on core 0)
2026-09-07 12:09:59.909 8 INFO placement.requestlog [None req-205cd46f-fcd7-47a4-af2a-36f3c4a2f38b 614991596d5e496eba2b9fc64e414150 fbd201f1580142ca962d365ed5e0b72a - - f5435bd56a7d4768b6cc38b863a29c7c f5435bd56a7d4768b6cc38b863a29c7c] 10.0.0.134 "DELETE /resource_providers/9d6de3dd-9ef1-45d1-9da8-e200e23109f4" status: 404 len: 246 microversion: 1.1 [pid: 8|app: 0|req: 633/1276] 10.0.0.134 () {34 vars in 816 bytes} [Mon Sep 7 12:09:59 2026] DELETE /resource_providers/9d6de3dd-9ef1-45d1-9da8-e200e23109f4 => generated 246 bytes in 11 msecs (HTTP/1.1 404) 6 headers in 231 bytes (1 switches on core 0)
2026-09-07 12:09:59.910 7 INFO placement.requestlog [None req-9a91c341-58f5-4bd3-89a5-73052a2f14e8 614991596d5e496eba2b9fc64e414150 fbd201f1580142ca962d365ed5e0b72a - - f5435bd56a7d4768b6cc38b863a29c7c f5435bd56a7d4768b6cc38b863a29c7c] 10.0.0.134 "GET /resource_providers/9d6de3dd-9ef1-45d1-9da8-e200e23109f4/aggregates" status: 404 len: 235 microversion: 1.1 [pid: 7|app: 0|req: 644/1277] 10.0.0.134 () {32 vars in 816 bytes} [Mon Sep 7 12:09:59 2026] GET /resource_providers/9d6de3dd-9ef1-45d1-9da8-e200e23109f4/aggregates => generated 235 bytes in 20 msecs (HTTP/1.1 404) 5 headers in 202 bytes (1 switches on core 0)
2026-09-07 12:09:59.930 8 INFO placement.requestlog [None req-b6313456-dcbf-4f02-a918-74488b0153bb 614991596d5e496eba2b9fc64e414150 fbd201f1580142ca962d365ed5e0b72a - - f5435bd56a7d4768b6cc38b863a29c7c f5435bd56a7d4768b6cc38b863a29c7c] 10.0.0.134 "DELETE /resource_providers/9d6de3dd-9ef1-45d1-9da8-e200e23109f4" status: 404 len: 246 microversion: 1.1 [pid: 8|app: 0|req: 634/1278] 10.0.0.134 () {34 vars in 816 bytes} [Mon Sep 7 12:09:59 2026] DELETE /resource_providers/9d6de3dd-9ef1-45d1-9da8-e200e23109f4 => generated 246 bytes in 7 msecs (HTTP/1.1 404) 6 headers in 231 bytes (1 switches on core 0)
2026-09-07 12:10:01.053 7 INFO placement.requestlog [None req-609b339d-2cce-4993-ad5d-1f2bd7efe2b8 - - - - - -] 10.0.0.237 "GET /" status: 200 len: 136 microversion: 1.0
2026-09-07 12:10:01.053 8 INFO placement.requestlog [None req-d0c2dc50-3d87-41db-a6ed-f12a208801f1 - - - - - -] 10.0.0.237 "GET /" status: 200 len: 136 microversion: 1.0
2026-09-07 12:10:08.780 7 INFO placement.requestlog [None req-0d16691e-b01c-4206-a88b-07b1812a06f0 614991596d5e496eba2b9fc64e414150 fbd201f1580142ca962d365ed5e0b72a - - f5435bd56a7d4768b6cc38b863a29c7c f5435bd56a7d4768b6cc38b863a29c7c] 10.0.0.134 "GET /resource_providers/d718e6fb-6a1c-47de-8ae0-a946f358ad58/aggregates" status: 404 len: 235 microversion: 1.1 [pid: 7|app: 0|req: 646/1281] 10.0.0.134 () {32 vars in 816 bytes} [Mon Sep 7 12:10:08 2026] GET /resource_providers/d718e6fb-6a1c-47de-8ae0-a946f358ad58/aggregates => generated 235 bytes in 11 msecs (HTTP/1.1 404) 5 headers in 202 bytes (1 switches on core 0)
2026-09-07 12:10:08.787 8 INFO placement.requestlog [None req-bcbd472e-e329-4ab0-b9f8-8507e047abec 614991596d5e496eba2b9fc64e414150 fbd201f1580142ca962d365ed5e0b72a - - f5435bd56a7d4768b6cc38b863a29c7c f5435bd56a7d4768b6cc38b863a29c7c] 10.0.0.134 "GET /resource_providers/d718e6fb-6a1c-47de-8ae0-a946f358ad58/aggregates" status: 404 len: 235 microversion: 1.1 [pid: 8|app: 0|req: 636/1282] 10.0.0.134 () {32 vars in 816 bytes} [Mon Sep 7 12:10:08 2026] GET /resource_providers/d718e6fb-6a1c-47de-8ae0-a946f358ad58/aggregates => generated 235 bytes in 18 msecs (HTTP/1.1 404) 5 headers in 202 bytes (1 switches on core 0)
2026-09-07 12:10:08.798 7 INFO placement.requestlog [None req-67aaccaa-eb2e-451b-b596-7359b4ad0a4e 614991596d5e496eba2b9fc64e414150 fbd201f1580142ca962d365ed5e0b72a - - f5435bd56a7d4768b6cc38b863a29c7c f5435bd56a7d4768b6cc38b863a29c7c] 10.0.0.134 "DELETE /resource_providers/d718e6fb-6a1c-47de-8ae0-a946f358ad58" status: 404 len: 246 microversion: 1.1 [pid: 7|app: 0|req: 647/1283] 10.0.0.134 () {34 vars in 816 bytes} [Mon Sep 7 12:10:08 2026] DELETE /resource_providers/d718e6fb-6a1c-47de-8ae0-a946f358ad58 => generated 246 bytes in 9 msecs (HTTP/1.1 404) 6 headers in 231 bytes (1 switches on core 0)
2026-09-07 12:10:08.813 8 INFO placement.requestlog [None req-c6e838d7-1004-4069-9a66-80c8a86b45c1 614991596d5e496eba2b9fc64e414150 fbd201f1580142ca962d365ed5e0b72a - - f5435bd56a7d4768b6cc38b863a29c7c f5435bd56a7d4768b6cc38b863a29c7c] 10.0.0.134 "DELETE /resource_providers/d718e6fb-6a1c-47de-8ae0-a946f358ad58" status: 404 len: 246 microversion: 1.1 [pid: 8|app: 0|req: 637/1284] 10.0.0.134 () {34 vars in 816 bytes} [Mon Sep 7 12:10:08 2026] DELETE /resource_providers/d718e6fb-6a1c-47de-8ae0-a946f358ad58 => generated 246 bytes in 14 msecs (HTTP/1.1 404) 6 headers in 231 bytes (1 switches on core 0)
2026-09-07 12:10:10.952 7 INFO placement.requestlog [None req-f98ca40d-7cfd-4cf2-9077-c64948c432c4 614991596d5e496eba2b9fc64e414150 fbd201f1580142ca962d365ed5e0b72a - - f5435bd56a7d4768b6cc38b863a29c7c f5435bd56a7d4768b6cc38b863a29c7c] 10.0.0.134 "GET /resource_providers/081b1818-af4b-4fe4-88f7-5da489998137/aggregates" status: 404 len: 235 microversion: 1.1 [pid: 7|app: 0|req: 648/1285] 10.0.0.134 () {32 vars in 816 bytes} [Mon Sep 7 12:10:10 2026] GET /resource_providers/081b1818-af4b-4fe4-88f7-5da489998137/aggregates => generated 235 bytes in 28 msecs (HTTP/1.1 404) 5 headers in 202 bytes (1 switches on core 0)
2026-09-07 12:10:10.958 8 INFO placement.requestlog [None req-690149c9-98da-46d7-912b-a3a664525c3e 614991596d5e496eba2b9fc64e414150 fbd201f1580142ca962d365ed5e0b72a - - f5435bd56a7d4768b6cc38b863a29c7c f5435bd56a7d4768b6cc38b863a29c7c] 10.0.0.134 "GET /resource_providers/081b1818-af4b-4fe4-88f7-5da489998137/aggregates" status: 404 len: 235 microversion: 1.1 [pid: 8|app: 0|req: 638/1286] 10.0.0.134 () {32 vars in 816 bytes} [Mon Sep 7 12:10:10 2026] GET /resource_providers/081b1818-af4b-4fe4-88f7-5da489998137/aggregates => generated 235 bytes in 32 msecs (HTTP/1.1 404) 5 headers in 202 bytes (1 switches on core 0)
2026-09-07 12:10:10.994 7 INFO placement.requestlog [None req-457af162-9a69-486b-a1d3-3a7e229f9195 614991596d5e496eba2b9fc64e414150 fbd201f1580142ca962d365ed5e0b72a - - f5435bd56a7d4768b6cc38b863a29c7c f5435bd56a7d4768b6cc38b863a29c7c] 10.0.0.134 "DELETE /resource_providers/081b1818-af4b-4fe4-88f7-5da489998137" status: 404 len: 246 microversion: 1.1 [pid: 7|app: 0|req: 649/1287] 10.0.0.134 () {34 vars in 816 bytes} [Mon Sep 7 12:10:10 2026] DELETE /resource_providers/081b1818-af4b-4fe4-88f7-5da489998137 => generated 246 bytes in 20 msecs (HTTP/1.1 404) 6 headers in 231 bytes (1 switches on core 0)
2026-09-07 12:10:11.008 8 INFO placement.requestlog [None req-d4ffeeca-01e0-41b7-b748-fda9a1467f27 614991596d5e496eba2b9fc64e414150 fbd201f1580142ca962d365ed5e0b72a - - f5435bd56a7d4768b6cc38b863a29c7c f5435bd56a7d4768b6cc38b863a29c7c] 10.0.0.134 "DELETE /resource_providers/081b1818-af4b-4fe4-88f7-5da489998137" status: 404 len: 246 microversion: 1.1 [pid: 8|app: 0|req: 639/1288] 10.0.0.134 () {34 vars in 816 bytes} [Mon Sep 7 12:10:10 2026] DELETE /resource_providers/081b1818-af4b-4fe4-88f7-5da489998137 => generated 246 bytes in 33 msecs (HTTP/1.1 404) 6 headers in 231 bytes (1 switches on core 0)
2026-09-07 12:10:11.019 7 INFO placement.requestlog [None req-fba9bfd8-9ec2-491c-b0d3-5fde9aaf99b4 614991596d5e496eba2b9fc64e414150 fbd201f1580142ca962d365ed5e0b72a - - f5435bd56a7d4768b6cc38b863a29c7c f5435bd56a7d4768b6cc38b863a29c7c] 10.0.0.134 "GET /resource_providers/081b1818-af4b-4fe4-88f7-5da489998137/aggregates" status: 404 len: 235 microversion: 1.1 [pid: 7|app: 0|req: 650/1289] 10.0.0.134 () {32 vars in 816 bytes} [Mon Sep 7 12:10:11 2026] GET /resource_providers/081b1818-af4b-4fe4-88f7-5da489998137/aggregates => generated 235 bytes in 11 msecs (HTTP/1.1 404) 5 headers in 202 bytes (1 switches on core 0)
2026-09-07 12:10:11.044 8 INFO placement.requestlog [None req-1f8cfb86-d165-4c89-afd8-eaf68350c053 614991596d5e496eba2b9fc64e414150 fbd201f1580142ca962d365ed5e0b72a - - f5435bd56a7d4768b6cc38b863a29c7c f5435bd56a7d4768b6cc38b863a29c7c] 10.0.0.134 "GET /resource_providers/081b1818-af4b-4fe4-88f7-5da489998137/aggregates" status: 404 len: 235 microversion: 1.1 [pid: 8|app: 0|req: 640/1290] 10.0.0.134 () {32 vars in 816 bytes} [Mon Sep 7 12:10:11 2026] GET /resource_providers/081b1818-af4b-4fe4-88f7-5da489998137/aggregates => generated 235 bytes in 17 msecs (HTTP/1.1 404) 5 headers in 202 bytes (1 switches on core 0)
2026-09-07 12:10:11.049 7 INFO placement.requestlog [None req-cfe3a1a8-6621-420f-885a-c1d2f55f6290 614991596d5e496eba2b9fc64e414150 fbd201f1580142ca962d365ed5e0b72a - - f5435bd56a7d4768b6cc38b863a29c7c f5435bd56a7d4768b6cc38b863a29c7c] 10.0.0.134 "DELETE /resource_providers/081b1818-af4b-4fe4-88f7-5da489998137" status: 404 len: 246 microversion: 1.1 [pid: 7|app: 0|req: 651/1291] 10.0.0.134 () {34 vars in 816 bytes} [Mon Sep 7 12:10:11 2026] DELETE /resource_providers/081b1818-af4b-4fe4-88f7-5da489998137 => generated 246 bytes in 13 msecs (HTTP/1.1 404) 6 headers in 231 bytes (1 switches on core 0)
2026-09-07 12:10:11.052 8 INFO placement.requestlog [None req-65971d39-4779-4bc1-8af8-5ccb5b41cd3c - - - - - -] 10.0.0.237 "GET /" status: 200 len: 136 microversion: 1.0
2026-09-07 12:10:11.052 7 INFO placement.requestlog [None req-5a74cd83-f044-4055-ab44-a0af7e5abf56 - - - - - -] 10.0.0.237 "GET /" status: 200 len: 136 microversion: 1.0
2026-09-07 12:10:11.073 8 INFO placement.requestlog [None req-5162bf42-124c-469c-9096-c375b6b9e356 614991596d5e496eba2b9fc64e414150 fbd201f1580142ca962d365ed5e0b72a - - f5435bd56a7d4768b6cc38b863a29c7c f5435bd56a7d4768b6cc38b863a29c7c] 10.0.0.134 "DELETE /resource_providers/081b1818-af4b-4fe4-88f7-5da489998137" status: 404 len: 246 microversion: 1.1 [pid: 8|app: 0|req: 642/1294] 10.0.0.134 () {34 vars in 816 bytes} [Mon Sep 7 12:10:11 2026] DELETE /resource_providers/081b1818-af4b-4fe4-88f7-5da489998137 => generated 246 bytes in 16 msecs (HTTP/1.1 404) 6 headers in 231 bytes (1 switches on core 0)
2026-09-07 12:10:13.339 8 INFO placement.requestlog [None req-82776c3a-2892-4494-95cd-c508378d6104 614991596d5e496eba2b9fc64e414150 fbd201f1580142ca962d365ed5e0b72a - - f5435bd56a7d4768b6cc38b863a29c7c f5435bd56a7d4768b6cc38b863a29c7c] 10.0.0.134 "GET /resource_providers/453f0f5c-2f74-403b-8ff3-cca7c84ac4fe/aggregates" status: 404 len: 235 microversion: 1.1 [pid: 8|app: 0|req: 643/1295] 10.0.0.134 () {32 vars in 816 bytes} [Mon Sep 7 12:10:13 2026] GET /resource_providers/453f0f5c-2f74-403b-8ff3-cca7c84ac4fe/aggregates => generated 235 bytes in 14 msecs (HTTP/1.1 404) 5 headers in 202 bytes (1 switches on core 0)
2026-09-07 12:10:13.340 7 INFO placement.requestlog [None req-8365a455-3ee0-49da-a32c-ee70a8d572df 614991596d5e496eba2b9fc64e414150 fbd201f1580142ca962d365ed5e0b72a - - f5435bd56a7d4768b6cc38b863a29c7c f5435bd56a7d4768b6cc38b863a29c7c] 10.0.0.134 "GET /resource_providers/453f0f5c-2f74-403b-8ff3-cca7c84ac4fe/aggregates" status: 404 len: 235 microversion: 1.1 [pid: 7|app: 0|req: 653/1296] 10.0.0.134 () {32 vars in 816 bytes} [Mon Sep 7 12:10:13 2026] GET /resource_providers/453f0f5c-2f74-403b-8ff3-cca7c84ac4fe/aggregates => generated 235 bytes in 22 msecs (HTTP/1.1 404) 5 headers in 202 bytes (1 switches on core 0)
2026-09-07 12:10:13.368 8 INFO placement.requestlog [None req-87da058a-006d-4b35-83ff-9149c68c2d81 614991596d5e496eba2b9fc64e414150 fbd201f1580142ca962d365ed5e0b72a - - f5435bd56a7d4768b6cc38b863a29c7c f5435bd56a7d4768b6cc38b863a29c7c] 10.0.0.134 "DELETE /resource_providers/453f0f5c-2f74-403b-8ff3-cca7c84ac4fe" status: 404 len: 246 microversion: 1.1 [pid: 8|app: 0|req: 644/1297] 10.0.0.134 () {34 vars in 816 bytes} [Mon Sep 7 12:10:13 2026] DELETE /resource_providers/453f0f5c-2f74-403b-8ff3-cca7c84ac4fe => generated 246 bytes in 11 msecs (HTTP/1.1 404) 6 headers in 231 bytes (1 switches on core 0)
2026-09-07 12:10:13.379 7 INFO placement.requestlog [None req-60c77042-e5d6-4486-bcff-142978d2b015 614991596d5e496eba2b9fc64e414150 fbd201f1580142ca962d365ed5e0b72a - - f5435bd56a7d4768b6cc38b863a29c7c f5435bd56a7d4768b6cc38b863a29c7c] 10.0.0.134 "DELETE /resource_providers/453f0f5c-2f74-403b-8ff3-cca7c84ac4fe" status: 404 len: 246 microversion: 1.1 [pid: 7|app: 0|req: 654/1298] 10.0.0.134 () {34 vars in 816 bytes} [Mon Sep 7 12:10:13 2026] DELETE /resource_providers/453f0f5c-2f74-403b-8ff3-cca7c84ac4fe => generated 246 bytes in 22 msecs (HTTP/1.1 404) 6 headers in 231 bytes (1 switches on core 0)
2026-09-07 12:10:21.053 8 INFO placement.requestlog [None req-5f1dbfbd-e4dc-402a-b630-c40cd3e33045 - - - - - -] 10.0.0.237 "GET /" status: 200 len: 136 microversion: 1.0
2026-09-07 12:10:21.054 7 INFO placement.requestlog [None req-c528cb3c-5f3b-43bd-bbdf-fbca23b33a79 - - - - - -] 10.0.0.237 "GET /" status: 200 len: 136 microversion: 1.0
2026-09-07 12:10:21.430 7 INFO placement.requestlog [None req-4febf586-979f-4e8d-853a-c5fc62cbf2e3 614991596d5e496eba2b9fc64e414150 fbd201f1580142ca962d365ed5e0b72a - - f5435bd56a7d4768b6cc38b863a29c7c f5435bd56a7d4768b6cc38b863a29c7c] 10.0.0.134 "GET /resource_providers/83031ea6-d192-4843-af0d-6a99f0418041/aggregates" status: 404 len: 235 microversion: 1.1 [pid: 7|app: 0|req: 656/1301] 10.0.0.134 () {32 vars in 816 bytes} [Mon Sep 7 12:10:21 2026] GET /resource_providers/83031ea6-d192-4843-af0d-6a99f0418041/aggregates => generated 235 bytes in 11 msecs (HTTP/1.1 404) 5 headers in 202 bytes (1 switches on core 0)
2026-09-07 12:10:21.433 8 INFO placement.requestlog [None req-3b2ca11f-7708-433e-a3a8-405dfcb56482 614991596d5e496eba2b9fc64e414150 fbd201f1580142ca962d365ed5e0b72a - - f5435bd56a7d4768b6cc38b863a29c7c f5435bd56a7d4768b6cc38b863a29c7c] 10.0.0.134 "GET /resource_providers/83031ea6-d192-4843-af0d-6a99f0418041/aggregates" status: 404 len: 235 microversion: 1.1 [pid: 8|app: 0|req: 646/1302] 10.0.0.134 () {32 vars in 816 bytes} [Mon Sep 7 12:10:21 2026] GET /resource_providers/83031ea6-d192-4843-af0d-6a99f0418041/aggregates => generated 235 bytes in 15 msecs (HTTP/1.1 404) 5 headers in 202 bytes (1 switches on core 0)
2026-09-07 12:10:21.453 7 INFO placement.requestlog [None req-8fb116b5-f0ef-490d-9b25-3e269f417d08 614991596d5e496eba2b9fc64e414150 fbd201f1580142ca962d365ed5e0b72a - - f5435bd56a7d4768b6cc38b863a29c7c f5435bd56a7d4768b6cc38b863a29c7c] 10.0.0.134 "DELETE /resource_providers/83031ea6-d192-4843-af0d-6a99f0418041" status: 404 len: 246 microversion: 1.1 [pid: 7|app: 0|req: 657/1303] 10.0.0.134 () {34 vars in 816 bytes} [Mon Sep 7 12:10:21 2026] DELETE /resource_providers/83031ea6-d192-4843-af0d-6a99f0418041 => generated 246 bytes in 8 msecs (HTTP/1.1 404) 6 headers in 231 bytes (1 switches on core 0)
2026-09-07 12:10:21.456 8 INFO placement.requestlog [None req-abb4b19c-1aa2-4e02-a24d-865cc46dd40d 614991596d5e496eba2b9fc64e414150 fbd201f1580142ca962d365ed5e0b72a - - f5435bd56a7d4768b6cc38b863a29c7c f5435bd56a7d4768b6cc38b863a29c7c] 10.0.0.134 "DELETE /resource_providers/83031ea6-d192-4843-af0d-6a99f0418041" status: 404 len: 246 microversion: 1.1 [pid: 8|app: 0|req: 647/1304] 10.0.0.134 () {34 vars in 816 bytes} [Mon Sep 7 12:10:21 2026] DELETE /resource_providers/83031ea6-d192-4843-af0d-6a99f0418041 => generated 246 bytes in 11 msecs (HTTP/1.1 404) 6 headers in 231 bytes (1 switches on core 0)
2026-09-07 12:10:31.054 8 INFO placement.requestlog [None req-3b4af2cd-0351-4787-a05e-c41817479ee3 - - - - - -] 10.0.0.237 "GET /" status: 200 len: 136 microversion: 1.0
2026-09-07 12:10:31.054 7 INFO placement.requestlog [None req-7cfb4472-2120-4eff-8b5c-f906593a28c0 - - - - - -] 10.0.0.237 "GET /" status: 200 len: 136 microversion: 1.0
2026-09-07 12:10:41.053 7 INFO placement.requestlog [None req-065137cf-3799-4ecd-b499-77656304d0c5 - - - - - -] 10.0.0.237 "GET /" status: 200 len: 136 microversion: 1.0
2026-09-07 12:10:41.054 8 INFO placement.requestlog [None req-03d996e7-528c-4e89-a0d0-176c494a82d0 - - - - - -] 10.0.0.237 "GET /" status: 200 len: 136 microversion: 1.0
2026-09-07 12:10:46.673 7 INFO placement.requestlog [req-3d0704eb-b940-4aaf-8757-0c77376639bb req-d65c6e4c-9517-43e3-b9f1-068a59652ffc 2a3a6dad8b81430882b70f50f48fedf9 fbd201f1580142ca962d365ed5e0b72a - - f5435bd56a7d4768b6cc38b863a29c7c f5435bd56a7d4768b6cc38b863a29c7c] 162.253.55.181 "GET /resource_providers/a4722caf-0f14-45e4-87fd-58b63bb9268e/allocations" status: 200 len: 55 microversion: 1.0 [pid: 7|app: 0|req: 660/1309] 162.253.55.181 () {32 vars in 857 bytes} [Mon Sep 7 12:10:46 2026] GET /resource_providers/a4722caf-0f14-45e4-87fd-58b63bb9268e/allocations => generated 55 bytes in 14 msecs (HTTP/1.1 200) 6 headers in 223 bytes (1 switches on core 0)
2026-09-07 12:10:46.702 8 INFO placement.requestlog [req-3d0704eb-b940-4aaf-8757-0c77376639bb req-2a1e49a8-72d0-4b13-bae7-73a83e0cb587 2a3a6dad8b81430882b70f50f48fedf9 fbd201f1580142ca962d365ed5e0b72a - - f5435bd56a7d4768b6cc38b863a29c7c f5435bd56a7d4768b6cc38b863a29c7c] 162.253.55.181 "GET /resource_providers/a4722caf-0f14-45e4-87fd-58b63bb9268e/allocations" status: 200 len: 55 microversion: 1.0 [pid: 8|app: 0|req: 650/1310] 162.253.55.181 () {32 vars in 857 bytes} [Mon Sep 7 12:10:46 2026] GET /resource_providers/a4722caf-0f14-45e4-87fd-58b63bb9268e/allocations => generated 55 bytes in 16 msecs (HTTP/1.1 200) 6 headers in 223 bytes (1 switches on core 0)
2026-09-07 12:10:51.053 8 INFO placement.requestlog [None req-942bff93-788f-4d9f-86af-d1bfeebc09c3 - - - - - -] 10.0.0.237 "GET /" status: 200 len: 136 microversion: 1.0
2026-09-07 12:10:51.054 7 INFO placement.requestlog [None req-40d0125a-2708-4471-b1d1-51ae15552e56 - - - - - -] 10.0.0.237 "GET /" status: 200 len: 136 microversion: 1.0
2026-09-07 12:11:01.053 7 INFO placement.requestlog [None req-4c61d33e-88a1-4435-acb6-0284e6cf38a4 - - - - - -] 10.0.0.237 "GET /" status: 200 len: 136 microversion: 1.0
2026-09-07 12:11:01.053 8 INFO placement.requestlog [None req-752cc034-f41c-4209-ad79-731621d270c3 - - - - - -] 10.0.0.237 "GET /" status: 200 len: 136 microversion: 1.0
2026-09-07 12:11:11.053 7 INFO placement.requestlog [None req-fd66e189-ef41-4ded-9df4-7aa1728fbea3 - - - - - -] 10.0.0.237 "GET /" status: 200 len: 136 microversion: 1.0
2026-09-07 12:11:11.054 8 INFO placement.requestlog [None req-475fe156-b4e7-4309-ba22-ae5d67e49e69 - - - - - -] 10.0.0.237 "GET /" status: 200 len: 136 microversion: 1.0
2026-09-07 12:11:21.054 7 INFO placement.requestlog [None req-52948ae7-5d52-47a9-a594-a08cac00f082 - - - - - -] 10.0.0.237 "GET /" status: 200 len: 136 microversion: 1.0
2026-09-07 12:11:21.055 8 INFO placement.requestlog [None req-1708a179-3349-41cd-8888-3a10867ec81c - - - - - -] 10.0.0.237 "GET /" status: 200 len: 136 microversion: 1.0
2026-09-07 12:11:31.053 7 INFO placement.requestlog [None req-b02218ec-4e97-4f0d-baf3-e309862b12d8 - - - - - -] 10.0.0.237 "GET /" status: 200 len: 136 microversion: 1.0
2026-09-07 12:11:31.054 8 INFO placement.requestlog [None req-17aca09d-6df9-450f-a8ce-c506ce6353e4 - - - - - -] 10.0.0.237 "GET /" status: 200 len: 136 microversion: 1.0
2026-09-07 12:11:41.053 7 INFO placement.requestlog [None req-8a3a8efa-9725-45a0-9bdd-56a9956fd1db - - - - - -] 10.0.0.237 "GET /" status: 200 len: 136 microversion: 1.0
2026-09-07 12:11:41.053 8 INFO placement.requestlog [None req-d7f2551a-080a-4eed-b4a2-78411c26353f - - - - - -] 10.0.0.237 "GET /" status: 200 len: 136 microversion: 1.0
2026-09-07 12:11:48.735 7 INFO placement.requestlog [req-31568d50-0ce8-4941-95b2-b2587204f058 req-437008d9-3966-47e7-9691-a99b364cf774 2a3a6dad8b81430882b70f50f48fedf9 fbd201f1580142ca962d365ed5e0b72a - - f5435bd56a7d4768b6cc38b863a29c7c f5435bd56a7d4768b6cc38b863a29c7c] 162.253.55.181 "GET /resource_providers/a4722caf-0f14-45e4-87fd-58b63bb9268e/allocations" status: 200 len: 55 microversion: 1.0 [pid: 7|app: 0|req: 667/1323] 162.253.55.181 () {32 vars in 857 bytes} [Mon Sep 7 12:11:48 2026] GET /resource_providers/a4722caf-0f14-45e4-87fd-58b63bb9268e/allocations => generated 55 bytes in 17 msecs (HTTP/1.1 200) 6 headers in 223 bytes (1 switches on core 0)
2026-09-07 12:11:48.767 8 INFO placement.requestlog [req-31568d50-0ce8-4941-95b2-b2587204f058 req-dad4af6e-3a5c-4e3e-8b92-adf603e33e41 2a3a6dad8b81430882b70f50f48fedf9 fbd201f1580142ca962d365ed5e0b72a - - f5435bd56a7d4768b6cc38b863a29c7c f5435bd56a7d4768b6cc38b863a29c7c] 162.253.55.181 "GET /resource_providers/a4722caf-0f14-45e4-87fd-58b63bb9268e/allocations" status: 200 len: 55 microversion: 1.0 [pid: 8|app: 0|req: 657/1324] 162.253.55.181 () {32 vars in 857 bytes} [Mon Sep 7 12:11:48 2026] GET /resource_providers/a4722caf-0f14-45e4-87fd-58b63bb9268e/allocations => generated 55 bytes in 18 msecs (HTTP/1.1 200) 6 headers in 223 bytes (1 switches on core 0)
2026-09-07 12:11:51.054 7 INFO placement.requestlog [None req-ccb246ff-3dd3-434b-b867-aa6931df8de5 - - - - - -] 10.0.0.237 "GET /" status: 200 len: 136 microversion: 1.0
2026-09-07 12:11:51.055 8 INFO placement.requestlog [None req-c2e34b10-3be9-482f-bc1c-2d51de5ac6e4 - - - - - -] 10.0.0.237 "GET /" status: 200 len: 136 microversion: 1.0
2026-09-07 12:12:01.054 8 INFO placement.requestlog [None req-beda35ae-4841-42eb-9f83-d4f9eb993a67 - - - - - -] 10.0.0.237 "GET /" status: 200 len: 136 microversion: 1.0
2026-09-07 12:12:01.054 7 INFO placement.requestlog [None req-514289d6-d120-404b-aa8c-0ff0bf927f36 - - - - - -] 10.0.0.237 "GET /" status: 200 len: 136 microversion: 1.0
2026-09-07 12:12:11.052 7 INFO placement.requestlog [None req-9fdc3a28-c517-4816-ae22-5e373a7fbccd - - - - - -] 10.0.0.237 "GET /" status: 200 len: 136 microversion: 1.0
2026-09-07 12:12:11.053 8 INFO placement.requestlog [None req-09ecf1cf-65c6-4299-84f0-f6a7623b8938 - - - - - -] 10.0.0.237 "GET /" status: 200 len: 136 microversion: 1.0
2026-09-07 12:12:21.053 8 INFO placement.requestlog [None req-1b95a9a8-77c5-4ce6-b31c-17d6e9b453d5 - - - - - -] 10.0.0.237 "GET /" status: 200 len: 136 microversion: 1.0
2026-09-07 12:12:21.054 7 INFO placement.requestlog [None req-a7531225-ca9a-4362-9070-fccedce37b55 - - - - - -] 10.0.0.237 "GET /" status: 200 len: 136 microversion: 1.0
2026-09-07 12:12:31.053 8 INFO placement.requestlog [None req-94bad008-5b9f-4986-868f-767e221d3eaa - - - - - -] 10.0.0.237 "GET /" status: 200 len: 136 microversion: 1.0
2026-09-07 12:12:31.054 7 INFO placement.requestlog [None req-2b0d062b-54ff-485e-af57-0bc43afa02cc - - - - - -] 10.0.0.237 "GET /" status: 200 len: 136 microversion: 1.0
2026-09-07 12:12:41.054 8 INFO placement.requestlog [None req-5bbe82c4-10d1-4cff-8966-72135c98fa23 - - - - - -] 10.0.0.237 "GET /" status: 200 len: 136 microversion: 1.0
2026-09-07 12:12:41.056 7 INFO placement.requestlog [None req-eb148ed9-2c3c-417d-a97d-ea3037001d9a - - - - - -] 10.0.0.237 "GET /" status: 200 len: 136 microversion: 1.0
2026-09-07 12:12:50.986 8 INFO placement.requestlog [req-ff571b5b-bfe3-44c9-a4a0-d4a700406bf6 req-b3bf6cde-8c4d-464c-9910-6319af216f5b 2a3a6dad8b81430882b70f50f48fedf9 fbd201f1580142ca962d365ed5e0b72a - - f5435bd56a7d4768b6cc38b863a29c7c f5435bd56a7d4768b6cc38b863a29c7c] 162.253.55.181 "GET /resource_providers/a4722caf-0f14-45e4-87fd-58b63bb9268e/allocations" status: 200 len: 55 microversion: 1.0 [pid: 8|app: 0|req: 664/1337] 162.253.55.181 () {32 vars in 857 bytes} [Mon Sep 7 12:12:50 2026] GET /resource_providers/a4722caf-0f14-45e4-87fd-58b63bb9268e/allocations => generated 55 bytes in 220 msecs (HTTP/1.1 200) 6 headers in 223 bytes (1 switches on core 0)
2026-09-07 12:12:51.015 7 INFO placement.requestlog [req-ff571b5b-bfe3-44c9-a4a0-d4a700406bf6 req-52270191-628e-4787-b092-88a7c84e0dea 2a3a6dad8b81430882b70f50f48fedf9 fbd201f1580142ca962d365ed5e0b72a - - f5435bd56a7d4768b6cc38b863a29c7c f5435bd56a7d4768b6cc38b863a29c7c] 162.253.55.181 "GET /resource_providers?in_tree=a4722caf-0f14-45e4-87fd-58b63bb9268e" status: 200 len: 798 microversion: 1.14 [pid: 7|app: 0|req: 674/1338] 162.253.55.181 () {34 vars in 892 bytes} [Mon Sep 7 12:12:50 2026] GET /resource_providers?in_tree=a4722caf-0f14-45e4-87fd-58b63bb9268e => generated 798 bytes in 18 msecs (HTTP/1.1 200) 6 headers in 225 bytes (1 switches on core 0)
2026-09-07 12:12:51.036 8 INFO placement.requestlog [req-ff571b5b-bfe3-44c9-a4a0-d4a700406bf6 req-4400fb60-3290-4077-8cc5-1a5925dfa4dd 2a3a6dad8b81430882b70f50f48fedf9 fbd201f1580142ca962d365ed5e0b72a - - f5435bd56a7d4768b6cc38b863a29c7c f5435bd56a7d4768b6cc38b863a29c7c] 162.253.55.181 "GET /resource_providers/a4722caf-0f14-45e4-87fd-58b63bb9268e/inventories" status: 200 len: 401 microversion: 1.0 [pid: 8|app: 0|req: 665/1339] 162.253.55.181 () {32 vars in 857 bytes} [Mon Sep 7 12:12:51 2026] GET /resource_providers/a4722caf-0f14-45e4-87fd-58b63bb9268e/inventories => generated 401 bytes in 15 msecs (HTTP/1.1 200) 6 headers in 224 bytes (1 switches on core 0)
2026-09-07 12:12:51.053 8 INFO placement.requestlog [None req-34d9258a-433b-4eeb-8413-d0cf9cc4ca2b - - - - - -] 10.0.0.237 "GET /" status: 200 len: 136 microversion: 1.0
2026-09-07 12:12:51.055 8 INFO placement.requestlog [None req-7cfaf26d-c114-4b31-bec2-7daef20b8757 - - - - - -] 10.0.0.237 "GET /" status: 200 len: 136 microversion: 1.0
2026-09-07 12:12:51.057 7 INFO placement.requestlog [req-ff571b5b-bfe3-44c9-a4a0-d4a700406bf6 req-f7fc7e32-6fce-48f5-84ac-d1c40a6fce45 2a3a6dad8b81430882b70f50f48fedf9 fbd201f1580142ca962d365ed5e0b72a - - f5435bd56a7d4768b6cc38b863a29c7c f5435bd56a7d4768b6cc38b863a29c7c] 162.253.55.181 "GET /resource_providers/a4722caf-0f14-45e4-87fd-58b63bb9268e/aggregates" status: 200 len: 54 microversion: 1.19 [pid: 7|app: 0|req: 675/1342] 162.253.55.181 () {34 vars in 899 bytes} [Mon Sep 7 12:12:51 2026] GET /resource_providers/a4722caf-0f14-45e4-87fd-58b63bb9268e/aggregates => generated 54 bytes in 13 msecs (HTTP/1.1 200) 8 headers in 295 bytes (1 switches on core 0)
2026-09-07 12:12:51.091 8 INFO placement.requestlog [req-ff571b5b-bfe3-44c9-a4a0-d4a700406bf6 req-9d9f5a6f-12fd-461a-b901-ae21f902b3e5 2a3a6dad8b81430882b70f50f48fedf9 fbd201f1580142ca962d365ed5e0b72a - - f5435bd56a7d4768b6cc38b863a29c7c f5435bd56a7d4768b6cc38b863a29c7c] 162.253.55.181 "GET /resource_providers/a4722caf-0f14-45e4-87fd-58b63bb9268e/traits" status: 200 len: 1683 microversion: 1.6 [pid: 8|app: 0|req: 668/1343] 162.253.55.181 () {34 vars in 890 bytes} [Mon Sep 7 12:12:51 2026] GET /resource_providers/a4722caf-0f14-45e4-87fd-58b63bb9268e/traits => generated 1683 bytes in 28 msecs (HTTP/1.1 200) 6 headers in 225 bytes (1 switches on core 0)
