2026-04-28 18:32:18.320 7 INFO neutron.db.ovn_revision_numbers_db [None req-7e371689-a8ac-4530-bc72-88443b0aca60 b5aae23dcee440d5b4e170a1a458fa65 4f271a8a5d724535b9ab403dbdbfe9a4 - - default default] Successfully bumped revision number for resource f9e5f535-1b9f-4eb7-83f7-d2874c27a3e2 (type: security_group_rules) to 0
2026-04-28 18:32:18.437 7 WARNING neutron.plugins.ml2.drivers.ovn.mech_driver.ovsdb.ovn_client [None req-8e5ffe03-01c4-4a2e-827e-f42b94d4b97f - - - - - -] Logical_Switch_Port %s host information not removed, the port state is up
2026-04-28 18:32:18.437 7 INFO neutron.plugins.ml2.drivers.ovn.mech_driver.mech_driver [None req-8e5ffe03-01c4-4a2e-827e-f42b94d4b97f - - - - - -] OVN reports status down for port: c955e754-9eb7-43e6-b076-c4db1d09847c
2026-04-28 18:32:18.506 7 INFO neutron.db.ovn_revision_numbers_db [None req-7e371689-a8ac-4530-bc72-88443b0aca60 b5aae23dcee440d5b4e170a1a458fa65 4f271a8a5d724535b9ab403dbdbfe9a4 - - default default] Successfully bumped revision number for resource b2ab0954-8208-43b4-a747-59a38cc2af72 (type: security_groups) to 1
2026-04-28 18:32:18.529 7 INFO neutron.plugins.ml2.drivers.ovn.mech_driver.mech_driver [None req-8e5ffe03-01c4-4a2e-827e-f42b94d4b97f - - - - - -] OVN reports status up for port: b2ebaf20-7f5f-467d-a2fa-7b932e3a8bcd
2026-04-28 18:32:18.530 7 INFO neutron.db.ovn_revision_numbers_db [None req-7e371689-a8ac-4530-bc72-88443b0aca60 b5aae23dcee440d5b4e170a1a458fa65 4f271a8a5d724535b9ab403dbdbfe9a4 - - default default] Successfully bumped revision number for resource 5116ab07-07fc-496f-ad14-236ef3ffa61d (type: security_group_rules) to 0
2026-04-28 18:32:18.551 7 INFO neutron.plugins.ml2.plugin [None req-8e5ffe03-01c4-4a2e-827e-f42b94d4b97f - - - - - -] Attempt 1 to provision port b2ebaf20-7f5f-467d-a2fa-7b932e3a8bcd
2026-04-28 18:32:18.555 7 INFO neutron.db.ovn_revision_numbers_db [None req-7e371689-a8ac-4530-bc72-88443b0aca60 b5aae23dcee440d5b4e170a1a458fa65 4f271a8a5d724535b9ab403dbdbfe9a4 - - default default] Successfully bumped revision number for resource 9028e213-f5ba-41e4-b37e-384073604bfb (type: security_group_rules) to 0 [pid: 7|app: 0|req: 873/1666] 10.0.0.42 () {34 vars in 683 bytes} [Tue Apr 28 18:32:17 2026] POST /v2.0/security-groups => generated 1624 bytes in 839 msecs (HTTP/1.1 201) 4 headers in 163 bytes (1 switches on core 0)
2026-04-28 18:32:18.811 8 WARNING neutron.scheduler.dhcp_agent_scheduler [None req-c703e611-7926-4648-a2c1-b9961cac3d6d 0c77274359394ccebaa66dd2cac645b4 e0701ed84fd94d37a1e859658d600dea - - default default] No more DHCP agents
2026-04-28 18:32:18.814 8 WARNING neutron.api.rpc.agentnotifiers.dhcp_rpc_agent_api [None req-c703e611-7926-4648-a2c1-b9961cac3d6d 0c77274359394ccebaa66dd2cac645b4 e0701ed84fd94d37a1e859658d600dea - - default default] Unable to schedule network 8dce3995-8e9a-4a69-b9fa-4900ac6e1456: no agents available; will retry on subsequent port and subnet creation events.
2026-04-28 18:32:18.851 7 INFO neutron.db.ovn_revision_numbers_db [None req-01d52e41-9f91-4253-b0e3-ace23be49af7 3df97f1093a24941bbcffe0c0e38f7f3 68f89337babe473ead0cf335444d6082 - - default default] Successfully bumped revision number for resource 201fb69d-2a2f-40b2-84a5-46a90f5c7519 (type: security_groups) to 1
2026-04-28 18:32:18.865 7 INFO neutron.db.ovn_revision_numbers_db [None req-01d52e41-9f91-4253-b0e3-ace23be49af7 3df97f1093a24941bbcffe0c0e38f7f3 68f89337babe473ead0cf335444d6082 - - default default] Successfully bumped revision number for resource 447cda6b-c39e-49ed-9f6f-a8059980e040 (type: security_group_rules) to 0
2026-04-28 18:32:18.879 7 INFO neutron.db.ovn_revision_numbers_db [None req-01d52e41-9f91-4253-b0e3-ace23be49af7 3df97f1093a24941bbcffe0c0e38f7f3 68f89337babe473ead0cf335444d6082 - - default default] Successfully bumped revision number for resource 490d1bf8-30be-44ef-aaab-ff15d6c67034 (type: security_group_rules) to 0
2026-04-28 18:32:18.891 7 INFO neutron.db.ovn_revision_numbers_db [None req-01d52e41-9f91-4253-b0e3-ace23be49af7 3df97f1093a24941bbcffe0c0e38f7f3 68f89337babe473ead0cf335444d6082 - - default default] Successfully bumped revision number for resource 7d305c6f-1794-48c5-bbc3-35c61a4c8a32 (type: security_group_rules) to 0
2026-04-28 18:32:18.905 7 INFO neutron.db.ovn_revision_numbers_db [None req-01d52e41-9f91-4253-b0e3-ace23be49af7 3df97f1093a24941bbcffe0c0e38f7f3 68f89337babe473ead0cf335444d6082 - - default default] Successfully bumped revision number for resource bcaa7dba-0d62-4fe6-b87e-25a685828c92 (type: security_group_rules) to 0
2026-04-28 18:32:18.955 8 INFO neutron.db.ovn_revision_numbers_db [None req-c703e611-7926-4648-a2c1-b9961cac3d6d 0c77274359394ccebaa66dd2cac645b4 e0701ed84fd94d37a1e859658d600dea - - default default] Successfully bumped revision number for resource edb32824-96b5-4fd1-b17d-d10e04c3b3e3 (type: ports) to 1 [pid: 7|app: 0|req: 874/1667] 10.0.0.42 () {32 vars in 773 bytes} [Tue Apr 28 18:32:18 2026] GET /v2.0/security-groups?tenant_id=86f37bf4c64f491f92879c570b9f87de&name=default => generated 2925 bytes in 343 msecs (HTTP/1.1 200) 4 headers in 158 bytes (1 switches on core 0)
2026-04-28 18:32:19.202 7 WARNING neutron.scheduler.dhcp_agent_scheduler [None req-424fd9d3-72fd-4b93-980a-14a5043dd713 a3bc30ef6abc4844bcfa6315184881e9 c68ed5ff22a346b595f05dceb6e9cf49 - - default default] No more DHCP agents
2026-04-28 18:32:19.203 7 WARNING neutron.api.rpc.agentnotifiers.dhcp_rpc_agent_api [None req-424fd9d3-72fd-4b93-980a-14a5043dd713 a3bc30ef6abc4844bcfa6315184881e9 c68ed5ff22a346b595f05dceb6e9cf49 - - default default] Unable to schedule network 753be3f6-bf34-4ff0-ba9e-082c5f954fe7: no agents available; will retry on subsequent port and subnet creation events.
2026-04-28 18:32:19.288 8 INFO neutron.plugins.ml2.drivers.ovn.mech_driver.mech_driver [None req-f6aaa4b4-e02f-46d6-b20a-8ddae0230cc2 - - - - - -] OVN reports status down for port: 9f429649-d6e3-4907-a17a-9725326ec73f
2026-04-28 18:32:19.315 7 INFO neutron.db.ovn_revision_numbers_db [None req-424fd9d3-72fd-4b93-980a-14a5043dd713 a3bc30ef6abc4844bcfa6315184881e9 c68ed5ff22a346b595f05dceb6e9cf49 - - default default] Successfully bumped revision number for resource 9f429649-d6e3-4907-a17a-9725326ec73f (type: ports) to 1 [pid: 7|app: 0|req: 875/1668] 10.0.0.42 () {34 vars in 664 bytes} [Tue Apr 28 18:32:18 2026] POST /v2.0/ports => generated 966 bytes in 420 msecs (HTTP/1.1 201) 4 headers in 162 bytes (1 switches on core 0) /var/lib/openstack/lib/python3.12/site-packages/pycadf/identifier.py:70: UserWarning: Invalid uuid: neutron. To ensure interoperability, identifiers should be a valid uuid. warnings.warn(('Invalid uuid: %s. To ensure interoperability, ' [pid: 7|app: 0|req: 876/1669] 10.0.0.42 () {32 vars in 662 bytes} [Tue Apr 28 18:32:19 2026] GET /v2.0/security-groups => generated 4529 bytes in 40 msecs (HTTP/1.1 200) 4 headers in 158 bytes (1 switches on core 0) [pid: 7|app: 0|req: 877/1670] 10.0.0.42 () {32 vars in 739 bytes} [Tue Apr 28 18:32:19 2026] DELETE /v2.0/security-groups/201fb69d-2a2f-40b2-84a5-46a90f5c7519 => generated 0 bytes in 241 msecs (HTTP/1.1 204) 2 headers in 112 bytes (1 switches on core 0)
2026-04-28 18:32:19.762 8 WARNING neutron.scheduler.dhcp_agent_scheduler [None req-c703e611-7926-4648-a2c1-b9961cac3d6d 0c77274359394ccebaa66dd2cac645b4 e0701ed84fd94d37a1e859658d600dea - - default default] No more DHCP agents
2026-04-28 18:32:19.764 8 WARNING neutron.api.rpc.agentnotifiers.dhcp_rpc_agent_api [None req-c703e611-7926-4648-a2c1-b9961cac3d6d 0c77274359394ccebaa66dd2cac645b4 e0701ed84fd94d37a1e859658d600dea - - default default] Unable to schedule network 8dce3995-8e9a-4a69-b9fa-4900ac6e1456: no agents available; will retry on subsequent port and subnet creation events.
2026-04-28 18:32:19.802 7 INFO neutron_taas.services.taas.taas_plugin [None req-c902b6b9-0ae6-4d93-86a7-afcb30050473 a3bc30ef6abc4844bcfa6315184881e9 c68ed5ff22a346b595f05dceb6e9cf49 - - default default] TaaS: Handle Delete Port: 9f429649-d6e3-4907-a17a-9725326ec73f
2026-04-28 18:32:19.806 7 INFO neutron_taas.services.taas.tap_mirror_plugin [None req-c902b6b9-0ae6-4d93-86a7-afcb30050473 a3bc30ef6abc4844bcfa6315184881e9 c68ed5ff22a346b595f05dceb6e9cf49 - - default default] Tap Mirror: Handle Delete Port: 9f429649-d6e3-4907-a17a-9725326ec73f [pid: 7|app: 0|req: 878/1671] 10.0.0.42 () {32 vars in 719 bytes} [Tue Apr 28 18:32:19 2026] DELETE /v2.0/ports/9f429649-d6e3-4907-a17a-9725326ec73f => generated 0 bytes in 275 msecs (HTTP/1.1 204) 3 headers in 131 bytes (1 switches on core 0)
2026-04-28 18:32:20.009 7 INFO neutron.db.ovn_revision_numbers_db [None req-10ecbf9b-e4f0-4d10-9813-ad43b4e5164e b5aae23dcee440d5b4e170a1a458fa65 4f271a8a5d724535b9ab403dbdbfe9a4 - - default default] Successfully bumped revision number for resource b2ab0954-8208-43b4-a747-59a38cc2af72 (type: security_groups) to 2 [pid: 7|app: 0|req: 879/1672] 10.0.0.42 () {34 vars in 757 bytes} [Tue Apr 28 18:32:19 2026] PUT /v2.0/security-groups/b2ab0954-8208-43b4-a747-59a38cc2af72 => generated 1662 bytes in 89 msecs (HTTP/1.1 200) 4 headers in 158 bytes (1 switches on core 0)
2026-04-28 18:32:20.100 8 INFO neutron.db.ovn_revision_numbers_db [None req-c703e611-7926-4648-a2c1-b9961cac3d6d 0c77274359394ccebaa66dd2cac645b4 e0701ed84fd94d37a1e859658d600dea - - default default] Successfully bumped revision number for resource edb32824-96b5-4fd1-b17d-d10e04c3b3e3 (type: router_ports) to 1 [pid: 8|app: 0|req: 794/1673] 10.0.0.42 () {34 vars in 782 bytes} [Tue Apr 28 18:32:18 2026] PUT /v2.0/routers/ed4dd9e8-c6b5-43d5-83c5-033acd2b9f91/add_router_interface => generated 309 bytes in 1816 msecs (HTTP/1.1 200) 4 headers in 157 bytes (1 switches on core 0)
2026-04-28 18:32:20.122 8 INFO neutron.pecan_wsgi.hooks.translation [None req-20a9db2e-8fba-4318-a176-c3f4d0e4268c a3bc30ef6abc4844bcfa6315184881e9 c68ed5ff22a346b595f05dceb6e9cf49 - - default default] DELETE failed (client error): The resource could not be found. [pid: 8|app: 0|req: 795/1674] 10.0.0.42 () {32 vars in 719 bytes} [Tue Apr 28 18:32:20 2026] DELETE /v2.0/ports/9f429649-d6e3-4907-a17a-9725326ec73f => generated 132 bytes in 16 msecs (HTTP/1.1 404) 4 headers in 164 bytes (1 switches on core 0) [pid: 8|app: 0|req: 796/1675] 10.0.0.42 () {32 vars in 736 bytes} [Tue Apr 28 18:32:20 2026] GET /v2.0/security-groups/b2ab0954-8208-43b4-a747-59a38cc2af72 => generated 1662 bytes in 21 msecs (HTTP/1.1 200) 4 headers in 158 bytes (1 switches on core 0)
2026-04-28 18:32:20.216 7 INFO neutron.db.ovn_revision_numbers_db [None req-64842b70-be1a-4edb-91ef-0b55fdfb5b6f 3df97f1093a24941bbcffe0c0e38f7f3 68f89337babe473ead0cf335444d6082 - - default default] Successfully bumped revision number for resource 87a1f29e-43bc-42ea-a061-ce5995763e81 (type: security_groups) to 1
2026-04-28 18:32:20.231 7 INFO neutron.db.ovn_revision_numbers_db [None req-64842b70-be1a-4edb-91ef-0b55fdfb5b6f 3df97f1093a24941bbcffe0c0e38f7f3 68f89337babe473ead0cf335444d6082 - - default default] Successfully bumped revision number for resource 16265bf2-9064-43fb-9798-8d38d2e6d599 (type: security_group_rules) to 0
2026-04-28 18:32:20.243 7 INFO neutron.db.ovn_revision_numbers_db [None req-64842b70-be1a-4edb-91ef-0b55fdfb5b6f 3df97f1093a24941bbcffe0c0e38f7f3 68f89337babe473ead0cf335444d6082 - - default default] Successfully bumped revision number for resource 8a61e9b3-932e-4458-ba8a-90939c861f8e (type: security_group_rules) to 0
2026-04-28 18:32:20.254 7 INFO neutron.db.ovn_revision_numbers_db [None req-64842b70-be1a-4edb-91ef-0b55fdfb5b6f 3df97f1093a24941bbcffe0c0e38f7f3 68f89337babe473ead0cf335444d6082 - - default default] Successfully bumped revision number for resource 8dbc35b9-5248-4e51-85c1-44d6b76d822c (type: security_group_rules) to 0
2026-04-28 18:32:20.270 7 INFO neutron.db.ovn_revision_numbers_db [None req-64842b70-be1a-4edb-91ef-0b55fdfb5b6f 3df97f1093a24941bbcffe0c0e38f7f3 68f89337babe473ead0cf335444d6082 - - default default] Successfully bumped revision number for resource a228541c-18a0-42d4-bd4a-9670b5b07f21 (type: security_group_rules) to 0 [pid: 7|app: 0|req: 880/1676] 10.0.0.42 () {32 vars in 773 bytes} [Tue Apr 28 18:32:20 2026] GET /v2.0/security-groups?tenant_id=0528d508f20042de90b859d0156a2417&name=default => generated 2925 bytes in 279 msecs (HTTP/1.1 200) 4 headers in 158 bytes (1 switches on core 0)
2026-04-28 18:32:20.328 7 INFO neutron.pecan_wsgi.hooks.translation [None req-bdc1dfc8-20d5-4f5a-a3d9-216a6e32f8b8 a3bc30ef6abc4844bcfa6315184881e9 c68ed5ff22a346b595f05dceb6e9cf49 - - default default] GET failed (client error): The resource could not be found. [pid: 7|app: 0|req: 881/1677] 10.0.0.42 () {32 vars in 716 bytes} [Tue Apr 28 18:32:20 2026] GET /v2.0/ports/9f429649-d6e3-4907-a17a-9725326ec73f => generated 132 bytes in 19 msecs (HTTP/1.1 404) 4 headers in 164 bytes (1 switches on core 0)
2026-04-28 18:32:20.426 8 WARNING neutron.scheduler.dhcp_agent_scheduler [None req-e2c9c41d-81f5-49ab-b43d-4c6e16d170a2 0c77274359394ccebaa66dd2cac645b4 e0701ed84fd94d37a1e859658d600dea - - default default] No more DHCP agents
2026-04-28 18:32:20.428 8 WARNING neutron.api.rpc.agentnotifiers.dhcp_rpc_agent_api [None req-e2c9c41d-81f5-49ab-b43d-4c6e16d170a2 0c77274359394ccebaa66dd2cac645b4 e0701ed84fd94d37a1e859658d600dea - - default default] Unable to schedule network 8dce3995-8e9a-4a69-b9fa-4900ac6e1456: no agents available; will retry on subsequent port and subnet creation events. [pid: 7|app: 0|req: 882/1678] 10.0.0.42 () {32 vars in 739 bytes} [Tue Apr 28 18:32:20 2026] DELETE /v2.0/security-groups/b2ab0954-8208-43b4-a747-59a38cc2af72 => generated 0 bytes in 117 msecs (HTTP/1.1 204) 2 headers in 112 bytes (1 switches on core 0)
2026-04-28 18:32:20.567 8 INFO neutron.db.ovn_revision_numbers_db [None req-e2c9c41d-81f5-49ab-b43d-4c6e16d170a2 0c77274359394ccebaa66dd2cac645b4 e0701ed84fd94d37a1e859658d600dea - - default default] Successfully bumped revision number for resource 563266a4-1521-47ec-9b03-66a4bcf731b8 (type: ports) to 1 [pid: 8|app: 0|req: 797/1679] 10.0.0.42 () {34 vars in 664 bytes} [Tue Apr 28 18:32:20 2026] POST /v2.0/ports => generated 954 bytes in 480 msecs (HTTP/1.1 201) 4 headers in 162 bytes (1 switches on core 0) /var/lib/openstack/lib/python3.12/site-packages/pycadf/identifier.py:70: UserWarning: Invalid uuid: neutron. To ensure interoperability, identifiers should be a valid uuid. warnings.warn(('Invalid uuid: %s. To ensure interoperability, ' [pid: 7|app: 0|req: 883/1680] 10.0.0.42 () {32 vars in 739 bytes} [Tue Apr 28 18:32:20 2026] DELETE /v2.0/security-groups/87a1f29e-43bc-42ea-a061-ce5995763e81 => generated 0 bytes in 225 msecs (HTTP/1.1 204) 2 headers in 112 bytes (1 switches on core 0) [pid: 7|app: 0|req: 884/1681] 10.0.0.42 () {32 vars in 662 bytes} [Tue Apr 28 18:32:20 2026] GET /v2.0/security-groups => generated 2925 bytes in 31 msecs (HTTP/1.1 200) 4 headers in 158 bytes (1 switches on core 0) [pid: 8|app: 0|req: 798/1682] 10.0.0.42 () {32 vars in 723 bytes} [Tue Apr 28 18:32:20 2026] DELETE /v2.0/subnets/14a7dd15-e20e-4579-adc1-ee6ba0aaf8db => generated 0 bytes in 154 msecs (HTTP/1.1 204) 3 headers in 131 bytes (1 switches on core 0)
2026-04-28 18:32:20.790 8 INFO neutron.api.v2.resource [None req-b0fcbde0-5813-4e76-8ab2-7c3418299d68 b5aae23dcee440d5b4e170a1a458fa65 4f271a8a5d724535b9ab403dbdbfe9a4 - - default default] delete failed (client error): The resource could not be found. [pid: 8|app: 0|req: 799/1683] 10.0.0.42 () {32 vars in 739 bytes} [Tue Apr 28 18:32:20 2026] DELETE /v2.0/security-groups/b2ab0954-8208-43b4-a747-59a38cc2af72 => generated 146 bytes in 9 msecs (HTTP/1.1 404) 4 headers in 164 bytes (1 switches on core 0)
2026-04-28 18:32:20.910 8 INFO neutron_taas.services.taas.taas_plugin [None req-ee1752bb-1c64-491d-aed7-8e48099dab02 a3bc30ef6abc4844bcfa6315184881e9 c68ed5ff22a346b595f05dceb6e9cf49 - - default default] TaaS: Handle Delete Port: c955e754-9eb7-43e6-b076-c4db1d09847c
2026-04-28 18:32:20.913 8 INFO neutron_taas.services.taas.tap_mirror_plugin [None req-ee1752bb-1c64-491d-aed7-8e48099dab02 a3bc30ef6abc4844bcfa6315184881e9 c68ed5ff22a346b595f05dceb6e9cf49 - - default default] Tap Mirror: Handle Delete Port: c955e754-9eb7-43e6-b076-c4db1d09847c
2026-04-28 18:32:20.979 7 WARNING neutron.scheduler.dhcp_agent_scheduler [None req-e1eadcb3-7e08-4207-be91-ea4815a09e8a 0c77274359394ccebaa66dd2cac645b4 e0701ed84fd94d37a1e859658d600dea - - default default] No more DHCP agents
2026-04-28 18:32:20.981 7 WARNING neutron.api.rpc.agentnotifiers.dhcp_rpc_agent_api [None req-e1eadcb3-7e08-4207-be91-ea4815a09e8a 0c77274359394ccebaa66dd2cac645b4 e0701ed84fd94d37a1e859658d600dea - - default default] Unable to schedule network 8dce3995-8e9a-4a69-b9fa-4900ac6e1456: no agents available; will retry on subsequent port and subnet creation events.
2026-04-28 18:32:21.108 8 INFO neutron.services.segments.plugin [-] Segment 21d9cec7-2269-4f69-982a-ae076fec9cbb resource provider aggregate not found
2026-04-28 18:32:21.120 8 INFO neutron.services.segments.plugin [-] Segment 21d9cec7-2269-4f69-982a-ae076fec9cbb resource provider aggregate not found
2026-04-28 18:32:21.135 8 INFO neutron.services.segments.plugin [-] Segment 21d9cec7-2269-4f69-982a-ae076fec9cbb resource provider not found; error: Placement Client Error (4xx): {"errors": [{"status": 404, "title": "Not Found", "detail": "The resource could not be found.\n\n No resource provider with uuid 21d9cec7-2269-4f69-982a-ae076fec9cbb found for delete ", "request_id": "req-5867759a-3d66-4bd7-9b2b-69b4ab949d90"}]}
2026-04-28 18:32:21.144 8 INFO neutron.services.segments.plugin [-] Segment 21d9cec7-2269-4f69-982a-ae076fec9cbb resource provider not found; error: Placement Client Error (4xx): {"errors": [{"status": 404, "title": "Not Found", "detail": "The resource could not be found.\n\n No resource provider with uuid 21d9cec7-2269-4f69-982a-ae076fec9cbb found for delete ", "request_id": "req-7432d2c1-7ea0-4288-ada1-e153d27d82ee"}]}
2026-04-28 18:32:21.144 7 INFO neutron.db.ovn_revision_numbers_db [None req-e1eadcb3-7e08-4207-be91-ea4815a09e8a 0c77274359394ccebaa66dd2cac645b4 e0701ed84fd94d37a1e859658d600dea - - default default] Successfully bumped revision number for resource 8c1b2eb3-f26e-44a4-b59e-7d1d7c4408e4 (type: ports) to 1 [pid: 8|app: 0|req: 800/1684] 10.0.0.42 () {32 vars in 725 bytes} [Tue Apr 28 18:32:20 2026] DELETE /v2.0/networks/753be3f6-bf34-4ff0-ba9e-082c5f954fe7 => generated 0 bytes in 376 msecs (HTTP/1.1 204) 3 headers in 131 bytes (1 switches on core 0) [pid: 7|app: 0|req: 885/1685] 10.0.0.42 () {34 vars in 664 bytes} [Tue Apr 28 18:32:20 2026] POST /v2.0/ports => generated 959 bytes in 464 msecs (HTTP/1.1 201) 4 headers in 162 bytes (1 switches on core 0) /var/lib/openstack/lib/python3.12/site-packages/pycadf/identifier.py:70: UserWarning: Invalid uuid: neutron. To ensure interoperability, identifiers should be a valid uuid. warnings.warn(('Invalid uuid: %s. To ensure interoperability, '
2026-04-28 18:32:21.289 8 INFO neutron.db.ovn_revision_numbers_db [None req-bf30058e-c502-4364-84be-60e8f6b70af0 b5aae23dcee440d5b4e170a1a458fa65 4f271a8a5d724535b9ab403dbdbfe9a4 - - default default] Successfully bumped revision number for resource 22faefa4-3661-4d6d-8215-52bc1ad4d913 (type: security_groups) to 1
2026-04-28 18:32:21.304 8 INFO neutron.db.ovn_revision_numbers_db [None req-bf30058e-c502-4364-84be-60e8f6b70af0 b5aae23dcee440d5b4e170a1a458fa65 4f271a8a5d724535b9ab403dbdbfe9a4 - - default default] Successfully bumped revision number for resource 4cbad4f9-0c68-4ca8-bf89-343b8eeaffb4 (type: security_group_rules) to 0
2026-04-28 18:32:21.313 7 INFO neutron.db.ovn_revision_numbers_db [None req-55fc9ed5-bd1f-4ff4-839c-2f95d469db38 3df97f1093a24941bbcffe0c0e38f7f3 68f89337babe473ead0cf335444d6082 - - default default] Successfully bumped revision number for resource 4466c72b-4a82-4261-a88b-4773c010beb1 (type: security_groups) to 1
2026-04-28 18:32:21.317 8 INFO neutron.db.ovn_revision_numbers_db [None req-bf30058e-c502-4364-84be-60e8f6b70af0 b5aae23dcee440d5b4e170a1a458fa65 4f271a8a5d724535b9ab403dbdbfe9a4 - - default default] Successfully bumped revision number for resource 64363c9c-b142-41c9-875d-b12fe4963fd8 (type: security_group_rules) to 0
2026-04-28 18:32:21.325 7 INFO neutron.db.ovn_revision_numbers_db [None req-55fc9ed5-bd1f-4ff4-839c-2f95d469db38 3df97f1093a24941bbcffe0c0e38f7f3 68f89337babe473ead0cf335444d6082 - - default default] Successfully bumped revision number for resource 5beece7d-0a71-435d-b654-4a366140600c (type: security_group_rules) to 0
2026-04-28 18:32:21.338 7 INFO neutron.db.ovn_revision_numbers_db [None req-55fc9ed5-bd1f-4ff4-839c-2f95d469db38 3df97f1093a24941bbcffe0c0e38f7f3 68f89337babe473ead0cf335444d6082 - - default default] Successfully bumped revision number for resource 7f81d0cb-2c35-4626-bb03-d30f6c540185 (type: security_group_rules) to 0
2026-04-28 18:32:21.351 7 INFO neutron.db.ovn_revision_numbers_db [None req-55fc9ed5-bd1f-4ff4-839c-2f95d469db38 3df97f1093a24941bbcffe0c0e38f7f3 68f89337babe473ead0cf335444d6082 - - default default] Successfully bumped revision number for resource 808b6673-f2aa-4007-9ab0-72311d068fdb (type: security_group_rules) to 0 [pid: 8|app: 0|req: 801/1686] 10.0.0.42 () {34 vars in 683 bytes} [Tue Apr 28 18:32:21 2026] POST /v2.0/security-groups => generated 1623 bytes in 185 msecs (HTTP/1.1 201) 4 headers in 163 bytes (1 switches on core 0)
2026-04-28 18:32:21.361 7 INFO neutron.db.ovn_revision_numbers_db [None req-55fc9ed5-bd1f-4ff4-839c-2f95d469db38 3df97f1093a24941bbcffe0c0e38f7f3 68f89337babe473ead0cf335444d6082 - - default default] Successfully bumped revision number for resource eb4701de-9239-4777-8740-4e25d5419179 (type: security_group_rules) to 0 [pid: 7|app: 0|req: 886/1689] 10.0.0.42 () {32 vars in 773 bytes} [Tue Apr 28 18:32:21 2026] GET /v2.0/security-groups?tenant_id=6308af1f50574dd0bb3fec34365e23fd&name=default => generated 2925 bytes in 231 msecs (HTTP/1.1 200) 4 headers in 158 bytes (1 switches on core 0)
2026-04-28 18:32:21.492 7 INFO neutron.db.segments_db [None req-3cb220cd-1e74-433c-9221-edcbc33f5402 a3bc30ef6abc4844bcfa6315184881e9 c68ed5ff22a346b595f05dceb6e9cf49 - - default default] Added segment e17688e8-d312-4ec3-9bf6-16d36c32b9e4 of type geneve for network 0ffd4cbe-6b4e-4d8f-8ece-bb78213956eb
2026-04-28 18:32:21.592 8 WARNING neutron.scheduler.dhcp_agent_scheduler [None req-5c40fbc8-5e4d-44c3-b821-2e9fd88a5861 0c77274359394ccebaa66dd2cac645b4 e0701ed84fd94d37a1e859658d600dea - - default default] No more DHCP agents
2026-04-28 18:32:21.594 8 WARNING neutron.api.rpc.agentnotifiers.dhcp_rpc_agent_api [None req-5c40fbc8-5e4d-44c3-b821-2e9fd88a5861 0c77274359394ccebaa66dd2cac645b4 e0701ed84fd94d37a1e859658d600dea - - default default] Unable to schedule network 5df1ccf5-1cb0-4635-a7db-d126ab48731c: no agents available; will retry on subsequent port and subnet creation events.
2026-04-28 18:32:21.600 7 INFO neutron.db.ovn_revision_numbers_db [None req-3cb220cd-1e74-433c-9221-edcbc33f5402 a3bc30ef6abc4844bcfa6315184881e9 c68ed5ff22a346b595f05dceb6e9cf49 - - default default] Successfully bumped revision number for resource 0ffd4cbe-6b4e-4d8f-8ece-bb78213956eb (type: networks) to 1
2026-04-28 18:32:21.762 7 WARNING neutron.scheduler.dhcp_agent_scheduler [None req-3cb220cd-1e74-433c-9221-edcbc33f5402 a3bc30ef6abc4844bcfa6315184881e9 c68ed5ff22a346b595f05dceb6e9cf49 - - default default] No more DHCP agents
2026-04-28 18:32:21.763 7 WARNING neutron.api.rpc.agentnotifiers.dhcp_rpc_agent_api [None req-3cb220cd-1e74-433c-9221-edcbc33f5402 a3bc30ef6abc4844bcfa6315184881e9 c68ed5ff22a346b595f05dceb6e9cf49 - - default default] Unable to schedule network 0ffd4cbe-6b4e-4d8f-8ece-bb78213956eb: no agents available; will retry on subsequent port and subnet creation events.
2026-04-28 18:32:21.840 7 INFO neutron.db.ovn_revision_numbers_db [None req-3cb220cd-1e74-433c-9221-edcbc33f5402 a3bc30ef6abc4844bcfa6315184881e9 c68ed5ff22a346b595f05dceb6e9cf49 - - default default] Successfully bumped revision number for resource fba7be3c-41fe-4927-ab23-02b0ec7d5c54 (type: ports) to 1 [pid: 7|app: 0|req: 887/1690] 10.0.0.42 () {34 vars in 669 bytes} [Tue Apr 28 18:32:21 2026] POST /v2.0/networks => generated 655 bytes in 460 msecs (HTTP/1.1 201) 4 headers in 162 bytes (1 switches on core 0)
2026-04-28 18:32:21.998 7 INFO neutron.db.ovn_revision_numbers_db [None req-f45b07db-30ae-4077-81cf-801dd99b8606 b5aae23dcee440d5b4e170a1a458fa65 4f271a8a5d724535b9ab403dbdbfe9a4 - - default default] Successfully bumped revision number for resource be3b9124-6f4f-4142-93b7-55aa24d1d3b2 (type: security_group_rules) to 0 [pid: 7|app: 0|req: 888/1691] 10.0.0.42 () {34 vars in 694 bytes} [Tue Apr 28 18:32:21 2026] POST /v2.0/security-group-rules => generated 601 bytes in 166 msecs (HTTP/1.1 201) 4 headers in 162 bytes (1 switches on core 0) [pid: 7|app: 0|req: 889/1692] 10.0.0.42 () {32 vars in 739 bytes} [Tue Apr 28 18:32:22 2026] DELETE /v2.0/security-groups/4466c72b-4a82-4261-a88b-4773c010beb1 => generated 0 bytes in 197 msecs (HTTP/1.1 204) 2 headers in 112 bytes (1 switches on core 0)
2026-04-28 18:32:22.412 8 INFO neutron.db.ovn_revision_numbers_db [None req-5c40fbc8-5e4d-44c3-b821-2e9fd88a5861 0c77274359394ccebaa66dd2cac645b4 e0701ed84fd94d37a1e859658d600dea - - default default] Successfully bumped revision number for resource 588b7d2a-b953-4cb1-9dbc-5006ebf8d41f (type: floatingips) to 1
2026-04-28 18:32:22.412 8 INFO neutron.db.l3_db [None req-5c40fbc8-5e4d-44c3-b821-2e9fd88a5861 0c77274359394ccebaa66dd2cac645b4 e0701ed84fd94d37a1e859658d600dea - - default default] Floating IP 588b7d2a-b953-4cb1-9dbc-5006ebf8d41f associated. External IP: 10.96.250.201, port: 8c1b2eb3-f26e-44a4-b59e-7d1d7c4408e4.
2026-04-28 18:32:22.435 7 WARNING neutron.scheduler.dhcp_agent_scheduler [None req-d190f259-d8fd-4b0d-b79f-2559840bdb58 a3bc30ef6abc4844bcfa6315184881e9 c68ed5ff22a346b595f05dceb6e9cf49 - - default default] No more DHCP agents
2026-04-28 18:32:22.436 7 WARNING neutron.api.rpc.agentnotifiers.dhcp_rpc_agent_api [None req-d190f259-d8fd-4b0d-b79f-2559840bdb58 a3bc30ef6abc4844bcfa6315184881e9 c68ed5ff22a346b595f05dceb6e9cf49 - - default default] Unable to schedule network 0ffd4cbe-6b4e-4d8f-8ece-bb78213956eb: no agents available; will retry on subsequent port and subnet creation events. [pid: 8|app: 0|req: 804/1693] 10.0.0.42 () {34 vars in 676 bytes} [Tue Apr 28 18:32:21 2026] POST /v2.0/floatingips => generated 843 bytes in 1090 msecs (HTTP/1.1 201) 4 headers in 162 bytes (1 switches on core 0)
2026-04-28 18:32:22.460 7 INFO neutron.db.ovn_revision_numbers_db [None req-d190f259-d8fd-4b0d-b79f-2559840bdb58 a3bc30ef6abc4844bcfa6315184881e9 c68ed5ff22a346b595f05dceb6e9cf49 - - default default] Successfully bumped revision number for resource 6af4565b-50fd-4464-bed8-8450fd50f7da (type: subnets) to 0 [pid: 8|app: 0|req: 805/1694] 10.0.0.42 () {32 vars in 746 bytes} [Tue Apr 28 18:32:22 2026] GET /v2.0/security-group-rules/be3b9124-6f4f-4142-93b7-55aa24d1d3b2 => generated 601 bytes in 22 msecs (HTTP/1.1 200) 4 headers in 157 bytes (1 switches on core 0) [pid: 7|app: 0|req: 890/1695] 10.0.0.42 () {34 vars in 668 bytes} [Tue Apr 28 18:32:22 2026] POST /v2.0/subnets => generated 646 bytes in 253 msecs (HTTP/1.1 201) 4 headers in 162 bytes (1 switches on core 0) [pid: 7|app: 0|req: 891/1696] 10.0.0.42 () {32 vars in 672 bytes} [Tue Apr 28 18:32:22 2026] GET /v2.0/security-group-rules => generated 4138 bytes in 73 msecs (HTTP/1.1 200) 4 headers in 158 bytes (1 switches on core 0)
2026-04-28 18:32:22.629 8 INFO neutron.db.ovn_revision_numbers_db [None req-3fa24124-0c4e-4b1b-a307-2fe16ecc3f85 0c77274359394ccebaa66dd2cac645b4 e0701ed84fd94d37a1e859658d600dea - - default default] Successfully bumped revision number for resource 588b7d2a-b953-4cb1-9dbc-5006ebf8d41f (type: floatingips) to 2
2026-04-28 18:32:22.688 8 INFO neutron.db.l3_db [None req-3fa24124-0c4e-4b1b-a307-2fe16ecc3f85 0c77274359394ccebaa66dd2cac645b4 e0701ed84fd94d37a1e859658d600dea - - default default] Floating IP 588b7d2a-b953-4cb1-9dbc-5006ebf8d41f disassociated. External IP: 10.96.250.201, port: 8c1b2eb3-f26e-44a4-b59e-7d1d7c4408e4. [pid: 8|app: 0|req: 806/1697] 10.0.0.42 () {34 vars in 748 bytes} [Tue Apr 28 18:32:22 2026] PUT /v2.0/floatingips/588b7d2a-b953-4cb1-9dbc-5006ebf8d41f => generated 554 bytes in 246 msecs (HTTP/1.1 200) 4 headers in 157 bytes (1 switches on core 0) [pid: 8|app: 0|req: 807/1698] 10.0.0.42 () {32 vars in 749 bytes} [Tue Apr 28 18:32:22 2026] DELETE /v2.0/security-group-rules/be3b9124-6f4f-4142-93b7-55aa24d1d3b2 => generated 0 bytes in 98 msecs (HTTP/1.1 204) 2 headers in 112 bytes (1 switches on core 0)
2026-04-28 18:32:22.826 7 WARNING neutron.scheduler.dhcp_agent_scheduler [None req-b2d697f6-9a42-4cd5-8712-b594803fc88e a3bc30ef6abc4844bcfa6315184881e9 c68ed5ff22a346b595f05dceb6e9cf49 - - default default] No more DHCP agents
2026-04-28 18:32:22.827 7 WARNING neutron.api.rpc.agentnotifiers.dhcp_rpc_agent_api [None req-b2d697f6-9a42-4cd5-8712-b594803fc88e a3bc30ef6abc4844bcfa6315184881e9 c68ed5ff22a346b595f05dceb6e9cf49 - - default default] Unable to schedule network 0ffd4cbe-6b4e-4d8f-8ece-bb78213956eb: no agents available; will retry on subsequent port and subnet creation events.
2026-04-28 18:32:22.917 8 INFO neutron.plugins.ml2.drivers.ovn.mech_driver.mech_driver [None req-f6aaa4b4-e02f-46d6-b20a-8ddae0230cc2 - - - - - -] OVN reports status down for port: ff9c9c9b-81f5-4ac4-96b2-e5e9a3f06deb
2026-04-28 18:32:22.937 7 INFO neutron.db.ovn_revision_numbers_db [None req-b2d697f6-9a42-4cd5-8712-b594803fc88e a3bc30ef6abc4844bcfa6315184881e9 c68ed5ff22a346b595f05dceb6e9cf49 - - default default] Successfully bumped revision number for resource ff9c9c9b-81f5-4ac4-96b2-e5e9a3f06deb (type: ports) to 1 [pid: 7|app: 0|req: 892/1699] 10.0.0.42 () {34 vars in 664 bytes} [Tue Apr 28 18:32:22 2026] POST /v2.0/ports => generated 928 bytes in 411 msecs (HTTP/1.1 201) 4 headers in 162 bytes (1 switches on core 0)
2026-04-28 18:32:22.971 8 INFO neutron_taas.services.taas.taas_plugin [None req-c4ab32be-7658-4179-aae0-b67a5cd96ae8 0c77274359394ccebaa66dd2cac645b4 e0701ed84fd94d37a1e859658d600dea - - default default] TaaS: Handle Delete Port: 244ce83e-4e03-488b-ac7e-311cf40b90c0
2026-04-28 18:32:22.977 8 INFO neutron_taas.services.taas.tap_mirror_plugin [None req-c4ab32be-7658-4179-aae0-b67a5cd96ae8 0c77274359394ccebaa66dd2cac645b4 e0701ed84fd94d37a1e859658d600dea - - default default] Tap Mirror: Handle Delete Port: 244ce83e-4e03-488b-ac7e-311cf40b90c0 [pid: 7|app: 0|req: 893/1700] 10.0.0.42 () {32 vars in 672 bytes} [Tue Apr 28 18:32:22 2026] GET /v2.0/security-group-rules => generated 3560 bytes in 53 msecs (HTTP/1.1 200) 4 headers in 158 bytes (1 switches on core 0)
2026-04-28 18:32:23.132 7 INFO neutron_taas.services.taas.taas_plugin [None req-8e656506-8dcd-4ae2-84ec-b700ad19fa8a a3bc30ef6abc4844bcfa6315184881e9 c68ed5ff22a346b595f05dceb6e9cf49 - - default default] TaaS: Handle Delete Port: ff9c9c9b-81f5-4ac4-96b2-e5e9a3f06deb
2026-04-28 18:32:23.135 7 INFO neutron_taas.services.taas.tap_mirror_plugin [None req-8e656506-8dcd-4ae2-84ec-b700ad19fa8a a3bc30ef6abc4844bcfa6315184881e9 c68ed5ff22a346b595f05dceb6e9cf49 - - default default] Tap Mirror: Handle Delete Port: ff9c9c9b-81f5-4ac4-96b2-e5e9a3f06deb [pid: 8|app: 0|req: 808/1701] 10.0.0.42 () {32 vars in 731 bytes} [Tue Apr 28 18:32:22 2026] DELETE /v2.0/floatingips/588b7d2a-b953-4cb1-9dbc-5006ebf8d41f => generated 0 bytes in 351 msecs (HTTP/1.1 204) 2 headers in 112 bytes (1 switches on core 0) [pid: 7|app: 0|req: 894/1702] 10.0.0.42 () {32 vars in 719 bytes} [Tue Apr 28 18:32:23 2026] DELETE /v2.0/ports/ff9c9c9b-81f5-4ac4-96b2-e5e9a3f06deb => generated 0 bytes in 236 msecs (HTTP/1.1 204) 3 headers in 131 bytes (1 switches on core 0)
2026-04-28 18:32:23.325 8 INFO neutron.db.ovn_revision_numbers_db [None req-8f967a77-58a3-4c94-a914-b00cd6cf5951 b5aae23dcee440d5b4e170a1a458fa65 4f271a8a5d724535b9ab403dbdbfe9a4 - - default default] Successfully bumped revision number for resource 94f72b9d-d7bf-4879-b677-f341bed98d3d (type: security_group_rules) to 0 [pid: 8|app: 0|req: 809/1703] 10.0.0.42 () {34 vars in 694 bytes} [Tue Apr 28 18:32:23 2026] POST /v2.0/security-group-rules => generated 601 bytes in 199 msecs (HTTP/1.1 201) 4 headers in 162 bytes (1 switches on core 0)
2026-04-28 18:32:23.386 8 INFO neutron.pecan_wsgi.hooks.translation [None req-3897c0c9-a898-4420-97a6-c359e75ed0d8 a3bc30ef6abc4844bcfa6315184881e9 c68ed5ff22a346b595f05dceb6e9cf49 - - default default] GET failed (client error): The resource could not be found. [pid: 8|app: 0|req: 810/1704] 10.0.0.42 () {32 vars in 716 bytes} [Tue Apr 28 18:32:23 2026] GET /v2.0/ports/ff9c9c9b-81f5-4ac4-96b2-e5e9a3f06deb => generated 132 bytes in 20 msecs (HTTP/1.1 404) 4 headers in 164 bytes (1 switches on core 0) [pid: 8|app: 0|req: 811/1705] 10.0.0.42 () {32 vars in 746 bytes} [Tue Apr 28 18:32:23 2026] GET /v2.0/security-group-rules/94f72b9d-d7bf-4879-b677-f341bed98d3d => generated 601 bytes in 16 msecs (HTTP/1.1 200) 4 headers in 157 bytes (1 switches on core 0)
2026-04-28 18:32:23.507 7 WARNING neutron.scheduler.dhcp_agent_scheduler [None req-bf2eedc1-0c51-4808-9924-a2de2978681f 0c77274359394ccebaa66dd2cac645b4 e0701ed84fd94d37a1e859658d600dea - - default default] No more DHCP agents
2026-04-28 18:32:23.510 7 WARNING neutron.api.rpc.agentnotifiers.dhcp_rpc_agent_api [None req-bf2eedc1-0c51-4808-9924-a2de2978681f 0c77274359394ccebaa66dd2cac645b4 e0701ed84fd94d37a1e859658d600dea - - default default] Unable to schedule network 5df1ccf5-1cb0-4635-a7db-d126ab48731c: no agents available; will retry on subsequent port and subnet creation events. [pid: 8|app: 0|req: 812/1706] 10.0.0.42 () {32 vars in 723 bytes} [Tue Apr 28 18:32:23 2026] DELETE /v2.0/subnets/6af4565b-50fd-4464-bed8-8450fd50f7da => generated 0 bytes in 154 msecs (HTTP/1.1 204) 3 headers in 131 bytes (1 switches on core 0) [pid: 8|app: 0|req: 813/1707] 10.0.0.42 () {32 vars in 672 bytes} [Tue Apr 28 18:32:23 2026] GET /v2.0/security-group-rules => generated 4138 bytes in 73 msecs (HTTP/1.1 200) 4 headers in 158 bytes (1 switches on core 0)
2026-04-28 18:32:23.729 8 INFO neutron_taas.services.taas.taas_plugin [None req-46c1ac06-d958-499a-9916-001dfabef96d a3bc30ef6abc4844bcfa6315184881e9 c68ed5ff22a346b595f05dceb6e9cf49 - - default default] TaaS: Handle Delete Port: fba7be3c-41fe-4927-ab23-02b0ec7d5c54
2026-04-28 18:32:23.732 8 INFO neutron_taas.services.taas.tap_mirror_plugin [None req-46c1ac06-d958-499a-9916-001dfabef96d a3bc30ef6abc4844bcfa6315184881e9 c68ed5ff22a346b595f05dceb6e9cf49 - - default default] Tap Mirror: Handle Delete Port: fba7be3c-41fe-4927-ab23-02b0ec7d5c54
2026-04-28 18:32:23.900 7 WARNING neutron.plugins.ml2.drivers.ovn.mech_driver.ovsdb.ovn_client [None req-8e5ffe03-01c4-4a2e-827e-f42b94d4b97f - - - - - -] No hosting information found for port b2ebaf20-7f5f-467d-a2fa-7b932e3a8bcd: RuntimeError: No hosting information found for port b2ebaf20-7f5f-467d-a2fa-7b932e3a8bcd
2026-04-28 18:32:23.901 7 INFO neutron.plugins.ml2.drivers.ovn.mech_driver.mech_driver [None req-8e5ffe03-01c4-4a2e-827e-f42b94d4b97f - - - - - -] OVN reports status down for port: edb32824-96b5-4fd1-b17d-d10e04c3b3e3
2026-04-28 18:32:23.909 8 INFO neutron.services.segments.plugin [-] Segment e17688e8-d312-4ec3-9bf6-16d36c32b9e4 resource provider aggregate not found
2026-04-28 18:32:23.920 8 INFO neutron.services.segments.plugin [-] Segment e17688e8-d312-4ec3-9bf6-16d36c32b9e4 resource provider aggregate not found
2026-04-28 18:32:23.937 8 INFO neutron.services.segments.plugin [-] Segment e17688e8-d312-4ec3-9bf6-16d36c32b9e4 resource provider not found; error: Placement Client Error (4xx): {"errors": [{"status": 404, "title": "Not Found", "detail": "The resource could not be found.\n\n No resource provider with uuid e17688e8-d312-4ec3-9bf6-16d36c32b9e4 found for delete ", "request_id": "req-0c790981-bc96-408e-8cf2-9c7cc333ab44"}]}
2026-04-28 18:32:23.941 8 INFO neutron.services.segments.plugin [-] Segment e17688e8-d312-4ec3-9bf6-16d36c32b9e4 resource provider not found; error: Placement Client Error (4xx): {"errors": [{"status": 404, "title": "Not Found", "detail": "The resource could not be found.\n\n No resource provider with uuid e17688e8-d312-4ec3-9bf6-16d36c32b9e4 found for delete ", "request_id": "req-a42a84be-29b8-4152-a469-fbadbd091a14"}]} [pid: 8|app: 0|req: 814/1708] 10.0.0.42 () {32 vars in 725 bytes} [Tue Apr 28 18:32:23 2026] DELETE /v2.0/networks/0ffd4cbe-6b4e-4d8f-8ece-bb78213956eb => generated 0 bytes in 329 msecs (HTTP/1.1 204) 3 headers in 131 bytes (1 switches on core 0)
2026-04-28 18:32:24.021 7 WARNING neutron.plugins.ml2.drivers.ovn.mech_driver.ovsdb.ovn_client [None req-8e5ffe03-01c4-4a2e-827e-f42b94d4b97f - - - - - -] Logical_Switch_Port %s host information not removed, the port state is up
2026-04-28 18:32:24.022 7 INFO neutron.plugins.ml2.drivers.ovn.mech_driver.mech_driver [None req-8e5ffe03-01c4-4a2e-827e-f42b94d4b97f - - - - - -] OVN reports status up for port: edb32824-96b5-4fd1-b17d-d10e04c3b3e3
2026-04-28 18:32:24.044 7 INFO neutron.plugins.ml2.plugin [None req-8e5ffe03-01c4-4a2e-827e-f42b94d4b97f - - - - - -] Attempt 1 to provision port edb32824-96b5-4fd1-b17d-d10e04c3b3e3 [pid: 8|app: 0|req: 815/1709] 10.0.0.42 () {32 vars in 749 bytes} [Tue Apr 28 18:32:23 2026] DELETE /v2.0/security-group-rules/94f72b9d-d7bf-4879-b677-f341bed98d3d => generated 0 bytes in 93 msecs (HTTP/1.1 204) 2 headers in 112 bytes (1 switches on core 0)
2026-04-28 18:32:24.270 8 WARNING neutron.scheduler.dhcp_agent_scheduler [None req-f156ab45-3263-4ea1-9502-39a8d8273eab a3bc30ef6abc4844bcfa6315184881e9 c68ed5ff22a346b595f05dceb6e9cf49 - - default default] No more DHCP agents
2026-04-28 18:32:24.271 8 WARNING neutron.api.rpc.agentnotifiers.dhcp_rpc_agent_api [None req-f156ab45-3263-4ea1-9502-39a8d8273eab a3bc30ef6abc4844bcfa6315184881e9 c68ed5ff22a346b595f05dceb6e9cf49 - - default default] Unable to schedule network 0c2d46cb-56ee-4802-875d-38217e0889f1: no agents available; will retry on subsequent port and subnet creation events.
2026-04-28 18:32:24.352 8 INFO neutron.db.ovn_revision_numbers_db [None req-f156ab45-3263-4ea1-9502-39a8d8273eab a3bc30ef6abc4844bcfa6315184881e9 c68ed5ff22a346b595f05dceb6e9cf49 - - default default] Successfully bumped revision number for resource c3b9bf32-d9e5-472e-8b65-a0edd77a9954 (type: ports) to 1 [pid: 8|app: 0|req: 816/1710] 10.0.0.42 () {34 vars in 664 bytes} [Tue Apr 28 18:32:24 2026] POST /v2.0/ports => generated 778 bytes in 346 msecs (HTTP/1.1 201) 4 headers in 162 bytes (1 switches on core 0) /var/lib/openstack/lib/python3.12/site-packages/pycadf/identifier.py:70: UserWarning: Invalid uuid: neutron. To ensure interoperability, identifiers should be a valid uuid. warnings.warn(('Invalid uuid: %s. To ensure interoperability, ' [pid: 8|app: 0|req: 817/1711] 10.0.0.42 () {32 vars in 672 bytes} [Tue Apr 28 18:32:24 2026] GET /v2.0/security-group-rules => generated 3560 bytes in 58 msecs (HTTP/1.1 200) 4 headers in 158 bytes (1 switches on core 0)
2026-04-28 18:32:24.729 8 INFO neutron.db.ovn_revision_numbers_db [None req-3787f528-4fb0-44a5-badc-0a440df8f1d7 a3bc30ef6abc4844bcfa6315184881e9 c68ed5ff22a346b595f05dceb6e9cf49 - - default default] Successfully bumped revision number for resource c3b9bf32-d9e5-472e-8b65-a0edd77a9954 (type: ports) to 2 [pid: 8|app: 0|req: 818/1712] 10.0.0.42 () {34 vars in 736 bytes} [Tue Apr 28 18:32:24 2026] PUT /v2.0/ports/c3b9bf32-d9e5-472e-8b65-a0edd77a9954 => generated 752 bytes in 284 msecs (HTTP/1.1 200) 4 headers in 157 bytes (1 switches on core 0) /var/lib/openstack/lib/python3.12/site-packages/pycadf/identifier.py:70: UserWarning: Invalid uuid: neutron. To ensure interoperability, identifiers should be a valid uuid. warnings.warn(('Invalid uuid: %s. To ensure interoperability, '
2026-04-28 18:32:24.781 7 INFO neutron.db.ovn_revision_numbers_db [None req-bf2eedc1-0c51-4808-9924-a2de2978681f 0c77274359394ccebaa66dd2cac645b4 e0701ed84fd94d37a1e859658d600dea - - default default] Successfully bumped revision number for resource 96b0375e-db92-409b-99af-9c913d835bea (type: floatingips) to 1
2026-04-28 18:32:24.782 7 INFO neutron.db.l3_db [None req-bf2eedc1-0c51-4808-9924-a2de2978681f 0c77274359394ccebaa66dd2cac645b4 e0701ed84fd94d37a1e859658d600dea - - default default] Floating IP 96b0375e-db92-409b-99af-9c913d835bea associated. External IP: 10.96.250.219, port: 563266a4-1521-47ec-9b03-66a4bcf731b8.
2026-04-28 18:32:24.864 8 INFO neutron.db.ovn_revision_numbers_db [None req-5710f44d-b5a4-4420-b05f-ef2cfacf7b62 b5aae23dcee440d5b4e170a1a458fa65 4f271a8a5d724535b9ab403dbdbfe9a4 - - default default] Successfully bumped revision number for resource cdc417ae-17df-41ae-95b0-0b3fb429ba11 (type: security_group_rules) to 0 [pid: 7|app: 0|req: 895/1713] 10.0.0.42 () {34 vars in 676 bytes} [Tue Apr 28 18:32:23 2026] POST /v2.0/floatingips => generated 841 bytes in 1611 msecs (HTTP/1.1 201) 4 headers in 162 bytes (1 switches on core 0)
2026-04-28 18:32:24.879 7 INFO neutron.db.ovn_revision_numbers_db [None req-8e5ffe03-01c4-4a2e-827e-f42b94d4b97f - - - - - -] Successfully bumped revision number for resource edb32824-96b5-4fd1-b17d-d10e04c3b3e3 (type: ports) to 2 [pid: 8|app: 0|req: 819/1714] 10.0.0.42 () {34 vars in 694 bytes} [Tue Apr 28 18:32:24 2026] POST /v2.0/security-group-rules => generated 602 bytes in 154 msecs (HTTP/1.1 201) 4 headers in 162 bytes (1 switches on core 0) [pid: 8|app: 0|req: 820/1715] 10.0.0.42 () {32 vars in 728 bytes} [Tue Apr 28 18:32:24 2026] GET /v2.0/floatingips/96b0375e-db92-409b-99af-9c913d835bea => generated 843 bytes in 31 msecs (HTTP/1.1 200) 4 headers in 157 bytes (1 switches on core 0) [pid: 8|app: 0|req: 821/1716] 10.0.0.42 () {32 vars in 746 bytes} [Tue Apr 28 18:32:24 2026] GET /v2.0/security-group-rules/cdc417ae-17df-41ae-95b0-0b3fb429ba11 => generated 602 bytes in 12 msecs (HTTP/1.1 200) 4 headers in 157 bytes (1 switches on core 0) [pid: 8|app: 0|req: 822/1717] 10.0.0.42 () {32 vars in 654 bytes} [Tue Apr 28 18:32:24 2026] GET /v2.0/floatingips => generated 846 bytes in 81 msecs (HTTP/1.1 200) 4 headers in 157 bytes (1 switches on core 0)
2026-04-28 18:32:25.060 7 INFO neutron_taas.services.taas.taas_plugin [None req-c6f46e69-c565-4053-8ade-a8a0c7638e66 a3bc30ef6abc4844bcfa6315184881e9 c68ed5ff22a346b595f05dceb6e9cf49 - - default default] TaaS: Handle Delete Port: c3b9bf32-d9e5-472e-8b65-a0edd77a9954
2026-04-28 18:32:25.063 7 INFO neutron_taas.services.taas.tap_mirror_plugin [None req-c6f46e69-c565-4053-8ade-a8a0c7638e66 a3bc30ef6abc4844bcfa6315184881e9 c68ed5ff22a346b595f05dceb6e9cf49 - - default default] Tap Mirror: Handle Delete Port: c3b9bf32-d9e5-472e-8b65-a0edd77a9954 [pid: 8|app: 0|req: 823/1718] 10.0.0.42 () {32 vars in 672 bytes} [Tue Apr 28 18:32:25 2026] GET /v2.0/security-group-rules => generated 4139 bytes in 64 msecs (HTTP/1.1 200) 4 headers in 158 bytes (1 switches on core 0) [pid: 7|app: 0|req: 896/1719] 10.0.0.42 () {32 vars in 719 bytes} [Tue Apr 28 18:32:24 2026] DELETE /v2.0/ports/c3b9bf32-d9e5-472e-8b65-a0edd77a9954 => generated 0 bytes in 338 msecs (HTTP/1.1 204) 3 headers in 131 bytes (1 switches on core 0) [pid: 7|app: 0|req: 897/1720] 10.0.0.42 () {32 vars in 749 bytes} [Tue Apr 28 18:32:25 2026] DELETE /v2.0/security-group-rules/cdc417ae-17df-41ae-95b0-0b3fb429ba11 => generated 0 bytes in 107 msecs (HTTP/1.1 204) 2 headers in 112 bytes (1 switches on core 0) [pid: 7|app: 0|req: 898/1721] 10.0.0.42 () {32 vars in 642 bytes} [Tue Apr 28 18:32:25 2026] GET /v2.0/ports => generated 1538 bytes in 37 msecs (HTTP/1.1 200) 4 headers in 158 bytes (1 switches on core 0) [pid: 7|app: 0|req: 899/1722] 10.0.0.42 () {32 vars in 672 bytes} [Tue Apr 28 18:32:25 2026] GET /v2.0/security-group-rules => generated 3560 bytes in 57 msecs (HTTP/1.1 200) 4 headers in 158 bytes (1 switches on core 0)
2026-04-28 18:32:25.428 7 INFO neutron.pecan_wsgi.hooks.translation [None req-4a0f8c35-bb67-40bb-8111-30a7a6776cc7 a3bc30ef6abc4844bcfa6315184881e9 c68ed5ff22a346b595f05dceb6e9cf49 - - default default] GET failed (client error): The resource could not be found. [pid: 7|app: 0|req: 900/1723] 10.0.0.42 () {32 vars in 716 bytes} [Tue Apr 28 18:32:25 2026] GET /v2.0/ports/c3b9bf32-d9e5-472e-8b65-a0edd77a9954 => generated 132 bytes in 22 msecs (HTTP/1.1 404) 4 headers in 164 bytes (1 switches on core 0) [pid: 7|app: 0|req: 901/1724] 10.0.0.42 () {32 vars in 739 bytes} [Tue Apr 28 18:32:25 2026] DELETE /v2.0/security-groups/22faefa4-3661-4d6d-8215-52bc1ad4d913 => generated 0 bytes in 132 msecs (HTTP/1.1 204) 2 headers in 112 bytes (1 switches on core 0) [pid: 7|app: 0|req: 902/1725] 10.0.0.42 () {32 vars in 642 bytes} [Tue Apr 28 18:32:25 2026] GET /v2.0/ports => generated 1538 bytes in 34 msecs (HTTP/1.1 200) 4 headers in 158 bytes (1 switches on core 0) [pid: 7|app: 0|req: 903/1726] 10.0.0.42 () {32 vars in 662 bytes} [Tue Apr 28 18:32:25 2026] GET /v2.0/security-groups => generated 2925 bytes in 55 msecs (HTTP/1.1 200) 4 headers in 158 bytes (1 switches on core 0)
2026-04-28 18:32:25.667 8 INFO neutron.db.ovn_revision_numbers_db [None req-16581757-e367-4d25-bdb5-7ed152ef98ca 0c77274359394ccebaa66dd2cac645b4 e0701ed84fd94d37a1e859658d600dea - - default default] Successfully bumped revision number for resource 96b0375e-db92-409b-99af-9c913d835bea (type: floatingips) to 2 [pid: 7|app: 0|req: 904/1727] 10.0.0.42 () {32 vars in 716 bytes} [Tue Apr 28 18:32:25 2026] GET /v2.0/ports/8a83c31e-b76d-4046-b96a-6527721397ef => generated 779 bytes in 50 msecs (HTTP/1.1 200) 4 headers in 157 bytes (1 switches on core 0) [pid: 7|app: 0|req: 905/1728] 10.0.0.42 () {32 vars in 662 bytes} [Tue Apr 28 18:32:25 2026] GET /v2.0/security-groups => generated 2925 bytes in 38 msecs (HTTP/1.1 200) 4 headers in 158 bytes (1 switches on core 0)
2026-04-28 18:32:25.760 7 INFO neutron.pecan_wsgi.hooks.translation [None req-968a62ef-5663-4d6f-ac8e-c07f01849eda a3bc30ef6abc4844bcfa6315184881e9 c68ed5ff22a346b595f05dceb6e9cf49 - - default default] DELETE failed (client error): The resource could not be found. [pid: 7|app: 0|req: 906/1729] 10.0.0.42 () {32 vars in 719 bytes} [Tue Apr 28 18:32:25 2026] DELETE /v2.0/ports/ff9c9c9b-81f5-4ac4-96b2-e5e9a3f06deb => generated 132 bytes in 20 msecs (HTTP/1.1 404) 4 headers in 164 bytes (1 switches on core 0)
2026-04-28 18:32:25.779 7 INFO neutron.pecan_wsgi.hooks.translation [None req-a3a721b5-feaf-4cdb-9052-824d0d8c760e a3bc30ef6abc4844bcfa6315184881e9 c68ed5ff22a346b595f05dceb6e9cf49 - - default default] DELETE failed (client error): The resource could not be found. [pid: 7|app: 0|req: 907/1730] 10.0.0.42 () {32 vars in 723 bytes} [Tue Apr 28 18:32:25 2026] DELETE /v2.0/subnets/6af4565b-50fd-4464-bed8-8450fd50f7da => generated 136 bytes in 14 msecs (HTTP/1.1 404) 4 headers in 164 bytes (1 switches on core 0)
2026-04-28 18:32:25.794 8 INFO neutron.db.l3_db [None req-16581757-e367-4d25-bdb5-7ed152ef98ca 0c77274359394ccebaa66dd2cac645b4 e0701ed84fd94d37a1e859658d600dea - - default default] Floating IP 96b0375e-db92-409b-99af-9c913d835bea associated. External IP: 10.96.250.219, port: 563266a4-1521-47ec-9b03-66a4bcf731b8.
2026-04-28 18:32:25.796 7 INFO neutron.pecan_wsgi.hooks.translation [None req-351f3f78-e150-4431-9cf1-821b0f01a6d3 a3bc30ef6abc4844bcfa6315184881e9 c68ed5ff22a346b595f05dceb6e9cf49 - - default default] DELETE failed (client error): The resource could not be found. [pid: 7|app: 0|req: 908/1731] 10.0.0.42 () {32 vars in 723 bytes} [Tue Apr 28 18:32:25 2026] DELETE /v2.0/subnets/14a7dd15-e20e-4579-adc1-ee6ba0aaf8db => generated 136 bytes in 12 msecs (HTTP/1.1 404) 4 headers in 164 bytes (1 switches on core 0) [pid: 8|app: 0|req: 824/1732] 10.0.0.42 () {34 vars in 748 bytes} [Tue Apr 28 18:32:25 2026] PUT /v2.0/floatingips/96b0375e-db92-409b-99af-9c913d835bea => generated 845 bytes in 754 msecs (HTTP/1.1 200) 4 headers in 157 bytes (1 switches on core 0)
2026-04-28 18:32:25.930 7 INFO neutron_taas.services.taas.taas_plugin [None req-e66f4c7e-fbeb-4936-9c2f-bc977e13b820 a3bc30ef6abc4844bcfa6315184881e9 c68ed5ff22a346b595f05dceb6e9cf49 - - default default] TaaS: Handle Delete Port: 8a83c31e-b76d-4046-b96a-6527721397ef
2026-04-28 18:32:25.934 7 INFO neutron_taas.services.taas.tap_mirror_plugin [None req-e66f4c7e-fbeb-4936-9c2f-bc977e13b820 a3bc30ef6abc4844bcfa6315184881e9 c68ed5ff22a346b595f05dceb6e9cf49 - - default default] Tap Mirror: Handle Delete Port: 8a83c31e-b76d-4046-b96a-6527721397ef
2026-04-28 18:32:26.016 8 INFO neutron.db.ovn_revision_numbers_db [None req-dce2d5ce-e0c7-42a0-9314-1bb6ebdc3c7d 0c77274359394ccebaa66dd2cac645b4 e0701ed84fd94d37a1e859658d600dea - - default default] Successfully bumped revision number for resource 96b0375e-db92-409b-99af-9c913d835bea (type: floatingips) to 3 [pid: 7|app: 0|req: 909/1733] 10.0.0.42 () {32 vars in 719 bytes} [Tue Apr 28 18:32:25 2026] DELETE /v2.0/ports/8a83c31e-b76d-4046-b96a-6527721397ef => generated 0 bytes in 277 msecs (HTTP/1.1 204) 3 headers in 131 bytes (1 switches on core 0)
2026-04-28 18:32:26.093 8 INFO neutron.db.l3_db [None req-dce2d5ce-e0c7-42a0-9314-1bb6ebdc3c7d 0c77274359394ccebaa66dd2cac645b4 e0701ed84fd94d37a1e859658d600dea - - default default] Floating IP 96b0375e-db92-409b-99af-9c913d835bea disassociated. External IP: 10.96.250.219, port: 8c1b2eb3-f26e-44a4-b59e-7d1d7c4408e4. [pid: 8|app: 0|req: 825/1734] 10.0.0.42 () {34 vars in 748 bytes} [Tue Apr 28 18:32:25 2026] PUT /v2.0/floatingips/96b0375e-db92-409b-99af-9c913d835bea => generated 554 bytes in 279 msecs (HTTP/1.1 200) 4 headers in 157 bytes (1 switches on core 0)
2026-04-28 18:32:26.208 7 INFO neutron_taas.services.taas.taas_plugin [None req-4017605c-6499-409a-b0e1-41b40a1dffc3 a3bc30ef6abc4844bcfa6315184881e9 c68ed5ff22a346b595f05dceb6e9cf49 - - default default] TaaS: Handle Delete Port: 02cdce5f-cf5d-4cba-a914-2583f1de55f9
