2026-04-28 18:40:22.701 7 INFO neutron.db.ovn_revision_numbers_db [None req-b562ed39-3f89-43ba-84f4-80b8433fa497 - - - - - -] Successfully bumped revision number for resource 47a6721f-7518-41c7-bd14-fd3fdff30c3b (type: ports) to 6 /var/lib/openstack/lib/python3.12/site-packages/pycadf/identifier.py:70: UserWarning: Invalid uuid: neutron. To ensure interoperability, identifiers should be a valid uuid. warnings.warn(('Invalid uuid: %s. To ensure interoperability, ' [pid: 7|app: 0|req: 1861/3623] 199.204.45.22 () {34 vars in 993 bytes} [Tue Apr 28 18:40:23 2026] GET /v2.0/ports?device_id=1aedc979-719c-4405-afec-868dbca62c67 => generated 1211 bytes in 54 msecs (HTTP/1.1 200) 4 headers in 158 bytes (1 switches on core 0)
2026-04-28 18:40:23.781 8 INFO neutron_taas.services.taas.taas_plugin [req-9bcea6ed-3805-4e25-ab28-064ef077fffb req-f4d9b931-2e7c-452f-b749-b31bd7ba5151 3df97f1093a24941bbcffe0c0e38f7f3 68f89337babe473ead0cf335444d6082 - - default default] TaaS: Handle Delete Port: 47a6721f-7518-41c7-bd14-fd3fdff30c3b
2026-04-28 18:40:23.784 8 INFO neutron_taas.services.taas.tap_mirror_plugin [req-9bcea6ed-3805-4e25-ab28-064ef077fffb req-f4d9b931-2e7c-452f-b749-b31bd7ba5151 3df97f1093a24941bbcffe0c0e38f7f3 68f89337babe473ead0cf335444d6082 - - default default] Tap Mirror: Handle Delete Port: 47a6721f-7518-41c7-bd14-fd3fdff30c3b [pid: 8|app: 0|req: 1763/3624] 199.204.45.22 () {36 vars in 996 bytes} [Tue Apr 28 18:40:23 2026] DELETE /v2.0/ports/47a6721f-7518-41c7-bd14-fd3fdff30c3b => generated 0 bytes in 265 msecs (HTTP/1.1 204) 3 headers in 131 bytes (1 switches on core 0)
2026-04-28 18:40:23.990 8 INFO neutron.notifiers.nova [-] Nova event matching ['req-93d4a441-42d3-4cf1-beac-cbc375fab570'] response: {'server_uuid': '1aedc979-719c-4405-afec-868dbca62c67', 'name': 'network-vif-deleted', 'tag': '47a6721f-7518-41c7-bd14-fd3fdff30c3b', 'status': 'completed', 'code': 200}
2026-04-28 18:40:24.617 7 INFO neutron.notifiers.nova [-] Nova event matching ['req-b9f3aa60-18c8-4913-a12e-0b490d0536d3'] response: {'server_uuid': '1aedc979-719c-4405-afec-868dbca62c67', 'name': 'network-vif-unplugged', 'status': 'completed', 'tag': '47a6721f-7518-41c7-bd14-fd3fdff30c3b', 'code': 200}
2026-04-28 18:40:24.922 7 INFO neutron_taas.services.taas.taas_plugin [None req-558b8969-c6d9-459e-b7ca-f81bcef6a584 9ecf1105aa7d4e428598359dd6d148f2 ca78b47705f04f2ba54deeeae55fbb93 - - default default] TaaS: Handle Delete Port: 1332e044-eed6-4c90-9581-26133a3dfba8
2026-04-28 18:40:24.925 7 INFO neutron_taas.services.taas.tap_mirror_plugin [None req-558b8969-c6d9-459e-b7ca-f81bcef6a584 9ecf1105aa7d4e428598359dd6d148f2 ca78b47705f04f2ba54deeeae55fbb93 - - default default] Tap Mirror: Handle Delete Port: 1332e044-eed6-4c90-9581-26133a3dfba8
2026-04-28 18:40:25.227 7 INFO neutron.db.l3_db [None req-558b8969-c6d9-459e-b7ca-f81bcef6a584 9ecf1105aa7d4e428598359dd6d148f2 ca78b47705f04f2ba54deeeae55fbb93 - - default default] Floating IP 0060400a-dac5-4e9e-ad60-e8cb1e69904a disassociated (deleted). External IP: 10.96.250.201, port: bc85d3f6-853f-4c2a-b07a-2fa4c4506f60. [pid: 7|app: 0|req: 1862/3625] 10.0.0.42 () {32 vars in 731 bytes} [Tue Apr 28 18:40:24 2026] DELETE /v2.0/floatingips/0060400a-dac5-4e9e-ad60-e8cb1e69904a => generated 0 bytes in 501 msecs (HTTP/1.1 204) 2 headers in 112 bytes (1 switches on core 0)
2026-04-28 18:40:25.298 8 INFO neutron.api.v2.resource [None req-f5968582-73a1-4cb5-bd15-3c5675b8c914 9ecf1105aa7d4e428598359dd6d148f2 ca78b47705f04f2ba54deeeae55fbb93 - - default default] show failed (client error): The resource could not be found. [pid: 8|app: 0|req: 1764/3626] 10.0.0.42 () {32 vars in 728 bytes} [Tue Apr 28 18:40:25 2026] GET /v2.0/floatingips/0060400a-dac5-4e9e-ad60-e8cb1e69904a => generated 144 bytes in 26 msecs (HTTP/1.1 404) 4 headers in 164 bytes (1 switches on core 0) /var/lib/openstack/lib/python3.12/site-packages/pycadf/identifier.py:70: UserWarning: Invalid uuid: neutron. To ensure interoperability, identifiers should be a valid uuid. warnings.warn(('Invalid uuid: %s. To ensure interoperability, ' [pid: 7|app: 0|req: 1863/3627] 10.0.0.3 () {34 vars in 988 bytes} [Tue Apr 28 18:40:25 2026] GET /v2.0/ports?device_id=0e4bcaf0-587a-4189-8489-196cd8869976 => generated 1204 bytes in 129 msecs (HTTP/1.1 200) 4 headers in 158 bytes (1 switches on core 0) [pid: 8|app: 0|req: 1765/3628] 10.0.0.3 () {34 vars in 1038 bytes} [Tue Apr 28 18:40:25 2026] GET /v2.0/security-groups?id=3d333c93-38ed-4409-8c57-0c81c85c80e0&fields=id&fields=name => generated 111 bytes in 33 msecs (HTTP/1.1 200) 4 headers in 157 bytes (1 switches on core 0)
2026-04-28 18:40:26.505 8 INFO neutron.plugins.ml2.drivers.ovn.mech_driver.mech_driver [None req-35037158-550e-42cf-a05a-f63717a71165 - - - - - -] OVN reports status down for port: bc85d3f6-853f-4c2a-b07a-2fa4c4506f60
2026-04-28 18:40:26.652 8 INFO neutron.notifiers.nova [-] Nova event matching ['req-65a999ae-dfa1-40a6-94a1-af2513586295'] response: {'server_uuid': '0e4bcaf0-587a-4189-8489-196cd8869976', 'name': 'network-vif-unplugged', 'status': 'completed', 'tag': 'bc85d3f6-853f-4c2a-b07a-2fa4c4506f60', 'code': 200}
2026-04-28 18:40:26.697 7 INFO neutron.notifiers.nova [-] Nova event matching ['req-e488fa37-ee4c-45a8-b73a-7f3d26bde312'] response: {'name': 'network-changed', 'server_uuid': '0e4bcaf0-587a-4189-8489-196cd8869976', 'tag': 'bc85d3f6-853f-4c2a-b07a-2fa4c4506f60', 'status': 'completed', 'code': 200}
2026-04-28 18:40:26.836 8 INFO neutron.db.ovn_revision_numbers_db [None req-35037158-550e-42cf-a05a-f63717a71165 - - - - - -] Successfully bumped revision number for resource bc85d3f6-853f-4c2a-b07a-2fa4c4506f60 (type: ports) to 6 [pid: 7|app: 0|req: 1864/3629] 199.204.45.22 () {34 vars in 1079 bytes} [Tue Apr 28 18:40:27 2026] GET /v2.0/ports?tenant_id=ca78b47705f04f2ba54deeeae55fbb93&device_id=0e4bcaf0-587a-4189-8489-196cd8869976 => generated 1440 bytes in 40 msecs (HTTP/1.1 200) 4 headers in 158 bytes (1 switches on core 0) /var/lib/openstack/lib/python3.12/site-packages/pycadf/identifier.py:70: UserWarning: Invalid uuid: neutron. To ensure interoperability, identifiers should be a valid uuid. warnings.warn(('Invalid uuid: %s. To ensure interoperability, ' [pid: 8|app: 0|req: 1766/3630] 199.204.45.22 () {34 vars in 985 bytes} [Tue Apr 28 18:40:27 2026] GET /v2.0/networks?id=ca6feab1-bf6d-46bf-ab8c-c231b9b7ffe6 => generated 842 bytes in 58 msecs (HTTP/1.1 200) 4 headers in 157 bytes (1 switches on core 0) [pid: 7|app: 0|req: 1865/3631] 199.204.45.22 () {34 vars in 1057 bytes} [Tue Apr 28 18:40:27 2026] GET /v2.0/floatingips?fixed_ip_address=10.2.2.234&port_id=bc85d3f6-853f-4c2a-b07a-2fa4c4506f60 => generated 19 bytes in 29 msecs (HTTP/1.1 200) 4 headers in 156 bytes (1 switches on core 0) [pid: 8|app: 0|req: 1767/3632] 199.204.45.22 () {34 vars in 1105 bytes} [Tue Apr 28 18:40:27 2026] GET /v2.0/floatingips?fixed_ip_address=fd77%3A1457%3A4cf0%3A26a8%3A%3A18a&port_id=bc85d3f6-853f-4c2a-b07a-2fa4c4506f60 => generated 19 bytes in 27 msecs (HTTP/1.1 200) 4 headers in 156 bytes (1 switches on core 0) [pid: 7|app: 0|req: 1866/3633] 199.204.45.22 () {34 vars in 1063 bytes} [Tue Apr 28 18:40:27 2026] GET /v2.0/subnets?id=b1d0b4fc-4002-4350-b238-7e20a7839162&id=1ccc6c04-a22d-4fef-ac67-51b48d12e7f9 => generated 1414 bytes in 38 msecs (HTTP/1.1 200) 4 headers in 158 bytes (1 switches on core 0) [pid: 8|app: 0|req: 1768/3634] 199.204.45.22 () {34 vars in 1051 bytes} [Tue Apr 28 18:40:27 2026] GET /v2.0/ports?network_id=ca6feab1-bf6d-46bf-ab8c-c231b9b7ffe6&device_owner=network%3Adhcp => generated 12 bytes in 18 msecs (HTTP/1.1 200) 4 headers in 156 bytes (1 switches on core 0) [pid: 7|app: 0|req: 1867/3635] 199.204.45.22 () {34 vars in 1051 bytes} [Tue Apr 28 18:40:27 2026] GET /v2.0/ports?network_id=ca6feab1-bf6d-46bf-ab8c-c231b9b7ffe6&device_owner=network%3Adhcp => generated 12 bytes in 25 msecs (HTTP/1.1 200) 4 headers in 156 bytes (1 switches on core 0) [pid: 8|app: 0|req: 1769/3636] 199.204.45.22 () {34 vars in 1011 bytes} [Tue Apr 28 18:40:27 2026] GET /v2.0/networks/ca6feab1-bf6d-46bf-ab8c-c231b9b7ffe6?fields=segments => generated 14 bytes in 40 msecs (HTTP/1.1 200) 4 headers in 156 bytes (1 switches on core 0) [pid: 7|app: 0|req: 1868/3637] 199.204.45.22 () {34 vars in 1111 bytes} [Tue Apr 28 18:40:27 2026] GET /v2.0/networks/ca6feab1-bf6d-46bf-ab8c-c231b9b7ffe6?fields=provider%3Aphysical_network&fields=provider%3Anetwork_type => generated 79 bytes in 47 msecs (HTTP/1.1 200) 4 headers in 156 bytes (1 switches on core 0) [pid: 8|app: 0|req: 1770/3638] 199.204.45.22 () {34 vars in 993 bytes} [Tue Apr 28 18:40:27 2026] GET /v2.0/ports?device_id=0e4bcaf0-587a-4189-8489-196cd8869976 => generated 1202 bytes in 96 msecs (HTTP/1.1 200) 4 headers in 158 bytes (1 switches on core 0)
2026-04-28 18:40:27.938 7 INFO neutron_taas.services.taas.taas_plugin [req-e4569fcd-9fe7-4372-8c83-be7f7ad2164e req-d2942ed8-6a9d-4aa7-a90d-53760b5c69b0 9ecf1105aa7d4e428598359dd6d148f2 ca78b47705f04f2ba54deeeae55fbb93 - - default default] TaaS: Handle Delete Port: bc85d3f6-853f-4c2a-b07a-2fa4c4506f60
2026-04-28 18:40:27.942 7 INFO neutron_taas.services.taas.tap_mirror_plugin [req-e4569fcd-9fe7-4372-8c83-be7f7ad2164e req-d2942ed8-6a9d-4aa7-a90d-53760b5c69b0 9ecf1105aa7d4e428598359dd6d148f2 ca78b47705f04f2ba54deeeae55fbb93 - - default default] Tap Mirror: Handle Delete Port: bc85d3f6-853f-4c2a-b07a-2fa4c4506f60 [pid: 7|app: 0|req: 1869/3639] 199.204.45.22 () {36 vars in 996 bytes} [Tue Apr 28 18:40:27 2026] DELETE /v2.0/ports/bc85d3f6-853f-4c2a-b07a-2fa4c4506f60 => generated 0 bytes in 325 msecs (HTTP/1.1 204) 3 headers in 131 bytes (1 switches on core 0)
2026-04-28 18:40:28.701 8 INFO neutron.notifiers.nova [-] Nova event matching ['req-a117594c-88af-4fc0-847f-421764c446a6'] response: {'server_uuid': '0e4bcaf0-587a-4189-8489-196cd8869976', 'name': 'network-vif-unplugged', 'status': 'completed', 'tag': 'bc85d3f6-853f-4c2a-b07a-2fa4c4506f60', 'code': 200}
2026-04-28 18:40:28.729 7 INFO neutron.notifiers.nova [-] Nova event matching ['req-68ec7c96-5324-4fd0-b826-c683deba1a35'] response: {'server_uuid': '0e4bcaf0-587a-4189-8489-196cd8869976', 'name': 'network-vif-deleted', 'tag': 'bc85d3f6-853f-4c2a-b07a-2fa4c4506f60', 'status': 'completed', 'code': 200} [pid: 8|app: 0|req: 1771/3640] 10.0.0.3 () {34 vars in 988 bytes} [Tue Apr 28 18:40:30 2026] GET /v2.0/ports?device_id=0e4bcaf0-587a-4189-8489-196cd8869976 => generated 12 bytes in 57 msecs (HTTP/1.1 200) 4 headers in 156 bytes (1 switches on core 0)
2026-04-28 18:40:36.016 7 INFO neutron_taas.services.taas.taas_plugin [None req-dbac6a9c-14cd-41bd-a6c2-bc9433e1224d 9ecf1105aa7d4e428598359dd6d148f2 ca78b47705f04f2ba54deeeae55fbb93 - - default default] TaaS: Handle Delete Port: 373db0d5-0424-45aa-b6b0-f629e15609c2
2026-04-28 18:40:36.021 7 INFO neutron_taas.services.taas.tap_mirror_plugin [None req-dbac6a9c-14cd-41bd-a6c2-bc9433e1224d 9ecf1105aa7d4e428598359dd6d148f2 ca78b47705f04f2ba54deeeae55fbb93 - - default default] Tap Mirror: Handle Delete Port: 373db0d5-0424-45aa-b6b0-f629e15609c2
2026-04-28 18:40:36.262 7 INFO neutron.db.l3_db [None req-dbac6a9c-14cd-41bd-a6c2-bc9433e1224d 9ecf1105aa7d4e428598359dd6d148f2 ca78b47705f04f2ba54deeeae55fbb93 - - default default] Floating IP 995c792a-7164-4f4a-b075-5805b7ae2d20 disassociated (deleted). External IP: 10.96.250.214, port: a0123c48-8ab4-49ed-b17b-508a7ab1bcfe. [pid: 7|app: 0|req: 1870/3643] 10.0.0.42 () {32 vars in 731 bytes} [Tue Apr 28 18:40:35 2026] DELETE /v2.0/floatingips/995c792a-7164-4f4a-b075-5805b7ae2d20 => generated 0 bytes in 482 msecs (HTTP/1.1 204) 2 headers in 112 bytes (1 switches on core 0)
2026-04-28 18:40:36.337 8 INFO neutron.api.v2.resource [None req-6b033819-5a99-4ab6-85af-a7bf7a04b1bb 9ecf1105aa7d4e428598359dd6d148f2 ca78b47705f04f2ba54deeeae55fbb93 - - default default] show failed (client error): The resource could not be found. [pid: 8|app: 0|req: 1774/3644] 10.0.0.42 () {32 vars in 728 bytes} [Tue Apr 28 18:40:36 2026] GET /v2.0/floatingips/995c792a-7164-4f4a-b075-5805b7ae2d20 => generated 144 bytes in 24 msecs (HTTP/1.1 404) 4 headers in 164 bytes (1 switches on core 0)
2026-04-28 18:40:36.350 7 INFO neutron.notifiers.nova [-] Nova event matching ['req-6eb2e7b1-faea-4734-af92-f43387ca4465'] response: {'name': 'network-changed', 'server_uuid': 'ab4e1896-79f4-457e-be59-34a5af419c4d', 'tag': 'a0123c48-8ab4-49ed-b17b-508a7ab1bcfe', 'status': 'completed', 'code': 200} /var/lib/openstack/lib/python3.12/site-packages/pycadf/identifier.py:70: UserWarning: Invalid uuid: neutron. To ensure interoperability, identifiers should be a valid uuid. warnings.warn(('Invalid uuid: %s. To ensure interoperability, ' [pid: 7|app: 0|req: 1871/3645] 10.0.0.3 () {34 vars in 988 bytes} [Tue Apr 28 18:40:36 2026] GET /v2.0/ports?device_id=ab4e1896-79f4-457e-be59-34a5af419c4d => generated 1192 bytes in 88 msecs (HTTP/1.1 200) 4 headers in 158 bytes (1 switches on core 0) [pid: 8|app: 0|req: 1775/3646] 10.0.0.3 () {34 vars in 1038 bytes} [Tue Apr 28 18:40:36 2026] GET /v2.0/security-groups?id=3d333c93-38ed-4409-8c57-0c81c85c80e0&fields=id&fields=name => generated 111 bytes in 35 msecs (HTTP/1.1 200) 4 headers in 157 bytes (1 switches on core 0) [pid: 7|app: 0|req: 1872/3647] 199.204.45.22 () {34 vars in 1079 bytes} [Tue Apr 28 18:40:36 2026] GET /v2.0/ports?tenant_id=ca78b47705f04f2ba54deeeae55fbb93&device_id=ab4e1896-79f4-457e-be59-34a5af419c4d => generated 1430 bytes in 43 msecs (HTTP/1.1 200) 4 headers in 158 bytes (1 switches on core 0) [pid: 8|app: 0|req: 1776/3648] 199.204.45.22 () {34 vars in 985 bytes} [Tue Apr 28 18:40:36 2026] GET /v2.0/networks?id=5c00d7ba-4cc1-4126-bc12-4407a3021c26 => generated 841 bytes in 47 msecs (HTTP/1.1 200) 4 headers in 157 bytes (1 switches on core 0) [pid: 7|app: 0|req: 1873/3649] 199.204.45.22 () {34 vars in 1055 bytes} [Tue Apr 28 18:40:36 2026] GET /v2.0/floatingips?fixed_ip_address=10.2.1.51&port_id=a0123c48-8ab4-49ed-b17b-508a7ab1bcfe => generated 19 bytes in 23 msecs (HTTP/1.1 200) 4 headers in 156 bytes (1 switches on core 0) [pid: 8|app: 0|req: 1777/3650] 199.204.45.22 () {34 vars in 1101 bytes} [Tue Apr 28 18:40:36 2026] GET /v2.0/floatingips?fixed_ip_address=fd7b%3Af9f7%3Afff%3A4eca%3A%3A3c&port_id=a0123c48-8ab4-49ed-b17b-508a7ab1bcfe => generated 19 bytes in 21 msecs (HTTP/1.1 200) 4 headers in 156 bytes (1 switches on core 0) [pid: 7|app: 0|req: 1874/3651] 199.204.45.22 () {34 vars in 1063 bytes} [Tue Apr 28 18:40:37 2026] GET /v2.0/subnets?id=96a7ba4f-f6ff-492a-bd81-69d1b05b9732&id=5c6ce584-d7b3-4392-819a-30522f18829f => generated 1411 bytes in 36 msecs (HTTP/1.1 200) 4 headers in 158 bytes (1 switches on core 0) [pid: 8|app: 0|req: 1778/3652] 199.204.45.22 () {34 vars in 1051 bytes} [Tue Apr 28 18:40:37 2026] GET /v2.0/ports?network_id=5c00d7ba-4cc1-4126-bc12-4407a3021c26&device_owner=network%3Adhcp => generated 12 bytes in 22 msecs (HTTP/1.1 200) 4 headers in 156 bytes (1 switches on core 0) [pid: 7|app: 0|req: 1875/3653] 199.204.45.22 () {34 vars in 1051 bytes} [Tue Apr 28 18:40:37 2026] GET /v2.0/ports?network_id=5c00d7ba-4cc1-4126-bc12-4407a3021c26&device_owner=network%3Adhcp => generated 12 bytes in 24 msecs (HTTP/1.1 200) 4 headers in 156 bytes (1 switches on core 0) [pid: 8|app: 0|req: 1779/3654] 199.204.45.22 () {34 vars in 1011 bytes} [Tue Apr 28 18:40:37 2026] GET /v2.0/networks/5c00d7ba-4cc1-4126-bc12-4407a3021c26?fields=segments => generated 14 bytes in 64 msecs (HTTP/1.1 200) 4 headers in 156 bytes (1 switches on core 0) [pid: 7|app: 0|req: 1876/3655] 199.204.45.22 () {34 vars in 1111 bytes} [Tue Apr 28 18:40:37 2026] GET /v2.0/networks/5c00d7ba-4cc1-4126-bc12-4407a3021c26?fields=provider%3Aphysical_network&fields=provider%3Anetwork_type => generated 79 bytes in 48 msecs (HTTP/1.1 200) 4 headers in 156 bytes (1 switches on core 0)
2026-04-28 18:40:37.549 7 INFO neutron.plugins.ml2.drivers.ovn.mech_driver.mech_driver [None req-8f3957a7-4570-4cdd-bc0e-8f9336e164e4 - - - - - -] OVN reports status down for port: a0123c48-8ab4-49ed-b17b-508a7ab1bcfe
2026-04-28 18:40:37.811 7 INFO neutron.db.ovn_revision_numbers_db [None req-8f3957a7-4570-4cdd-bc0e-8f9336e164e4 - - - - - -] Successfully bumped revision number for resource a0123c48-8ab4-49ed-b17b-508a7ab1bcfe (type: ports) to 6
2026-04-28 18:40:38.390 7 INFO neutron.notifiers.nova [-] Nova event matching ['req-5d07cbf4-7e84-4093-9899-bbc184916b4f'] response: {'server_uuid': 'ab4e1896-79f4-457e-be59-34a5af419c4d', 'name': 'network-vif-unplugged', 'status': 'completed', 'tag': 'a0123c48-8ab4-49ed-b17b-508a7ab1bcfe', 'code': 200}
2026-04-28 18:40:38.391 7 INFO neutron.notifiers.nova [-] Nova event matching ['req-5d07cbf4-7e84-4093-9899-bbc184916b4f'] response: {'server_uuid': 'ab4e1896-79f4-457e-be59-34a5af419c4d', 'name': 'network-vif-unplugged', 'status': 'completed', 'tag': 'a0123c48-8ab4-49ed-b17b-508a7ab1bcfe', 'code': 200} [pid: 8|app: 0|req: 1780/3656] 199.204.45.22 () {34 vars in 993 bytes} [Tue Apr 28 18:40:38 2026] GET /v2.0/ports?device_id=ab4e1896-79f4-457e-be59-34a5af419c4d => generated 1190 bytes in 108 msecs (HTTP/1.1 200) 4 headers in 158 bytes (1 switches on core 0) /var/lib/openstack/lib/python3.12/site-packages/pycadf/identifier.py:70: UserWarning: Invalid uuid: neutron. To ensure interoperability, identifiers should be a valid uuid. warnings.warn(('Invalid uuid: %s. To ensure interoperability, '
2026-04-28 18:40:39.008 7 INFO neutron_taas.services.taas.taas_plugin [req-7e762d26-edf7-4693-a09c-3b10192c6f98 req-691b04a4-82b6-4ea2-a533-06c4936a38a1 9ecf1105aa7d4e428598359dd6d148f2 ca78b47705f04f2ba54deeeae55fbb93 - - default default] TaaS: Handle Delete Port: a0123c48-8ab4-49ed-b17b-508a7ab1bcfe
2026-04-28 18:40:39.012 7 INFO neutron_taas.services.taas.tap_mirror_plugin [req-7e762d26-edf7-4693-a09c-3b10192c6f98 req-691b04a4-82b6-4ea2-a533-06c4936a38a1 9ecf1105aa7d4e428598359dd6d148f2 ca78b47705f04f2ba54deeeae55fbb93 - - default default] Tap Mirror: Handle Delete Port: a0123c48-8ab4-49ed-b17b-508a7ab1bcfe [pid: 7|app: 0|req: 1877/3657] 199.204.45.22 () {36 vars in 996 bytes} [Tue Apr 28 18:40:38 2026] DELETE /v2.0/ports/a0123c48-8ab4-49ed-b17b-508a7ab1bcfe => generated 0 bytes in 306 msecs (HTTP/1.1 204) 3 headers in 131 bytes (1 switches on core 0)
2026-04-28 18:40:40.430 7 INFO neutron.notifiers.nova [-] Nova event matching ['req-d684e55b-7fb6-49d1-a128-e49db74e3dd8'] response: {'server_uuid': 'ab4e1896-79f4-457e-be59-34a5af419c4d', 'name': 'network-vif-deleted', 'tag': 'a0123c48-8ab4-49ed-b17b-508a7ab1bcfe', 'status': 'completed', 'code': 200} [pid: 8|app: 0|req: 1781/3658] 10.0.0.3 () {34 vars in 988 bytes} [Tue Apr 28 18:40:41 2026] GET /v2.0/ports?device_id=ab4e1896-79f4-457e-be59-34a5af419c4d => generated 12 bytes in 24 msecs (HTTP/1.1 200) 4 headers in 156 bytes (1 switches on core 0) [pid: 7|app: 0|req: 1878/3659] 10.0.0.42 () {32 vars in 749 bytes} [Tue Apr 28 18:40:46 2026] DELETE /v2.0/security-group-rules/203ce9b8-e6b1-46a2-9fdd-035fa87840f7 => generated 0 bytes in 166 msecs (HTTP/1.1 204) 2 headers in 112 bytes (1 switches on core 0)
2026-04-28 18:40:46.989 8 INFO neutron.api.v2.resource [None req-3b6828c7-513f-49ac-859c-6005ea855167 9ecf1105aa7d4e428598359dd6d148f2 ca78b47705f04f2ba54deeeae55fbb93 - - default default] show failed (client error): The resource could not be found. [pid: 8|app: 0|req: 1782/3660] 10.0.0.42 () {32 vars in 746 bytes} [Tue Apr 28 18:40:46 2026] GET /v2.0/security-group-rules/203ce9b8-e6b1-46a2-9fdd-035fa87840f7 => generated 155 bytes in 18 msecs (HTTP/1.1 404) 4 headers in 164 bytes (1 switches on core 0) [pid: 7|app: 0|req: 1879/3661] 10.0.0.42 () {32 vars in 749 bytes} [Tue Apr 28 18:40:46 2026] DELETE /v2.0/security-group-rules/252836e1-02b0-4472-8623-19feb8b0bc4a => generated 0 bytes in 148 msecs (HTTP/1.1 204) 2 headers in 112 bytes (1 switches on core 0)
2026-04-28 18:40:47.159 8 INFO neutron.api.v2.resource [None req-13ec1189-429c-419c-8fb9-0e6b96af9a42 9ecf1105aa7d4e428598359dd6d148f2 ca78b47705f04f2ba54deeeae55fbb93 - - default default] show failed (client error): The resource could not be found. [pid: 8|app: 0|req: 1783/3662] 10.0.0.42 () {32 vars in 746 bytes} [Tue Apr 28 18:40:47 2026] GET /v2.0/security-group-rules/252836e1-02b0-4472-8623-19feb8b0bc4a => generated 155 bytes in 15 msecs (HTTP/1.1 404) 4 headers in 164 bytes (1 switches on core 0) [pid: 7|app: 0|req: 1880/3663] 10.0.0.42 () {32 vars in 749 bytes} [Tue Apr 28 18:40:47 2026] DELETE /v2.0/security-group-rules/026075d2-5f07-4f4f-b43d-3ea6cb5b54b5 => generated 0 bytes in 148 msecs (HTTP/1.1 204) 2 headers in 112 bytes (1 switches on core 0)
2026-04-28 18:40:47.334 8 INFO neutron.api.v2.resource [None req-ed976096-bcc1-43a3-8b5f-f8c960a1ab9e 9ecf1105aa7d4e428598359dd6d148f2 ca78b47705f04f2ba54deeeae55fbb93 - - default default] show failed (client error): The resource could not be found. [pid: 8|app: 0|req: 1784/3664] 10.0.0.42 () {32 vars in 746 bytes} [Tue Apr 28 18:40:47 2026] GET /v2.0/security-group-rules/026075d2-5f07-4f4f-b43d-3ea6cb5b54b5 => generated 155 bytes in 18 msecs (HTTP/1.1 404) 4 headers in 164 bytes (1 switches on core 0) [pid: 7|app: 0|req: 1881/3665] 10.0.0.42 () {32 vars in 749 bytes} [Tue Apr 28 18:40:47 2026] DELETE /v2.0/security-group-rules/938b082f-2dfd-4671-8366-55f0326f9b77 => generated 0 bytes in 145 msecs (HTTP/1.1 204) 2 headers in 112 bytes (1 switches on core 0)
2026-04-28 18:40:47.505 8 INFO neutron.api.v2.resource [None req-0fcd6e21-407b-423d-9d2d-cdfd4b050a81 9ecf1105aa7d4e428598359dd6d148f2 ca78b47705f04f2ba54deeeae55fbb93 - - default default] show failed (client error): The resource could not be found. [pid: 8|app: 0|req: 1785/3666] 10.0.0.42 () {32 vars in 746 bytes} [Tue Apr 28 18:40:47 2026] GET /v2.0/security-group-rules/938b082f-2dfd-4671-8366-55f0326f9b77 => generated 155 bytes in 16 msecs (HTTP/1.1 404) 4 headers in 164 bytes (1 switches on core 0) [pid: 7|app: 0|req: 1882/3667] 10.0.0.42 () {32 vars in 749 bytes} [Tue Apr 28 18:40:47 2026] DELETE /v2.0/security-group-rules/b53a4a21-d746-4170-a4b3-fc95269e2d7a => generated 0 bytes in 127 msecs (HTTP/1.1 204) 2 headers in 112 bytes (1 switches on core 0)
2026-04-28 18:40:47.654 8 INFO neutron.api.v2.resource [None req-2568166a-e333-48d9-b55a-6dc43f2acf89 9ecf1105aa7d4e428598359dd6d148f2 ca78b47705f04f2ba54deeeae55fbb93 - - default default] show failed (client error): The resource could not be found. [pid: 8|app: 0|req: 1786/3668] 10.0.0.42 () {32 vars in 746 bytes} [Tue Apr 28 18:40:47 2026] GET /v2.0/security-group-rules/b53a4a21-d746-4170-a4b3-fc95269e2d7a => generated 155 bytes in 12 msecs (HTTP/1.1 404) 4 headers in 164 bytes (1 switches on core 0) [pid: 7|app: 0|req: 1883/3669] 10.0.0.42 () {32 vars in 749 bytes} [Tue Apr 28 18:40:47 2026] DELETE /v2.0/security-group-rules/ac0c387c-ffb6-443d-8655-1b7967862c2d => generated 0 bytes in 134 msecs (HTTP/1.1 204) 2 headers in 112 bytes (1 switches on core 0)
2026-04-28 18:40:47.812 8 INFO neutron.api.v2.resource [None req-a991c84a-ac71-4ffe-8447-0c28675c2938 9ecf1105aa7d4e428598359dd6d148f2 ca78b47705f04f2ba54deeeae55fbb93 - - default default] show failed (client error): The resource could not be found. [pid: 8|app: 0|req: 1787/3670] 10.0.0.42 () {32 vars in 746 bytes} [Tue Apr 28 18:40:47 2026] GET /v2.0/security-group-rules/ac0c387c-ffb6-443d-8655-1b7967862c2d => generated 155 bytes in 14 msecs (HTTP/1.1 404) 4 headers in 164 bytes (1 switches on core 0) [pid: 7|app: 0|req: 1884/3671] 10.0.0.42 () {32 vars in 749 bytes} [Tue Apr 28 18:40:47 2026] DELETE /v2.0/security-group-rules/f2421224-83c9-4d21-bc47-100964ca90e0 => generated 0 bytes in 179 msecs (HTTP/1.1 204) 2 headers in 112 bytes (1 switches on core 0)
2026-04-28 18:40:48.014 8 INFO neutron.api.v2.resource [None req-9a71c9e6-033e-42d4-a582-48daf3de33df 9ecf1105aa7d4e428598359dd6d148f2 ca78b47705f04f2ba54deeeae55fbb93 - - default default] show failed (client error): The resource could not be found. [pid: 8|app: 0|req: 1788/3672] 10.0.0.42 () {32 vars in 746 bytes} [Tue Apr 28 18:40:48 2026] GET /v2.0/security-group-rules/f2421224-83c9-4d21-bc47-100964ca90e0 => generated 155 bytes in 13 msecs (HTTP/1.1 404) 4 headers in 164 bytes (1 switches on core 0) [pid: 7|app: 0|req: 1885/3673] 10.0.0.42 () {32 vars in 749 bytes} [Tue Apr 28 18:40:48 2026] DELETE /v2.0/security-group-rules/aa586532-6087-4374-94eb-74ea653fac81 => generated 0 bytes in 132 msecs (HTTP/1.1 204) 2 headers in 112 bytes (1 switches on core 0)
2026-04-28 18:40:48.170 8 INFO neutron.api.v2.resource [None req-08a26100-8566-4163-bd77-d581a5f84b54 9ecf1105aa7d4e428598359dd6d148f2 ca78b47705f04f2ba54deeeae55fbb93 - - default default] show failed (client error): The resource could not be found. [pid: 8|app: 0|req: 1789/3674] 10.0.0.42 () {32 vars in 746 bytes} [Tue Apr 28 18:40:48 2026] GET /v2.0/security-group-rules/aa586532-6087-4374-94eb-74ea653fac81 => generated 155 bytes in 14 msecs (HTTP/1.1 404) 4 headers in 164 bytes (1 switches on core 0) [pid: 7|app: 0|req: 1886/3675] 10.0.0.42 () {32 vars in 749 bytes} [Tue Apr 28 18:40:48 2026] DELETE /v2.0/security-group-rules/dfc5106e-46bf-40de-abd0-97e0908b206c => generated 0 bytes in 111 msecs (HTTP/1.1 204) 2 headers in 112 bytes (1 switches on core 0)
2026-04-28 18:40:48.307 8 INFO neutron.api.v2.resource [None req-d964e292-b2b5-4744-92ae-5e7371063088 9ecf1105aa7d4e428598359dd6d148f2 ca78b47705f04f2ba54deeeae55fbb93 - - default default] show failed (client error): The resource could not be found. [pid: 8|app: 0|req: 1790/3676] 10.0.0.42 () {32 vars in 746 bytes} [Tue Apr 28 18:40:48 2026] GET /v2.0/security-group-rules/dfc5106e-46bf-40de-abd0-97e0908b206c => generated 155 bytes in 16 msecs (HTTP/1.1 404) 4 headers in 164 bytes (1 switches on core 0) [pid: 7|app: 0|req: 1887/3677] 10.0.0.42 () {32 vars in 749 bytes} [Tue Apr 28 18:40:48 2026] DELETE /v2.0/security-group-rules/4983775c-cc19-4e5f-9bb3-38da668f61f1 => generated 0 bytes in 123 msecs (HTTP/1.1 204) 2 headers in 112 bytes (1 switches on core 0)
2026-04-28 18:40:48.460 8 INFO neutron.api.v2.resource [None req-e45a2a6e-5c19-49f7-a8a9-ebf0688688c9 9ecf1105aa7d4e428598359dd6d148f2 ca78b47705f04f2ba54deeeae55fbb93 - - default default] show failed (client error): The resource could not be found. [pid: 8|app: 0|req: 1791/3678] 10.0.0.42 () {32 vars in 746 bytes} [Tue Apr 28 18:40:48 2026] GET /v2.0/security-group-rules/4983775c-cc19-4e5f-9bb3-38da668f61f1 => generated 155 bytes in 20 msecs (HTTP/1.1 404) 4 headers in 164 bytes (1 switches on core 0) [pid: 7|app: 0|req: 1888/3679] 10.0.0.42 () {32 vars in 749 bytes} [Tue Apr 28 18:40:48 2026] DELETE /v2.0/security-group-rules/8fa1abd9-ec26-42c5-8b2c-f59303eab812 => generated 0 bytes in 195 msecs (HTTP/1.1 204) 2 headers in 112 bytes (1 switches on core 0)
2026-04-28 18:40:48.679 8 INFO neutron.api.v2.resource [None req-3d7edd55-eb82-41e4-8ad1-9ac58d338d10 9ecf1105aa7d4e428598359dd6d148f2 ca78b47705f04f2ba54deeeae55fbb93 - - default default] show failed (client error): The resource could not be found. [pid: 8|app: 0|req: 1792/3680] 10.0.0.42 () {32 vars in 746 bytes} [Tue Apr 28 18:40:48 2026] GET /v2.0/security-group-rules/8fa1abd9-ec26-42c5-8b2c-f59303eab812 => generated 155 bytes in 15 msecs (HTTP/1.1 404) 4 headers in 164 bytes (1 switches on core 0) [pid: 7|app: 0|req: 1889/3681] 10.0.0.42 () {32 vars in 739 bytes} [Tue Apr 28 18:40:48 2026] DELETE /v2.0/security-groups/3d333c93-38ed-4409-8c57-0c81c85c80e0 => generated 0 bytes in 157 msecs (HTTP/1.1 204) 2 headers in 112 bytes (1 switches on core 0)
2026-04-28 18:40:48.861 8 INFO neutron.api.v2.resource [None req-9f8179b9-8a15-4953-ad9d-0d08031f4ce8 9ecf1105aa7d4e428598359dd6d148f2 ca78b47705f04f2ba54deeeae55fbb93 - - default default] show failed (client error): The resource could not be found. [pid: 8|app: 0|req: 1793/3682] 10.0.0.42 () {32 vars in 736 bytes} [Tue Apr 28 18:40:48 2026] GET /v2.0/security-groups/3d333c93-38ed-4409-8c57-0c81c85c80e0 => generated 146 bytes in 16 msecs (HTTP/1.1 404) 4 headers in 164 bytes (1 switches on core 0)
2026-04-28 18:40:49.215 7 INFO neutron_taas.services.taas.taas_plugin [None req-02b2cbaa-9fb8-4804-8ef2-3054ce74d6e5 9ecf1105aa7d4e428598359dd6d148f2 ca78b47705f04f2ba54deeeae55fbb93 - - default default] TaaS: Handle Delete Port: b59dcb35-dba2-479c-9ba7-da40fdb542f3
2026-04-28 18:40:49.220 7 INFO neutron_taas.services.taas.tap_mirror_plugin [None req-02b2cbaa-9fb8-4804-8ef2-3054ce74d6e5 9ecf1105aa7d4e428598359dd6d148f2 ca78b47705f04f2ba54deeeae55fbb93 - - default default] Tap Mirror: Handle Delete Port: b59dcb35-dba2-479c-9ba7-da40fdb542f3 [pid: 7|app: 0|req: 1890/3683] 10.0.0.42 () {34 vars in 788 bytes} [Tue Apr 28 18:40:48 2026] PUT /v2.0/routers/d1f0a725-5938-4aeb-8c37-4d5dcc98269a/remove_router_interface => generated 309 bytes in 888 msecs (HTTP/1.1 200) 4 headers in 157 bytes (1 switches on core 0)
2026-04-28 18:40:49.908 8 INFO neutron.api.v2.resource [None req-99c855ae-c965-4a3a-975e-bcefdff1a07d 9ecf1105aa7d4e428598359dd6d148f2 ca78b47705f04f2ba54deeeae55fbb93 - - default default] remove_router_interface failed (client error): The resource could not be found. [pid: 8|app: 0|req: 1794/3684] 10.0.0.42 () {34 vars in 788 bytes} [Tue Apr 28 18:40:49 2026] PUT /v2.0/routers/d1f0a725-5938-4aeb-8c37-4d5dcc98269a/remove_router_interface => generated 198 bytes in 102 msecs (HTTP/1.1 404) 4 headers in 164 bytes (1 switches on core 0) /var/lib/openstack/lib/python3.12/site-packages/pycadf/identifier.py:70: UserWarning: Invalid uuid: neutron. To ensure interoperability, identifiers should be a valid uuid. warnings.warn(('Invalid uuid: %s. To ensure interoperability, '
2026-04-28 18:40:50.251 7 INFO neutron_taas.services.taas.taas_plugin [None req-feaf19e0-4888-446e-8cb5-c350eff0fdb3 9ecf1105aa7d4e428598359dd6d148f2 ca78b47705f04f2ba54deeeae55fbb93 - - default default] TaaS: Handle Delete Port: 7149fa38-3125-4c20-95dc-12583773b22c
2026-04-28 18:40:50.256 7 INFO neutron_taas.services.taas.tap_mirror_plugin [None req-feaf19e0-4888-446e-8cb5-c350eff0fdb3 9ecf1105aa7d4e428598359dd6d148f2 ca78b47705f04f2ba54deeeae55fbb93 - - default default] Tap Mirror: Handle Delete Port: 7149fa38-3125-4c20-95dc-12583773b22c [pid: 7|app: 0|req: 1891/3685] 10.0.0.42 () {34 vars in 788 bytes} [Tue Apr 28 18:40:49 2026] PUT /v2.0/routers/d1f0a725-5938-4aeb-8c37-4d5dcc98269a/remove_router_interface => generated 309 bytes in 929 msecs (HTTP/1.1 200) 4 headers in 157 bytes (1 switches on core 0)
2026-04-28 18:40:50.954 8 INFO neutron.api.v2.resource [None req-4476d11b-0f31-4efa-90d4-4353b55684c9 9ecf1105aa7d4e428598359dd6d148f2 ca78b47705f04f2ba54deeeae55fbb93 - - default default] remove_router_interface failed (client error): The resource could not be found. [pid: 8|app: 0|req: 1795/3686] 10.0.0.42 () {34 vars in 788 bytes} [Tue Apr 28 18:40:50 2026] PUT /v2.0/routers/d1f0a725-5938-4aeb-8c37-4d5dcc98269a/remove_router_interface => generated 198 bytes in 106 msecs (HTTP/1.1 404) 4 headers in 164 bytes (1 switches on core 0) /var/lib/openstack/lib/python3.12/site-packages/pycadf/identifier.py:70: UserWarning: Invalid uuid: neutron. To ensure interoperability, identifiers should be a valid uuid. warnings.warn(('Invalid uuid: %s. To ensure interoperability, '
2026-04-28 18:40:51.252 7 INFO neutron_taas.services.taas.taas_plugin [None req-93fea620-f8f3-4ea6-8e74-1a98750858b5 9ecf1105aa7d4e428598359dd6d148f2 ca78b47705f04f2ba54deeeae55fbb93 - - default default] TaaS: Handle Delete Port: 7e295fbf-f7d4-4d81-8af3-1631b32ed563
2026-04-28 18:40:51.255 7 INFO neutron_taas.services.taas.tap_mirror_plugin [None req-93fea620-f8f3-4ea6-8e74-1a98750858b5 9ecf1105aa7d4e428598359dd6d148f2 ca78b47705f04f2ba54deeeae55fbb93 - - default default] Tap Mirror: Handle Delete Port: 7e295fbf-f7d4-4d81-8af3-1631b32ed563 [pid: 7|app: 0|req: 1892/3689] 10.0.0.42 () {34 vars in 788 bytes} [Tue Apr 28 18:40:50 2026] PUT /v2.0/routers/d1f0a725-5938-4aeb-8c37-4d5dcc98269a/remove_router_interface => generated 309 bytes in 839 msecs (HTTP/1.1 200) 4 headers in 157 bytes (1 switches on core 0)
2026-04-28 18:40:51.903 8 INFO neutron.api.v2.resource [None req-4f431519-98e1-4aa6-baf9-c6aa590953bc 9ecf1105aa7d4e428598359dd6d148f2 ca78b47705f04f2ba54deeeae55fbb93 - - default default] remove_router_interface failed (client error): The resource could not be found. [pid: 8|app: 0|req: 1798/3690] 10.0.0.42 () {34 vars in 788 bytes} [Tue Apr 28 18:40:51 2026] PUT /v2.0/routers/d1f0a725-5938-4aeb-8c37-4d5dcc98269a/remove_router_interface => generated 198 bytes in 99 msecs (HTTP/1.1 404) 4 headers in 164 bytes (1 switches on core 0) /var/lib/openstack/lib/python3.12/site-packages/pycadf/identifier.py:70: UserWarning: Invalid uuid: neutron. To ensure interoperability, identifiers should be a valid uuid. warnings.warn(('Invalid uuid: %s. To ensure interoperability, '
2026-04-28 18:40:52.264 7 INFO neutron_taas.services.taas.taas_plugin [None req-bbcd91b2-5b30-4b17-8455-e20281eaaf53 9ecf1105aa7d4e428598359dd6d148f2 ca78b47705f04f2ba54deeeae55fbb93 - - default default] TaaS: Handle Delete Port: 9dab139d-d99a-4d6a-8e1c-6b2598d0c5dd
2026-04-28 18:40:52.267 7 INFO neutron_taas.services.taas.tap_mirror_plugin [None req-bbcd91b2-5b30-4b17-8455-e20281eaaf53 9ecf1105aa7d4e428598359dd6d148f2 ca78b47705f04f2ba54deeeae55fbb93 - - default default] Tap Mirror: Handle Delete Port: 9dab139d-d99a-4d6a-8e1c-6b2598d0c5dd [pid: 7|app: 0|req: 1893/3691] 10.0.0.42 () {32 vars in 723 bytes} [Tue Apr 28 18:40:51 2026] DELETE /v2.0/routers/d1f0a725-5938-4aeb-8c37-4d5dcc98269a => generated 0 bytes in 802 msecs (HTTP/1.1 204) 2 headers in 112 bytes (1 switches on core 0)
2026-04-28 18:40:52.738 8 INFO neutron.api.v2.resource [None req-a548de24-0911-4cc5-8535-300dc9935472 9ecf1105aa7d4e428598359dd6d148f2 ca78b47705f04f2ba54deeeae55fbb93 - - default default] show failed (client error): The resource could not be found. [pid: 8|app: 0|req: 1799/3692] 10.0.0.42 () {32 vars in 720 bytes} [Tue Apr 28 18:40:52 2026] GET /v2.0/routers/d1f0a725-5938-4aeb-8c37-4d5dcc98269a => generated 135 bytes in 21 msecs (HTTP/1.1 404) 4 headers in 164 bytes (1 switches on core 0) [pid: 7|app: 0|req: 1894/3693] 10.0.0.42 () {32 vars in 723 bytes} [Tue Apr 28 18:40:52 2026] DELETE /v2.0/subnets/b1d0b4fc-4002-4350-b238-7e20a7839162 => generated 0 bytes in 169 msecs (HTTP/1.1 204) 3 headers in 131 bytes (1 switches on core 0)
2026-04-28 18:40:52.942 8 INFO neutron.pecan_wsgi.hooks.translation [None req-470149e1-6348-44cd-bc85-8cb4c997d363 9ecf1105aa7d4e428598359dd6d148f2 ca78b47705f04f2ba54deeeae55fbb93 - - default default] GET failed (client error): The resource could not be found. [pid: 8|app: 0|req: 1800/3694] 10.0.0.42 () {32 vars in 720 bytes} [Tue Apr 28 18:40:52 2026] GET /v2.0/subnets/b1d0b4fc-4002-4350-b238-7e20a7839162 => generated 136 bytes in 19 msecs (HTTP/1.1 404) 4 headers in 164 bytes (1 switches on core 0) [pid: 7|app: 0|req: 1895/3695] 10.0.0.42 () {32 vars in 723 bytes} [Tue Apr 28 18:40:52 2026] DELETE /v2.0/subnets/1ccc6c04-a22d-4fef-ac67-51b48d12e7f9 => generated 0 bytes in 163 msecs (HTTP/1.1 204) 3 headers in 131 bytes (1 switches on core 0)
2026-04-28 18:40:53.134 8 INFO neutron.pecan_wsgi.hooks.translation [None req-cb794267-a153-4230-b8b4-e296c162d3a6 9ecf1105aa7d4e428598359dd6d148f2 ca78b47705f04f2ba54deeeae55fbb93 - - default default] GET failed (client error): The resource could not be found. [pid: 8|app: 0|req: 1801/3696] 10.0.0.42 () {32 vars in 720 bytes} [Tue Apr 28 18:40:53 2026] GET /v2.0/subnets/1ccc6c04-a22d-4fef-ac67-51b48d12e7f9 => generated 136 bytes in 16 msecs (HTTP/1.1 404) 4 headers in 164 bytes (1 switches on core 0)
2026-04-28 18:40:53.262 7 INFO neutron_taas.services.taas.taas_plugin [None req-e2335ff9-8428-4ec8-82d2-d4138b29f83b 9ecf1105aa7d4e428598359dd6d148f2 ca78b47705f04f2ba54deeeae55fbb93 - - default default] TaaS: Handle Delete Port: 3cc3827c-d417-441d-99ba-e66a2e776d3e
2026-04-28 18:40:53.266 7 INFO neutron_taas.services.taas.tap_mirror_plugin [None req-e2335ff9-8428-4ec8-82d2-d4138b29f83b 9ecf1105aa7d4e428598359dd6d148f2 ca78b47705f04f2ba54deeeae55fbb93 - - default default] Tap Mirror: Handle Delete Port: 3cc3827c-d417-441d-99ba-e66a2e776d3e
2026-04-28 18:40:53.476 7 INFO neutron.services.segments.plugin [-] Segment 73295876-fb4e-45b2-8750-e4978711ea2b resource provider aggregate not found
2026-04-28 18:40:53.480 7 INFO neutron.services.segments.plugin [-] Segment 73295876-fb4e-45b2-8750-e4978711ea2b resource provider aggregate not found
2026-04-28 18:40:53.497 7 INFO neutron.services.segments.plugin [-] Segment 73295876-fb4e-45b2-8750-e4978711ea2b resource provider not found; error: Placement Client Error (4xx): {"errors": [{"status": 404, "title": "Not Found", "detail": "The resource could not be found.\n\n No resource provider with uuid 73295876-fb4e-45b2-8750-e4978711ea2b found for delete ", "request_id": "req-8a793f0b-f89f-4c04-b516-632a4d025e97"}]}
2026-04-28 18:40:53.498 7 INFO neutron.services.segments.plugin [-] Segment 73295876-fb4e-45b2-8750-e4978711ea2b resource provider not found; error: Placement Client Error (4xx): {"errors": [{"status": 404, "title": "Not Found", "detail": "The resource could not be found.\n\n No resource provider with uuid 73295876-fb4e-45b2-8750-e4978711ea2b found for delete ", "request_id": "req-c13326b3-53d9-4ad1-a077-0450169dbd63"}]} [pid: 7|app: 0|req: 1896/3697] 10.0.0.42 () {32 vars in 725 bytes} [Tue Apr 28 18:40:53 2026] DELETE /v2.0/networks/ca6feab1-bf6d-46bf-ab8c-c231b9b7ffe6 => generated 0 bytes in 391 msecs (HTTP/1.1 204) 3 headers in 131 bytes (1 switches on core 0)
2026-04-28 18:40:53.553 8 INFO neutron.pecan_wsgi.hooks.translation [None req-67eee0c9-7613-4cd3-aea3-d6524e0eea75 9ecf1105aa7d4e428598359dd6d148f2 ca78b47705f04f2ba54deeeae55fbb93 - - default default] GET failed (client error): The resource could not be found. [pid: 8|app: 0|req: 1802/3698] 10.0.0.42 () {32 vars in 722 bytes} [Tue Apr 28 18:40:53 2026] GET /v2.0/networks/ca6feab1-bf6d-46bf-ab8c-c231b9b7ffe6 => generated 138 bytes in 18 msecs (HTTP/1.1 404) 4 headers in 164 bytes (1 switches on core 0) [pid: 7|app: 0|req: 1897/3699] 10.0.0.42 () {32 vars in 723 bytes} [Tue Apr 28 18:40:53 2026] DELETE /v2.0/subnets/5c6ce584-d7b3-4392-819a-30522f18829f => generated 0 bytes in 139 msecs (HTTP/1.1 204) 3 headers in 131 bytes (1 switches on core 0)
2026-04-28 18:40:53.719 8 INFO neutron.pecan_wsgi.hooks.translation [None req-0df4a6f2-56bc-4cee-8244-5c749905e956 9ecf1105aa7d4e428598359dd6d148f2 ca78b47705f04f2ba54deeeae55fbb93 - - default default] GET failed (client error): The resource could not be found. [pid: 8|app: 0|req: 1803/3700] 10.0.0.42 () {32 vars in 720 bytes} [Tue Apr 28 18:40:53 2026] GET /v2.0/subnets/5c6ce584-d7b3-4392-819a-30522f18829f => generated 136 bytes in 15 msecs (HTTP/1.1 404) 4 headers in 164 bytes (1 switches on core 0) [pid: 7|app: 0|req: 1898/3701] 10.0.0.42 () {32 vars in 723 bytes} [Tue Apr 28 18:40:53 2026] DELETE /v2.0/subnets/96a7ba4f-f6ff-492a-bd81-69d1b05b9732 => generated 0 bytes in 172 msecs (HTTP/1.1 204) 3 headers in 131 bytes (1 switches on core 0)
2026-04-28 18:40:53.918 8 INFO neutron.pecan_wsgi.hooks.translation [None req-be144b5f-1c09-42c3-9a44-7c23749ecbe6 9ecf1105aa7d4e428598359dd6d148f2 ca78b47705f04f2ba54deeeae55fbb93 - - default default] GET failed (client error): The resource could not be found. [pid: 8|app: 0|req: 1804/3702] 10.0.0.42 () {32 vars in 720 bytes} [Tue Apr 28 18:40:53 2026] GET /v2.0/subnets/96a7ba4f-f6ff-492a-bd81-69d1b05b9732 => generated 136 bytes in 19 msecs (HTTP/1.1 404) 4 headers in 164 bytes (1 switches on core 0)
2026-04-28 18:40:54.057 7 INFO neutron_taas.services.taas.taas_plugin [None req-0b40624a-b40f-4800-b0ed-b4353c199ed9 9ecf1105aa7d4e428598359dd6d148f2 ca78b47705f04f2ba54deeeae55fbb93 - - default default] TaaS: Handle Delete Port: 600deb20-f671-45c2-be43-f14c70cd9c52
2026-04-28 18:40:54.061 7 INFO neutron_taas.services.taas.tap_mirror_plugin [None req-0b40624a-b40f-4800-b0ed-b4353c199ed9 9ecf1105aa7d4e428598359dd6d148f2 ca78b47705f04f2ba54deeeae55fbb93 - - default default] Tap Mirror: Handle Delete Port: 600deb20-f671-45c2-be43-f14c70cd9c52 [pid: 7|app: 0|req: 1899/3703] 10.0.0.42 () {32 vars in 725 bytes} [Tue Apr 28 18:40:53 2026] DELETE /v2.0/networks/5c00d7ba-4cc1-4126-bc12-4407a3021c26 => generated 0 bytes in 360 msecs (HTTP/1.1 204) 3 headers in 131 bytes (1 switches on core 0)
2026-04-28 18:40:54.310 8 INFO neutron.pecan_wsgi.hooks.translation [None req-7af289d8-f9ee-4feb-97e9-7dfbf354f107 9ecf1105aa7d4e428598359dd6d148f2 ca78b47705f04f2ba54deeeae55fbb93 - - default default] GET failed (client error): The resource could not be found. [pid: 8|app: 0|req: 1805/3704] 10.0.0.42 () {32 vars in 722 bytes} [Tue Apr 28 18:40:54 2026] GET /v2.0/networks/5c00d7ba-4cc1-4126-bc12-4407a3021c26 => generated 138 bytes in 22 msecs (HTTP/1.1 404) 4 headers in 164 bytes (1 switches on core 0) [pid: 7|app: 0|req: 1900/3705] 10.0.0.42 () {32 vars in 723 bytes} [Tue Apr 28 18:40:54 2026] DELETE /v2.0/subnets/1313b7a9-7df6-41ed-a474-ab5cd6ff3917 => generated 0 bytes in 136 msecs (HTTP/1.1 204) 3 headers in 131 bytes (1 switches on core 0)
2026-04-28 18:40:54.477 8 INFO neutron.pecan_wsgi.hooks.translation [None req-6d455b0a-d9bf-4c79-a043-7f5ca9e3f6b8 9ecf1105aa7d4e428598359dd6d148f2 ca78b47705f04f2ba54deeeae55fbb93 - - default default] GET failed (client error): The resource could not be found. [pid: 8|app: 0|req: 1806/3706] 10.0.0.42 () {32 vars in 720 bytes} [Tue Apr 28 18:40:54 2026] GET /v2.0/subnets/1313b7a9-7df6-41ed-a474-ab5cd6ff3917 => generated 136 bytes in 17 msecs (HTTP/1.1 404) 4 headers in 164 bytes (1 switches on core 0) [pid: 7|app: 0|req: 1901/3707] 10.0.0.42 () {32 vars in 723 bytes} [Tue Apr 28 18:40:54 2026] DELETE /v2.0/subnets/abf00fc6-e721-44cb-95ea-ff0e61213352 => generated 0 bytes in 202 msecs (HTTP/1.1 204) 3 headers in 131 bytes (1 switches on core 0)
2026-04-28 18:40:54.710 8 INFO neutron.pecan_wsgi.hooks.translation [None req-df83f4eb-3659-47c0-9410-27203c7e23ad 9ecf1105aa7d4e428598359dd6d148f2 ca78b47705f04f2ba54deeeae55fbb93 - - default default] GET failed (client error): The resource could not be found. [pid: 8|app: 0|req: 1807/3708] 10.0.0.42 () {32 vars in 720 bytes} [Tue Apr 28 18:40:54 2026] GET /v2.0/subnets/abf00fc6-e721-44cb-95ea-ff0e61213352 => generated 136 bytes in 20 msecs (HTTP/1.1 404) 4 headers in 164 bytes (1 switches on core 0)
2026-04-28 18:40:54.840 7 INFO neutron_taas.services.taas.taas_plugin [None req-96cfff96-95e3-4a95-97e2-de1ee875eb1d 9ecf1105aa7d4e428598359dd6d148f2 ca78b47705f04f2ba54deeeae55fbb93 - - default default] TaaS: Handle Delete Port: aae95c65-255e-4226-933d-4670a11f1be0
2026-04-28 18:40:54.843 7 INFO neutron_taas.services.taas.tap_mirror_plugin [None req-96cfff96-95e3-4a95-97e2-de1ee875eb1d 9ecf1105aa7d4e428598359dd6d148f2 ca78b47705f04f2ba54deeeae55fbb93 - - default default] Tap Mirror: Handle Delete Port: aae95c65-255e-4226-933d-4670a11f1be0 [pid: 7|app: 0|req: 1902/3709] 10.0.0.42 () {32 vars in 725 bytes} [Tue Apr 28 18:40:54 2026] DELETE /v2.0/networks/30c7d61c-248b-463d-ba24-04579e4f6981 => generated 0 bytes in 359 msecs (HTTP/1.1 204) 3 headers in 131 bytes (1 switches on core 0)
2026-04-28 18:40:55.104 8 INFO neutron.pecan_wsgi.hooks.translation [None req-005dfb5b-43c6-4b45-92b1-e8c5ef72f89c 9ecf1105aa7d4e428598359dd6d148f2 ca78b47705f04f2ba54deeeae55fbb93 - - default default] GET failed (client error): The resource could not be found. [pid: 8|app: 0|req: 1808/3710] 10.0.0.42 () {32 vars in 722 bytes} [Tue Apr 28 18:40:55 2026] GET /v2.0/networks/30c7d61c-248b-463d-ba24-04579e4f6981 => generated 138 bytes in 24 msecs (HTTP/1.1 404) 4 headers in 164 bytes (1 switches on core 0)
2026-04-28 18:40:55.515 7 INFO neutron.services.segments.plugin [-] Segment 09013036-a3e6-4022-80c0-12c102e37ede resource provider aggregate not found
2026-04-28 18:40:55.521 7 INFO neutron.services.segments.plugin [-] Segment 09013036-a3e6-4022-80c0-12c102e37ede resource provider aggregate not found
2026-04-28 18:40:55.531 7 INFO neutron.services.segments.plugin [-] Segment 09013036-a3e6-4022-80c0-12c102e37ede resource provider not found; error: Placement Client Error (4xx): {"errors": [{"status": 404, "title": "Not Found", "detail": "The resource could not be found.\n\n No resource provider with uuid 09013036-a3e6-4022-80c0-12c102e37ede found for delete ", "request_id": "req-4e256664-d714-4e4e-9624-d0a166e5f5bb"}]}
2026-04-28 18:40:55.537 7 INFO neutron.services.segments.plugin [-] Segment 09013036-a3e6-4022-80c0-12c102e37ede resource provider not found; error: Placement Client Error (4xx): {"errors": [{"status": 404, "title": "Not Found", "detail": "The resource could not be found.\n\n No resource provider with uuid 09013036-a3e6-4022-80c0-12c102e37ede found for delete ", "request_id": "req-9bd6919e-273c-413c-8ddf-26f022f16559"}]}
2026-04-28 18:40:55.544 7 INFO neutron.services.segments.plugin [-] Segment f76c826d-cfa0-41a3-a470-672e251a03bf resource provider aggregate not found
2026-04-28 18:40:55.552 7 INFO neutron.services.segments.plugin [-] Segment f76c826d-cfa0-41a3-a470-672e251a03bf resource provider aggregate not found
2026-04-28 18:40:55.556 7 INFO neutron.services.segments.plugin [-] Segment f76c826d-cfa0-41a3-a470-672e251a03bf resource provider not found; error: Placement Client Error (4xx): {"errors": [{"status": 404, "title": "Not Found", "detail": "The resource could not be found.\n\n No resource provider with uuid f76c826d-cfa0-41a3-a470-672e251a03bf found for delete ", "request_id": "req-593ebb8d-b8f7-4b0f-affb-532927d2a09d"}]}
2026-04-28 18:40:55.573 7 INFO neutron.services.segments.plugin [-] Segment f76c826d-cfa0-41a3-a470-672e251a03bf resource provider not found; error: Placement Client Error (4xx): {"errors": [{"status": 404, "title": "Not Found", "detail": "The resource could not be found.\n\n No resource provider with uuid f76c826d-cfa0-41a3-a470-672e251a03bf found for delete ", "request_id": "req-1012f82d-ac10-47d8-9459-c4d4ecade693"}]}
2026-04-28 18:40:57.267 7 INFO neutron.db.ovn_revision_numbers_db [None req-f4f07fe9-608b-423b-8fd9-08a353870186 3df97f1093a24941bbcffe0c0e38f7f3 68f89337babe473ead0cf335444d6082 - - default default] Successfully bumped revision number for resource 3cc57670-1efe-42e5-accb-95f721605b04 (type: security_groups) to 1
2026-04-28 18:40:57.282 7 INFO neutron.db.ovn_revision_numbers_db [None req-f4f07fe9-608b-423b-8fd9-08a353870186 3df97f1093a24941bbcffe0c0e38f7f3 68f89337babe473ead0cf335444d6082 - - default default] Successfully bumped revision number for resource 66d30feb-e406-4c61-b2a4-886fd8450ee6 (type: security_group_rules) to 0
2026-04-28 18:40:57.294 7 INFO neutron.db.ovn_revision_numbers_db [None req-f4f07fe9-608b-423b-8fd9-08a353870186 3df97f1093a24941bbcffe0c0e38f7f3 68f89337babe473ead0cf335444d6082 - - default default] Successfully bumped revision number for resource beb8888c-c760-46c7-ac2c-23e70611a010 (type: security_group_rules) to 0
2026-04-28 18:40:57.308 7 INFO neutron.db.ovn_revision_numbers_db [None req-f4f07fe9-608b-423b-8fd9-08a353870186 3df97f1093a24941bbcffe0c0e38f7f3 68f89337babe473ead0cf335444d6082 - - default default] Successfully bumped revision number for resource c84e6ec1-0261-4722-9268-95a5aceeb4fc (type: security_group_rules) to 0
2026-04-28 18:40:57.321 7 INFO neutron.db.ovn_revision_numbers_db [None req-f4f07fe9-608b-423b-8fd9-08a353870186 3df97f1093a24941bbcffe0c0e38f7f3 68f89337babe473ead0cf335444d6082 - - default default] Successfully bumped revision number for resource d242b559-9e80-4b30-b29e-87f3e05c2630 (type: security_group_rules) to 0 [pid: 7|app: 0|req: 1903/3711] 10.0.0.42 () {32 vars in 773 bytes} [Tue Apr 28 18:40:56 2026] GET /v2.0/security-groups?tenant_id=1f6e96877db9456bbc0c8c889a38e40a&name=default => generated 2929 bytes in 379 msecs (HTTP/1.1 200) 4 headers in 158 bytes (1 switches on core 0) [pid: 8|app: 0|req: 1809/3712] 10.0.0.42 () {32 vars in 739 bytes} [Tue Apr 28 18:40:57 2026] DELETE /v2.0/security-groups/3cc57670-1efe-42e5-accb-95f721605b04 => generated 0 bytes in 257 msecs (HTTP/1.1 204) 2 headers in 112 bytes (1 switches on core 0)
2026-04-28 18:40:57.843 7 INFO neutron.db.ovn_revision_numbers_db [None req-4e2566a2-4f90-4c58-9cd5-a1e90b808c4c 3df97f1093a24941bbcffe0c0e38f7f3 68f89337babe473ead0cf335444d6082 - - default default] Successfully bumped revision number for resource 26a65fdb-392d-4fe5-bfbd-6486b84222d1 (type: security_groups) to 1
2026-04-28 18:40:57.854 7 INFO neutron.db.ovn_revision_numbers_db [None req-4e2566a2-4f90-4c58-9cd5-a1e90b808c4c 3df97f1093a24941bbcffe0c0e38f7f3 68f89337babe473ead0cf335444d6082 - - default default] Successfully bumped revision number for resource 106e45af-5622-4671-bc5d-887d5eec0275 (type: security_group_rules) to 0
2026-04-28 18:40:57.864 7 INFO neutron.db.ovn_revision_numbers_db [None req-4e2566a2-4f90-4c58-9cd5-a1e90b808c4c 3df97f1093a24941bbcffe0c0e38f7f3 68f89337babe473ead0cf335444d6082 - - default default] Successfully bumped revision number for resource 1f16e663-b0a7-42fb-bcc7-39e56edbd513 (type: security_group_rules) to 0
2026-04-28 18:40:57.875 7 INFO neutron.db.ovn_revision_numbers_db [None req-4e2566a2-4f90-4c58-9cd5-a1e90b808c4c 3df97f1093a24941bbcffe0c0e38f7f3 68f89337babe473ead0cf335444d6082 - - default default] Successfully bumped revision number for resource 2a800a09-0260-4db6-85ae-35d176f2c338 (type: security_group_rules) to 0
