2026-04-28 18:34:26.612 7 INFO neutron.db.ovn_revision_numbers_db [None req-b9201fec-f5ab-47cc-9668-ab5cc6158f20 dfbed961dff0466c9cfae80ffb3a7fd9 12b2d20a7b804ee8b0dcdb207447a879 - - default default] Successfully bumped revision number for resource b82310b6-7f6c-4cba-8d11-c24be835d01c (type: ports) to 1 [pid: 8|app: 0|req: 1200/2531] 10.0.0.42 () {34 vars in 667 bytes} [Tue Apr 28 18:34:26 2026] POST /v2.0/routers => generated 570 bytes in 364 msecs (HTTP/1.1 201) 4 headers in 162 bytes (1 switches on core 0) [pid: 7|app: 0|req: 1332/2532] 10.0.0.42 () {34 vars in 669 bytes} [Tue Apr 28 18:34:26 2026] POST /v2.0/networks => generated 651 bytes in 642 msecs (HTTP/1.1 201) 4 headers in 162 bytes (1 switches on core 0) [pid: 8|app: 0|req: 1201/2533] 10.0.0.42 () {34 vars in 750 bytes} [Tue Apr 28 18:34:26 2026] PUT /v2.0/routers/079ba29e-3f1c-4f90-9696-ac6066dabdb3/tags => generated 25 bytes in 87 msecs (HTTP/1.1 200) 4 headers in 156 bytes (1 switches on core 0) [pid: 8|app: 0|req: 1202/2534] 10.0.0.42 () {32 vars in 730 bytes} [Tue Apr 28 18:34:26 2026] GET /v2.0/routers/079ba29e-3f1c-4f90-9696-ac6066dabdb3/tags => generated 25 bytes in 70 msecs (HTTP/1.1 200) 4 headers in 156 bytes (1 switches on core 0)
2026-04-28 18:34:26.933 7 WARNING neutron.scheduler.dhcp_agent_scheduler [None req-8141c9a2-efe6-4907-8189-b0de6fc5d377 dfbed961dff0466c9cfae80ffb3a7fd9 12b2d20a7b804ee8b0dcdb207447a879 - - default default] No more DHCP agents
2026-04-28 18:34:26.934 7 WARNING neutron.api.rpc.agentnotifiers.dhcp_rpc_agent_api [None req-8141c9a2-efe6-4907-8189-b0de6fc5d377 dfbed961dff0466c9cfae80ffb3a7fd9 12b2d20a7b804ee8b0dcdb207447a879 - - default default] Unable to schedule network be939294-18bd-4c4a-8e39-6e6e23b20b9f: no agents available; will retry on subsequent port and subnet creation events. [pid: 8|app: 0|req: 1203/2535] 10.0.0.42 () {34 vars in 761 bytes} [Tue Apr 28 18:34:26 2026] PUT /v2.0/routers/079ba29e-3f1c-4f90-9696-ac6066dabdb3/tags/green => generated 4 bytes in 125 msecs (HTTP/1.1 201) 4 headers in 160 bytes (1 switches on core 0) [pid: 8|app: 0|req: 1204/2536] 10.0.0.42 () {32 vars in 730 bytes} [Tue Apr 28 18:34:26 2026] GET /v2.0/routers/079ba29e-3f1c-4f90-9696-ac6066dabdb3/tags => generated 34 bytes in 70 msecs (HTTP/1.1 200) 4 headers in 156 bytes (1 switches on core 0) [pid: 8|app: 0|req: 1205/2537] 10.0.0.42 () {34 vars in 757 bytes} [Tue Apr 28 18:34:27 2026] PUT /v2.0/routers/079ba29e-3f1c-4f90-9696-ac6066dabdb3/tags/red => generated 4 bytes in 111 msecs (HTTP/1.1 201) 4 headers in 160 bytes (1 switches on core 0) [pid: 8|app: 0|req: 1206/2538] 10.0.0.42 () {32 vars in 730 bytes} [Tue Apr 28 18:34:27 2026] GET /v2.0/routers/079ba29e-3f1c-4f90-9696-ac6066dabdb3/tags => generated 34 bytes in 61 msecs (HTTP/1.1 200) 4 headers in 156 bytes (1 switches on core 0) [pid: 8|app: 0|req: 1207/2539] 10.0.0.42 () {34 vars in 779 bytes} [Tue Apr 28 18:34:27 2026] PUT /v2.0/routers/079ba29e-3f1c-4f90-9696-ac6066dabdb3/tags/black.or.white => generated 4 bytes in 140 msecs (HTTP/1.1 201) 4 headers in 160 bytes (1 switches on core 0)
2026-04-28 18:34:27.380 7 INFO neutron.db.ovn_revision_numbers_db [None req-d0b09132-7103-4126-8056-fc8a34879a25 - - - - - -] Successfully bumped revision number for resource b82310b6-7f6c-4cba-8d11-c24be835d01c (type: ports) to 2
2026-04-28 18:34:27.423 7 INFO neutron.db.ovn_revision_numbers_db [None req-d0b09132-7103-4126-8056-fc8a34879a25 - - - - - -] Successfully bumped revision number for resource 49677ab4-144a-4806-9bdc-850d1bc9cf00 (type: subnets) to 0 [pid: 7|app: 0|req: 1333/2540] 10.0.0.42 () {34 vars in 668 bytes} [Tue Apr 28 18:34:26 2026] POST /v2.0/subnets => generated 629 bytes in 756 msecs (HTTP/1.1 201) 4 headers in 162 bytes (1 switches on core 0) [pid: 7|app: 0|req: 1334/2541] 10.0.0.42 () {32 vars in 730 bytes} [Tue Apr 28 18:34:27 2026] GET /v2.0/routers/079ba29e-3f1c-4f90-9696-ac6066dabdb3/tags => generated 52 bytes in 65 msecs (HTTP/1.1 200) 4 headers in 156 bytes (1 switches on core 0)
2026-04-28 18:34:27.612 8 INFO neutron.db.ovn_revision_numbers_db [None req-db4061be-c676-43b7-a52e-5e9a9a9a42fc 3df97f1093a24941bbcffe0c0e38f7f3 68f89337babe473ead0cf335444d6082 - - default default] Successfully bumped revision number for resource 4d81eaab-003e-4c0c-984d-437af7f34778 (type: security_groups) to 1
2026-04-28 18:34:27.624 8 INFO neutron.db.ovn_revision_numbers_db [None req-db4061be-c676-43b7-a52e-5e9a9a9a42fc 3df97f1093a24941bbcffe0c0e38f7f3 68f89337babe473ead0cf335444d6082 - - default default] Successfully bumped revision number for resource 07171edf-8e45-4089-89f6-919c2891130e (type: security_group_rules) to 0
2026-04-28 18:34:27.634 8 INFO neutron.db.ovn_revision_numbers_db [None req-db4061be-c676-43b7-a52e-5e9a9a9a42fc 3df97f1093a24941bbcffe0c0e38f7f3 68f89337babe473ead0cf335444d6082 - - default default] Successfully bumped revision number for resource 2e73b0b1-710b-4548-bfe7-36384313f2dd (type: security_group_rules) to 0
2026-04-28 18:34:27.648 8 INFO neutron.db.ovn_revision_numbers_db [None req-db4061be-c676-43b7-a52e-5e9a9a9a42fc 3df97f1093a24941bbcffe0c0e38f7f3 68f89337babe473ead0cf335444d6082 - - default default] Successfully bumped revision number for resource 7da4f5b6-d933-46f5-afdf-a9019983e503 (type: security_group_rules) to 0
2026-04-28 18:34:27.660 8 INFO neutron.db.ovn_revision_numbers_db [None req-db4061be-c676-43b7-a52e-5e9a9a9a42fc 3df97f1093a24941bbcffe0c0e38f7f3 68f89337babe473ead0cf335444d6082 - - default default] Successfully bumped revision number for resource d849a61b-a925-446f-9536-a5f61a309489 (type: security_group_rules) to 0 [pid: 8|app: 0|req: 1208/2542] 10.0.0.42 () {32 vars in 773 bytes} [Tue Apr 28 18:34:27 2026] GET /v2.0/security-groups?tenant_id=d4f27f05c5474e72ab24bf106a8d86f9&name=default => generated 2929 bytes in 322 msecs (HTTP/1.1 200) 4 headers in 158 bytes (1 switches on core 0) [pid: 8|app: 0|req: 1209/2543] 10.0.0.42 () {34 vars in 750 bytes} [Tue Apr 28 18:34:27 2026] PUT /v2.0/routers/079ba29e-3f1c-4f90-9696-ac6066dabdb3/tags => generated 37 bytes in 71 msecs (HTTP/1.1 200) 4 headers in 156 bytes (1 switches on core 0) [pid: 8|app: 0|req: 1210/2544] 10.0.0.42 () {32 vars in 739 bytes} [Tue Apr 28 18:34:27 2026] DELETE /v2.0/security-groups/4d81eaab-003e-4c0c-984d-437af7f34778 => generated 0 bytes in 230 msecs (HTTP/1.1 204) 2 headers in 112 bytes (1 switches on core 0)
2026-04-28 18:34:28.080 7 WARNING neutron.scheduler.dhcp_agent_scheduler [None req-8e6d91ad-9db4-40c0-b2a6-c9bf92eb469a dfbed961dff0466c9cfae80ffb3a7fd9 12b2d20a7b804ee8b0dcdb207447a879 - - default default] No more DHCP agents [pid: 8|app: 0|req: 1211/2545] 10.0.0.42 () {32 vars in 730 bytes} [Tue Apr 28 18:34:27 2026] GET /v2.0/routers/079ba29e-3f1c-4f90-9696-ac6066dabdb3/tags => generated 37 bytes in 83 msecs (HTTP/1.1 200) 4 headers in 156 bytes (1 switches on core 0)
2026-04-28 18:34:28.082 7 WARNING neutron.api.rpc.agentnotifiers.dhcp_rpc_agent_api [None req-8e6d91ad-9db4-40c0-b2a6-c9bf92eb469a dfbed961dff0466c9cfae80ffb3a7fd9 12b2d20a7b804ee8b0dcdb207447a879 - - default default] Unable to schedule network 5df1ccf5-1cb0-4635-a7db-d126ab48731c: no agents available; will retry on subsequent port and subnet creation events. [pid: 8|app: 0|req: 1212/2546] 10.0.0.42 () {32 vars in 738 bytes} [Tue Apr 28 18:34:28 2026] GET /v2.0/routers/079ba29e-3f1c-4f90-9696-ac6066dabdb3/tags/red => generated 0 bytes in 84 msecs (HTTP/1.1 204) 2 headers in 112 bytes (1 switches on core 0)
2026-04-28 18:34:28.206 7 INFO neutron.plugins.ml2.drivers.ovn.mech_driver.mech_driver [None req-a47399af-b8af-462b-8f9a-3087fce1e0ec - - - - - -] OVN reports status down for port: d69aeec4-3a06-46f7-9ba2-76749b8da9a4
2026-04-28 18:34:28.259 7 INFO neutron.db.ovn_revision_numbers_db [None req-8e6d91ad-9db4-40c0-b2a6-c9bf92eb469a dfbed961dff0466c9cfae80ffb3a7fd9 12b2d20a7b804ee8b0dcdb207447a879 - - default default] Successfully bumped revision number for resource d69aeec4-3a06-46f7-9ba2-76749b8da9a4 (type: ports) to 1
2026-04-28 18:34:28.264 8 INFO neutron.api.v2.resource [None req-421e869f-37e8-462f-9c83-80a1f0395cf3 f92b8d6bbcd84e15bacfa46aca3c754b 445fc1e18c79441fa9fe8fd88e5c2154 - - default default] show failed (client error): The resource could not be found. [pid: 8|app: 0|req: 1213/2547] 10.0.0.42 () {32 vars in 742 bytes} [Tue Apr 28 18:34:28 2026] GET /v2.0/routers/079ba29e-3f1c-4f90-9696-ac6066dabdb3/tags/green => generated 99 bytes in 90 msecs (HTTP/1.1 404) 4 headers in 163 bytes (1 switches on core 0) [pid: 8|app: 0|req: 1214/2548] 10.0.0.42 () {32 vars in 741 bytes} [Tue Apr 28 18:34:28 2026] DELETE /v2.0/routers/079ba29e-3f1c-4f90-9696-ac6066dabdb3/tags/red => generated 0 bytes in 92 msecs (HTTP/1.1 204) 2 headers in 112 bytes (1 switches on core 0) [pid: 8|app: 0|req: 1215/2549] 10.0.0.42 () {32 vars in 730 bytes} [Tue Apr 28 18:34:28 2026] GET /v2.0/routers/079ba29e-3f1c-4f90-9696-ac6066dabdb3/tags => generated 30 bytes in 62 msecs (HTTP/1.1 200) 4 headers in 156 bytes (1 switches on core 0)
2026-04-28 18:34:28.520 8 INFO neutron.api.v2.resource [None req-e0039f11-1276-4b5c-aadf-4043e329a43e f92b8d6bbcd84e15bacfa46aca3c754b 445fc1e18c79441fa9fe8fd88e5c2154 - - default default] delete failed (client error): The resource could not be found. [pid: 8|app: 0|req: 1216/2550] 10.0.0.42 () {32 vars in 745 bytes} [Tue Apr 28 18:34:28 2026] DELETE /v2.0/routers/079ba29e-3f1c-4f90-9696-ac6066dabdb3/tags/green => generated 99 bytes in 80 msecs (HTTP/1.1 404) 4 headers in 163 bytes (1 switches on core 0) [pid: 8|app: 0|req: 1217/2551] 10.0.0.42 () {32 vars in 733 bytes} [Tue Apr 28 18:34:28 2026] DELETE /v2.0/routers/079ba29e-3f1c-4f90-9696-ac6066dabdb3/tags => generated 0 bytes in 108 msecs (HTTP/1.1 204) 2 headers in 112 bytes (1 switches on core 0) [pid: 8|app: 0|req: 1218/2552] 10.0.0.42 () {32 vars in 730 bytes} [Tue Apr 28 18:34:28 2026] GET /v2.0/routers/079ba29e-3f1c-4f90-9696-ac6066dabdb3/tags => generated 12 bytes in 85 msecs (HTTP/1.1 200) 4 headers in 156 bytes (1 switches on core 0) [pid: 8|app: 0|req: 1219/2553] 10.0.0.42 () {32 vars in 720 bytes} [Tue Apr 28 18:34:28 2026] GET /v2.0/routers/079ba29e-3f1c-4f90-9696-ac6066dabdb3 => generated 576 bytes in 34 msecs (HTTP/1.1 200) 4 headers in 157 bytes (1 switches on core 0)
2026-04-28 18:34:28.999 7 INFO neutron.plugins.ml2.drivers.ovn.mech_driver.ovsdb.commands [None req-36c096de-4fc6-4556-b115-35dea8166c16 - - - - - -] Schedule LRP lrp-d69aeec4-3a06-46f7-9ba2-76749b8da9a4 on gateway 7ce75bfb-7ce5-40f4-9d52-114f2718bfed with priority 1
2026-04-28 18:34:29.056 7 INFO neutron.plugins.ml2.drivers.ovn.mech_driver.mech_driver [None req-a47399af-b8af-462b-8f9a-3087fce1e0ec - - - - - -] OVN reports status up for port: d69aeec4-3a06-46f7-9ba2-76749b8da9a4
2026-04-28 18:34:29.093 7 INFO neutron.plugins.ml2.plugin [None req-a47399af-b8af-462b-8f9a-3087fce1e0ec - - - - - -] Attempt 1 to provision port d69aeec4-3a06-46f7-9ba2-76749b8da9a4
2026-04-28 18:34:29.114 8 INFO neutron.db.ovn_revision_numbers_db [None req-87dadf23-1bf8-46a7-80a3-035d0bd7f71b f92b8d6bbcd84e15bacfa46aca3c754b 445fc1e18c79441fa9fe8fd88e5c2154 - - default default] Successfully bumped revision number for resource 079ba29e-3f1c-4f90-9696-ac6066dabdb3 (type: routers) to 7 [pid: 8|app: 0|req: 1220/2554] 10.0.0.42 () {34 vars in 741 bytes} [Tue Apr 28 18:34:28 2026] PUT /v2.0/routers/079ba29e-3f1c-4f90-9696-ac6066dabdb3 => generated 576 bytes in 348 msecs (HTTP/1.1 200) 4 headers in 157 bytes (1 switches on core 0)
2026-04-28 18:34:29.127 7 INFO neutron.db.ovn_revision_numbers_db [None req-8e6d91ad-9db4-40c0-b2a6-c9bf92eb469a dfbed961dff0466c9cfae80ffb3a7fd9 12b2d20a7b804ee8b0dcdb207447a879 - - default default] Successfully bumped revision number for resource d69aeec4-3a06-46f7-9ba2-76749b8da9a4 (type: router_ports) to 1 [pid: 8|app: 0|req: 1221/2555] 10.0.0.42 () {32 vars in 735 bytes} [Tue Apr 28 18:34:29 2026] GET /v2.0/ports?device_id=079ba29e-3f1c-4f90-9696-ac6066dabdb3 => generated 12 bytes in 25 msecs (HTTP/1.1 200) 4 headers in 156 bytes (1 switches on core 0)
2026-04-28 18:34:29.240 7 INFO neutron.db.ovn_revision_numbers_db [None req-8e6d91ad-9db4-40c0-b2a6-c9bf92eb469a dfbed961dff0466c9cfae80ffb3a7fd9 12b2d20a7b804ee8b0dcdb207447a879 - - default default] Successfully bumped revision number for resource 6209ea2c-9abb-4653-ba15-58ccfe68d2a7 (type: routers) to 2 [pid: 7|app: 0|req: 1335/2556] 10.0.0.42 () {34 vars in 668 bytes} [Tue Apr 28 18:34:27 2026] POST /v2.0/routers => generated 937 bytes in 1756 msecs (HTTP/1.1 201) 4 headers in 162 bytes (1 switches on core 0) [pid: 8|app: 0|req: 1222/2557] 10.0.0.42 () {32 vars in 723 bytes} [Tue Apr 28 18:34:29 2026] DELETE /v2.0/routers/079ba29e-3f1c-4f90-9696-ac6066dabdb3 => generated 0 bytes in 225 msecs (HTTP/1.1 204) 2 headers in 112 bytes (1 switches on core 0)
2026-04-28 18:34:29.853 7 WARNING neutron.scheduler.dhcp_agent_scheduler [None req-955a372f-783f-4090-8e8a-fc39950b6b4d dfbed961dff0466c9cfae80ffb3a7fd9 12b2d20a7b804ee8b0dcdb207447a879 - - default default] No more DHCP agents
2026-04-28 18:34:29.855 7 WARNING neutron.api.rpc.agentnotifiers.dhcp_rpc_agent_api [None req-955a372f-783f-4090-8e8a-fc39950b6b4d dfbed961dff0466c9cfae80ffb3a7fd9 12b2d20a7b804ee8b0dcdb207447a879 - - default default] Unable to schedule network be939294-18bd-4c4a-8e39-6e6e23b20b9f: no agents available; will retry on subsequent port and subnet creation events.
2026-04-28 18:34:29.990 8 INFO neutron.plugins.ml2.drivers.ovn.mech_driver.mech_driver [None req-36635d06-a694-4cb7-8a9e-2fce7b65e354 - - - - - -] OVN reports status down for port: 39ccdbdb-5e8a-45a9-8552-d867f62fc7e3
2026-04-28 18:34:30.008 7 INFO neutron.db.ovn_revision_numbers_db [None req-955a372f-783f-4090-8e8a-fc39950b6b4d dfbed961dff0466c9cfae80ffb3a7fd9 12b2d20a7b804ee8b0dcdb207447a879 - - default default] Successfully bumped revision number for resource 39ccdbdb-5e8a-45a9-8552-d867f62fc7e3 (type: ports) to 1
2026-04-28 18:34:30.299 8 INFO neutron.db.ovn_revision_numbers_db [None req-6cac4165-02d1-4472-a895-a6099fd208e2 3df97f1093a24941bbcffe0c0e38f7f3 68f89337babe473ead0cf335444d6082 - - default default] Successfully bumped revision number for resource ea3d2ee3-15c4-4f93-8fb2-fda3100d298a (type: security_groups) to 1
2026-04-28 18:34:30.322 8 INFO neutron.db.ovn_revision_numbers_db [None req-6cac4165-02d1-4472-a895-a6099fd208e2 3df97f1093a24941bbcffe0c0e38f7f3 68f89337babe473ead0cf335444d6082 - - default default] Successfully bumped revision number for resource 2a5c285a-f75f-4bd0-8c89-3dfe69e7e69b (type: security_group_rules) to 0
2026-04-28 18:34:30.338 8 INFO neutron.db.ovn_revision_numbers_db [None req-6cac4165-02d1-4472-a895-a6099fd208e2 3df97f1093a24941bbcffe0c0e38f7f3 68f89337babe473ead0cf335444d6082 - - default default] Successfully bumped revision number for resource 2d8f28d7-35d0-4003-b981-a379c6866fc4 (type: security_group_rules) to 0
2026-04-28 18:34:30.351 8 INFO neutron.db.ovn_revision_numbers_db [None req-6cac4165-02d1-4472-a895-a6099fd208e2 3df97f1093a24941bbcffe0c0e38f7f3 68f89337babe473ead0cf335444d6082 - - default default] Successfully bumped revision number for resource a970852a-9d35-4644-91cf-7f0efc091bb8 (type: security_group_rules) to 0
2026-04-28 18:34:30.365 8 INFO neutron.db.ovn_revision_numbers_db [None req-6cac4165-02d1-4472-a895-a6099fd208e2 3df97f1093a24941bbcffe0c0e38f7f3 68f89337babe473ead0cf335444d6082 - - default default] Successfully bumped revision number for resource f0b08b9e-50b3-4712-b798-76cba112a3e1 (type: security_group_rules) to 0 [pid: 8|app: 0|req: 1223/2558] 10.0.0.42 () {32 vars in 773 bytes} [Tue Apr 28 18:34:30 2026] GET /v2.0/security-groups?tenant_id=462953d9e7b14dc7afc0a10274235d54&name=default => generated 2929 bytes in 404 msecs (HTTP/1.1 200) 4 headers in 158 bytes (1 switches on core 0) [pid: 8|app: 0|req: 1224/2559] 10.0.0.42 () {32 vars in 739 bytes} [Tue Apr 28 18:34:30 2026] DELETE /v2.0/security-groups/ea3d2ee3-15c4-4f93-8fb2-fda3100d298a => generated 0 bytes in 281 msecs (HTTP/1.1 204) 2 headers in 112 bytes (1 switches on core 0)
2026-04-28 18:34:30.712 8 INFO neutron.plugins.ml2.drivers.ovn.mech_driver.mech_driver [None req-36635d06-a694-4cb7-8a9e-2fce7b65e354 - - - - - -] OVN reports status up for port: 39ccdbdb-5e8a-45a9-8552-d867f62fc7e3
2026-04-28 18:34:30.725 8 INFO neutron.plugins.ml2.plugin [None req-36635d06-a694-4cb7-8a9e-2fce7b65e354 - - - - - -] Attempt 1 to provision port 39ccdbdb-5e8a-45a9-8552-d867f62fc7e3
2026-04-28 18:34:30.745 7 INFO neutron.plugins.ml2.plugin [None req-955a372f-783f-4090-8e8a-fc39950b6b4d dfbed961dff0466c9cfae80ffb3a7fd9 12b2d20a7b804ee8b0dcdb207447a879 - - default default] Attempt 1 to provision port 39ccdbdb-5e8a-45a9-8552-d867f62fc7e3
2026-04-28 18:34:30.814 7 WARNING neutron.scheduler.dhcp_agent_scheduler [None req-955a372f-783f-4090-8e8a-fc39950b6b4d dfbed961dff0466c9cfae80ffb3a7fd9 12b2d20a7b804ee8b0dcdb207447a879 - - default default] No more DHCP agents
2026-04-28 18:34:30.815 7 WARNING neutron.api.rpc.agentnotifiers.dhcp_rpc_agent_api [None req-955a372f-783f-4090-8e8a-fc39950b6b4d dfbed961dff0466c9cfae80ffb3a7fd9 12b2d20a7b804ee8b0dcdb207447a879 - - default default] Unable to schedule network be939294-18bd-4c4a-8e39-6e6e23b20b9f: no agents available; will retry on subsequent port and subnet creation events.
2026-04-28 18:34:31.081 8 INFO neutron.db.ovn_revision_numbers_db [None req-aaee7bb8-ab0a-435a-bc30-4f2c269f3710 3df97f1093a24941bbcffe0c0e38f7f3 68f89337babe473ead0cf335444d6082 - - default default] Successfully bumped revision number for resource c5986b3a-798d-4dd9-91b4-1104981ed012 (type: security_groups) to 1
2026-04-28 18:34:31.109 8 INFO neutron.db.ovn_revision_numbers_db [None req-aaee7bb8-ab0a-435a-bc30-4f2c269f3710 3df97f1093a24941bbcffe0c0e38f7f3 68f89337babe473ead0cf335444d6082 - - default default] Successfully bumped revision number for resource 0b301618-f528-4471-a77d-e5b83cb3f5ac (type: security_group_rules) to 0
2026-04-28 18:34:31.127 8 INFO neutron.db.ovn_revision_numbers_db [None req-aaee7bb8-ab0a-435a-bc30-4f2c269f3710 3df97f1093a24941bbcffe0c0e38f7f3 68f89337babe473ead0cf335444d6082 - - default default] Successfully bumped revision number for resource c3a0909d-0a75-46d6-bccc-2052ac4b384d (type: security_group_rules) to 0
2026-04-28 18:34:31.191 8 INFO neutron.db.ovn_revision_numbers_db [None req-aaee7bb8-ab0a-435a-bc30-4f2c269f3710 3df97f1093a24941bbcffe0c0e38f7f3 68f89337babe473ead0cf335444d6082 - - default default] Successfully bumped revision number for resource d28903ac-e6c5-49d6-af83-8743aba4ea21 (type: security_group_rules) to 0
2026-04-28 18:34:31.205 7 INFO neutron.db.ovn_revision_numbers_db [None req-955a372f-783f-4090-8e8a-fc39950b6b4d dfbed961dff0466c9cfae80ffb3a7fd9 12b2d20a7b804ee8b0dcdb207447a879 - - default default] Successfully bumped revision number for resource 39ccdbdb-5e8a-45a9-8552-d867f62fc7e3 (type: router_ports) to 1 [pid: 7|app: 0|req: 1336/2560] 10.0.0.42 () {34 vars in 782 bytes} [Tue Apr 28 18:34:29 2026] PUT /v2.0/routers/6209ea2c-9abb-4653-ba15-58ccfe68d2a7/add_router_interface => generated 309 bytes in 1937 msecs (HTTP/1.1 200) 4 headers in 157 bytes (1 switches on core 0)
2026-04-28 18:34:31.237 8 INFO neutron.db.ovn_revision_numbers_db [None req-aaee7bb8-ab0a-435a-bc30-4f2c269f3710 3df97f1093a24941bbcffe0c0e38f7f3 68f89337babe473ead0cf335444d6082 - - default default] Successfully bumped revision number for resource fc9bf4bb-04bf-470b-a847-b572ad86b8b7 (type: security_group_rules) to 0 [pid: 8|app: 0|req: 1225/2561] 10.0.0.42 () {32 vars in 773 bytes} [Tue Apr 28 18:34:30 2026] GET /v2.0/security-groups?tenant_id=445fc1e18c79441fa9fe8fd88e5c2154&name=default => generated 2929 bytes in 566 msecs (HTTP/1.1 200) 4 headers in 158 bytes (1 switches on core 0)
2026-04-28 18:34:31.625 7 INFO neutron.db.ovn_revision_numbers_db [None req-ae3cca68-df68-4409-9326-7701e414e4d1 9feec5684d9d49059c147a7b50305c45 75edfce4788c49668c5f549fbc010849 - - default default] Successfully bumped revision number for resource 586befdc-3c6f-452f-9f00-8ea93fa04b17 (type: security_groups) to 1
2026-04-28 18:34:31.638 7 INFO neutron.db.ovn_revision_numbers_db [None req-ae3cca68-df68-4409-9326-7701e414e4d1 9feec5684d9d49059c147a7b50305c45 75edfce4788c49668c5f549fbc010849 - - default default] Successfully bumped revision number for resource 2eb26235-ffc0-4397-8099-c816fb1ede3d (type: security_group_rules) to 0
2026-04-28 18:34:31.651 7 INFO neutron.db.ovn_revision_numbers_db [None req-ae3cca68-df68-4409-9326-7701e414e4d1 9feec5684d9d49059c147a7b50305c45 75edfce4788c49668c5f549fbc010849 - - default default] Successfully bumped revision number for resource 3ae99704-7584-4edf-882c-9c608afc79b9 (type: security_group_rules) to 0
2026-04-28 18:34:31.665 7 INFO neutron.db.ovn_revision_numbers_db [None req-ae3cca68-df68-4409-9326-7701e414e4d1 9feec5684d9d49059c147a7b50305c45 75edfce4788c49668c5f549fbc010849 - - default default] Successfully bumped revision number for resource baa1929e-08c3-410f-8c12-1db7f8e7bed8 (type: security_group_rules) to 0
2026-04-28 18:34:31.676 7 INFO neutron.db.ovn_revision_numbers_db [None req-ae3cca68-df68-4409-9326-7701e414e4d1 9feec5684d9d49059c147a7b50305c45 75edfce4788c49668c5f549fbc010849 - - default default] Successfully bumped revision number for resource cd59472f-f5db-40b6-b7cf-77c6b02446c7 (type: security_group_rules) to 0
2026-04-28 18:34:31.723 8 INFO neutron.db.ovn_revision_numbers_db [None req-36635d06-a694-4cb7-8a9e-2fce7b65e354 - - - - - -] Successfully bumped revision number for resource 39ccdbdb-5e8a-45a9-8552-d867f62fc7e3 (type: ports) to 2
2026-04-28 18:34:31.768 7 INFO neutron.db.segments_db [None req-ae3cca68-df68-4409-9326-7701e414e4d1 9feec5684d9d49059c147a7b50305c45 75edfce4788c49668c5f549fbc010849 - - default default] Added segment 510fe1df-5d40-4416-a9f3-46beb1f98079 of type geneve for network ccdf417e-fe48-486f-bc58-318f6cfd915e
2026-04-28 18:34:31.875 7 INFO neutron.db.ovn_revision_numbers_db [None req-ae3cca68-df68-4409-9326-7701e414e4d1 9feec5684d9d49059c147a7b50305c45 75edfce4788c49668c5f549fbc010849 - - default default] Successfully bumped revision number for resource ccdf417e-fe48-486f-bc58-318f6cfd915e (type: networks) to 1
2026-04-28 18:34:32.042 7 WARNING neutron.scheduler.dhcp_agent_scheduler [None req-ae3cca68-df68-4409-9326-7701e414e4d1 9feec5684d9d49059c147a7b50305c45 75edfce4788c49668c5f549fbc010849 - - default default] No more DHCP agents
2026-04-28 18:34:32.044 7 WARNING neutron.api.rpc.agentnotifiers.dhcp_rpc_agent_api [None req-ae3cca68-df68-4409-9326-7701e414e4d1 9feec5684d9d49059c147a7b50305c45 75edfce4788c49668c5f549fbc010849 - - default default] Unable to schedule network ccdf417e-fe48-486f-bc58-318f6cfd915e: no agents available; will retry on subsequent port and subnet creation events.
2026-04-28 18:34:32.133 7 INFO neutron.db.ovn_revision_numbers_db [None req-ae3cca68-df68-4409-9326-7701e414e4d1 9feec5684d9d49059c147a7b50305c45 75edfce4788c49668c5f549fbc010849 - - default default] Successfully bumped revision number for resource 6b70e1ff-02da-45d1-bca3-cee48d01faa4 (type: ports) to 1 [pid: 7|app: 0|req: 1337/2562] 10.0.0.42 () {34 vars in 670 bytes} [Tue Apr 28 18:34:31 2026] POST /v2.0/networks => generated 651 bytes in 946 msecs (HTTP/1.1 201) 4 headers in 162 bytes (1 switches on core 0)
2026-04-28 18:34:32.271 8 WARNING neutron.scheduler.dhcp_agent_scheduler [None req-2aa9c089-c8f4-4cf4-a7a9-850132b38df1 - - - - - -] No more DHCP agents
2026-04-28 18:34:32.273 8 WARNING neutron.api.rpc.agentnotifiers.dhcp_rpc_agent_api [None req-2aa9c089-c8f4-4cf4-a7a9-850132b38df1 - - - - - -] Unable to schedule network 5df1ccf5-1cb0-4635-a7db-d126ab48731c: no agents available; will retry on subsequent port and subnet creation events. [pid: 7|app: 0|req: 1338/2563] 10.0.0.42 () {32 vars in 739 bytes} [Tue Apr 28 18:34:32 2026] DELETE /v2.0/security-groups/c5986b3a-798d-4dd9-91b4-1104981ed012 => generated 0 bytes in 229 msecs (HTTP/1.1 204) 2 headers in 112 bytes (1 switches on core 0)
2026-04-28 18:34:32.450 8 INFO neutron.db.ovn_revision_numbers_db [None req-2aa9c089-c8f4-4cf4-a7a9-850132b38df1 - - - - - -] Successfully bumped revision number for resource f0a7fd4e-5548-44c0-92fb-8291e9d5ab30 (type: ports) to 1
2026-04-28 18:34:32.736 8 INFO neutron.db.ovn_revision_numbers_db [None req-2aa9c089-c8f4-4cf4-a7a9-850132b38df1 - - - - - -] Successfully bumped revision number for resource f0a7fd4e-5548-44c0-92fb-8291e9d5ab30 (type: ports) to 3
2026-04-28 18:34:32.791 8 INFO neutron.db.segments_db [None req-2aa9c089-c8f4-4cf4-a7a9-850132b38df1 - - - - - -] Added segment a02ba193-7799-45cf-baf9-05df5626350e of type geneve for network 7574fcc9-6079-4cb0-9bf8-29f991854efe
2026-04-28 18:34:32.892 8 INFO neutron.db.ovn_revision_numbers_db [None req-32d87ec3-444d-4b3d-85aa-bc6a3497796e - - - - - -] Successfully bumped revision number for resource 7574fcc9-6079-4cb0-9bf8-29f991854efe (type: networks) to 1
2026-04-28 18:34:32.901 7 WARNING neutron.scheduler.dhcp_agent_scheduler [None req-873050d5-438e-4813-ac5f-b2b65b379ce9 9feec5684d9d49059c147a7b50305c45 75edfce4788c49668c5f549fbc010849 - - default default] No more DHCP agents
2026-04-28 18:34:32.902 7 WARNING neutron.api.rpc.agentnotifiers.dhcp_rpc_agent_api [None req-873050d5-438e-4813-ac5f-b2b65b379ce9 9feec5684d9d49059c147a7b50305c45 75edfce4788c49668c5f549fbc010849 - - default default] Unable to schedule network 5df1ccf5-1cb0-4635-a7db-d126ab48731c: no agents available; will retry on subsequent port and subnet creation events.
2026-04-28 18:34:33.047 7 INFO neutron.db.ovn_revision_numbers_db [None req-873050d5-438e-4813-ac5f-b2b65b379ce9 9feec5684d9d49059c147a7b50305c45 75edfce4788c49668c5f549fbc010849 - - default default] Successfully bumped revision number for resource 8c2d87f3-7163-43db-ad72-c303f9438640 (type: ports) to 1
2026-04-28 18:34:33.090 8 WARNING neutron.scheduler.dhcp_agent_scheduler [None req-32d87ec3-444d-4b3d-85aa-bc6a3497796e - - - - - -] No more DHCP agents
2026-04-28 18:34:33.091 8 WARNING neutron.api.rpc.agentnotifiers.dhcp_rpc_agent_api [None req-32d87ec3-444d-4b3d-85aa-bc6a3497796e - - - - - -] Unable to schedule network 7574fcc9-6079-4cb0-9bf8-29f991854efe: no agents available; will retry on subsequent port and subnet creation events.
2026-04-28 18:34:33.187 8 INFO neutron.db.ovn_revision_numbers_db [None req-32d87ec3-444d-4b3d-85aa-bc6a3497796e - - - - - -] Successfully bumped revision number for resource 6e854c5c-97fc-4b7c-8abf-21eabac362d1 (type: ports) to 1
2026-04-28 18:34:33.308 8 WARNING neutron.scheduler.dhcp_agent_scheduler [None req-32d87ec3-444d-4b3d-85aa-bc6a3497796e - - - - - -] No more DHCP agents
2026-04-28 18:34:33.309 8 WARNING neutron.api.rpc.agentnotifiers.dhcp_rpc_agent_api [None req-32d87ec3-444d-4b3d-85aa-bc6a3497796e - - - - - -] Unable to schedule network 7574fcc9-6079-4cb0-9bf8-29f991854efe: no agents available; will retry on subsequent port and subnet creation events.
2026-04-28 18:34:33.329 8 INFO neutron.db.ovn_revision_numbers_db [None req-32d87ec3-444d-4b3d-85aa-bc6a3497796e - - - - - -] Successfully bumped revision number for resource 3b8f5d21-8aa6-4849-8906-6a4e63da9863 (type: subnets) to 0
2026-04-28 18:34:33.701 8 WARNING neutron.scheduler.dhcp_agent_scheduler [None req-32d87ec3-444d-4b3d-85aa-bc6a3497796e - - - - - -] No more DHCP agents
2026-04-28 18:34:33.702 8 WARNING neutron.api.rpc.agentnotifiers.dhcp_rpc_agent_api [None req-32d87ec3-444d-4b3d-85aa-bc6a3497796e - - - - - -] Unable to schedule network 7574fcc9-6079-4cb0-9bf8-29f991854efe: no agents available; will retry on subsequent port and subnet creation events.
2026-04-28 18:34:33.725 7 INFO neutron.plugins.ml2.drivers.ovn.mech_driver.ovsdb.commands [None req-36c096de-4fc6-4556-b115-35dea8166c16 - - - - - -] Schedule LRP lrp-8c2d87f3-7163-43db-ad72-c303f9438640 on gateway 7ce75bfb-7ce5-40f4-9d52-114f2718bfed with priority 1
2026-04-28 18:34:33.778 7 INFO neutron.plugins.ml2.drivers.ovn.mech_driver.ovsdb.ovsdb_monitor [None req-e1a14dd8-6d6a-4b37-b43f-85d24f0f9c97 - - - - - -] Router 8db1080d-f331-47d8-b07e-86554532fc19 is bound to host instance
2026-04-28 18:34:33.906 8 INFO neutron.db.ovn_revision_numbers_db [None req-32d87ec3-444d-4b3d-85aa-bc6a3497796e - - - - - -] Successfully bumped revision number for resource cedcf0e3-ed70-48e8-8284-3c008a95a423 (type: ports) to 1
2026-04-28 18:34:33.929 7 INFO neutron.db.ovn_revision_numbers_db [None req-873050d5-438e-4813-ac5f-b2b65b379ce9 9feec5684d9d49059c147a7b50305c45 75edfce4788c49668c5f549fbc010849 - - default default] Successfully bumped revision number for resource 8c2d87f3-7163-43db-ad72-c303f9438640 (type: router_ports) to 1
2026-04-28 18:34:34.058 7 INFO neutron.db.ovn_revision_numbers_db [None req-873050d5-438e-4813-ac5f-b2b65b379ce9 9feec5684d9d49059c147a7b50305c45 75edfce4788c49668c5f549fbc010849 - - default default] Successfully bumped revision number for resource 8db1080d-f331-47d8-b07e-86554532fc19 (type: routers) to 2 [pid: 7|app: 0|req: 1339/2564] 10.0.0.42 () {34 vars in 668 bytes} [Tue Apr 28 18:34:32 2026] POST /v2.0/routers => generated 955 bytes in 1702 msecs (HTTP/1.1 201) 4 headers in 162 bytes (1 switches on core 0)
2026-04-28 18:34:34.375 7 WARNING neutron.plugins.ml2.drivers.ovn.mech_driver.ovsdb.ovn_client [None req-a47399af-b8af-462b-8f9a-3087fce1e0ec - - - - - -] No hosting information found for port d69aeec4-3a06-46f7-9ba2-76749b8da9a4: RuntimeError: No hosting information found for port d69aeec4-3a06-46f7-9ba2-76749b8da9a4
2026-04-28 18:34:34.376 7 INFO neutron.plugins.ml2.drivers.ovn.mech_driver.mech_driver [None req-a47399af-b8af-462b-8f9a-3087fce1e0ec - - - - - -] OVN reports status down for port: 6b70e1ff-02da-45d1-bca3-cee48d01faa4 [pid: 7|app: 0|req: 1340/2565] 10.0.0.42 () {32 vars in 775 bytes} [Tue Apr 28 18:34:34 2026] GET /v2.0/subnets?project_id=75edfce4788c49668c5f549fbc010849&cidr=10.100.0.0%2F28 => generated 14 bytes in 294 msecs (HTTP/1.1 200) 4 headers in 156 bytes (1 switches on core 0) [pid: 7|app: 0|req: 1341/2566] 10.0.0.42 () {32 vars in 693 bytes} [Tue Apr 28 18:34:34 2026] GET /v2.0/networks?router%3Aexternal=True => generated 791 bytes in 189 msecs (HTTP/1.1 200) 4 headers in 157 bytes (1 switches on core 0)
2026-04-28 18:34:34.607 7 INFO neutron.plugins.ml2.drivers.ovn.mech_driver.mech_driver [None req-a47399af-b8af-462b-8f9a-3087fce1e0ec - - - - - -] OVN reports status down for port: 6e854c5c-97fc-4b7c-8abf-21eabac362d1
2026-04-28 18:34:34.645 8 WARNING neutron.scheduler.dhcp_agent_scheduler [None req-32d87ec3-444d-4b3d-85aa-bc6a3497796e - - - - - -] No more DHCP agents
2026-04-28 18:34:34.647 8 WARNING neutron.api.rpc.agentnotifiers.dhcp_rpc_agent_api [None req-32d87ec3-444d-4b3d-85aa-bc6a3497796e - - - - - -] Unable to schedule network 7574fcc9-6079-4cb0-9bf8-29f991854efe: no agents available; will retry on subsequent port and subnet creation events. [pid: 7|app: 0|req: 1342/2567] 10.0.0.42 () {32 vars in 783 bytes} [Tue Apr 28 18:34:34 2026] GET /v2.0/subnets?network_id=5df1ccf5-1cb0-4635-a7db-d126ab48731c&cidr=10.100.0.0%2F28 => generated 14 bytes in 73 msecs (HTTP/1.1 200) 4 headers in 156 bytes (1 switches on core 0)
2026-04-28 18:34:35.065 7 WARNING neutron.scheduler.dhcp_agent_scheduler [None req-fc0aab5a-6fd3-4375-8a59-e6243813c241 9feec5684d9d49059c147a7b50305c45 75edfce4788c49668c5f549fbc010849 - - default default] No more DHCP agents
2026-04-28 18:34:35.067 7 WARNING neutron.api.rpc.agentnotifiers.dhcp_rpc_agent_api [None req-fc0aab5a-6fd3-4375-8a59-e6243813c241 9feec5684d9d49059c147a7b50305c45 75edfce4788c49668c5f549fbc010849 - - default default] Unable to schedule network ccdf417e-fe48-486f-bc58-318f6cfd915e: no agents available; will retry on subsequent port and subnet creation events.
2026-04-28 18:34:35.207 8 INFO neutron.db.ovn_revision_numbers_db [None req-32d87ec3-444d-4b3d-85aa-bc6a3497796e - - - - - -] Successfully bumped revision number for resource cedcf0e3-ed70-48e8-8284-3c008a95a423 (type: router_ports) to 1
2026-04-28 18:34:35.425 7 INFO neutron.db.ovn_revision_numbers_db [None req-5740b411-8c81-458b-9598-91ece8d26e3d - - - - - -] Successfully bumped revision number for resource 8c2d87f3-7163-43db-ad72-c303f9438640 (type: ports) to 4
2026-04-28 18:34:35.473 8 WARNING neutron.scheduler.dhcp_agent_scheduler [None req-32d87ec3-444d-4b3d-85aa-bc6a3497796e - - - - - -] No more DHCP agents
2026-04-28 18:34:35.475 8 WARNING neutron.api.rpc.agentnotifiers.dhcp_rpc_agent_api [None req-32d87ec3-444d-4b3d-85aa-bc6a3497796e - - - - - -] Unable to schedule network 7574fcc9-6079-4cb0-9bf8-29f991854efe: no agents available; will retry on subsequent port and subnet creation events.
2026-04-28 18:34:35.658 8 INFO neutron.db.ovn_revision_numbers_db [None req-32d87ec3-444d-4b3d-85aa-bc6a3497796e - - - - - -] Successfully bumped revision number for resource 239f3872-dc6f-4829-bb1b-3b222eaa2317 (type: ports) to 1
2026-04-28 18:34:35.907 8 INFO neutron.db.ovn_revision_numbers_db [None req-32d87ec3-444d-4b3d-85aa-bc6a3497796e - - - - - -] Successfully bumped revision number for resource 239f3872-dc6f-4829-bb1b-3b222eaa2317 (type: ports) to 3
2026-04-28 18:34:36.139 7 INFO neutron.db.ovn_revision_numbers_db [None req-8c3234d2-3243-494e-bfcb-b589d410e7db - - - - - -] Successfully bumped revision number for resource 6b70e1ff-02da-45d1-bca3-cee48d01faa4 (type: ports) to 2
2026-04-28 18:34:36.175 7 INFO neutron.db.ovn_revision_numbers_db [None req-5740b411-8c81-458b-9598-91ece8d26e3d - - - - - -] Successfully bumped revision number for resource 8c2d87f3-7163-43db-ad72-c303f9438640 (type: ports) to 5
2026-04-28 18:34:36.217 7 INFO neutron.db.ovn_revision_numbers_db [None req-8c3234d2-3243-494e-bfcb-b589d410e7db - - - - - -] Successfully bumped revision number for resource da38dbe5-11c9-4db3-9746-17a9ef266428 (type: subnets) to 0 [pid: 7|app: 0|req: 1343/2568] 10.0.0.42 () {34 vars in 668 bytes} [Tue Apr 28 18:34:34 2026] POST /v2.0/subnets => generated 657 bytes in 1583 msecs (HTTP/1.1 201) 4 headers in 162 bytes (1 switches on core 0)
2026-04-28 18:34:36.592 7 INFO neutron.db.ovn_revision_numbers_db [None req-0f1fe93e-792c-4dc1-9b38-36875ed3704a a3ca89864eb848c5847dcb1f6123a11e bb072d286629422c92e2b1341b7bd154 - - default default] Successfully bumped revision number for resource 87535c78-7b64-4091-9326-b122555da33e (type: security_groups) to 1
2026-04-28 18:34:36.604 7 INFO neutron.db.ovn_revision_numbers_db [None req-0f1fe93e-792c-4dc1-9b38-36875ed3704a a3ca89864eb848c5847dcb1f6123a11e bb072d286629422c92e2b1341b7bd154 - - default default] Successfully bumped revision number for resource 05c91c8b-3fb7-4f06-ab31-caab2f00b7bc (type: security_group_rules) to 0
2026-04-28 18:34:36.619 7 INFO neutron.db.ovn_revision_numbers_db [None req-0f1fe93e-792c-4dc1-9b38-36875ed3704a a3ca89864eb848c5847dcb1f6123a11e bb072d286629422c92e2b1341b7bd154 - - default default] Successfully bumped revision number for resource 4ef482c8-cf0f-49a9-a8c2-b351aba6ca79 (type: security_group_rules) to 0
2026-04-28 18:34:36.634 7 INFO neutron.db.ovn_revision_numbers_db [None req-0f1fe93e-792c-4dc1-9b38-36875ed3704a a3ca89864eb848c5847dcb1f6123a11e bb072d286629422c92e2b1341b7bd154 - - default default] Successfully bumped revision number for resource f00adddd-0dd8-4752-9b8b-e696062f8f33 (type: security_group_rules) to 0
2026-04-28 18:34:36.655 7 INFO neutron.db.ovn_revision_numbers_db [None req-0f1fe93e-792c-4dc1-9b38-36875ed3704a a3ca89864eb848c5847dcb1f6123a11e bb072d286629422c92e2b1341b7bd154 - - default default] Successfully bumped revision number for resource f315e119-a6e8-4d3f-87ca-c95f7df01b98 (type: security_group_rules) to 0
2026-04-28 18:34:36.763 7 INFO neutron.db.ovn_revision_numbers_db [None req-0f1fe93e-792c-4dc1-9b38-36875ed3704a a3ca89864eb848c5847dcb1f6123a11e bb072d286629422c92e2b1341b7bd154 - - default default] Successfully bumped revision number for resource 90ac3cb9-a370-4147-8fe5-21119d0af5fa (type: security_groups) to 1
2026-04-28 18:34:36.779 7 INFO neutron.db.ovn_revision_numbers_db [None req-0f1fe93e-792c-4dc1-9b38-36875ed3704a a3ca89864eb848c5847dcb1f6123a11e bb072d286629422c92e2b1341b7bd154 - - default default] Successfully bumped revision number for resource 13fb6e0b-fd64-4528-90e0-04da5a05f4fe (type: security_group_rules) to 0
2026-04-28 18:34:36.802 7 INFO neutron.db.ovn_revision_numbers_db [None req-0f1fe93e-792c-4dc1-9b38-36875ed3704a a3ca89864eb848c5847dcb1f6123a11e bb072d286629422c92e2b1341b7bd154 - - default default] Successfully bumped revision number for resource c229685e-0fd0-4071-8359-ea362eb43aec (type: security_group_rules) to 0 [pid: 7|app: 0|req: 1344/2569] 10.0.0.42 () {34 vars in 683 bytes} [Tue Apr 28 18:34:36 2026] POST /v2.0/security-groups => generated 1603 bytes in 585 msecs (HTTP/1.1 201) 4 headers in 163 bytes (1 switches on core 0) [pid: 8|app: 0|req: 1226/2572] 10.0.0.42 () {34 vars in 684 bytes} [Tue Apr 28 18:34:31 2026] POST /v2.0/vpn/vpnservices => generated 458 bytes in 5630 msecs (HTTP/1.1 201) 4 headers in 162 bytes (1 switches on core 0) [pid: 8|app: 0|req: 1227/2573] 10.0.0.42 () {34 vars in 766 bytes} [Tue Apr 28 18:34:37 2026] PUT /v2.0/security-groups/90ac3cb9-a370-4147-8fe5-21119d0af5fa/tags => generated 25 bytes in 55 msecs (HTTP/1.1 200) 4 headers in 156 bytes (1 switches on core 0) [pid: 8|app: 0|req: 1228/2574] 10.0.0.42 () {32 vars in 662 bytes} [Tue Apr 28 18:34:37 2026] GET /v2.0/vpn/vpnservices => generated 1306 bytes in 16 msecs (HTTP/1.1 200) 4 headers in 158 bytes (1 switches on core 0)
2026-04-28 18:34:37.144 8 WARNING neutron.plugins.ml2.drivers.ovn.mech_driver.ovsdb.ovn_client [None req-8843fa54-313d-4c48-8280-473873b7b820 - - - - - -] No hosting information found for port 39ccdbdb-5e8a-45a9-8552-d867f62fc7e3: RuntimeError: No hosting information found for port 39ccdbdb-5e8a-45a9-8552-d867f62fc7e3 [pid: 8|app: 0|req: 1229/2575] 10.0.0.42 () {32 vars in 746 bytes} [Tue Apr 28 18:34:37 2026] GET /v2.0/security-groups/90ac3cb9-a370-4147-8fe5-21119d0af5fa/tags => generated 25 bytes in 66 msecs (HTTP/1.1 200) 4 headers in 156 bytes (1 switches on core 0)
2026-04-28 18:34:37.315 8 INFO neutron.db.ovn_revision_numbers_db [None req-8843fa54-313d-4c48-8280-473873b7b820 - - - - - -] Successfully bumped revision number for resource 39ccdbdb-5e8a-45a9-8552-d867f62fc7e3 (type: router_ports) to 2
2026-04-28 18:34:37.363 7 WARNING neutron.scheduler.dhcp_agent_scheduler [None req-c5b8106e-d0f0-4c3b-9717-d5cc35e50a80 9feec5684d9d49059c147a7b50305c45 75edfce4788c49668c5f549fbc010849 - - default default] No more DHCP agents
2026-04-28 18:34:37.364 7 WARNING neutron.api.rpc.agentnotifiers.dhcp_rpc_agent_api [None req-c5b8106e-d0f0-4c3b-9717-d5cc35e50a80 9feec5684d9d49059c147a7b50305c45 75edfce4788c49668c5f549fbc010849 - - default default] Unable to schedule network ccdf417e-fe48-486f-bc58-318f6cfd915e: no agents available; will retry on subsequent port and subnet creation events.
2026-04-28 18:34:37.417 8 INFO neutron.plugins.ml2.drivers.ovn.mech_driver.mech_driver [None req-8843fa54-313d-4c48-8280-473873b7b820 - - - - - -] OVN reports status down for port: f0a7fd4e-5548-44c0-92fb-8291e9d5ab30
2026-04-28 18:34:37.520 7 INFO neutron.db.ovn_revision_numbers_db [None req-c5b8106e-d0f0-4c3b-9717-d5cc35e50a80 9feec5684d9d49059c147a7b50305c45 75edfce4788c49668c5f549fbc010849 - - default default] Successfully bumped revision number for resource 32a39747-a3e3-4951-9218-2f092b2db6fe (type: ports) to 1
2026-04-28 18:34:37.562 8 INFO neutron.plugins.ml2.drivers.ovn.mech_driver.mech_driver [None req-8843fa54-313d-4c48-8280-473873b7b820 - - - - - -] OVN reports status down for port: 8c2d87f3-7163-43db-ad72-c303f9438640
2026-04-28 18:34:37.719 8 INFO neutron_taas.services.taas.taas_plugin [None req-b3a1f946-846b-4e39-a103-0acd8355a9bb dfbed961dff0466c9cfae80ffb3a7fd9 12b2d20a7b804ee8b0dcdb207447a879 - - default default] TaaS: Handle Delete Port: f0a7fd4e-5548-44c0-92fb-8291e9d5ab30
2026-04-28 18:34:37.727 8 INFO neutron_taas.services.taas.tap_mirror_plugin [None req-b3a1f946-846b-4e39-a103-0acd8355a9bb dfbed961dff0466c9cfae80ffb3a7fd9 12b2d20a7b804ee8b0dcdb207447a879 - - default default] Tap Mirror: Handle Delete Port: f0a7fd4e-5548-44c0-92fb-8291e9d5ab30
2026-04-28 18:34:38.209 8 INFO neutron.db.ovn_revision_numbers_db [None req-8843fa54-313d-4c48-8280-473873b7b820 - - - - - -] Successfully bumped revision number for resource 8c2d87f3-7163-43db-ad72-c303f9438640 (type: ports) to 6
2026-04-28 18:34:38.304 8 INFO neutron_taas.services.taas.taas_plugin [None req-e60e1007-dca8-4ee2-9219-9489eba0c391 - - - - - -] TaaS: Handle Delete Port: 239f3872-dc6f-4829-bb1b-3b222eaa2317
2026-04-28 18:34:38.310 8 INFO neutron_taas.services.taas.tap_mirror_plugin [None req-e60e1007-dca8-4ee2-9219-9489eba0c391 - - - - - -] Tap Mirror: Handle Delete Port: 239f3872-dc6f-4829-bb1b-3b222eaa2317
2026-04-28 18:34:38.319 7 WARNING neutron.scheduler.dhcp_agent_scheduler [None req-c5b8106e-d0f0-4c3b-9717-d5cc35e50a80 9feec5684d9d49059c147a7b50305c45 75edfce4788c49668c5f549fbc010849 - - default default] No more DHCP agents
2026-04-28 18:34:38.321 7 WARNING neutron.api.rpc.agentnotifiers.dhcp_rpc_agent_api [None req-c5b8106e-d0f0-4c3b-9717-d5cc35e50a80 9feec5684d9d49059c147a7b50305c45 75edfce4788c49668c5f549fbc010849 - - default default] Unable to schedule network ccdf417e-fe48-486f-bc58-318f6cfd915e: no agents available; will retry on subsequent port and subnet creation events.
2026-04-28 18:34:38.399 8 WARNING neutron.plugins.ml2.drivers.ovn.mech_driver.ovsdb.ovn_client [None req-01ccf6a4-ba71-44eb-8394-804a321fb615 - - - - - -] Logical_Switch_Port %s host information not removed, the port state is up
2026-04-28 18:34:38.400 8 INFO neutron.plugins.ml2.drivers.ovn.mech_driver.mech_driver [None req-01ccf6a4-ba71-44eb-8394-804a321fb615 - - - - - -] OVN reports status up for port: 8c2d87f3-7163-43db-ad72-c303f9438640
2026-04-28 18:34:38.433 8 INFO neutron.plugins.ml2.plugin [None req-01ccf6a4-ba71-44eb-8394-804a321fb615 - - - - - -] Attempt 1 to provision port 8c2d87f3-7163-43db-ad72-c303f9438640
2026-04-28 18:34:38.720 7 INFO neutron.db.ovn_revision_numbers_db [None req-c5b8106e-d0f0-4c3b-9717-d5cc35e50a80 9feec5684d9d49059c147a7b50305c45 75edfce4788c49668c5f549fbc010849 - - default default] Successfully bumped revision number for resource 32a39747-a3e3-4951-9218-2f092b2db6fe (type: router_ports) to 1 [pid: 7|app: 0|req: 1347/2576] 10.0.0.42 () {34 vars in 782 bytes} [Tue Apr 28 18:34:36 2026] PUT /v2.0/routers/8db1080d-f331-47d8-b07e-86554532fc19/add_router_interface => generated 309 bytes in 1888 msecs (HTTP/1.1 200) 4 headers in 157 bytes (1 switches on core 0) [pid: 7|app: 0|req: 1348/2577] 10.0.0.42 () {34 vars in 777 bytes} [Tue Apr 28 18:34:38 2026] PUT /v2.0/security-groups/90ac3cb9-a370-4147-8fe5-21119d0af5fa/tags/green => generated 4 bytes in 122 msecs (HTTP/1.1 201) 4 headers in 160 bytes (1 switches on core 0) [pid: 7|app: 0|req: 1349/2578] 10.0.0.42 () {32 vars in 648 bytes} [Tue Apr 28 18:34:38 2026] GET /v2.0/networks => generated 6895 bytes in 73 msecs (HTTP/1.1 200) 4 headers in 158 bytes (1 switches on core 0) [pid: 7|app: 0|req: 1350/2579] 10.0.0.42 () {32 vars in 746 bytes} [Tue Apr 28 18:34:38 2026] GET /v2.0/security-groups/90ac3cb9-a370-4147-8fe5-21119d0af5fa/tags => generated 34 bytes in 51 msecs (HTTP/1.1 200) 4 headers in 156 bytes (1 switches on core 0) [pid: 7|app: 0|req: 1351/2580] 10.0.0.42 () {32 vars in 646 bytes} [Tue Apr 28 18:34:38 2026] GET /v2.0/subnets => generated 5269 bytes in 45 msecs (HTTP/1.1 200) 4 headers in 158 bytes (1 switches on core 0) [pid: 7|app: 0|req: 1352/2581] 10.0.0.42 () {34 vars in 773 bytes} [Tue Apr 28 18:34:39 2026] PUT /v2.0/security-groups/90ac3cb9-a370-4147-8fe5-21119d0af5fa/tags/red => generated 4 bytes in 42 msecs (HTTP/1.1 201) 4 headers in 160 bytes (1 switches on core 0) [pid: 7|app: 0|req: 1353/2582] 10.0.0.42 () {32 vars in 646 bytes} [Tue Apr 28 18:34:39 2026] GET /v2.0/routers => generated 3921 bytes in 105 msecs (HTTP/1.1 200) 4 headers in 158 bytes (1 switches on core 0)
2026-04-28 18:34:39.216 8 INFO neutron_taas.services.taas.taas_plugin [None req-655f07f3-ee4d-4f90-806f-4aa7e0a93624 - - - - - -] TaaS: Handle Delete Port: cedcf0e3-ed70-48e8-8284-3c008a95a423
2026-04-28 18:34:39.222 8 INFO neutron_taas.services.taas.tap_mirror_plugin [None req-655f07f3-ee4d-4f90-806f-4aa7e0a93624 - - - - - -] Tap Mirror: Handle Delete Port: cedcf0e3-ed70-48e8-8284-3c008a95a423 [pid: 7|app: 0|req: 1354/2583] 10.0.0.42 () {32 vars in 746 bytes} [Tue Apr 28 18:34:39 2026] GET /v2.0/security-groups/90ac3cb9-a370-4147-8fe5-21119d0af5fa/tags => generated 34 bytes in 60 msecs (HTTP/1.1 200) 4 headers in 156 bytes (1 switches on core 0)
2026-04-28 18:34:39.266 8 INFO neutron.db.ovn_revision_numbers_db [None req-01ccf6a4-ba71-44eb-8394-804a321fb615 - - - - - -] Successfully bumped revision number for resource 8c2d87f3-7163-43db-ad72-c303f9438640 (type: ports) to 7
2026-04-28 18:34:39.353 7 INFO neutron.db.ovn_revision_numbers_db [None req-1dcd3b5b-4795-43ec-8382-e644e093d992 9feec5684d9d49059c147a7b50305c45 75edfce4788c49668c5f549fbc010849 - - default default] Successfully bumped revision number for resource e40ccfe4-50ea-4868-a96e-6ae81fd768c4 (type: security_groups) to 1
2026-04-28 18:34:39.364 7 INFO neutron.db.ovn_revision_numbers_db [None req-1dcd3b5b-4795-43ec-8382-e644e093d992 9feec5684d9d49059c147a7b50305c45 75edfce4788c49668c5f549fbc010849 - - default default] Successfully bumped revision number for resource 1f0b2052-74cc-44e9-a715-6bacaf458e6e (type: security_group_rules) to 0
2026-04-28 18:34:39.374 7 INFO neutron.db.ovn_revision_numbers_db [None req-1dcd3b5b-4795-43ec-8382-e644e093d992 9feec5684d9d49059c147a7b50305c45 75edfce4788c49668c5f549fbc010849 - - default default] Successfully bumped revision number for resource 397d0038-4304-46d8-8142-eb7ea3166845 (type: security_group_rules) to 0 [pid: 7|app: 0|req: 1355/2584] 10.0.0.42 () {34 vars in 684 bytes} [Tue Apr 28 18:34:39 2026] POST /v2.0/security-groups => generated 1675 bytes in 172 msecs (HTTP/1.1 201) 4 headers in 163 bytes (1 switches on core 0)
2026-04-28 18:34:39.492 8 INFO neutron.plugins.ml2.drivers.ovn.mech_driver.mech_driver [None req-b59164b1-45b0-42e3-8047-7f3ee918016b - - - - - -] OVN reports status down for port: cedcf0e3-ed70-48e8-8284-3c008a95a423 [pid: 7|app: 0|req: 1356/2585] 10.0.0.42 () {34 vars in 795 bytes} [Tue Apr 28 18:34:39 2026] PUT /v2.0/security-groups/90ac3cb9-a370-4147-8fe5-21119d0af5fa/tags/black.or.white => generated 4 bytes in 97 msecs (HTTP/1.1 201) 4 headers in 160 bytes (1 switches on core 0)
2026-04-28 18:34:39.520 8 INFO neutron.plugins.ml2.drivers.ovn.mech_driver.mech_driver [None req-b59164b1-45b0-42e3-8047-7f3ee918016b - - - - - -] OVN reports status up for port: cedcf0e3-ed70-48e8-8284-3c008a95a423
2026-04-28 18:34:39.563 8 INFO neutron.plugins.ml2.drivers.ovn.mech_driver.mech_driver [None req-b59164b1-45b0-42e3-8047-7f3ee918016b - - - - - -] OVN reports status down for port: 239f3872-dc6f-4829-bb1b-3b222eaa2317
2026-04-28 18:34:39.577 8 INFO neutron.plugins.ml2.drivers.ovn.mech_driver.mech_driver [None req-b59164b1-45b0-42e3-8047-7f3ee918016b - - - - - -] OVN reports status down for port: 32a39747-a3e3-4951-9218-2f092b2db6fe
2026-04-28 18:34:39.672 7 INFO neutron.db.ovn_revision_numbers_db [None req-93eba73a-89c1-4b0a-9a99-fc5caa14d521 9feec5684d9d49059c147a7b50305c45 75edfce4788c49668c5f549fbc010849 - - default default] Successfully bumped revision number for resource 5f54fe81-f10f-4075-a6ca-6992bc351bae (type: security_group_rules) to 0
2026-04-28 18:34:39.705 8 WARNING neutron.plugins.ml2.drivers.ovn.mech_driver.ovsdb.ovn_client [None req-b59164b1-45b0-42e3-8047-7f3ee918016b - - - - - -] Logical_Switch_Port %s host information not removed, the port state is up
2026-04-28 18:34:39.706 8 INFO neutron.plugins.ml2.drivers.ovn.mech_driver.mech_driver [None req-b59164b1-45b0-42e3-8047-7f3ee918016b - - - - - -] OVN reports status up for port: 32a39747-a3e3-4951-9218-2f092b2db6fe [pid: 7|app: 0|req: 1357/2586] 10.0.0.42 () {34 vars in 694 bytes} [Tue Apr 28 18:34:39 2026] POST /v2.0/security-group-rules => generated 597 bytes in 205 msecs (HTTP/1.1 201) 4 headers in 162 bytes (1 switches on core 0)
2026-04-28 18:34:39.733 8 INFO neutron.plugins.ml2.plugin [None req-b59164b1-45b0-42e3-8047-7f3ee918016b - - - - - -] Attempt 1 to provision port 32a39747-a3e3-4951-9218-2f092b2db6fe [pid: 7|app: 0|req: 1358/2587] 10.0.0.42 () {32 vars in 746 bytes} [Tue Apr 28 18:34:39 2026] GET /v2.0/security-groups/90ac3cb9-a370-4147-8fe5-21119d0af5fa/tags => generated 52 bytes in 33 msecs (HTTP/1.1 200) 4 headers in 156 bytes (1 switches on core 0)
2026-04-28 18:34:39.888 7 INFO neutron.db.ovn_revision_numbers_db [None req-6625132a-0f1d-4d23-a492-9209df4dd826 9feec5684d9d49059c147a7b50305c45 75edfce4788c49668c5f549fbc010849 - - default default] Successfully bumped revision number for resource 8af07bf2-e2fb-4226-b42c-be46d3ae0e88 (type: security_group_rules) to 0 [pid: 7|app: 0|req: 1359/2588] 10.0.0.42 () {34 vars in 694 bytes} [Tue Apr 28 18:34:39 2026] POST /v2.0/security-group-rules => generated 596 bytes in 180 msecs (HTTP/1.1 201) 4 headers in 162 bytes (1 switches on core 0) [pid: 7|app: 0|req: 1360/2589] 10.0.0.42 () {34 vars in 766 bytes} [Tue Apr 28 18:34:39 2026] PUT /v2.0/security-groups/90ac3cb9-a370-4147-8fe5-21119d0af5fa/tags => generated 37 bytes in 44 msecs (HTTP/1.1 200) 4 headers in 156 bytes (1 switches on core 0)
