2026-05-13 01:48:05.594 7 INFO cinder.api.openstack.wsgi [None req-0cb62b07-673a-48ea-86f5-ddea1b116b5f 3ed849a79db04f008c069a8828b87143 be84923d541e49d9817d1244a24196b8 - - default default] http://cinder-api.openstack.svc.cluster.local:8776/v3/be84923d541e49d9817d1244a24196b8/volumes/c16fe5cc-d705-4f3e-bdf4-c193adb84a8c returned with HTTP 200 [pid: 7|app: 0|req: 169/339] 10.0.0.253 () {32 vars in 775 bytes} [Wed May 13 01:48:05 2026] GET /v3/be84923d541e49d9817d1244a24196b8/volumes/c16fe5cc-d705-4f3e-bdf4-c193adb84a8c => generated 944 bytes in 21 msecs (HTTP/1.1 200) 7 headers in 285 bytes (1 switches on core 0) /var/lib/openstack/lib/python3.12/site-packages/pycadf/identifier.py:70: UserWarning: Invalid uuid: cinderv3. To ensure interoperability, identifiers should be a valid uuid. warnings.warn(('Invalid uuid: %s. To ensure interoperability, '
2026-05-13 01:48:05.904 8 INFO cinder.api.openstack.wsgi [req-97b20bfe-a329-45dc-8c33-d84891a41f76 req-d14d29e8-20e3-4a93-8c77-809d242294b5 2abf3fb0742741e8bcc3c329ff3cb9e3 e1125063c1c3465995b306a71b2287e1 - - default default] DELETE http://cinder-api.openstack.svc.cluster.local:8776/v3/e1125063c1c3465995b306a71b2287e1/attachments/bbbf6bb8-e3b2-473f-a55e-69cdaf61db53 /var/lib/openstack/lib/python3.12/site-packages/oslo_context/context.py:101: DeprecationWarning: Policy enforcement is depending on the value of is_admin. This key is deprecated. Please update your policy file to use the standard policy values. warnings.warn(
2026-05-13 01:48:06.470 8 INFO cinder.api.openstack.wsgi [req-97b20bfe-a329-45dc-8c33-d84891a41f76 req-d14d29e8-20e3-4a93-8c77-809d242294b5 2abf3fb0742741e8bcc3c329ff3cb9e3 e1125063c1c3465995b306a71b2287e1 - - default default] http://cinder-api.openstack.svc.cluster.local:8776/v3/e1125063c1c3465995b306a71b2287e1/attachments/bbbf6bb8-e3b2-473f-a55e-69cdaf61db53 returned with HTTP 200 [pid: 8|app: 0|req: 171/340] 199.204.45.140 () {38 vars in 1103 bytes} [Wed May 13 01:48:05 2026] DELETE /v3/e1125063c1c3465995b306a71b2287e1/attachments/bbbf6bb8-e3b2-473f-a55e-69cdaf61db53 => generated 19 bytes in 575 msecs (HTTP/1.1 200) 7 headers in 285 bytes (1 switches on core 0) /var/lib/openstack/lib/python3.12/site-packages/pycadf/identifier.py:70: UserWarning: Invalid uuid: cinderv3. To ensure interoperability, identifiers should be a valid uuid. warnings.warn(('Invalid uuid: %s. To ensure interoperability, '
2026-05-13 01:48:06.485 7 INFO cinder.api.openstack.wsgi [req-97b20bfe-a329-45dc-8c33-d84891a41f76 req-ba2d23a9-8e4b-4a8f-ac35-604cea6383f4 2abf3fb0742741e8bcc3c329ff3cb9e3 e1125063c1c3465995b306a71b2287e1 - - default default] DELETE http://cinder-api.openstack.svc.cluster.local:8776/v3/e1125063c1c3465995b306a71b2287e1/volumes/78e12512-cdef-4efa-92c1-3b4cd6bf39ad
2026-05-13 01:48:06.485 7 INFO cinder.api.v3.volumes [req-97b20bfe-a329-45dc-8c33-d84891a41f76 req-ba2d23a9-8e4b-4a8f-ac35-604cea6383f4 2abf3fb0742741e8bcc3c329ff3cb9e3 e1125063c1c3465995b306a71b2287e1 - - default default] Delete volume with id: 78e12512-cdef-4efa-92c1-3b4cd6bf39ad /var/lib/openstack/lib/python3.12/site-packages/oslo_context/context.py:101: DeprecationWarning: Policy enforcement is depending on the value of is_admin. This key is deprecated. Please update your policy file to use the standard policy values. warnings.warn(
2026-05-13 01:48:06.494 7 INFO cinder.volume.api [req-97b20bfe-a329-45dc-8c33-d84891a41f76 req-ba2d23a9-8e4b-4a8f-ac35-604cea6383f4 2abf3fb0742741e8bcc3c329ff3cb9e3 e1125063c1c3465995b306a71b2287e1 - - default default] Volume info retrieved successfully.
2026-05-13 01:48:06.513 7 INFO cinder.volume.api [req-97b20bfe-a329-45dc-8c33-d84891a41f76 req-ba2d23a9-8e4b-4a8f-ac35-604cea6383f4 2abf3fb0742741e8bcc3c329ff3cb9e3 e1125063c1c3465995b306a71b2287e1 - - default default] Delete volume request issued successfully.
2026-05-13 01:48:06.514 7 INFO cinder.api.openstack.wsgi [req-97b20bfe-a329-45dc-8c33-d84891a41f76 req-ba2d23a9-8e4b-4a8f-ac35-604cea6383f4 2abf3fb0742741e8bcc3c329ff3cb9e3 e1125063c1c3465995b306a71b2287e1 - - default default] http://cinder-api.openstack.svc.cluster.local:8776/v3/e1125063c1c3465995b306a71b2287e1/volumes/78e12512-cdef-4efa-92c1-3b4cd6bf39ad returned with HTTP 202 [pid: 7|app: 0|req: 170/341] 199.204.45.140 () {36 vars in 1054 bytes} [Wed May 13 01:48:06 2026] DELETE /v3/e1125063c1c3465995b306a71b2287e1/volumes/78e12512-cdef-4efa-92c1-3b4cd6bf39ad => generated 0 bytes in 36 msecs (HTTP/1.1 202) 6 headers in 233 bytes (1 switches on core 0) /var/lib/openstack/lib/python3.12/site-packages/pycadf/identifier.py:70: UserWarning: Invalid uuid: cinderv3. To ensure interoperability, identifiers should be a valid uuid. warnings.warn(('Invalid uuid: %s. To ensure interoperability, '
2026-05-13 01:48:06.618 8 INFO cinder.api.openstack.wsgi [None req-01fcc856-5119-471f-a5a2-fe6ea1ac12c6 3ed849a79db04f008c069a8828b87143 be84923d541e49d9817d1244a24196b8 - - default default] GET http://cinder-api.openstack.svc.cluster.local:8776/v3/be84923d541e49d9817d1244a24196b8/volumes/c16fe5cc-d705-4f3e-bdf4-c193adb84a8c /var/lib/openstack/lib/python3.12/site-packages/oslo_context/context.py:101: DeprecationWarning: Policy enforcement is depending on the value of is_admin. This key is deprecated. Please update your policy file to use the standard policy values. warnings.warn(
2026-05-13 01:48:06.635 8 INFO cinder.volume.api [None req-01fcc856-5119-471f-a5a2-fe6ea1ac12c6 3ed849a79db04f008c069a8828b87143 be84923d541e49d9817d1244a24196b8 - - default default] Volume info retrieved successfully.
2026-05-13 01:48:06.640 8 INFO cinder.api.openstack.wsgi [None req-01fcc856-5119-471f-a5a2-fe6ea1ac12c6 3ed849a79db04f008c069a8828b87143 be84923d541e49d9817d1244a24196b8 - - default default] http://cinder-api.openstack.svc.cluster.local:8776/v3/be84923d541e49d9817d1244a24196b8/volumes/c16fe5cc-d705-4f3e-bdf4-c193adb84a8c returned with HTTP 200 [pid: 8|app: 0|req: 172/342] 10.0.0.253 () {32 vars in 775 bytes} [Wed May 13 01:48:06 2026] GET /v3/be84923d541e49d9817d1244a24196b8/volumes/c16fe5cc-d705-4f3e-bdf4-c193adb84a8c => generated 969 bytes in 31 msecs (HTTP/1.1 200) 7 headers in 285 bytes (1 switches on core 0) /var/lib/openstack/lib/python3.12/site-packages/pycadf/identifier.py:70: UserWarning: Invalid uuid: cinderv3. To ensure interoperability, identifiers should be a valid uuid. warnings.warn(('Invalid uuid: %s. To ensure interoperability, '
2026-05-13 01:48:06.656 7 INFO cinder.api.openstack.wsgi [None req-42a524c1-29f1-4bb6-a14d-6a911857111c 3ed849a79db04f008c069a8828b87143 be84923d541e49d9817d1244a24196b8 - - default default] GET http://cinder-api.openstack.svc.cluster.local:8776/v3/be84923d541e49d9817d1244a24196b8/volumes/c16fe5cc-d705-4f3e-bdf4-c193adb84a8c /var/lib/openstack/lib/python3.12/site-packages/oslo_context/context.py:101: DeprecationWarning: Policy enforcement is depending on the value of is_admin. This key is deprecated. Please update your policy file to use the standard policy values. warnings.warn(
2026-05-13 01:48:06.669 7 INFO cinder.volume.api [None req-42a524c1-29f1-4bb6-a14d-6a911857111c 3ed849a79db04f008c069a8828b87143 be84923d541e49d9817d1244a24196b8 - - default default] Volume info retrieved successfully.
2026-05-13 01:48:06.674 7 INFO cinder.api.openstack.wsgi [None req-42a524c1-29f1-4bb6-a14d-6a911857111c 3ed849a79db04f008c069a8828b87143 be84923d541e49d9817d1244a24196b8 - - default default] http://cinder-api.openstack.svc.cluster.local:8776/v3/be84923d541e49d9817d1244a24196b8/volumes/c16fe5cc-d705-4f3e-bdf4-c193adb84a8c returned with HTTP 200 [pid: 7|app: 0|req: 171/343] 10.0.0.253 () {32 vars in 775 bytes} [Wed May 13 01:48:06 2026] GET /v3/be84923d541e49d9817d1244a24196b8/volumes/c16fe5cc-d705-4f3e-bdf4-c193adb84a8c => generated 969 bytes in 21 msecs (HTTP/1.1 200) 7 headers in 285 bytes (1 switches on core 0) /var/lib/openstack/lib/python3.12/site-packages/pycadf/identifier.py:70: UserWarning: Invalid uuid: cinderv3. To ensure interoperability, identifiers should be a valid uuid. warnings.warn(('Invalid uuid: %s. To ensure interoperability, '
2026-05-13 01:48:06.690 8 INFO cinder.api.openstack.wsgi [None req-66046b49-ff04-4db1-9a27-d07c46e23cf3 3ed849a79db04f008c069a8828b87143 be84923d541e49d9817d1244a24196b8 - - default default] GET http://cinder-api.openstack.svc.cluster.local:8776/v3/be84923d541e49d9817d1244a24196b8/volumes
2026-05-13 01:48:06.720 8 INFO cinder.volume.api [None req-66046b49-ff04-4db1-9a27-d07c46e23cf3 3ed849a79db04f008c069a8828b87143 be84923d541e49d9817d1244a24196b8 - - default default] Get all volumes completed successfully.
2026-05-13 01:48:06.720 8 INFO cinder.api.openstack.wsgi [None req-66046b49-ff04-4db1-9a27-d07c46e23cf3 3ed849a79db04f008c069a8828b87143 be84923d541e49d9817d1244a24196b8 - - default default] http://cinder-api.openstack.svc.cluster.local:8776/v3/be84923d541e49d9817d1244a24196b8/volumes returned with HTTP 200 [pid: 8|app: 0|req: 173/344] 10.0.0.253 () {32 vars in 701 bytes} [Wed May 13 01:48:06 2026] GET /v3/be84923d541e49d9817d1244a24196b8/volumes => generated 1324 bytes in 38 msecs (HTTP/1.1 200) 7 headers in 286 bytes (1 switches on core 0) /var/lib/openstack/lib/python3.12/site-packages/pycadf/identifier.py:70: UserWarning: Invalid uuid: cinderv3. To ensure interoperability, identifiers should be a valid uuid. warnings.warn(('Invalid uuid: %s. To ensure interoperability, '
2026-05-13 01:48:06.735 7 INFO cinder.api.openstack.wsgi [None req-c03837f8-a7d7-4fd6-a32d-869dd6661c07 3ed849a79db04f008c069a8828b87143 be84923d541e49d9817d1244a24196b8 - - default default] GET http://cinder-api.openstack.svc.cluster.local:8776/v3/be84923d541e49d9817d1244a24196b8/volumes/c16fe5cc-d705-4f3e-bdf4-c193adb84a8c /var/lib/openstack/lib/python3.12/site-packages/oslo_context/context.py:101: DeprecationWarning: Policy enforcement is depending on the value of is_admin. This key is deprecated. Please update your policy file to use the standard policy values. warnings.warn(
2026-05-13 01:48:06.758 7 INFO cinder.volume.api [None req-c03837f8-a7d7-4fd6-a32d-869dd6661c07 3ed849a79db04f008c069a8828b87143 be84923d541e49d9817d1244a24196b8 - - default default] Volume info retrieved successfully.
2026-05-13 01:48:06.763 7 INFO cinder.api.openstack.wsgi [None req-c03837f8-a7d7-4fd6-a32d-869dd6661c07 3ed849a79db04f008c069a8828b87143 be84923d541e49d9817d1244a24196b8 - - default default] http://cinder-api.openstack.svc.cluster.local:8776/v3/be84923d541e49d9817d1244a24196b8/volumes/c16fe5cc-d705-4f3e-bdf4-c193adb84a8c returned with HTTP 200 [pid: 7|app: 0|req: 172/345] 10.0.0.253 () {32 vars in 775 bytes} [Wed May 13 01:48:06 2026] GET /v3/be84923d541e49d9817d1244a24196b8/volumes/c16fe5cc-d705-4f3e-bdf4-c193adb84a8c => generated 969 bytes in 34 msecs (HTTP/1.1 200) 7 headers in 285 bytes (1 switches on core 0) /var/lib/openstack/lib/python3.12/site-packages/pycadf/identifier.py:70: UserWarning: Invalid uuid: cinderv3. To ensure interoperability, identifiers should be a valid uuid. warnings.warn(('Invalid uuid: %s. To ensure interoperability, '
2026-05-13 01:48:06.785 8 INFO cinder.api.openstack.wsgi [None req-049f87ef-585c-436a-8366-b4f99939368d 3ed849a79db04f008c069a8828b87143 be84923d541e49d9817d1244a24196b8 - - default default] DELETE http://cinder-api.openstack.svc.cluster.local:8776/v3/be84923d541e49d9817d1244a24196b8/volumes/c16fe5cc-d705-4f3e-bdf4-c193adb84a8c
2026-05-13 01:48:06.786 8 INFO cinder.api.v3.volumes [None req-049f87ef-585c-436a-8366-b4f99939368d 3ed849a79db04f008c069a8828b87143 be84923d541e49d9817d1244a24196b8 - - default default] Delete volume with id: c16fe5cc-d705-4f3e-bdf4-c193adb84a8c /var/lib/openstack/lib/python3.12/site-packages/oslo_context/context.py:101: DeprecationWarning: Policy enforcement is depending on the value of is_admin. This key is deprecated. Please update your policy file to use the standard policy values. warnings.warn(
2026-05-13 01:48:06.797 8 INFO cinder.volume.api [None req-049f87ef-585c-436a-8366-b4f99939368d 3ed849a79db04f008c069a8828b87143 be84923d541e49d9817d1244a24196b8 - - default default] Volume info retrieved successfully.
2026-05-13 01:48:06.820 8 INFO cinder.volume.api [None req-049f87ef-585c-436a-8366-b4f99939368d 3ed849a79db04f008c069a8828b87143 be84923d541e49d9817d1244a24196b8 - - default default] Delete volume request issued successfully.
2026-05-13 01:48:06.821 8 INFO cinder.api.openstack.wsgi [None req-049f87ef-585c-436a-8366-b4f99939368d 3ed849a79db04f008c069a8828b87143 be84923d541e49d9817d1244a24196b8 - - default default] http://cinder-api.openstack.svc.cluster.local:8776/v3/be84923d541e49d9817d1244a24196b8/volumes/c16fe5cc-d705-4f3e-bdf4-c193adb84a8c returned with HTTP 202 [pid: 8|app: 0|req: 174/346] 10.0.0.253 () {32 vars in 778 bytes} [Wed May 13 01:48:06 2026] DELETE /v3/be84923d541e49d9817d1244a24196b8/volumes/c16fe5cc-d705-4f3e-bdf4-c193adb84a8c => generated 0 bytes in 43 msecs (HTTP/1.1 202) 6 headers in 233 bytes (1 switches on core 0) /var/lib/openstack/lib/python3.12/site-packages/pycadf/identifier.py:70: UserWarning: Invalid uuid: cinderv3. To ensure interoperability, identifiers should be a valid uuid. warnings.warn(('Invalid uuid: %s. To ensure interoperability, '
2026-05-13 01:48:06.834 7 INFO cinder.api.openstack.wsgi [None req-27dd6d40-80c5-4d19-bab5-8b1b9067b814 3ed849a79db04f008c069a8828b87143 be84923d541e49d9817d1244a24196b8 - - default default] GET http://cinder-api.openstack.svc.cluster.local:8776/v3/be84923d541e49d9817d1244a24196b8/volumes/c16fe5cc-d705-4f3e-bdf4-c193adb84a8c /var/lib/openstack/lib/python3.12/site-packages/oslo_context/context.py:101: DeprecationWarning: Policy enforcement is depending on the value of is_admin. This key is deprecated. Please update your policy file to use the standard policy values. warnings.warn(
2026-05-13 01:48:06.859 7 INFO cinder.volume.api [None req-27dd6d40-80c5-4d19-bab5-8b1b9067b814 3ed849a79db04f008c069a8828b87143 be84923d541e49d9817d1244a24196b8 - - default default] Volume info retrieved successfully.
2026-05-13 01:48:06.868 7 INFO cinder.api.openstack.wsgi [None req-27dd6d40-80c5-4d19-bab5-8b1b9067b814 3ed849a79db04f008c069a8828b87143 be84923d541e49d9817d1244a24196b8 - - default default] http://cinder-api.openstack.svc.cluster.local:8776/v3/be84923d541e49d9817d1244a24196b8/volumes/c16fe5cc-d705-4f3e-bdf4-c193adb84a8c returned with HTTP 200 [pid: 7|app: 0|req: 173/347] 10.0.0.253 () {32 vars in 775 bytes} [Wed May 13 01:48:06 2026] GET /v3/be84923d541e49d9817d1244a24196b8/volumes/c16fe5cc-d705-4f3e-bdf4-c193adb84a8c => generated 968 bytes in 43 msecs (HTTP/1.1 200) 7 headers in 285 bytes (1 switches on core 0) /var/lib/openstack/lib/python3.12/site-packages/pycadf/identifier.py:70: UserWarning: Invalid uuid: cinderv3. To ensure interoperability, identifiers should be a valid uuid. warnings.warn(('Invalid uuid: %s. To ensure interoperability, '
2026-05-13 01:48:07.889 8 INFO cinder.api.openstack.wsgi [None req-bcb3d257-e0a0-431a-abce-16ece6cb2228 3ed849a79db04f008c069a8828b87143 be84923d541e49d9817d1244a24196b8 - - default default] GET http://cinder-api.openstack.svc.cluster.local:8776/v3/be84923d541e49d9817d1244a24196b8/volumes/c16fe5cc-d705-4f3e-bdf4-c193adb84a8c
2026-05-13 01:48:07.905 8 INFO cinder.api.openstack.wsgi [None req-bcb3d257-e0a0-431a-abce-16ece6cb2228 3ed849a79db04f008c069a8828b87143 be84923d541e49d9817d1244a24196b8 - - default default] http://cinder-api.openstack.svc.cluster.local:8776/v3/be84923d541e49d9817d1244a24196b8/volumes/c16fe5cc-d705-4f3e-bdf4-c193adb84a8c returned with HTTP 404 [pid: 8|app: 0|req: 175/348] 10.0.0.253 () {32 vars in 775 bytes} [Wed May 13 01:48:07 2026] GET /v3/be84923d541e49d9817d1244a24196b8/volumes/c16fe5cc-d705-4f3e-bdf4-c193adb84a8c => generated 109 bytes in 22 msecs (HTTP/1.1 404) 7 headers in 292 bytes (1 switches on core 0) /var/lib/openstack/lib/python3.12/site-packages/pycadf/identifier.py:70: UserWarning: Invalid uuid: cinderv3. To ensure interoperability, identifiers should be a valid uuid. warnings.warn(('Invalid uuid: %s. To ensure interoperability, '
2026-05-13 01:48:07.917 7 INFO cinder.api.openstack.wsgi [None req-eef78d49-f0ea-42c4-a678-03b45993480a 3ed849a79db04f008c069a8828b87143 be84923d541e49d9817d1244a24196b8 - - default default] GET http://cinder-api.openstack.svc.cluster.local:8776/v3/be84923d541e49d9817d1244a24196b8/volumes/0d18b669-2dab-431e-a146-86634a66c0bc /var/lib/openstack/lib/python3.12/site-packages/oslo_context/context.py:101: DeprecationWarning: Policy enforcement is depending on the value of is_admin. This key is deprecated. Please update your policy file to use the standard policy values. warnings.warn(
2026-05-13 01:48:07.933 7 INFO cinder.volume.api [None req-eef78d49-f0ea-42c4-a678-03b45993480a 3ed849a79db04f008c069a8828b87143 be84923d541e49d9817d1244a24196b8 - - default default] Volume info retrieved successfully.
2026-05-13 01:48:07.939 7 INFO cinder.api.openstack.wsgi [None req-eef78d49-f0ea-42c4-a678-03b45993480a 3ed849a79db04f008c069a8828b87143 be84923d541e49d9817d1244a24196b8 - - default default] http://cinder-api.openstack.svc.cluster.local:8776/v3/be84923d541e49d9817d1244a24196b8/volumes/0d18b669-2dab-431e-a146-86634a66c0bc returned with HTTP 200 [pid: 7|app: 0|req: 174/349] 10.0.0.253 () {32 vars in 775 bytes} [Wed May 13 01:48:07 2026] GET /v3/be84923d541e49d9817d1244a24196b8/volumes/0d18b669-2dab-431e-a146-86634a66c0bc => generated 969 bytes in 29 msecs (HTTP/1.1 200) 7 headers in 285 bytes (1 switches on core 0)
2026-05-13 01:48:07.960 8 INFO cinder.api.openstack.wsgi [None req-07f273ca-2b9f-44b8-aaea-430c074eaa74 3ed849a79db04f008c069a8828b87143 be84923d541e49d9817d1244a24196b8 - - default default] DELETE http://cinder-api.openstack.svc.cluster.local:8776/v3/be84923d541e49d9817d1244a24196b8/volumes/0d18b669-2dab-431e-a146-86634a66c0bc
2026-05-13 01:48:07.961 8 INFO cinder.api.v3.volumes [None req-07f273ca-2b9f-44b8-aaea-430c074eaa74 3ed849a79db04f008c069a8828b87143 be84923d541e49d9817d1244a24196b8 - - default default] Delete volume with id: 0d18b669-2dab-431e-a146-86634a66c0bc /var/lib/openstack/lib/python3.12/site-packages/oslo_context/context.py:101: DeprecationWarning: Policy enforcement is depending on the value of is_admin. This key is deprecated. Please update your policy file to use the standard policy values. warnings.warn(
2026-05-13 01:48:07.971 8 INFO cinder.volume.api [None req-07f273ca-2b9f-44b8-aaea-430c074eaa74 3ed849a79db04f008c069a8828b87143 be84923d541e49d9817d1244a24196b8 - - default default] Volume info retrieved successfully.
2026-05-13 01:48:07.996 8 INFO cinder.volume.api [None req-07f273ca-2b9f-44b8-aaea-430c074eaa74 3ed849a79db04f008c069a8828b87143 be84923d541e49d9817d1244a24196b8 - - default default] Delete volume request issued successfully.
2026-05-13 01:48:07.996 8 INFO cinder.api.openstack.wsgi [None req-07f273ca-2b9f-44b8-aaea-430c074eaa74 3ed849a79db04f008c069a8828b87143 be84923d541e49d9817d1244a24196b8 - - default default] http://cinder-api.openstack.svc.cluster.local:8776/v3/be84923d541e49d9817d1244a24196b8/volumes/0d18b669-2dab-431e-a146-86634a66c0bc returned with HTTP 202 [pid: 8|app: 0|req: 176/350] 10.0.0.253 () {32 vars in 778 bytes} [Wed May 13 01:48:07 2026] DELETE /v3/be84923d541e49d9817d1244a24196b8/volumes/0d18b669-2dab-431e-a146-86634a66c0bc => generated 0 bytes in 43 msecs (HTTP/1.1 202) 6 headers in 233 bytes (1 switches on core 0) /var/lib/openstack/lib/python3.12/site-packages/pycadf/identifier.py:70: UserWarning: Invalid uuid: cinderv3. To ensure interoperability, identifiers should be a valid uuid. warnings.warn(('Invalid uuid: %s. To ensure interoperability, '
2026-05-13 01:48:08.007 7 INFO cinder.api.openstack.wsgi [None req-00c92a46-2a49-4600-b1a4-9532e39703ad 3ed849a79db04f008c069a8828b87143 be84923d541e49d9817d1244a24196b8 - - default default] GET http://cinder-api.openstack.svc.cluster.local:8776/v3/be84923d541e49d9817d1244a24196b8/volumes/0d18b669-2dab-431e-a146-86634a66c0bc /var/lib/openstack/lib/python3.12/site-packages/oslo_context/context.py:101: DeprecationWarning: Policy enforcement is depending on the value of is_admin. This key is deprecated. Please update your policy file to use the standard policy values. warnings.warn(
2026-05-13 01:48:08.020 7 INFO cinder.volume.api [None req-00c92a46-2a49-4600-b1a4-9532e39703ad 3ed849a79db04f008c069a8828b87143 be84923d541e49d9817d1244a24196b8 - - default default] Volume info retrieved successfully.
2026-05-13 01:48:08.025 7 INFO cinder.api.openstack.wsgi [None req-00c92a46-2a49-4600-b1a4-9532e39703ad 3ed849a79db04f008c069a8828b87143 be84923d541e49d9817d1244a24196b8 - - default default] http://cinder-api.openstack.svc.cluster.local:8776/v3/be84923d541e49d9817d1244a24196b8/volumes/0d18b669-2dab-431e-a146-86634a66c0bc returned with HTTP 200 [pid: 7|app: 0|req: 175/351] 10.0.0.253 () {32 vars in 775 bytes} [Wed May 13 01:48:08 2026] GET /v3/be84923d541e49d9817d1244a24196b8/volumes/0d18b669-2dab-431e-a146-86634a66c0bc => generated 968 bytes in 25 msecs (HTTP/1.1 200) 7 headers in 285 bytes (1 switches on core 0) /var/lib/openstack/lib/python3.12/site-packages/pycadf/identifier.py:70: UserWarning: Invalid uuid: cinderv3. To ensure interoperability, identifiers should be a valid uuid. warnings.warn(('Invalid uuid: %s. To ensure interoperability, '
2026-05-13 01:48:09.050 8 INFO cinder.api.openstack.wsgi [None req-843e0c94-3861-42d1-81d3-4dc32d97ffc1 3ed849a79db04f008c069a8828b87143 be84923d541e49d9817d1244a24196b8 - - default default] GET http://cinder-api.openstack.svc.cluster.local:8776/v3/be84923d541e49d9817d1244a24196b8/volumes/0d18b669-2dab-431e-a146-86634a66c0bc
2026-05-13 01:48:09.059 8 INFO cinder.api.openstack.wsgi [None req-843e0c94-3861-42d1-81d3-4dc32d97ffc1 3ed849a79db04f008c069a8828b87143 be84923d541e49d9817d1244a24196b8 - - default default] http://cinder-api.openstack.svc.cluster.local:8776/v3/be84923d541e49d9817d1244a24196b8/volumes/0d18b669-2dab-431e-a146-86634a66c0bc returned with HTTP 404 [pid: 8|app: 0|req: 177/352] 10.0.0.253 () {32 vars in 775 bytes} [Wed May 13 01:48:09 2026] GET /v3/be84923d541e49d9817d1244a24196b8/volumes/0d18b669-2dab-431e-a146-86634a66c0bc => generated 109 bytes in 18 msecs (HTTP/1.1 404) 7 headers in 292 bytes (1 switches on core 0) /var/lib/openstack/lib/python3.12/site-packages/pycadf/identifier.py:70: UserWarning: Invalid uuid: cinderv3. To ensure interoperability, identifiers should be a valid uuid. warnings.warn(('Invalid uuid: %s. To ensure interoperability, '
2026-05-13 01:48:09.072 7 INFO cinder.api.openstack.wsgi [None req-d996e7ad-f414-4f08-86ca-62c5144dacc5 3ed849a79db04f008c069a8828b87143 be84923d541e49d9817d1244a24196b8 - - default default] GET http://cinder-api.openstack.svc.cluster.local:8776/v3/be84923d541e49d9817d1244a24196b8/volumes/57bbf187-e301-43a2-a7aa-c2ae6877197f /var/lib/openstack/lib/python3.12/site-packages/oslo_context/context.py:101: DeprecationWarning: Policy enforcement is depending on the value of is_admin. This key is deprecated. Please update your policy file to use the standard policy values. warnings.warn(
2026-05-13 01:48:09.097 7 INFO cinder.volume.api [None req-d996e7ad-f414-4f08-86ca-62c5144dacc5 3ed849a79db04f008c069a8828b87143 be84923d541e49d9817d1244a24196b8 - - default default] Volume info retrieved successfully.
2026-05-13 01:48:09.103 7 INFO cinder.api.openstack.wsgi [None req-d996e7ad-f414-4f08-86ca-62c5144dacc5 3ed849a79db04f008c069a8828b87143 be84923d541e49d9817d1244a24196b8 - - default default] http://cinder-api.openstack.svc.cluster.local:8776/v3/be84923d541e49d9817d1244a24196b8/volumes/57bbf187-e301-43a2-a7aa-c2ae6877197f returned with HTTP 200 [pid: 7|app: 0|req: 176/353] 10.0.0.253 () {32 vars in 775 bytes} [Wed May 13 01:48:09 2026] GET /v3/be84923d541e49d9817d1244a24196b8/volumes/57bbf187-e301-43a2-a7aa-c2ae6877197f => generated 969 bytes in 37 msecs (HTTP/1.1 200) 7 headers in 285 bytes (1 switches on core 0)
2026-05-13 01:48:09.124 8 INFO cinder.api.openstack.wsgi [None req-83f26f9a-2e36-4f57-ab98-48419ed3f7f0 3ed849a79db04f008c069a8828b87143 be84923d541e49d9817d1244a24196b8 - - default default] DELETE http://cinder-api.openstack.svc.cluster.local:8776/v3/be84923d541e49d9817d1244a24196b8/volumes/57bbf187-e301-43a2-a7aa-c2ae6877197f
2026-05-13 01:48:09.125 8 INFO cinder.api.v3.volumes [None req-83f26f9a-2e36-4f57-ab98-48419ed3f7f0 3ed849a79db04f008c069a8828b87143 be84923d541e49d9817d1244a24196b8 - - default default] Delete volume with id: 57bbf187-e301-43a2-a7aa-c2ae6877197f /var/lib/openstack/lib/python3.12/site-packages/oslo_context/context.py:101: DeprecationWarning: Policy enforcement is depending on the value of is_admin. This key is deprecated. Please update your policy file to use the standard policy values. warnings.warn(
2026-05-13 01:48:09.369 8 INFO cinder.volume.api [None req-83f26f9a-2e36-4f57-ab98-48419ed3f7f0 3ed849a79db04f008c069a8828b87143 be84923d541e49d9817d1244a24196b8 - - default default] Volume info retrieved successfully.
2026-05-13 01:48:09.387 8 INFO cinder.volume.api [None req-83f26f9a-2e36-4f57-ab98-48419ed3f7f0 3ed849a79db04f008c069a8828b87143 be84923d541e49d9817d1244a24196b8 - - default default] Delete volume request issued successfully.
2026-05-13 01:48:09.387 8 INFO cinder.api.openstack.wsgi [None req-83f26f9a-2e36-4f57-ab98-48419ed3f7f0 3ed849a79db04f008c069a8828b87143 be84923d541e49d9817d1244a24196b8 - - default default] http://cinder-api.openstack.svc.cluster.local:8776/v3/be84923d541e49d9817d1244a24196b8/volumes/57bbf187-e301-43a2-a7aa-c2ae6877197f returned with HTTP 202 [pid: 8|app: 0|req: 178/354] 10.0.0.253 () {32 vars in 778 bytes} [Wed May 13 01:48:09 2026] DELETE /v3/be84923d541e49d9817d1244a24196b8/volumes/57bbf187-e301-43a2-a7aa-c2ae6877197f => generated 0 bytes in 272 msecs (HTTP/1.1 202) 6 headers in 233 bytes (1 switches on core 0) /var/lib/openstack/lib/python3.12/site-packages/pycadf/identifier.py:70: UserWarning: Invalid uuid: cinderv3. To ensure interoperability, identifiers should be a valid uuid. warnings.warn(('Invalid uuid: %s. To ensure interoperability, '
2026-05-13 01:48:09.399 7 INFO cinder.api.openstack.wsgi [None req-291efba0-dfde-4e61-9255-a1e0f78de019 3ed849a79db04f008c069a8828b87143 be84923d541e49d9817d1244a24196b8 - - default default] GET http://cinder-api.openstack.svc.cluster.local:8776/v3/be84923d541e49d9817d1244a24196b8/volumes/57bbf187-e301-43a2-a7aa-c2ae6877197f /var/lib/openstack/lib/python3.12/site-packages/oslo_context/context.py:101: DeprecationWarning: Policy enforcement is depending on the value of is_admin. This key is deprecated. Please update your policy file to use the standard policy values. warnings.warn(
2026-05-13 01:48:09.412 7 INFO cinder.volume.api [None req-291efba0-dfde-4e61-9255-a1e0f78de019 3ed849a79db04f008c069a8828b87143 be84923d541e49d9817d1244a24196b8 - - default default] Volume info retrieved successfully.
2026-05-13 01:48:09.417 7 INFO cinder.api.openstack.wsgi [None req-291efba0-dfde-4e61-9255-a1e0f78de019 3ed849a79db04f008c069a8828b87143 be84923d541e49d9817d1244a24196b8 - - default default] http://cinder-api.openstack.svc.cluster.local:8776/v3/be84923d541e49d9817d1244a24196b8/volumes/57bbf187-e301-43a2-a7aa-c2ae6877197f returned with HTTP 200 [pid: 7|app: 0|req: 177/355] 10.0.0.253 () {32 vars in 775 bytes} [Wed May 13 01:48:09 2026] GET /v3/be84923d541e49d9817d1244a24196b8/volumes/57bbf187-e301-43a2-a7aa-c2ae6877197f => generated 968 bytes in 24 msecs (HTTP/1.1 200) 7 headers in 285 bytes (1 switches on core 0) /var/lib/openstack/lib/python3.12/site-packages/pycadf/identifier.py:70: UserWarning: Invalid uuid: cinderv3. To ensure interoperability, identifiers should be a valid uuid. warnings.warn(('Invalid uuid: %s. To ensure interoperability, '
2026-05-13 01:48:10.437 8 INFO cinder.api.openstack.wsgi [None req-534b0837-2cf2-4bb0-bf70-e49d76c2f655 3ed849a79db04f008c069a8828b87143 be84923d541e49d9817d1244a24196b8 - - default default] GET http://cinder-api.openstack.svc.cluster.local:8776/v3/be84923d541e49d9817d1244a24196b8/volumes/57bbf187-e301-43a2-a7aa-c2ae6877197f
2026-05-13 01:48:10.447 8 INFO cinder.api.openstack.wsgi [None req-534b0837-2cf2-4bb0-bf70-e49d76c2f655 3ed849a79db04f008c069a8828b87143 be84923d541e49d9817d1244a24196b8 - - default default] http://cinder-api.openstack.svc.cluster.local:8776/v3/be84923d541e49d9817d1244a24196b8/volumes/57bbf187-e301-43a2-a7aa-c2ae6877197f returned with HTTP 404 [pid: 8|app: 0|req: 179/356] 10.0.0.253 () {32 vars in 775 bytes} [Wed May 13 01:48:10 2026] GET /v3/be84923d541e49d9817d1244a24196b8/volumes/57bbf187-e301-43a2-a7aa-c2ae6877197f => generated 109 bytes in 18 msecs (HTTP/1.1 404) 7 headers in 292 bytes (1 switches on core 0)
2026-05-13 01:48:12.842 8 INFO cinder.api.openstack.wsgi [None req-534b0837-2cf2-4bb0-bf70-e49d76c2f655 3ed849a79db04f008c069a8828b87143 be84923d541e49d9817d1244a24196b8 - - default default] GET http://10.0.0.129:8776/
2026-05-13 01:48:12.842 7 INFO cinder.api.openstack.wsgi [None req-291efba0-dfde-4e61-9255-a1e0f78de019 3ed849a79db04f008c069a8828b87143 be84923d541e49d9817d1244a24196b8 - - default default] GET http://10.0.0.129:8776/
2026-05-13 01:48:12.843 8 INFO cinder.api.openstack.wsgi [None req-534b0837-2cf2-4bb0-bf70-e49d76c2f655 3ed849a79db04f008c069a8828b87143 be84923d541e49d9817d1244a24196b8 - - default default] http://10.0.0.129:8776/ returned with HTTP 300
2026-05-13 01:48:12.843 7 INFO cinder.api.openstack.wsgi [None req-291efba0-dfde-4e61-9255-a1e0f78de019 3ed849a79db04f008c069a8828b87143 be84923d541e49d9817d1244a24196b8 - - default default] http://10.0.0.129:8776/ returned with HTTP 300
2026-05-13 01:48:15.336 7 INFO cinder.api.openstack.wsgi [None req-291efba0-dfde-4e61-9255-a1e0f78de019 3ed849a79db04f008c069a8828b87143 be84923d541e49d9817d1244a24196b8 - - default default] GET http://cinder-api.openstack.svc.cluster.local:8776/
2026-05-13 01:48:15.337 7 INFO cinder.api.openstack.wsgi [None req-291efba0-dfde-4e61-9255-a1e0f78de019 3ed849a79db04f008c069a8828b87143 be84923d541e49d9817d1244a24196b8 - - default default] http://cinder-api.openstack.svc.cluster.local:8776/ returned with HTTP 300 [pid: 7|app: 0|req: 179/359] 10.0.0.192 () {28 vars in 376 bytes} [Wed May 13 01:48:15 2026] GET / => generated 411 bytes in 3 msecs (HTTP/1.1 300) 5 headers in 169 bytes (1 switches on core 0)
2026-05-13 01:48:15.351 8 INFO cinder.api.openstack.wsgi [None req-62367a39-1622-40c2-a9fc-7d7c8a320a6c f9a01e85c7d9402e9c5cfa5c031d3412 1355894287c04bd59d7805839b2bb439 - - default default] GET http://cinder-api.openstack.svc.cluster.local:8776/v3/1355894287c04bd59d7805839b2bb439/limits?tenant_id=1355894287c04bd59d7805839b2bb439
2026-05-13 01:48:15.382 8 INFO cinder.api.openstack.wsgi [None req-62367a39-1622-40c2-a9fc-7d7c8a320a6c f9a01e85c7d9402e9c5cfa5c031d3412 1355894287c04bd59d7805839b2bb439 - - default default] http://cinder-api.openstack.svc.cluster.local:8776/v3/1355894287c04bd59d7805839b2bb439/limits?tenant_id=1355894287c04bd59d7805839b2bb439 returned with HTTP 200 [pid: 8|app: 0|req: 181/360] 10.0.0.192 () {34 vars in 879 bytes} [Wed May 13 01:48:15 2026] GET /v3/1355894287c04bd59d7805839b2bb439/limits?tenant_id=1355894287c04bd59d7805839b2bb439 => generated 302 bytes in 39 msecs (HTTP/1.1 200) 7 headers in 286 bytes (1 switches on core 0)
2026-05-13 01:48:18.030 7 INFO cinder.api.openstack.wsgi [None req-291efba0-dfde-4e61-9255-a1e0f78de019 3ed849a79db04f008c069a8828b87143 be84923d541e49d9817d1244a24196b8 - - default default] GET http://cinder-api.openstack.svc.cluster.local:8776/
2026-05-13 01:48:18.031 7 INFO cinder.api.openstack.wsgi [None req-291efba0-dfde-4e61-9255-a1e0f78de019 3ed849a79db04f008c069a8828b87143 be84923d541e49d9817d1244a24196b8 - - default default] http://cinder-api.openstack.svc.cluster.local:8776/ returned with HTTP 300 [pid: 7|app: 0|req: 180/361] 10.0.0.192 () {28 vars in 376 bytes} [Wed May 13 01:48:18 2026] GET / => generated 411 bytes in 3 msecs (HTTP/1.1 300) 5 headers in 169 bytes (1 switches on core 0)
2026-05-13 01:48:18.041 8 INFO cinder.api.openstack.wsgi [None req-62367a39-1622-40c2-a9fc-7d7c8a320a6c f9a01e85c7d9402e9c5cfa5c031d3412 1355894287c04bd59d7805839b2bb439 - - default default] GET http://cinder-api.openstack.svc.cluster.local:8776/
2026-05-13 01:48:18.044 8 INFO cinder.api.openstack.wsgi [None req-62367a39-1622-40c2-a9fc-7d7c8a320a6c f9a01e85c7d9402e9c5cfa5c031d3412 1355894287c04bd59d7805839b2bb439 - - default default] http://cinder-api.openstack.svc.cluster.local:8776/ returned with HTTP 300 [pid: 8|app: 0|req: 182/362] 10.0.0.192 () {28 vars in 376 bytes} [Wed May 13 01:48:18 2026] GET / => generated 411 bytes in 6 msecs (HTTP/1.1 300) 5 headers in 169 bytes (1 switches on core 0)
2026-05-13 01:48:18.820 7 INFO cinder.api.openstack.wsgi [None req-291efba0-dfde-4e61-9255-a1e0f78de019 3ed849a79db04f008c069a8828b87143 be84923d541e49d9817d1244a24196b8 - - default default] GET http://cinder-api.openstack.svc.cluster.local:8776/
2026-05-13 01:48:18.822 7 INFO cinder.api.openstack.wsgi [None req-291efba0-dfde-4e61-9255-a1e0f78de019 3ed849a79db04f008c069a8828b87143 be84923d541e49d9817d1244a24196b8 - - default default] http://cinder-api.openstack.svc.cluster.local:8776/ returned with HTTP 300 [pid: 7|app: 0|req: 181/363] 10.0.0.192 () {28 vars in 376 bytes} [Wed May 13 01:48:18 2026] GET / => generated 411 bytes in 3 msecs (HTTP/1.1 300) 5 headers in 169 bytes (1 switches on core 0)
2026-05-13 01:48:18.835 8 INFO cinder.api.openstack.wsgi [None req-9da5b724-d744-40fa-bad8-3e4ed0fb6a22 f9a01e85c7d9402e9c5cfa5c031d3412 1355894287c04bd59d7805839b2bb439 - - default default] GET http://cinder-api.openstack.svc.cluster.local:8776/v3/1355894287c04bd59d7805839b2bb439/limits?tenant_id=1355894287c04bd59d7805839b2bb439
2026-05-13 01:48:18.860 8 INFO cinder.api.openstack.wsgi [None req-9da5b724-d744-40fa-bad8-3e4ed0fb6a22 f9a01e85c7d9402e9c5cfa5c031d3412 1355894287c04bd59d7805839b2bb439 - - default default] http://cinder-api.openstack.svc.cluster.local:8776/v3/1355894287c04bd59d7805839b2bb439/limits?tenant_id=1355894287c04bd59d7805839b2bb439 returned with HTTP 200 [pid: 8|app: 0|req: 183/364] 10.0.0.192 () {34 vars in 879 bytes} [Wed May 13 01:48:18 2026] GET /v3/1355894287c04bd59d7805839b2bb439/limits?tenant_id=1355894287c04bd59d7805839b2bb439 => generated 302 bytes in 33 msecs (HTTP/1.1 200) 7 headers in 286 bytes (1 switches on core 0)
2026-05-13 01:48:21.314 7 INFO cinder.api.openstack.wsgi [None req-291efba0-dfde-4e61-9255-a1e0f78de019 3ed849a79db04f008c069a8828b87143 be84923d541e49d9817d1244a24196b8 - - default default] GET http://cinder-api.openstack.svc.cluster.local:8776/
2026-05-13 01:48:21.316 7 INFO cinder.api.openstack.wsgi [None req-291efba0-dfde-4e61-9255-a1e0f78de019 3ed849a79db04f008c069a8828b87143 be84923d541e49d9817d1244a24196b8 - - default default] http://cinder-api.openstack.svc.cluster.local:8776/ returned with HTTP 300 [pid: 7|app: 0|req: 182/365] 10.0.0.192 () {28 vars in 376 bytes} [Wed May 13 01:48:21 2026] GET / => generated 411 bytes in 3 msecs (HTTP/1.1 300) 5 headers in 169 bytes (1 switches on core 0)
2026-05-13 01:48:21.324 8 INFO cinder.api.openstack.wsgi [None req-9da5b724-d744-40fa-bad8-3e4ed0fb6a22 f9a01e85c7d9402e9c5cfa5c031d3412 1355894287c04bd59d7805839b2bb439 - - default default] GET http://cinder-api.openstack.svc.cluster.local:8776/
2026-05-13 01:48:21.325 8 INFO cinder.api.openstack.wsgi [None req-9da5b724-d744-40fa-bad8-3e4ed0fb6a22 f9a01e85c7d9402e9c5cfa5c031d3412 1355894287c04bd59d7805839b2bb439 - - default default] http://cinder-api.openstack.svc.cluster.local:8776/ returned with HTTP 300 [pid: 8|app: 0|req: 184/366] 10.0.0.192 () {28 vars in 376 bytes} [Wed May 13 01:48:21 2026] GET / => generated 411 bytes in 3 msecs (HTTP/1.1 300) 5 headers in 169 bytes (1 switches on core 0)
2026-05-13 01:48:22.842 8 INFO cinder.api.openstack.wsgi [None req-9da5b724-d744-40fa-bad8-3e4ed0fb6a22 f9a01e85c7d9402e9c5cfa5c031d3412 1355894287c04bd59d7805839b2bb439 - - default default] GET http://10.0.0.129:8776/
2026-05-13 01:48:22.842 7 INFO cinder.api.openstack.wsgi [None req-291efba0-dfde-4e61-9255-a1e0f78de019 3ed849a79db04f008c069a8828b87143 be84923d541e49d9817d1244a24196b8 - - default default] GET http://10.0.0.129:8776/
2026-05-13 01:48:22.843 8 INFO cinder.api.openstack.wsgi [None req-9da5b724-d744-40fa-bad8-3e4ed0fb6a22 f9a01e85c7d9402e9c5cfa5c031d3412 1355894287c04bd59d7805839b2bb439 - - default default] http://10.0.0.129:8776/ returned with HTTP 300
2026-05-13 01:48:22.843 7 INFO cinder.api.openstack.wsgi [None req-291efba0-dfde-4e61-9255-a1e0f78de019 3ed849a79db04f008c069a8828b87143 be84923d541e49d9817d1244a24196b8 - - default default] http://10.0.0.129:8776/ returned with HTTP 300
2026-05-13 01:48:31.897 8 INFO cinder.api.openstack.wsgi [None req-cf7a725b-39da-410b-ab6d-f5ad41b52fb5 73e5552a970f49b9856993fcaa8d3d33 56ee09fd7a184fa290c8284faa993445 - - default default] GET http://cinder-api.openstack.svc.cluster.local:8776/v3/56ee09fd7a184fa290c8284faa993445/os-services
2026-05-13 01:48:31.913 8 INFO cinder.api.openstack.wsgi [None req-cf7a725b-39da-410b-ab6d-f5ad41b52fb5 73e5552a970f49b9856993fcaa8d3d33 56ee09fd7a184fa290c8284faa993445 - - default default] http://cinder-api.openstack.svc.cluster.local:8776/v3/56ee09fd7a184fa290c8284faa993445/os-services returned with HTTP 200 [pid: 8|app: 0|req: 186/369] 10.0.0.233 () {28 vars in 645 bytes} [Wed May 13 01:48:31 2026] GET /v3/56ee09fd7a184fa290c8284faa993445/os-services => generated 646 bytes in 152 msecs (HTTP/1.1 200) 7 headers in 285 bytes (1 switches on core 0) /var/lib/openstack/lib/python3.12/site-packages/pycadf/identifier.py:70: UserWarning: Invalid uuid: cinderv3. To ensure interoperability, identifiers should be a valid uuid. warnings.warn(('Invalid uuid: %s. To ensure interoperability, '
2026-05-13 01:48:31.983 7 INFO cinder.api.openstack.wsgi [None req-29f7da21-0cda-44c5-a7b5-7333e969bb0f 73e5552a970f49b9856993fcaa8d3d33 56ee09fd7a184fa290c8284faa993445 - - default default] GET http://cinder-api.openstack.svc.cluster.local:8776/v3/56ee09fd7a184fa290c8284faa993445/os-quota-sets/0de046cba3ae40c7b384837285544221?usage=true
2026-05-13 01:48:32.037 7 INFO cinder.api.openstack.wsgi [None req-29f7da21-0cda-44c5-a7b5-7333e969bb0f 73e5552a970f49b9856993fcaa8d3d33 56ee09fd7a184fa290c8284faa993445 - - default default] http://cinder-api.openstack.svc.cluster.local:8776/v3/56ee09fd7a184fa290c8284faa993445/os-quota-sets/0de046cba3ae40c7b384837285544221?usage=true returned with HTTP 200 [pid: 7|app: 0|req: 184/370] 10.0.0.233 () {28 vars in 736 bytes} [Wed May 13 01:48:31 2026] GET /v3/56ee09fd7a184fa290c8284faa993445/os-quota-sets/0de046cba3ae40c7b384837285544221?usage=true => generated 847 bytes in 64 msecs (HTTP/1.1 200) 7 headers in 285 bytes (1 switches on core 0)
2026-05-13 01:48:32.052 8 INFO cinder.api.openstack.wsgi [None req-a0a3debd-c5b9-4b10-8d02-565ba6c8aa33 73e5552a970f49b9856993fcaa8d3d33 56ee09fd7a184fa290c8284faa993445 - - default default] GET http://cinder-api.openstack.svc.cluster.local:8776/v3/56ee09fd7a184fa290c8284faa993445/os-quota-sets/1400d0a1fcc84738b076721b748c5355?usage=true
2026-05-13 01:48:32.098 8 INFO cinder.api.openstack.wsgi [None req-a0a3debd-c5b9-4b10-8d02-565ba6c8aa33 73e5552a970f49b9856993fcaa8d3d33 56ee09fd7a184fa290c8284faa993445 - - default default] http://cinder-api.openstack.svc.cluster.local:8776/v3/56ee09fd7a184fa290c8284faa993445/os-quota-sets/1400d0a1fcc84738b076721b748c5355?usage=true returned with HTTP 200 [pid: 8|app: 0|req: 187/371] 10.0.0.233 () {28 vars in 736 bytes} [Wed May 13 01:48:32 2026] GET /v3/56ee09fd7a184fa290c8284faa993445/os-quota-sets/1400d0a1fcc84738b076721b748c5355?usage=true => generated 847 bytes in 57 msecs (HTTP/1.1 200) 7 headers in 285 bytes (1 switches on core 0)
2026-05-13 01:48:32.112 7 INFO cinder.api.openstack.wsgi [None req-0a695999-48ba-450a-857b-7946406a9037 73e5552a970f49b9856993fcaa8d3d33 56ee09fd7a184fa290c8284faa993445 - - default default] GET http://cinder-api.openstack.svc.cluster.local:8776/v3/56ee09fd7a184fa290c8284faa993445/os-quota-sets/14b2306a642b47d9be211165b0d6913a?usage=true
2026-05-13 01:48:32.158 7 INFO cinder.api.openstack.wsgi [None req-0a695999-48ba-450a-857b-7946406a9037 73e5552a970f49b9856993fcaa8d3d33 56ee09fd7a184fa290c8284faa993445 - - default default] http://cinder-api.openstack.svc.cluster.local:8776/v3/56ee09fd7a184fa290c8284faa993445/os-quota-sets/14b2306a642b47d9be211165b0d6913a?usage=true returned with HTTP 200 [pid: 7|app: 0|req: 185/372] 10.0.0.233 () {28 vars in 736 bytes} [Wed May 13 01:48:32 2026] GET /v3/56ee09fd7a184fa290c8284faa993445/os-quota-sets/14b2306a642b47d9be211165b0d6913a?usage=true => generated 847 bytes in 56 msecs (HTTP/1.1 200) 7 headers in 285 bytes (1 switches on core 0)
2026-05-13 01:48:32.172 8 INFO cinder.api.openstack.wsgi [None req-f9e60a56-2169-4847-bd6b-9186e460d4da 73e5552a970f49b9856993fcaa8d3d33 56ee09fd7a184fa290c8284faa993445 - - default default] GET http://cinder-api.openstack.svc.cluster.local:8776/v3/56ee09fd7a184fa290c8284faa993445/os-quota-sets/1d68c820e7924f83b6858b0446c990e2?usage=true
2026-05-13 01:48:32.197 8 INFO cinder.api.openstack.wsgi [None req-f9e60a56-2169-4847-bd6b-9186e460d4da 73e5552a970f49b9856993fcaa8d3d33 56ee09fd7a184fa290c8284faa993445 - - default default] http://cinder-api.openstack.svc.cluster.local:8776/v3/56ee09fd7a184fa290c8284faa993445/os-quota-sets/1d68c820e7924f83b6858b0446c990e2?usage=true returned with HTTP 200 [pid: 8|app: 0|req: 188/373] 10.0.0.233 () {28 vars in 736 bytes} [Wed May 13 01:48:32 2026] GET /v3/56ee09fd7a184fa290c8284faa993445/os-quota-sets/1d68c820e7924f83b6858b0446c990e2?usage=true => generated 847 bytes in 35 msecs (HTTP/1.1 200) 7 headers in 285 bytes (1 switches on core 0)
2026-05-13 01:48:32.208 7 INFO cinder.api.openstack.wsgi [None req-1146f26e-8d02-4138-95a0-397ecbf7c104 73e5552a970f49b9856993fcaa8d3d33 56ee09fd7a184fa290c8284faa993445 - - default default] GET http://cinder-api.openstack.svc.cluster.local:8776/v3/56ee09fd7a184fa290c8284faa993445/os-quota-sets/206a228e81274f989ed845fc845875d7?usage=true
2026-05-13 01:48:32.232 7 INFO cinder.api.openstack.wsgi [None req-1146f26e-8d02-4138-95a0-397ecbf7c104 73e5552a970f49b9856993fcaa8d3d33 56ee09fd7a184fa290c8284faa993445 - - default default] http://cinder-api.openstack.svc.cluster.local:8776/v3/56ee09fd7a184fa290c8284faa993445/os-quota-sets/206a228e81274f989ed845fc845875d7?usage=true returned with HTTP 200 [pid: 7|app: 0|req: 186/374] 10.0.0.233 () {28 vars in 736 bytes} [Wed May 13 01:48:32 2026] GET /v3/56ee09fd7a184fa290c8284faa993445/os-quota-sets/206a228e81274f989ed845fc845875d7?usage=true => generated 845 bytes in 33 msecs (HTTP/1.1 200) 7 headers in 285 bytes (1 switches on core 0)
2026-05-13 01:48:32.245 8 INFO cinder.api.openstack.wsgi [None req-494d758f-c8ff-446b-8992-27001c7e1cf8 73e5552a970f49b9856993fcaa8d3d33 56ee09fd7a184fa290c8284faa993445 - - default default] GET http://cinder-api.openstack.svc.cluster.local:8776/v3/56ee09fd7a184fa290c8284faa993445/os-quota-sets/2bde6fe0b24442b39bb007cc35c17654?usage=true
2026-05-13 01:48:32.299 8 INFO cinder.api.openstack.wsgi [None req-494d758f-c8ff-446b-8992-27001c7e1cf8 73e5552a970f49b9856993fcaa8d3d33 56ee09fd7a184fa290c8284faa993445 - - default default] http://cinder-api.openstack.svc.cluster.local:8776/v3/56ee09fd7a184fa290c8284faa993445/os-quota-sets/2bde6fe0b24442b39bb007cc35c17654?usage=true returned with HTTP 200 [pid: 8|app: 0|req: 189/375] 10.0.0.233 () {28 vars in 736 bytes} [Wed May 13 01:48:32 2026] GET /v3/56ee09fd7a184fa290c8284faa993445/os-quota-sets/2bde6fe0b24442b39bb007cc35c17654?usage=true => generated 847 bytes in 63 msecs (HTTP/1.1 200) 7 headers in 285 bytes (1 switches on core 0)
2026-05-13 01:48:32.316 7 INFO cinder.api.openstack.wsgi [None req-93ff1262-a693-452d-84ed-45311feba2aa 73e5552a970f49b9856993fcaa8d3d33 56ee09fd7a184fa290c8284faa993445 - - default default] GET http://cinder-api.openstack.svc.cluster.local:8776/v3/56ee09fd7a184fa290c8284faa993445/os-quota-sets/56ee09fd7a184fa290c8284faa993445?usage=true
2026-05-13 01:48:32.349 7 INFO cinder.api.openstack.wsgi [None req-93ff1262-a693-452d-84ed-45311feba2aa 73e5552a970f49b9856993fcaa8d3d33 56ee09fd7a184fa290c8284faa993445 - - default default] http://cinder-api.openstack.svc.cluster.local:8776/v3/56ee09fd7a184fa290c8284faa993445/os-quota-sets/56ee09fd7a184fa290c8284faa993445?usage=true returned with HTTP 200 [pid: 7|app: 0|req: 187/376] 10.0.0.233 () {28 vars in 736 bytes} [Wed May 13 01:48:32 2026] GET /v3/56ee09fd7a184fa290c8284faa993445/os-quota-sets/56ee09fd7a184fa290c8284faa993445?usage=true => generated 845 bytes in 44 msecs (HTTP/1.1 200) 7 headers in 285 bytes (1 switches on core 0)
2026-05-13 01:48:32.361 8 INFO cinder.api.openstack.wsgi [None req-60bf6a64-f756-4042-a1db-e20c6319132c 73e5552a970f49b9856993fcaa8d3d33 56ee09fd7a184fa290c8284faa993445 - - default default] GET http://cinder-api.openstack.svc.cluster.local:8776/v3/56ee09fd7a184fa290c8284faa993445/os-quota-sets/b6f7087aea7346fe8717d95db9ce2a33?usage=true
2026-05-13 01:48:32.406 8 INFO cinder.api.openstack.wsgi [None req-60bf6a64-f756-4042-a1db-e20c6319132c 73e5552a970f49b9856993fcaa8d3d33 56ee09fd7a184fa290c8284faa993445 - - default default] http://cinder-api.openstack.svc.cluster.local:8776/v3/56ee09fd7a184fa290c8284faa993445/os-quota-sets/b6f7087aea7346fe8717d95db9ce2a33?usage=true returned with HTTP 200 [pid: 8|app: 0|req: 190/377] 10.0.0.233 () {28 vars in 736 bytes} [Wed May 13 01:48:32 2026] GET /v3/56ee09fd7a184fa290c8284faa993445/os-quota-sets/b6f7087aea7346fe8717d95db9ce2a33?usage=true => generated 847 bytes in 55 msecs (HTTP/1.1 200) 7 headers in 285 bytes (1 switches on core 0)
2026-05-13 01:48:32.420 7 INFO cinder.api.openstack.wsgi [None req-511633ce-01d2-4a6b-b37b-db5a800a2f4b 73e5552a970f49b9856993fcaa8d3d33 56ee09fd7a184fa290c8284faa993445 - - default default] GET http://cinder-api.openstack.svc.cluster.local:8776/v3/56ee09fd7a184fa290c8284faa993445/os-quota-sets/fc3cfe97bac44f37873ab0c4920a6e3d?usage=true
2026-05-13 01:48:32.457 7 INFO cinder.api.openstack.wsgi [None req-511633ce-01d2-4a6b-b37b-db5a800a2f4b 73e5552a970f49b9856993fcaa8d3d33 56ee09fd7a184fa290c8284faa993445 - - default default] http://cinder-api.openstack.svc.cluster.local:8776/v3/56ee09fd7a184fa290c8284faa993445/os-quota-sets/fc3cfe97bac44f37873ab0c4920a6e3d?usage=true returned with HTTP 200 [pid: 7|app: 0|req: 188/378] 10.0.0.233 () {28 vars in 736 bytes} [Wed May 13 01:48:32 2026] GET /v3/56ee09fd7a184fa290c8284faa993445/os-quota-sets/fc3cfe97bac44f37873ab0c4920a6e3d?usage=true => generated 847 bytes in 47 msecs (HTTP/1.1 200) 7 headers in 285 bytes (1 switches on core 0)
2026-05-13 01:48:32.468 8 INFO cinder.api.openstack.wsgi [None req-efb8412e-d038-42f0-9d69-dcb6a56b2af6 73e5552a970f49b9856993fcaa8d3d33 56ee09fd7a184fa290c8284faa993445 - - default default] GET http://cinder-api.openstack.svc.cluster.local:8776/v3/56ee09fd7a184fa290c8284faa993445/volumes/detail?all_tenants=true
2026-05-13 01:48:32.479 8 INFO cinder.volume.api [None req-efb8412e-d038-42f0-9d69-dcb6a56b2af6 73e5552a970f49b9856993fcaa8d3d33 56ee09fd7a184fa290c8284faa993445 - - default default] Get all volumes completed successfully.
2026-05-13 01:48:32.481 8 INFO cinder.api.openstack.wsgi [None req-efb8412e-d038-42f0-9d69-dcb6a56b2af6 73e5552a970f49b9856993fcaa8d3d33 56ee09fd7a184fa290c8284faa993445 - - default default] http://cinder-api.openstack.svc.cluster.local:8776/v3/56ee09fd7a184fa290c8284faa993445/volumes/detail?all_tenants=true returned with HTTP 200 [pid: 8|app: 0|req: 191/379] 10.0.0.233 () {28 vars in 684 bytes} [Wed May 13 01:48:32 2026] GET /v3/56ee09fd7a184fa290c8284faa993445/volumes/detail?all_tenants=true => generated 15 bytes in 20 msecs (HTTP/1.1 200) 7 headers in 284 bytes (1 switches on core 0)
2026-05-13 01:48:32.496 7 INFO cinder.api.openstack.wsgi [None req-f4863152-97ca-4725-93c7-a91ea9775076 73e5552a970f49b9856993fcaa8d3d33 56ee09fd7a184fa290c8284faa993445 - - default default] GET http://cinder-api.openstack.svc.cluster.local:8776/v3/56ee09fd7a184fa290c8284faa993445/snapshots?all_tenants=true
2026-05-13 01:48:32.503 7 INFO cinder.volume.api [None req-f4863152-97ca-4725-93c7-a91ea9775076 73e5552a970f49b9856993fcaa8d3d33 56ee09fd7a184fa290c8284faa993445 - - default default] Get all snapshots completed successfully.
2026-05-13 01:48:32.503 7 INFO cinder.api.openstack.wsgi [None req-f4863152-97ca-4725-93c7-a91ea9775076 73e5552a970f49b9856993fcaa8d3d33 56ee09fd7a184fa290c8284faa993445 - - default default] http://cinder-api.openstack.svc.cluster.local:8776/v3/56ee09fd7a184fa290c8284faa993445/snapshots?all_tenants=true returned with HTTP 200 [pid: 7|app: 0|req: 189/380] 10.0.0.233 () {28 vars in 674 bytes} [Wed May 13 01:48:32 2026] GET /v3/56ee09fd7a184fa290c8284faa993445/snapshots?all_tenants=true => generated 17 bytes in 13 msecs (HTTP/1.1 200) 7 headers in 284 bytes (1 switches on core 0)
2026-05-13 01:48:32.514 8 INFO cinder.api.openstack.wsgi [None req-5a961b17-8fa6-42b3-9e27-5141eab4bd2e 73e5552a970f49b9856993fcaa8d3d33 56ee09fd7a184fa290c8284faa993445 - - default default] GET http://cinder-api.openstack.svc.cluster.local:8776/v3/56ee09fd7a184fa290c8284faa993445/volumes/detail?all_tenants=true
2026-05-13 01:48:32.525 8 INFO cinder.volume.api [None req-5a961b17-8fa6-42b3-9e27-5141eab4bd2e 73e5552a970f49b9856993fcaa8d3d33 56ee09fd7a184fa290c8284faa993445 - - default default] Get all volumes completed successfully.
2026-05-13 01:48:32.527 8 INFO cinder.api.openstack.wsgi [None req-5a961b17-8fa6-42b3-9e27-5141eab4bd2e 73e5552a970f49b9856993fcaa8d3d33 56ee09fd7a184fa290c8284faa993445 - - default default] http://cinder-api.openstack.svc.cluster.local:8776/v3/56ee09fd7a184fa290c8284faa993445/volumes/detail?all_tenants=true returned with HTTP 200 [pid: 8|app: 0|req: 192/381] 10.0.0.233 () {28 vars in 684 bytes} [Wed May 13 01:48:32 2026] GET /v3/56ee09fd7a184fa290c8284faa993445/volumes/detail?all_tenants=true => generated 15 bytes in 20 msecs (HTTP/1.1 200) 7 headers in 284 bytes (1 switches on core 0)
