Feb 17 22:40:45.160006 np0000156232 systemd[1]: Starting devstack@n-api-meta.service - Devstack devstack@n-api-meta.service...
Feb 17 22:40:45.169355 np0000156232 devstack@n-api-meta.service[108450]: [uWSGI] getting INI configuration from /etc/nova/nova-metadata-uwsgi.ini
Feb 17 22:40:45.169963 np0000156232 devstack@n-api-meta.service[108450]: open("./http_plugin.so"): No such file or directory [core/utils.c line 3709]
Feb 17 22:40:45.169963 np0000156232 devstack@n-api-meta.service[108450]: !!! UNABLE to load uWSGI plugin: ./http_plugin.so: cannot open shared object file: No such file or directory !!!
Feb 17 22:40:45.169963 np0000156232 devstack@n-api-meta.service[108450]: open("./python3_plugin.so"): No such file or directory [core/utils.c line 3709]
Feb 17 22:40:45.169963 np0000156232 devstack@n-api-meta.service[108450]: !!! UNABLE to load uWSGI plugin: ./python3_plugin.so: cannot open shared object file: No such file or directory !!!
Feb 17 22:40:45.169963 np0000156232 devstack@n-api-meta.service[108450]: *** Starting uWSGI 2.0.31 (64bit) on [Tue Feb 17 22:40:45 2026] ***
Feb 17 22:40:45.169963 np0000156232 devstack@n-api-meta.service[108450]: compiled with version: 13.3.0 on 17 February 2026 22:30:12
Feb 17 22:40:45.169963 np0000156232 devstack@n-api-meta.service[108450]: os: Linux-6.8.0-100-generic #100-Ubuntu SMP PREEMPT_DYNAMIC Tue Jan 13 16:40:06 UTC 2026
Feb 17 22:40:45.169963 np0000156232 devstack@n-api-meta.service[108450]: nodename: np0000156232
Feb 17 22:40:45.169963 np0000156232 devstack@n-api-meta.service[108450]: machine: x86_64
Feb 17 22:40:45.169963 np0000156232 devstack@n-api-meta.service[108450]: clock source: unix
Feb 17 22:40:45.169963 np0000156232 devstack@n-api-meta.service[108450]: pcre jit disabled
Feb 17 22:40:45.169963 np0000156232 devstack@n-api-meta.service[108450]: detected number of CPU cores: 16
Feb 17 22:40:45.169963 np0000156232 devstack@n-api-meta.service[108450]: current working directory: /
Feb 17 22:40:45.169963 np0000156232 devstack@n-api-meta.service[108450]: detected binary path: /opt/stack/data/venv/bin/uwsgi
Feb 17 22:40:45.169963 np0000156232 devstack@n-api-meta.service[108450]: your processes number limit is 256923
Feb 17 22:40:45.169963 np0000156232 devstack@n-api-meta.service[108450]: your memory page size is 4096 bytes
Feb 17 22:40:45.169963 np0000156232 devstack@n-api-meta.service[108450]: detected max file descriptor number: 2048
Feb 17 22:40:45.169963 np0000156232 devstack@n-api-meta.service[108450]: lock engine: pthread robust mutexes
Feb 17 22:40:45.169963 np0000156232 devstack@n-api-meta.service[108450]: thunder lock: enabled
Feb 17 22:40:45.171025 np0000156232 devstack@n-api-meta.service[108450]: uWSGI http bound on 0.0.0.0:8775 fd 5
Feb 17 22:40:45.171025 np0000156232 devstack@n-api-meta.service[108450]: uwsgi socket 0 bound to TCP address 127.0.0.1:34039 (port auto-assigned) fd 4
Feb 17 22:40:45.171025 np0000156232 devstack@n-api-meta.service[108450]: Python version: 3.12.3 (main, Jan 22 2026, 20:57:42) [GCC 13.3.0]
Feb 17 22:40:45.171025 np0000156232 devstack@n-api-meta.service[108450]: PEP 405 virtualenv detected: /opt/stack/data/venv
Feb 17 22:40:45.171025 np0000156232 devstack@n-api-meta.service[108450]: Set PythonHome to /opt/stack/data/venv
Feb 17 22:40:45.205907 np0000156232 devstack@n-api-meta.service[108450]: Python main interpreter initialized at 0x7001b5ca3668
Feb 17 22:40:45.205907 np0000156232 devstack@n-api-meta.service[108450]: python threads support enabled
Feb 17 22:40:45.205907 np0000156232 devstack@n-api-meta.service[108450]: your server socket listen backlog is limited to 100 connections
Feb 17 22:40:45.205907 np0000156232 devstack@n-api-meta.service[108450]: your mercy for graceful operations on workers is 80 seconds
Feb 17 22:40:45.206509 np0000156232 devstack@n-api-meta.service[108450]: mapped 671795 bytes (656 KB) for 4 cores
Feb 17 22:40:45.206651 np0000156232 devstack@n-api-meta.service[108450]: *** Operational MODE: preforking ***
Feb 17 22:40:45.206886 np0000156232 devstack@n-api-meta.service[108450]: *** uWSGI is running in multiple interpreter mode ***
Feb 17 22:40:45.206886 np0000156232 devstack@n-api-meta.service[108450]: spawned uWSGI master process (pid: 108450)
Feb 17 22:40:45.207055 np0000156232 systemd[1]: Started devstack@n-api-meta.service - Devstack devstack@n-api-meta.service.
Feb 17 22:40:45.207729 np0000156232 devstack@n-api-meta.service[108450]: spawned uWSGI worker 1 (pid: 108451, cores: 1)
Feb 17 22:40:45.208271 np0000156232 devstack@n-api-meta.service[108450]: spawned uWSGI worker 2 (pid: 108452, cores: 1)
Feb 17 22:40:45.208805 np0000156232 devstack@n-api-meta.service[108450]: spawned uWSGI worker 3 (pid: 108453, cores: 1)
Feb 17 22:40:45.209354 np0000156232 devstack@n-api-meta.service[108450]: spawned uWSGI worker 4 (pid: 108454, cores: 1)
Feb 17 22:40:45.209812 np0000156232 devstack@n-api-meta.service[108450]: spawned uWSGI http 1 (pid: 108455)
Feb 17 22:40:45.209812 np0000156232 devstack@n-api-meta.service[108450]: running "unix_signal:15 gracefully_kill_them_all" (master-start)...
Feb 17 22:40:45.567450 np0000156232 devstack@n-api-meta.service[108454]: Service is starting with native threading. This is currently experimental. Do not use it in production without first testing it in pre-production.
Feb 17 22:40:45.568264 np0000156232 devstack@n-api-meta.service[108451]: Service is starting with native threading. This is currently experimental. Do not use it in production without first testing it in pre-production.
Feb 17 22:40:45.573038 np0000156232 devstack@n-api-meta.service[108453]: Service is starting with native threading. This is currently experimental. Do not use it in production without first testing it in pre-production.
Feb 17 22:40:45.582004 np0000156232 devstack@n-api-meta.service[108452]: Service is starting with native threading. This is currently experimental. Do not use it in production without first testing it in pre-production.
Feb 17 22:40:46.979560 np0000156232 devstack@n-api-meta.service[108453]: INFO dbcounter [None req-49f26f12-95c6-4885-a91a-531b8faf3156 None None] Registered counter for database nova_api
Feb 17 22:40:46.995644 np0000156232 devstack@n-api-meta.service[108453]: DEBUG oslo_db.sqlalchemy.engines [None req-49f26f12-95c6-4885-a91a-531b8faf3156 None None] MySQL server mode set to STRICT_TRANS_TABLES,STRICT_ALL_TABLES,NO_ZERO_IN_DATE,NO_ZERO_DATE,ERROR_FOR_DIVISION_BY_ZERO,TRADITIONAL,NO_ENGINE_SUBSTITUTION {{(pid=108453) _check_effective_sql_mode /opt/stack/data/venv/lib/python3.12/site-packages/oslo_db/sqlalchemy/engines.py:325}}
Feb 17 22:40:47.004624 np0000156232 devstack@n-api-meta.service[108452]: INFO dbcounter [None req-4bf72499-05a6-455c-8046-cff06e8abed5 None None] Registered counter for database nova_api
Feb 17 22:40:47.019771 np0000156232 devstack@n-api-meta.service[108452]: DEBUG oslo_db.sqlalchemy.engines [None req-4bf72499-05a6-455c-8046-cff06e8abed5 None None] MySQL server mode set to STRICT_TRANS_TABLES,STRICT_ALL_TABLES,NO_ZERO_IN_DATE,NO_ZERO_DATE,ERROR_FOR_DIVISION_BY_ZERO,TRADITIONAL,NO_ENGINE_SUBSTITUTION {{(pid=108452) _check_effective_sql_mode /opt/stack/data/venv/lib/python3.12/site-packages/oslo_db/sqlalchemy/engines.py:325}}
Feb 17 22:40:47.024994 np0000156232 devstack@n-api-meta.service[108453]: DEBUG dbcounter [-] [108453] Writer thread running {{(pid=108453) stat_writer /opt/stack/data/venv/lib/python3.12/site-packages/dbcounter.py:102}}
Feb 17 22:40:47.027249 np0000156232 devstack@n-api-meta.service[108453]: DEBUG nova.context [None req-49f26f12-95c6-4885-a91a-531b8faf3156 None None] Found 2 cells: 00000000-0000-0000-0000-000000000000(cell0),e93fc91c-3823-447e-bc26-25207a4d3fe0(cell1) {{(pid=108453) load_cells /opt/stack/nova/nova/context.py:509}}
Feb 17 22:40:47.027458 np0000156232 devstack@n-api-meta.service[108453]: INFO nova.utils [None req-49f26f12-95c6-4885-a91a-531b8faf3156 None None] The cell worker thread pool MainProcess.cell_worker is initialized
Feb 17 22:40:47.029213 np0000156232 devstack@n-api-meta.service[108453]: DEBUG oslo_concurrency.lockutils [None req-49f26f12-95c6-4885-a91a-531b8faf3156 None None] Acquiring lock "00000000-0000-0000-0000-000000000000" by "nova.context.set_target_cell..get_or_set_cached_cell_and_set_connections" {{(pid=108453) inner /opt/stack/data/venv/lib/python3.12/site-packages/oslo_concurrency/lockutils.py:506}}
Feb 17 22:40:47.029331 np0000156232 devstack@n-api-meta.service[108453]: DEBUG oslo_concurrency.lockutils [None req-49f26f12-95c6-4885-a91a-531b8faf3156 None None] Lock "00000000-0000-0000-0000-000000000000" acquired by "nova.context.set_target_cell..get_or_set_cached_cell_and_set_connections" :: waited 0.000s {{(pid=108453) inner /opt/stack/data/venv/lib/python3.12/site-packages/oslo_concurrency/lockutils.py:519}}
Feb 17 22:40:47.029726 np0000156232 devstack@n-api-meta.service[108453]: DEBUG oslo_concurrency.lockutils [None req-49f26f12-95c6-4885-a91a-531b8faf3156 None None] Lock "00000000-0000-0000-0000-000000000000" "released" by "nova.context.set_target_cell..get_or_set_cached_cell_and_set_connections" :: held 0.000s {{(pid=108453) inner /opt/stack/data/venv/lib/python3.12/site-packages/oslo_concurrency/lockutils.py:538}}
Feb 17 22:40:47.030453 np0000156232 devstack@n-api-meta.service[108453]: DEBUG oslo_concurrency.lockutils [None req-49f26f12-95c6-4885-a91a-531b8faf3156 None None] Acquiring lock "e93fc91c-3823-447e-bc26-25207a4d3fe0" by "nova.context.set_target_cell..get_or_set_cached_cell_and_set_connections" {{(pid=108453) inner /opt/stack/data/venv/lib/python3.12/site-packages/oslo_concurrency/lockutils.py:506}}
Feb 17 22:40:47.030622 np0000156232 devstack@n-api-meta.service[108453]: DEBUG oslo_concurrency.lockutils [None req-49f26f12-95c6-4885-a91a-531b8faf3156 None None] Lock "e93fc91c-3823-447e-bc26-25207a4d3fe0" acquired by "nova.context.set_target_cell..get_or_set_cached_cell_and_set_connections" :: waited 0.000s {{(pid=108453) inner /opt/stack/data/venv/lib/python3.12/site-packages/oslo_concurrency/lockutils.py:519}}
Feb 17 22:40:47.031347 np0000156232 devstack@n-api-meta.service[108453]: DEBUG oslo_concurrency.lockutils [None req-49f26f12-95c6-4885-a91a-531b8faf3156 None None] Lock "e93fc91c-3823-447e-bc26-25207a4d3fe0" "released" by "nova.context.set_target_cell..get_or_set_cached_cell_and_set_connections" :: held 0.001s {{(pid=108453) inner /opt/stack/data/venv/lib/python3.12/site-packages/oslo_concurrency/lockutils.py:538}}
Feb 17 22:40:47.032006 np0000156232 devstack@n-api-meta.service[108451]: INFO dbcounter [None req-c4fd153f-f42f-4b69-9d79-3628d88c9c91 None None] Registered counter for database nova_api
Feb 17 22:40:47.034542 np0000156232 devstack@n-api-meta.service[108453]: INFO dbcounter [None req-49f26f12-95c6-4885-a91a-531b8faf3156 None None] Registered counter for database nova_cell0
Feb 17 22:40:47.040748 np0000156232 devstack@n-api-meta.service[108453]: INFO dbcounter [None req-49f26f12-95c6-4885-a91a-531b8faf3156 None None] Registered counter for database nova_cell1
Feb 17 22:40:47.046172 np0000156232 devstack@n-api-meta.service[108451]: DEBUG oslo_db.sqlalchemy.engines [None req-c4fd153f-f42f-4b69-9d79-3628d88c9c91 None None] MySQL server mode set to STRICT_TRANS_TABLES,STRICT_ALL_TABLES,NO_ZERO_IN_DATE,NO_ZERO_DATE,ERROR_FOR_DIVISION_BY_ZERO,TRADITIONAL,NO_ENGINE_SUBSTITUTION {{(pid=108451) _check_effective_sql_mode /opt/stack/data/venv/lib/python3.12/site-packages/oslo_db/sqlalchemy/engines.py:325}}
Feb 17 22:40:47.055066 np0000156232 devstack@n-api-meta.service[108453]: DEBUG oslo_db.sqlalchemy.engines [None req-49f26f12-95c6-4885-a91a-531b8faf3156 None None] MySQL server mode set to STRICT_TRANS_TABLES,STRICT_ALL_TABLES,NO_ZERO_IN_DATE,NO_ZERO_DATE,ERROR_FOR_DIVISION_BY_ZERO,TRADITIONAL,NO_ENGINE_SUBSTITUTION {{(pid=108453) _check_effective_sql_mode /opt/stack/data/venv/lib/python3.12/site-packages/oslo_db/sqlalchemy/engines.py:325}}
Feb 17 22:40:47.055222 np0000156232 devstack@n-api-meta.service[108452]: DEBUG dbcounter [-] [108452] Writer thread running {{(pid=108452) stat_writer /opt/stack/data/venv/lib/python3.12/site-packages/dbcounter.py:102}}
Feb 17 22:40:47.055734 np0000156232 devstack@n-api-meta.service[108453]: DEBUG oslo_db.sqlalchemy.engines [None req-49f26f12-95c6-4885-a91a-531b8faf3156 None None] MySQL server mode set to STRICT_TRANS_TABLES,STRICT_ALL_TABLES,NO_ZERO_IN_DATE,NO_ZERO_DATE,ERROR_FOR_DIVISION_BY_ZERO,TRADITIONAL,NO_ENGINE_SUBSTITUTION {{(pid=108453) _check_effective_sql_mode /opt/stack/data/venv/lib/python3.12/site-packages/oslo_db/sqlalchemy/engines.py:325}}
Feb 17 22:40:47.057722 np0000156232 devstack@n-api-meta.service[108452]: DEBUG nova.context [None req-4bf72499-05a6-455c-8046-cff06e8abed5 None None] Found 2 cells: 00000000-0000-0000-0000-000000000000(cell0),e93fc91c-3823-447e-bc26-25207a4d3fe0(cell1) {{(pid=108452) load_cells /opt/stack/nova/nova/context.py:509}}
Feb 17 22:40:47.058062 np0000156232 devstack@n-api-meta.service[108452]: INFO nova.utils [None req-4bf72499-05a6-455c-8046-cff06e8abed5 None None] The cell worker thread pool MainProcess.cell_worker is initialized
Feb 17 22:40:47.060551 np0000156232 devstack@n-api-meta.service[108452]: DEBUG oslo_concurrency.lockutils [None req-4bf72499-05a6-455c-8046-cff06e8abed5 None None] Acquiring lock "00000000-0000-0000-0000-000000000000" by "nova.context.set_target_cell..get_or_set_cached_cell_and_set_connections" {{(pid=108452) inner /opt/stack/data/venv/lib/python3.12/site-packages/oslo_concurrency/lockutils.py:506}}
Feb 17 22:40:47.060776 np0000156232 devstack@n-api-meta.service[108452]: DEBUG oslo_concurrency.lockutils [None req-4bf72499-05a6-455c-8046-cff06e8abed5 None None] Lock "00000000-0000-0000-0000-000000000000" acquired by "nova.context.set_target_cell..get_or_set_cached_cell_and_set_connections" :: waited 0.000s {{(pid=108452) inner /opt/stack/data/venv/lib/python3.12/site-packages/oslo_concurrency/lockutils.py:519}}
Feb 17 22:40:47.061288 np0000156232 devstack@n-api-meta.service[108452]: DEBUG oslo_concurrency.lockutils [None req-4bf72499-05a6-455c-8046-cff06e8abed5 None None] Lock "00000000-0000-0000-0000-000000000000" "released" by "nova.context.set_target_cell..get_or_set_cached_cell_and_set_connections" :: held 0.001s {{(pid=108452) inner /opt/stack/data/venv/lib/python3.12/site-packages/oslo_concurrency/lockutils.py:538}}
Feb 17 22:40:47.062301 np0000156232 devstack@n-api-meta.service[108452]: DEBUG oslo_concurrency.lockutils [None req-4bf72499-05a6-455c-8046-cff06e8abed5 None None] Acquiring lock "e93fc91c-3823-447e-bc26-25207a4d3fe0" by "nova.context.set_target_cell..get_or_set_cached_cell_and_set_connections" {{(pid=108452) inner /opt/stack/data/venv/lib/python3.12/site-packages/oslo_concurrency/lockutils.py:506}}
Feb 17 22:40:47.062558 np0000156232 devstack@n-api-meta.service[108452]: DEBUG oslo_concurrency.lockutils [None req-4bf72499-05a6-455c-8046-cff06e8abed5 None None] Lock "e93fc91c-3823-447e-bc26-25207a4d3fe0" acquired by "nova.context.set_target_cell..get_or_set_cached_cell_and_set_connections" :: waited 0.000s {{(pid=108452) inner /opt/stack/data/venv/lib/python3.12/site-packages/oslo_concurrency/lockutils.py:519}}
Feb 17 22:40:47.063727 np0000156232 devstack@n-api-meta.service[108452]: DEBUG oslo_concurrency.lockutils [None req-4bf72499-05a6-455c-8046-cff06e8abed5 None None] Lock "e93fc91c-3823-447e-bc26-25207a4d3fe0" "released" by "nova.context.set_target_cell..get_or_set_cached_cell_and_set_connections" :: held 0.001s {{(pid=108452) inner /opt/stack/data/venv/lib/python3.12/site-packages/oslo_concurrency/lockutils.py:538}}
Feb 17 22:40:47.067644 np0000156232 devstack@n-api-meta.service[108452]: INFO dbcounter [None req-4bf72499-05a6-455c-8046-cff06e8abed5 None None] Registered counter for database nova_cell0
Feb 17 22:40:47.073671 np0000156232 devstack@n-api-meta.service[108452]: INFO dbcounter [None req-4bf72499-05a6-455c-8046-cff06e8abed5 None None] Registered counter for database nova_cell1
Feb 17 22:40:47.084310 np0000156232 devstack@n-api-meta.service[108452]: DEBUG oslo_db.sqlalchemy.engines [None req-4bf72499-05a6-455c-8046-cff06e8abed5 None None] MySQL server mode set to STRICT_TRANS_TABLES,STRICT_ALL_TABLES,NO_ZERO_IN_DATE,NO_ZERO_DATE,ERROR_FOR_DIVISION_BY_ZERO,TRADITIONAL,NO_ENGINE_SUBSTITUTION {{(pid=108452) _check_effective_sql_mode /opt/stack/data/venv/lib/python3.12/site-packages/oslo_db/sqlalchemy/engines.py:325}}
Feb 17 22:40:47.084725 np0000156232 devstack@n-api-meta.service[108451]: DEBUG dbcounter [-] [108451] Writer thread running {{(pid=108451) stat_writer /opt/stack/data/venv/lib/python3.12/site-packages/dbcounter.py:102}}
Feb 17 22:40:47.087700 np0000156232 devstack@n-api-meta.service[108451]: DEBUG nova.context [None req-c4fd153f-f42f-4b69-9d79-3628d88c9c91 None None] Found 2 cells: 00000000-0000-0000-0000-000000000000(cell0),e93fc91c-3823-447e-bc26-25207a4d3fe0(cell1) {{(pid=108451) load_cells /opt/stack/nova/nova/context.py:509}}
Feb 17 22:40:47.087950 np0000156232 devstack@n-api-meta.service[108451]: INFO nova.utils [None req-c4fd153f-f42f-4b69-9d79-3628d88c9c91 None None] The cell worker thread pool MainProcess.cell_worker is initialized
Feb 17 22:40:47.089765 np0000156232 devstack@n-api-meta.service[108451]: DEBUG oslo_concurrency.lockutils [None req-c4fd153f-f42f-4b69-9d79-3628d88c9c91 None None] Acquiring lock "00000000-0000-0000-0000-000000000000" by "nova.context.set_target_cell..get_or_set_cached_cell_and_set_connections" {{(pid=108451) inner /opt/stack/data/venv/lib/python3.12/site-packages/oslo_concurrency/lockutils.py:506}}
Feb 17 22:40:47.089933 np0000156232 devstack@n-api-meta.service[108451]: DEBUG oslo_concurrency.lockutils [None req-c4fd153f-f42f-4b69-9d79-3628d88c9c91 None None] Lock "00000000-0000-0000-0000-000000000000" acquired by "nova.context.set_target_cell..get_or_set_cached_cell_and_set_connections" :: waited 0.000s {{(pid=108451) inner /opt/stack/data/venv/lib/python3.12/site-packages/oslo_concurrency/lockutils.py:519}}
Feb 17 22:40:47.090287 np0000156232 devstack@n-api-meta.service[108451]: DEBUG oslo_concurrency.lockutils [None req-c4fd153f-f42f-4b69-9d79-3628d88c9c91 None None] Lock "00000000-0000-0000-0000-000000000000" "released" by "nova.context.set_target_cell..get_or_set_cached_cell_and_set_connections" :: held 0.000s {{(pid=108451) inner /opt/stack/data/venv/lib/python3.12/site-packages/oslo_concurrency/lockutils.py:538}}
Feb 17 22:40:47.091003 np0000156232 devstack@n-api-meta.service[108451]: DEBUG oslo_concurrency.lockutils [None req-c4fd153f-f42f-4b69-9d79-3628d88c9c91 None None] Acquiring lock "e93fc91c-3823-447e-bc26-25207a4d3fe0" by "nova.context.set_target_cell..get_or_set_cached_cell_and_set_connections" {{(pid=108451) inner /opt/stack/data/venv/lib/python3.12/site-packages/oslo_concurrency/lockutils.py:506}}
Feb 17 22:40:47.091140 np0000156232 devstack@n-api-meta.service[108451]: DEBUG oslo_concurrency.lockutils [None req-c4fd153f-f42f-4b69-9d79-3628d88c9c91 None None] Lock "e93fc91c-3823-447e-bc26-25207a4d3fe0" acquired by "nova.context.set_target_cell..get_or_set_cached_cell_and_set_connections" :: waited 0.000s {{(pid=108451) inner /opt/stack/data/venv/lib/python3.12/site-packages/oslo_concurrency/lockutils.py:519}}
Feb 17 22:40:47.091402 np0000156232 devstack@n-api-meta.service[108452]: DEBUG oslo_db.sqlalchemy.engines [None req-4bf72499-05a6-455c-8046-cff06e8abed5 None None] MySQL server mode set to STRICT_TRANS_TABLES,STRICT_ALL_TABLES,NO_ZERO_IN_DATE,NO_ZERO_DATE,ERROR_FOR_DIVISION_BY_ZERO,TRADITIONAL,NO_ENGINE_SUBSTITUTION {{(pid=108452) _check_effective_sql_mode /opt/stack/data/venv/lib/python3.12/site-packages/oslo_db/sqlalchemy/engines.py:325}}
Feb 17 22:40:47.091953 np0000156232 devstack@n-api-meta.service[108451]: DEBUG oslo_concurrency.lockutils [None req-c4fd153f-f42f-4b69-9d79-3628d88c9c91 None None] Lock "e93fc91c-3823-447e-bc26-25207a4d3fe0" "released" by "nova.context.set_target_cell..get_or_set_cached_cell_and_set_connections" :: held 0.001s {{(pid=108451) inner /opt/stack/data/venv/lib/python3.12/site-packages/oslo_concurrency/lockutils.py:538}}
Feb 17 22:40:47.094332 np0000156232 devstack@n-api-meta.service[108451]: INFO dbcounter [None req-c4fd153f-f42f-4b69-9d79-3628d88c9c91 None None] Registered counter for database nova_cell0
Feb 17 22:40:47.097913 np0000156232 devstack@n-api-meta.service[108451]: INFO dbcounter [None req-c4fd153f-f42f-4b69-9d79-3628d88c9c91 None None] Registered counter for database nova_cell1
Feb 17 22:40:47.106913 np0000156232 devstack@n-api-meta.service[108451]: DEBUG oslo_db.sqlalchemy.engines [None req-c4fd153f-f42f-4b69-9d79-3628d88c9c91 None None] MySQL server mode set to STRICT_TRANS_TABLES,STRICT_ALL_TABLES,NO_ZERO_IN_DATE,NO_ZERO_DATE,ERROR_FOR_DIVISION_BY_ZERO,TRADITIONAL,NO_ENGINE_SUBSTITUTION {{(pid=108451) _check_effective_sql_mode /opt/stack/data/venv/lib/python3.12/site-packages/oslo_db/sqlalchemy/engines.py:325}}
Feb 17 22:40:47.117369 np0000156232 devstack@n-api-meta.service[108451]: DEBUG oslo_db.sqlalchemy.engines [None req-c4fd153f-f42f-4b69-9d79-3628d88c9c91 None None] MySQL server mode set to STRICT_TRANS_TABLES,STRICT_ALL_TABLES,NO_ZERO_IN_DATE,NO_ZERO_DATE,ERROR_FOR_DIVISION_BY_ZERO,TRADITIONAL,NO_ENGINE_SUBSTITUTION {{(pid=108451) _check_effective_sql_mode /opt/stack/data/venv/lib/python3.12/site-packages/oslo_db/sqlalchemy/engines.py:325}}
Feb 17 22:40:47.134202 np0000156232 devstack@n-api-meta.service[108454]: INFO dbcounter [None req-4a6eddc3-837b-477e-ada9-e1f9525cb87e None None] Registered counter for database nova_api
Feb 17 22:40:47.151122 np0000156232 devstack@n-api-meta.service[108454]: DEBUG oslo_db.sqlalchemy.engines [None req-4a6eddc3-837b-477e-ada9-e1f9525cb87e None None] MySQL server mode set to STRICT_TRANS_TABLES,STRICT_ALL_TABLES,NO_ZERO_IN_DATE,NO_ZERO_DATE,ERROR_FOR_DIVISION_BY_ZERO,TRADITIONAL,NO_ENGINE_SUBSTITUTION {{(pid=108454) _check_effective_sql_mode /opt/stack/data/venv/lib/python3.12/site-packages/oslo_db/sqlalchemy/engines.py:325}}
Feb 17 22:40:47.160949 np0000156232 devstack@n-api-meta.service[108453]: DEBUG dbcounter [-] [108453] Writer thread running {{(pid=108453) stat_writer /opt/stack/data/venv/lib/python3.12/site-packages/dbcounter.py:102}}
Feb 17 22:40:47.162014 np0000156232 devstack@n-api-meta.service[108453]: DEBUG dbcounter [-] [108453] Writer thread running {{(pid=108453) stat_writer /opt/stack/data/venv/lib/python3.12/site-packages/dbcounter.py:102}}
Feb 17 22:40:47.165399 np0000156232 devstack@n-api-meta.service[108453]: INFO dbcounter [None req-49f26f12-95c6-4885-a91a-531b8faf3156 None None] Registered counter for database nova_cell0
Feb 17 22:40:47.176483 np0000156232 devstack@n-api-meta.service[108453]: DEBUG oslo_db.sqlalchemy.engines [None req-49f26f12-95c6-4885-a91a-531b8faf3156 None None] MySQL server mode set to STRICT_TRANS_TABLES,STRICT_ALL_TABLES,NO_ZERO_IN_DATE,NO_ZERO_DATE,ERROR_FOR_DIVISION_BY_ZERO,TRADITIONAL,NO_ENGINE_SUBSTITUTION {{(pid=108453) _check_effective_sql_mode /opt/stack/data/venv/lib/python3.12/site-packages/oslo_db/sqlalchemy/engines.py:325}}
Feb 17 22:40:47.182321 np0000156232 devstack@n-api-meta.service[108453]: DEBUG dbcounter [-] [108453] Writer thread running {{(pid=108453) stat_writer /opt/stack/data/venv/lib/python3.12/site-packages/dbcounter.py:102}}
Feb 17 22:40:47.189624 np0000156232 devstack@n-api-meta.service[108454]: DEBUG dbcounter [-] [108454] Writer thread running {{(pid=108454) stat_writer /opt/stack/data/venv/lib/python3.12/site-packages/dbcounter.py:102}}
Feb 17 22:40:47.192671 np0000156232 devstack@n-api-meta.service[108454]: DEBUG nova.context [None req-4a6eddc3-837b-477e-ada9-e1f9525cb87e None None] Found 2 cells: 00000000-0000-0000-0000-000000000000(cell0),e93fc91c-3823-447e-bc26-25207a4d3fe0(cell1) {{(pid=108454) load_cells /opt/stack/nova/nova/context.py:509}}
Feb 17 22:40:47.192930 np0000156232 devstack@n-api-meta.service[108454]: INFO nova.utils [None req-4a6eddc3-837b-477e-ada9-e1f9525cb87e None None] The cell worker thread pool MainProcess.cell_worker is initialized
Feb 17 22:40:47.194532 np0000156232 devstack@n-api-meta.service[108451]: DEBUG dbcounter [-] [108451] Writer thread running {{(pid=108451) stat_writer /opt/stack/data/venv/lib/python3.12/site-packages/dbcounter.py:102}}
Feb 17 22:40:47.194918 np0000156232 devstack@n-api-meta.service[108454]: DEBUG oslo_concurrency.lockutils [None req-4a6eddc3-837b-477e-ada9-e1f9525cb87e None None] Acquiring lock "00000000-0000-0000-0000-000000000000" by "nova.context.set_target_cell..get_or_set_cached_cell_and_set_connections" {{(pid=108454) inner /opt/stack/data/venv/lib/python3.12/site-packages/oslo_concurrency/lockutils.py:506}}
Feb 17 22:40:47.195089 np0000156232 devstack@n-api-meta.service[108454]: DEBUG oslo_concurrency.lockutils [None req-4a6eddc3-837b-477e-ada9-e1f9525cb87e None None] Lock "00000000-0000-0000-0000-000000000000" acquired by "nova.context.set_target_cell..get_or_set_cached_cell_and_set_connections" :: waited 0.000s {{(pid=108454) inner /opt/stack/data/venv/lib/python3.12/site-packages/oslo_concurrency/lockutils.py:519}}
Feb 17 22:40:47.195472 np0000156232 devstack@n-api-meta.service[108454]: DEBUG oslo_concurrency.lockutils [None req-4a6eddc3-837b-477e-ada9-e1f9525cb87e None None] Lock "00000000-0000-0000-0000-000000000000" "released" by "nova.context.set_target_cell..get_or_set_cached_cell_and_set_connections" :: held 0.000s {{(pid=108454) inner /opt/stack/data/venv/lib/python3.12/site-packages/oslo_concurrency/lockutils.py:538}}
Feb 17 22:40:47.196292 np0000156232 devstack@n-api-meta.service[108454]: DEBUG oslo_concurrency.lockutils [None req-4a6eddc3-837b-477e-ada9-e1f9525cb87e None None] Acquiring lock "e93fc91c-3823-447e-bc26-25207a4d3fe0" by "nova.context.set_target_cell..get_or_set_cached_cell_and_set_connections" {{(pid=108454) inner /opt/stack/data/venv/lib/python3.12/site-packages/oslo_concurrency/lockutils.py:506}}
Feb 17 22:40:47.196438 np0000156232 devstack@n-api-meta.service[108454]: DEBUG oslo_concurrency.lockutils [None req-4a6eddc3-837b-477e-ada9-e1f9525cb87e None None] Lock "e93fc91c-3823-447e-bc26-25207a4d3fe0" acquired by "nova.context.set_target_cell..get_or_set_cached_cell_and_set_connections" :: waited 0.000s {{(pid=108454) inner /opt/stack/data/venv/lib/python3.12/site-packages/oslo_concurrency/lockutils.py:519}}
Feb 17 22:40:47.197349 np0000156232 devstack@n-api-meta.service[108454]: DEBUG oslo_concurrency.lockutils [None req-4a6eddc3-837b-477e-ada9-e1f9525cb87e None None] Lock "e93fc91c-3823-447e-bc26-25207a4d3fe0" "released" by "nova.context.set_target_cell..get_or_set_cached_cell_and_set_connections" :: held 0.001s {{(pid=108454) inner /opt/stack/data/venv/lib/python3.12/site-packages/oslo_concurrency/lockutils.py:538}}
Feb 17 22:40:47.199825 np0000156232 devstack@n-api-meta.service[108451]: DEBUG dbcounter [-] [108451] Writer thread running {{(pid=108451) stat_writer /opt/stack/data/venv/lib/python3.12/site-packages/dbcounter.py:102}}
Feb 17 22:40:47.200628 np0000156232 devstack@n-api-meta.service[108454]: INFO dbcounter [None req-4a6eddc3-837b-477e-ada9-e1f9525cb87e None None] Registered counter for database nova_cell0
Feb 17 22:40:47.204088 np0000156232 devstack@n-api-meta.service[108451]: INFO dbcounter [None req-c4fd153f-f42f-4b69-9d79-3628d88c9c91 None None] Registered counter for database nova_cell0
Feb 17 22:40:47.205124 np0000156232 devstack@n-api-meta.service[108452]: DEBUG dbcounter [-] [108452] Writer thread running {{(pid=108452) stat_writer /opt/stack/data/venv/lib/python3.12/site-packages/dbcounter.py:102}}
Feb 17 22:40:47.205976 np0000156232 devstack@n-api-meta.service[108452]: DEBUG dbcounter [-] [108452] Writer thread running {{(pid=108452) stat_writer /opt/stack/data/venv/lib/python3.12/site-packages/dbcounter.py:102}}
Feb 17 22:40:47.207786 np0000156232 devstack@n-api-meta.service[108454]: INFO dbcounter [None req-4a6eddc3-837b-477e-ada9-e1f9525cb87e None None] Registered counter for database nova_cell1
Feb 17 22:40:47.210631 np0000156232 devstack@n-api-meta.service[108451]: DEBUG oslo_db.sqlalchemy.engines [None req-c4fd153f-f42f-4b69-9d79-3628d88c9c91 None None] MySQL server mode set to STRICT_TRANS_TABLES,STRICT_ALL_TABLES,NO_ZERO_IN_DATE,NO_ZERO_DATE,ERROR_FOR_DIVISION_BY_ZERO,TRADITIONAL,NO_ENGINE_SUBSTITUTION {{(pid=108451) _check_effective_sql_mode /opt/stack/data/venv/lib/python3.12/site-packages/oslo_db/sqlalchemy/engines.py:325}}
Feb 17 22:40:47.211591 np0000156232 devstack@n-api-meta.service[108452]: INFO dbcounter [None req-4bf72499-05a6-455c-8046-cff06e8abed5 None None] Registered counter for database nova_cell0
Feb 17 22:40:47.217432 np0000156232 devstack@n-api-meta.service[108454]: DEBUG oslo_db.sqlalchemy.engines [None req-4a6eddc3-837b-477e-ada9-e1f9525cb87e None None] MySQL server mode set to STRICT_TRANS_TABLES,STRICT_ALL_TABLES,NO_ZERO_IN_DATE,NO_ZERO_DATE,ERROR_FOR_DIVISION_BY_ZERO,TRADITIONAL,NO_ENGINE_SUBSTITUTION {{(pid=108454) _check_effective_sql_mode /opt/stack/data/venv/lib/python3.12/site-packages/oslo_db/sqlalchemy/engines.py:325}}
Feb 17 22:40:47.219819 np0000156232 devstack@n-api-meta.service[108452]: DEBUG oslo_db.sqlalchemy.engines [None req-4bf72499-05a6-455c-8046-cff06e8abed5 None None] MySQL server mode set to STRICT_TRANS_TABLES,STRICT_ALL_TABLES,NO_ZERO_IN_DATE,NO_ZERO_DATE,ERROR_FOR_DIVISION_BY_ZERO,TRADITIONAL,NO_ENGINE_SUBSTITUTION {{(pid=108452) _check_effective_sql_mode /opt/stack/data/venv/lib/python3.12/site-packages/oslo_db/sqlalchemy/engines.py:325}}
Feb 17 22:40:47.219906 np0000156232 devstack@n-api-meta.service[108451]: DEBUG dbcounter [-] [108451] Writer thread running {{(pid=108451) stat_writer /opt/stack/data/venv/lib/python3.12/site-packages/dbcounter.py:102}}
Feb 17 22:40:47.228674 np0000156232 devstack@n-api-meta.service[108452]: DEBUG dbcounter [-] [108452] Writer thread running {{(pid=108452) stat_writer /opt/stack/data/venv/lib/python3.12/site-packages/dbcounter.py:102}}
Feb 17 22:40:47.235455 np0000156232 devstack@n-api-meta.service[108453]: WARNING nova.api.metadata.handler [None req-49f26f12-95c6-4885-a91a-531b8faf3156 None None] metadata_proxy_shared_secret is not configured, the metadata information returned by the proxy cannot be trusted
Feb 17 22:40:47.236842 np0000156232 devstack@n-api-meta.service[108454]: DEBUG oslo_db.sqlalchemy.engines [None req-4a6eddc3-837b-477e-ada9-e1f9525cb87e None None] MySQL server mode set to STRICT_TRANS_TABLES,STRICT_ALL_TABLES,NO_ZERO_IN_DATE,NO_ZERO_DATE,ERROR_FOR_DIVISION_BY_ZERO,TRADITIONAL,NO_ENGINE_SUBSTITUTION {{(pid=108454) _check_effective_sql_mode /opt/stack/data/venv/lib/python3.12/site-packages/oslo_db/sqlalchemy/engines.py:325}}
Feb 17 22:40:47.238023 np0000156232 devstack@n-api-meta.service[108453]: DEBUG nova.api.openstack.wsgi_app [None req-49f26f12-95c6-4885-a91a-531b8faf3156 None None] ******************************************************************************** {{(pid=108453) log_opt_values /opt/stack/data/venv/lib/python3.12/site-packages/oslo_config/cfg.py:2804}}
Feb 17 22:40:47.238127 np0000156232 devstack@n-api-meta.service[108453]: DEBUG nova.api.openstack.wsgi_app [None req-49f26f12-95c6-4885-a91a-531b8faf3156 None None] Configuration options gathered from: {{(pid=108453) log_opt_values /opt/stack/data/venv/lib/python3.12/site-packages/oslo_config/cfg.py:2805}}
Feb 17 22:40:47.238219 np0000156232 devstack@n-api-meta.service[108453]: DEBUG nova.api.openstack.wsgi_app [None req-49f26f12-95c6-4885-a91a-531b8faf3156 None None] command line args: [] {{(pid=108453) log_opt_values /opt/stack/data/venv/lib/python3.12/site-packages/oslo_config/cfg.py:2806}}
Feb 17 22:40:47.238397 np0000156232 devstack@n-api-meta.service[108453]: DEBUG nova.api.openstack.wsgi_app [None req-49f26f12-95c6-4885-a91a-531b8faf3156 None None] config files: ['/etc/nova/api-paste.ini', '/etc/nova/nova.conf'] {{(pid=108453) log_opt_values /opt/stack/data/venv/lib/python3.12/site-packages/oslo_config/cfg.py:2807}}
Feb 17 22:40:47.238500 np0000156232 devstack@n-api-meta.service[108453]: DEBUG nova.api.openstack.wsgi_app [None req-49f26f12-95c6-4885-a91a-531b8faf3156 None None] ================================================================================ {{(pid=108453) log_opt_values /opt/stack/data/venv/lib/python3.12/site-packages/oslo_config/cfg.py:2809}}
Feb 17 22:40:47.238750 np0000156232 devstack@n-api-meta.service[108453]: DEBUG nova.api.openstack.wsgi_app [None req-49f26f12-95c6-4885-a91a-531b8faf3156 None None] allow_resize_to_same_host = True {{(pid=108453) log_opt_values /opt/stack/data/venv/lib/python3.12/site-packages/oslo_config/cfg.py:2817}}
Feb 17 22:40:47.238981 np0000156232 devstack@n-api-meta.service[108453]: DEBUG nova.api.openstack.wsgi_app [None req-49f26f12-95c6-4885-a91a-531b8faf3156 None None] arq_binding_timeout = 300 {{(pid=108453) log_opt_values /opt/stack/data/venv/lib/python3.12/site-packages/oslo_config/cfg.py:2817}}
Feb 17 22:40:47.239111 np0000156232 devstack@n-api-meta.service[108453]: DEBUG nova.api.openstack.wsgi_app [None req-49f26f12-95c6-4885-a91a-531b8faf3156 None None] block_device_allocate_retries = 60 {{(pid=108453) log_opt_values /opt/stack/data/venv/lib/python3.12/site-packages/oslo_config/cfg.py:2817}}
Feb 17 22:40:47.239243 np0000156232 devstack@n-api-meta.service[108453]: DEBUG nova.api.openstack.wsgi_app [None req-49f26f12-95c6-4885-a91a-531b8faf3156 None None] block_device_allocate_retries_interval = 3 {{(pid=108453) log_opt_values /opt/stack/data/venv/lib/python3.12/site-packages/oslo_config/cfg.py:2817}}
Feb 17 22:40:47.239378 np0000156232 devstack@n-api-meta.service[108453]: DEBUG nova.api.openstack.wsgi_app [None req-49f26f12-95c6-4885-a91a-531b8faf3156 None None] cell_worker_thread_pool_size = 5 {{(pid=108453) log_opt_values /opt/stack/data/venv/lib/python3.12/site-packages/oslo_config/cfg.py:2817}}
Feb 17 22:40:47.239532 np0000156232 devstack@n-api-meta.service[108453]: DEBUG nova.api.openstack.wsgi_app [None req-49f26f12-95c6-4885-a91a-531b8faf3156 None None] cert = self.pem {{(pid=108453) log_opt_values /opt/stack/data/venv/lib/python3.12/site-packages/oslo_config/cfg.py:2817}}
Feb 17 22:40:47.239667 np0000156232 devstack@n-api-meta.service[108453]: DEBUG nova.api.openstack.wsgi_app [None req-49f26f12-95c6-4885-a91a-531b8faf3156 None None] compute_driver = libvirt.LibvirtDriver {{(pid=108453) log_opt_values /opt/stack/data/venv/lib/python3.12/site-packages/oslo_config/cfg.py:2817}}
Feb 17 22:40:47.239803 np0000156232 devstack@n-api-meta.service[108453]: DEBUG nova.api.openstack.wsgi_app [None req-49f26f12-95c6-4885-a91a-531b8faf3156 None None] compute_monitors = [] {{(pid=108453) log_opt_values /opt/stack/data/venv/lib/python3.12/site-packages/oslo_config/cfg.py:2817}}
Feb 17 22:40:47.240022 np0000156232 devstack@n-api-meta.service[108453]: DEBUG nova.api.openstack.wsgi_app [None req-49f26f12-95c6-4885-a91a-531b8faf3156 None None] config_dir = [] {{(pid=108453) log_opt_values /opt/stack/data/venv/lib/python3.12/site-packages/oslo_config/cfg.py:2817}}
Feb 17 22:40:47.240182 np0000156232 devstack@n-api-meta.service[108453]: DEBUG nova.api.openstack.wsgi_app [None req-49f26f12-95c6-4885-a91a-531b8faf3156 None None] config_drive_format = iso9660 {{(pid=108453) log_opt_values /opt/stack/data/venv/lib/python3.12/site-packages/oslo_config/cfg.py:2817}}
Feb 17 22:40:47.240310 np0000156232 devstack@n-api-meta.service[108453]: DEBUG nova.api.openstack.wsgi_app [None req-49f26f12-95c6-4885-a91a-531b8faf3156 None None] config_file = ['/etc/nova/api-paste.ini', '/etc/nova/nova.conf'] {{(pid=108453) log_opt_values /opt/stack/data/venv/lib/python3.12/site-packages/oslo_config/cfg.py:2817}}
Feb 17 22:40:47.240490 np0000156232 devstack@n-api-meta.service[108453]: DEBUG nova.api.openstack.wsgi_app [None req-49f26f12-95c6-4885-a91a-531b8faf3156 None None] config_source = [] {{(pid=108453) log_opt_values /opt/stack/data/venv/lib/python3.12/site-packages/oslo_config/cfg.py:2817}}
Feb 17 22:40:47.240647 np0000156232 devstack@n-api-meta.service[108453]: DEBUG nova.api.openstack.wsgi_app [None req-49f26f12-95c6-4885-a91a-531b8faf3156 None None] console_host = np0000156232 {{(pid=108453) log_opt_values /opt/stack/data/venv/lib/python3.12/site-packages/oslo_config/cfg.py:2817}}
Feb 17 22:40:47.240806 np0000156232 devstack@n-api-meta.service[108453]: DEBUG nova.api.openstack.wsgi_app [None req-49f26f12-95c6-4885-a91a-531b8faf3156 None None] control_exchange = nova {{(pid=108453) log_opt_values /opt/stack/data/venv/lib/python3.12/site-packages/oslo_config/cfg.py:2817}}
Feb 17 22:40:47.241037 np0000156232 devstack@n-api-meta.service[108453]: DEBUG nova.api.openstack.wsgi_app [None req-49f26f12-95c6-4885-a91a-531b8faf3156 None None] cpu_allocation_ratio = None {{(pid=108453) log_opt_values /opt/stack/data/venv/lib/python3.12/site-packages/oslo_config/cfg.py:2817}}
Feb 17 22:40:47.241189 np0000156232 devstack@n-api-meta.service[108453]: DEBUG nova.api.openstack.wsgi_app [None req-49f26f12-95c6-4885-a91a-531b8faf3156 None None] daemon = False {{(pid=108453) log_opt_values /opt/stack/data/venv/lib/python3.12/site-packages/oslo_config/cfg.py:2817}}
Feb 17 22:40:47.241349 np0000156232 devstack@n-api-meta.service[108453]: DEBUG nova.api.openstack.wsgi_app [None req-49f26f12-95c6-4885-a91a-531b8faf3156 None None] debug = True {{(pid=108453) log_opt_values /opt/stack/data/venv/lib/python3.12/site-packages/oslo_config/cfg.py:2817}}
Feb 17 22:40:47.241592 np0000156232 devstack@n-api-meta.service[108453]: DEBUG nova.api.openstack.wsgi_app [None req-49f26f12-95c6-4885-a91a-531b8faf3156 None None] default_access_ip_network_name = None {{(pid=108453) log_opt_values /opt/stack/data/venv/lib/python3.12/site-packages/oslo_config/cfg.py:2817}}
Feb 17 22:40:47.241765 np0000156232 devstack@n-api-meta.service[108453]: DEBUG nova.api.openstack.wsgi_app [None req-49f26f12-95c6-4885-a91a-531b8faf3156 None None] default_availability_zone = nova {{(pid=108453) log_opt_values /opt/stack/data/venv/lib/python3.12/site-packages/oslo_config/cfg.py:2817}}
Feb 17 22:40:47.241925 np0000156232 devstack@n-api-meta.service[108453]: DEBUG nova.api.openstack.wsgi_app [None req-49f26f12-95c6-4885-a91a-531b8faf3156 None None] default_ephemeral_format = ext4 {{(pid=108453) log_opt_values /opt/stack/data/venv/lib/python3.12/site-packages/oslo_config/cfg.py:2817}}
Feb 17 22:40:47.242081 np0000156232 devstack@n-api-meta.service[108453]: DEBUG nova.api.openstack.wsgi_app [None req-49f26f12-95c6-4885-a91a-531b8faf3156 None None] default_green_pool_size = 1000 {{(pid=108453) log_opt_values /opt/stack/data/venv/lib/python3.12/site-packages/oslo_config/cfg.py:2817}}
Feb 17 22:40:47.242338 np0000156232 devstack@n-api-meta.service[108453]: DEBUG nova.api.openstack.wsgi_app [None req-49f26f12-95c6-4885-a91a-531b8faf3156 None None] default_log_levels = ['amqp=WARN', 'boto=WARN', 'sqlalchemy=WARN', 'suds=INFO', 'oslo.messaging=INFO', 'oslo_messaging=INFO', 'iso8601=WARN', 'requests.packages.urllib3.connectionpool=WARN', 'urllib3.connectionpool=WARN', 'websocket=WARN', 'requests.packages.urllib3.util.retry=WARN', 'urllib3.util.retry=WARN', 'keystonemiddleware=WARN', 'routes.middleware=WARN', 'stevedore=WARN', 'taskflow=WARN', 'keystoneauth=WARN', 'oslo.cache=INFO', 'oslo_policy=INFO', 'dogpile.core.dogpile=INFO', 'glanceclient=WARN', 'oslo.privsep.daemon=INFO'] {{(pid=108453) log_opt_values /opt/stack/data/venv/lib/python3.12/site-packages/oslo_config/cfg.py:2817}}
Feb 17 22:40:47.242500 np0000156232 devstack@n-api-meta.service[108453]: DEBUG nova.api.openstack.wsgi_app [None req-49f26f12-95c6-4885-a91a-531b8faf3156 None None] default_schedule_zone = None {{(pid=108453) log_opt_values /opt/stack/data/venv/lib/python3.12/site-packages/oslo_config/cfg.py:2817}}
Feb 17 22:40:47.242633 np0000156232 devstack@n-api-meta.service[108453]: DEBUG nova.api.openstack.wsgi_app [None req-49f26f12-95c6-4885-a91a-531b8faf3156 None None] default_thread_pool_size = 10 {{(pid=108453) log_opt_values /opt/stack/data/venv/lib/python3.12/site-packages/oslo_config/cfg.py:2817}}
Feb 17 22:40:47.242758 np0000156232 devstack@n-api-meta.service[108453]: DEBUG nova.api.openstack.wsgi_app [None req-49f26f12-95c6-4885-a91a-531b8faf3156 None None] disk_allocation_ratio = None {{(pid=108453) log_opt_values /opt/stack/data/venv/lib/python3.12/site-packages/oslo_config/cfg.py:2817}}
Feb 17 22:40:47.242884 np0000156232 devstack@n-api-meta.service[108453]: DEBUG nova.api.openstack.wsgi_app [None req-49f26f12-95c6-4885-a91a-531b8faf3156 None None] enable_new_services = True {{(pid=108453) log_opt_values /opt/stack/data/venv/lib/python3.12/site-packages/oslo_config/cfg.py:2817}}
Feb 17 22:40:47.243010 np0000156232 devstack@n-api-meta.service[108453]: DEBUG nova.api.openstack.wsgi_app [None req-49f26f12-95c6-4885-a91a-531b8faf3156 None None] flat_injected = False {{(pid=108453) log_opt_values /opt/stack/data/venv/lib/python3.12/site-packages/oslo_config/cfg.py:2817}}
Feb 17 22:40:47.243138 np0000156232 devstack@n-api-meta.service[108453]: DEBUG nova.api.openstack.wsgi_app [None req-49f26f12-95c6-4885-a91a-531b8faf3156 None None] force_config_drive = False {{(pid=108453) log_opt_values /opt/stack/data/venv/lib/python3.12/site-packages/oslo_config/cfg.py:2817}}
Feb 17 22:40:47.243265 np0000156232 devstack@n-api-meta.service[108453]: DEBUG nova.api.openstack.wsgi_app [None req-49f26f12-95c6-4885-a91a-531b8faf3156 None None] force_raw_images = True {{(pid=108453) log_opt_values /opt/stack/data/venv/lib/python3.12/site-packages/oslo_config/cfg.py:2817}}
Feb 17 22:40:47.243411 np0000156232 devstack@n-api-meta.service[108453]: DEBUG nova.api.openstack.wsgi_app [None req-49f26f12-95c6-4885-a91a-531b8faf3156 None None] graceful_shutdown_timeout = 5 {{(pid=108453) log_opt_values /opt/stack/data/venv/lib/python3.12/site-packages/oslo_config/cfg.py:2817}}
Feb 17 22:40:47.243562 np0000156232 devstack@n-api-meta.service[108453]: DEBUG nova.api.openstack.wsgi_app [None req-49f26f12-95c6-4885-a91a-531b8faf3156 None None] heal_instance_info_cache_interval = -1 {{(pid=108453) log_opt_values /opt/stack/data/venv/lib/python3.12/site-packages/oslo_config/cfg.py:2817}}
Feb 17 22:40:47.243741 np0000156232 devstack@n-api-meta.service[108453]: DEBUG nova.api.openstack.wsgi_app [None req-49f26f12-95c6-4885-a91a-531b8faf3156 None None] host = np0000156232 {{(pid=108453) log_opt_values /opt/stack/data/venv/lib/python3.12/site-packages/oslo_config/cfg.py:2817}}
Feb 17 22:40:47.243875 np0000156232 devstack@n-api-meta.service[108453]: DEBUG nova.api.openstack.wsgi_app [None req-49f26f12-95c6-4885-a91a-531b8faf3156 None None] initial_cpu_allocation_ratio = 4.0 {{(pid=108453) log_opt_values /opt/stack/data/venv/lib/python3.12/site-packages/oslo_config/cfg.py:2817}}
Feb 17 22:40:47.244005 np0000156232 devstack@n-api-meta.service[108453]: DEBUG nova.api.openstack.wsgi_app [None req-49f26f12-95c6-4885-a91a-531b8faf3156 None None] initial_disk_allocation_ratio = 1.0 {{(pid=108453) log_opt_values /opt/stack/data/venv/lib/python3.12/site-packages/oslo_config/cfg.py:2817}}
Feb 17 22:40:47.244132 np0000156232 devstack@n-api-meta.service[108453]: DEBUG nova.api.openstack.wsgi_app [None req-49f26f12-95c6-4885-a91a-531b8faf3156 None None] initial_ram_allocation_ratio = 1.0 {{(pid=108453) log_opt_values /opt/stack/data/venv/lib/python3.12/site-packages/oslo_config/cfg.py:2817}}
Feb 17 22:40:47.244312 np0000156232 devstack@n-api-meta.service[108453]: DEBUG nova.api.openstack.wsgi_app [None req-49f26f12-95c6-4885-a91a-531b8faf3156 None None] injected_network_template = /opt/stack/nova/nova/virt/interfaces.template {{(pid=108453) log_opt_values /opt/stack/data/venv/lib/python3.12/site-packages/oslo_config/cfg.py:2817}}
Feb 17 22:40:47.244457 np0000156232 devstack@n-api-meta.service[108453]: DEBUG nova.api.openstack.wsgi_app [None req-49f26f12-95c6-4885-a91a-531b8faf3156 None None] instance_build_timeout = 0 {{(pid=108453) log_opt_values /opt/stack/data/venv/lib/python3.12/site-packages/oslo_config/cfg.py:2817}}
Feb 17 22:40:47.244585 np0000156232 devstack@n-api-meta.service[108453]: DEBUG nova.api.openstack.wsgi_app [None req-49f26f12-95c6-4885-a91a-531b8faf3156 None None] instance_delete_interval = 300 {{(pid=108453) log_opt_values /opt/stack/data/venv/lib/python3.12/site-packages/oslo_config/cfg.py:2817}}
Feb 17 22:40:47.244714 np0000156232 devstack@n-api-meta.service[108453]: DEBUG nova.api.openstack.wsgi_app [None req-49f26f12-95c6-4885-a91a-531b8faf3156 None None] instance_format = [instance: %(uuid)s] {{(pid=108453) log_opt_values /opt/stack/data/venv/lib/python3.12/site-packages/oslo_config/cfg.py:2817}}
Feb 17 22:40:47.244896 np0000156232 devstack@n-api-meta.service[108453]: DEBUG nova.api.openstack.wsgi_app [None req-49f26f12-95c6-4885-a91a-531b8faf3156 None None] instance_name_template = instance-%08x {{(pid=108453) log_opt_values /opt/stack/data/venv/lib/python3.12/site-packages/oslo_config/cfg.py:2817}}
Feb 17 22:40:47.245064 np0000156232 devstack@n-api-meta.service[108453]: DEBUG nova.api.openstack.wsgi_app [None req-49f26f12-95c6-4885-a91a-531b8faf3156 None None] instance_usage_audit = False {{(pid=108453) log_opt_values /opt/stack/data/venv/lib/python3.12/site-packages/oslo_config/cfg.py:2817}}
Feb 17 22:40:47.245203 np0000156232 devstack@n-api-meta.service[108453]: DEBUG nova.api.openstack.wsgi_app [None req-49f26f12-95c6-4885-a91a-531b8faf3156 None None] instance_usage_audit_period = month {{(pid=108453) log_opt_values /opt/stack/data/venv/lib/python3.12/site-packages/oslo_config/cfg.py:2817}}
Feb 17 22:40:47.245342 np0000156232 devstack@n-api-meta.service[108453]: DEBUG nova.api.openstack.wsgi_app [None req-49f26f12-95c6-4885-a91a-531b8faf3156 None None] instance_uuid_format = [instance: %(uuid)s] {{(pid=108453) log_opt_values /opt/stack/data/venv/lib/python3.12/site-packages/oslo_config/cfg.py:2817}}
Feb 17 22:40:47.245496 np0000156232 devstack@n-api-meta.service[108453]: DEBUG nova.api.openstack.wsgi_app [None req-49f26f12-95c6-4885-a91a-531b8faf3156 None None] instances_path = /opt/stack/data/nova/instances {{(pid=108453) log_opt_values /opt/stack/data/venv/lib/python3.12/site-packages/oslo_config/cfg.py:2817}}
Feb 17 22:40:47.245627 np0000156232 devstack@n-api-meta.service[108453]: DEBUG nova.api.openstack.wsgi_app [None req-49f26f12-95c6-4885-a91a-531b8faf3156 None None] internal_service_availability_zone = internal {{(pid=108453) log_opt_values /opt/stack/data/venv/lib/python3.12/site-packages/oslo_config/cfg.py:2817}}
Feb 17 22:40:47.245727 np0000156232 devstack@n-api-meta.service[108451]: WARNING nova.api.metadata.handler [None req-c4fd153f-f42f-4b69-9d79-3628d88c9c91 None None] metadata_proxy_shared_secret is not configured, the metadata information returned by the proxy cannot be trusted
Feb 17 22:40:47.245774 np0000156232 devstack@n-api-meta.service[108453]: DEBUG nova.api.openstack.wsgi_app [None req-49f26f12-95c6-4885-a91a-531b8faf3156 None None] key = None {{(pid=108453) log_opt_values /opt/stack/data/venv/lib/python3.12/site-packages/oslo_config/cfg.py:2817}}
Feb 17 22:40:47.245978 np0000156232 devstack@n-api-meta.service[108453]: DEBUG nova.api.openstack.wsgi_app [None req-49f26f12-95c6-4885-a91a-531b8faf3156 None None] live_migration_retry_count = 30 {{(pid=108453) log_opt_values /opt/stack/data/venv/lib/python3.12/site-packages/oslo_config/cfg.py:2817}}
Feb 17 22:40:47.246120 np0000156232 devstack@n-api-meta.service[108453]: DEBUG nova.api.openstack.wsgi_app [None req-49f26f12-95c6-4885-a91a-531b8faf3156 None None] log_color = False {{(pid=108453) log_opt_values /opt/stack/data/venv/lib/python3.12/site-packages/oslo_config/cfg.py:2817}}
Feb 17 22:40:47.246254 np0000156232 devstack@n-api-meta.service[108453]: DEBUG nova.api.openstack.wsgi_app [None req-49f26f12-95c6-4885-a91a-531b8faf3156 None None] log_config_append = None {{(pid=108453) log_opt_values /opt/stack/data/venv/lib/python3.12/site-packages/oslo_config/cfg.py:2817}}
Feb 17 22:40:47.246395 np0000156232 devstack@n-api-meta.service[108453]: DEBUG nova.api.openstack.wsgi_app [None req-49f26f12-95c6-4885-a91a-531b8faf3156 None None] log_date_format = %Y-%m-%d %H:%M:%S {{(pid=108453) log_opt_values /opt/stack/data/venv/lib/python3.12/site-packages/oslo_config/cfg.py:2817}}
Feb 17 22:40:47.246550 np0000156232 devstack@n-api-meta.service[108453]: DEBUG nova.api.openstack.wsgi_app [None req-49f26f12-95c6-4885-a91a-531b8faf3156 None None] log_dir = None {{(pid=108453) log_opt_values /opt/stack/data/venv/lib/python3.12/site-packages/oslo_config/cfg.py:2817}}
Feb 17 22:40:47.246681 np0000156232 devstack@n-api-meta.service[108453]: DEBUG nova.api.openstack.wsgi_app [None req-49f26f12-95c6-4885-a91a-531b8faf3156 None None] log_file = None {{(pid=108453) log_opt_values /opt/stack/data/venv/lib/python3.12/site-packages/oslo_config/cfg.py:2817}}
Feb 17 22:40:47.246784 np0000156232 devstack@n-api-meta.service[108453]: DEBUG nova.api.openstack.wsgi_app [None req-49f26f12-95c6-4885-a91a-531b8faf3156 None None] log_options = True {{(pid=108453) log_opt_values /opt/stack/data/venv/lib/python3.12/site-packages/oslo_config/cfg.py:2817}}
Feb 17 22:40:47.246913 np0000156232 devstack@n-api-meta.service[108453]: DEBUG nova.api.openstack.wsgi_app [None req-49f26f12-95c6-4885-a91a-531b8faf3156 None None] log_rotate_interval = 1 {{(pid=108453) log_opt_values /opt/stack/data/venv/lib/python3.12/site-packages/oslo_config/cfg.py:2817}}
Feb 17 22:40:47.247155 np0000156232 devstack@n-api-meta.service[108453]: DEBUG nova.api.openstack.wsgi_app [None req-49f26f12-95c6-4885-a91a-531b8faf3156 None None] log_rotate_interval_type = days {{(pid=108453) log_opt_values /opt/stack/data/venv/lib/python3.12/site-packages/oslo_config/cfg.py:2817}}
Feb 17 22:40:47.247293 np0000156232 devstack@n-api-meta.service[108453]: DEBUG nova.api.openstack.wsgi_app [None req-49f26f12-95c6-4885-a91a-531b8faf3156 None None] log_rotation_type = none {{(pid=108453) log_opt_values /opt/stack/data/venv/lib/python3.12/site-packages/oslo_config/cfg.py:2817}}
